000
CDUS42 KTAE 170639
CLIMAI


CLIMATE REPORT
NATIONAL WEATHER SERVICE TALLAHASSEE FL
236 AM EDT WED SEP 17 2014


...................................

...THE MARIANNA CLIMATE SUMMARY FOR SEPTEMBER 16 2014...

CLIMATE NORMAL PERIOD 1981 TO 2010
CLIMATE RECORD PERIOD 1950 TO 2014


WEATHER ITEM   OBSERVED NORMAL DEPARTURE LAST
                VALUE   VALUE  FROM      YEAR
                               NORMAL
...............................................
TEMPERATURE (F)
 YESTERDAY
  MAXIMUM         88     88      0       93
  MINIMUM         71     68      3       73
  AVERAGE         80     78      2       83

PRECIPITATION (IN)
  YESTERDAY        0.84   0.13   0.71      T
  MONTH TO DATE    4.41   2.09   2.32     0.57
  SINCE SEP 1      4.41   2.09   2.32     0.57
  SINCE JAN 1     47.35  40.42   6.93    51.25

DEGREE DAYS
 HEATING
  YESTERDAY        0             0
  MONTH TO DATE    0             0
  SINCE SEP 1      0             0
  SINCE JUL 1      0             0

 COOLING
  YESTERDAY       15             2
  MONTH TO DATE  277            44
  SINCE SEP 1    277            44
  SINCE JAN 1   2308           110
...............................................


WIND (MPH)
  HIGHEST WIND SPEED    20   HIGHEST WIND DIRECTION     S (200)
  HIGHEST GUST SPEED    25   HIGHEST GUST DIRECTION     S (200)
  AVERAGE WIND SPEED     2.6




RELATIVE HUMIDITY (PERCENT)
 HIGHEST   100
 LOWEST     75
 AVERAGE    88

..........................................................




SUNRISE AND SUNSET
SEPTEMBER 17 2014.....SUNRISE   626 AM CDT   SUNSET   644 PM CDT
SEPTEMBER 18 2014.....SUNRISE   627 AM CDT   SUNSET   642 PM CDT


-  INDICATES NEGATIVE NUMBERS.
R  INDICATES RECORD WAS SET OR TIED.
MM INDICATES DATA IS MISSING.
T  INDICATES TRACE AMOUNT.




$$
