000
CDUS42 KTAE 300652
CLIMAI


CLIMATE REPORT
NATIONAL WEATHER SERVICE TALLAHASSEE FL
251 AM EDT WED JUL 30 2014


...................................

...THE MARIANNA CLIMATE SUMMARY FOR JULY 29 2014...

CLIMATE NORMAL PERIOD 1981 TO 2010
CLIMATE RECORD PERIOD 1950 TO 2014


WEATHER ITEM   OBSERVED NORMAL DEPARTURE LAST
                VALUE   VALUE  FROM      YEAR
                               NORMAL
...............................................
TEMPERATURE (F)
 YESTERDAY
  MAXIMUM         90     91     -1
  MINIMUM         71     73     -2
  AVERAGE         81     82     -1

PRECIPITATION (IN)
  YESTERDAY        0.00   0.15  -0.15      T
  MONTH TO DATE    4.83   4.82   0.01    11.21
  SINCE JUN 1      7.50  10.39  -2.89    15.31
  SINCE JAN 1     39.22  32.61   6.61    36.21

DEGREE DAYS
 HEATING
  YESTERDAY        0             0
  MONTH TO DATE    0             0
  SINCE JUN 1      0             0
  SINCE JUL 1      0             0

 COOLING
  YESTERDAY       16            -1
  MONTH TO DATE  498             5
  SINCE JUN 1    995            43
  SINCE JAN 1   1429             7
...............................................


WIND (MPH)
  HIGHEST WIND SPEED    14   HIGHEST WIND DIRECTION    NW (330)
  HIGHEST GUST SPEED    18   HIGHEST GUST DIRECTION     N (360)
  AVERAGE WIND SPEED     5.1




RELATIVE HUMIDITY (PERCENT)
 HIGHEST   100
 LOWEST     41
 AVERAGE    71

..........................................................




SUNRISE AND SUNSET
JULY 30 2014..........SUNRISE   557 AM CDT   SUNSET   737 PM CDT
JULY 31 2014..........SUNRISE   558 AM CDT   SUNSET   736 PM CDT


-  INDICATES NEGATIVE NUMBERS.
R  INDICATES RECORD WAS SET OR TIED.
MM INDICATES DATA IS MISSING.
T  INDICATES TRACE AMOUNT.




$$
