000
CDUS42 KTAE 180644
CLIMAI


CLIMATE REPORT
NATIONAL WEATHER SERVICE TALLAHASSEE FL
141 AM EST THU DEC 18 2014


...................................

...THE MARIANNA CLIMATE SUMMARY FOR DECEMBER 17 2014...

CLIMATE NORMAL PERIOD 1981 TO 2010
CLIMATE RECORD PERIOD 1950 TO 2014


WEATHER ITEM   OBSERVED NORMAL DEPARTURE LAST
                VALUE   VALUE  FROM      YEAR
                               NORMAL
...............................................
TEMPERATURE (F)
 YESTERDAY
  MAXIMUM         62     63     -1       65
  MINIMUM         36     41     -5       32
  AVERAGE         49     52     -3       49

PRECIPITATION (IN)
  YESTERDAY        0.00   0.12  -0.12     0.00
  MONTH TO DATE    0.06   2.30  -2.24     0.78
  SINCE DEC 1      0.06   2.30  -2.24     0.78
  SINCE JAN 1     55.78  51.97   3.81    59.42

DEGREE DAYS
 HEATING
  YESTERDAY       16             3
  MONTH TO DATE  166           -31
  SINCE DEC 1    166           -31
  SINCE JUL 1    546           111

 COOLING
  YESTERDAY        0             0
  MONTH TO DATE    5            -7
  SINCE DEC 1      5            -7
  SINCE JAN 1   2616            55
...............................................


WIND (MPH)
  HIGHEST WIND SPEED     9   HIGHEST WIND DIRECTION     W (280)
  HIGHEST GUST SPEED    13   HIGHEST GUST DIRECTION     W (270)
  AVERAGE WIND SPEED     1.3




RELATIVE HUMIDITY (PERCENT)
 HIGHEST   100
 LOWEST     51
 AVERAGE    76

..........................................................




SUNRISE AND SUNSET
DECEMBER 18 2014......SUNRISE   633 AM CST   SUNSET   442 PM CST
DECEMBER 19 2014......SUNRISE   633 AM CST   SUNSET   442 PM CST


-  INDICATES NEGATIVE NUMBERS.
R  INDICATES RECORD WAS SET OR TIED.
MM INDICATES DATA IS MISSING.
T  INDICATES TRACE AMOUNT.




$$
