574
CDUS42 KTAE 030634
CLIMAI


CLIMATE REPORT
NATIONAL WEATHER SERVICE TALLAHASSEE FL
133 AM EST SAT DEC 3 2016


...................................

...THE MARIANNA CLIMATE SUMMARY FOR DECEMBER 2 2016...

CLIMATE NORMAL PERIOD 1981 TO 2010
CLIMATE RECORD PERIOD 1950 TO 2016


WEATHER ITEM   OBSERVED NORMAL DEPARTURE LAST
                VALUE   VALUE  FROM      YEAR
                               NORMAL
...............................................
TEMPERATURE (F)
 YESTERDAY
  MAXIMUM         68     67      1       71
  MINIMUM         38     44     -6       54
  AVERAGE         53     56     -3       63

PRECIPITATION (IN)
  YESTERDAY        0.00   0.15  -0.15     1.54
  MONTH TO DATE    0.00   0.29  -0.29     1.54
  SINCE DEC 1      0.00   0.29  -0.29     1.54
  SINCE JAN 1     38.68  49.96 -11.28    51.08

DEGREE DAYS
 HEATING
  YESTERDAY       12             2
  MONTH TO DATE   22             2
  SINCE DEC 1     22             2
  SINCE JUL 1    154          -104

 COOLING
  YESTERDAY        0            -1
  MONTH TO DATE    0            -2
  SINCE DEC 1      0            -2
  SINCE JAN 1   2954           403
...............................................


WIND (MPH)
  HIGHEST WIND SPEED    17   HIGHEST WIND DIRECTION    NE (40)
  HIGHEST GUST SPEED    22   HIGHEST GUST DIRECTION    NE (50)
  AVERAGE WIND SPEED     5.6




RELATIVE HUMIDITY (PERCENT)
 HIGHEST    93
 LOWEST     22
 AVERAGE    58

..........................................................




SUNRISE AND SUNSET
DECEMBER  3 2016......SUNRISE   623 AM CST   SUNSET   439 PM CST
DECEMBER  4 2016......SUNRISE   624 AM CST   SUNSET   439 PM CST


-  INDICATES NEGATIVE NUMBERS.
R  INDICATES RECORD WAS SET OR TIED.
MM INDICATES DATA IS MISSING.
T  INDICATES TRACE AMOUNT.




$$
