889
CDUS42 KTAE 270635
CLIMAI


CLIMATE REPORT
NATIONAL WEATHER SERVICE TALLAHASSEE FL
134 AM EST MON FEB 27 2017


...................................

...THE MARIANNA CLIMATE SUMMARY FOR FEBRUARY 26 2017...

CLIMATE NORMAL PERIOD 1981 TO 2010
CLIMATE RECORD PERIOD 1950 TO 2017


WEATHER ITEM   OBSERVED NORMAL DEPARTURE LAST
                VALUE   VALUE  FROM      YEAR
                               NORMAL
...............................................
TEMPERATURE (F)
 YESTERDAY
  MAXIMUM         70     69      1       59
  MINIMUM         40     45     -5       37
  AVERAGE         55     57     -2       48

PRECIPITATION (IN)
  YESTERDAY        0.00   0.20  -0.20     0.00
  MONTH TO DATE    3.70   4.59  -0.89     3.67
  SINCE DEC 1     22.15  13.54   8.61    17.57
  SINCE JAN 1     10.38   9.63   0.75     8.44

DEGREE DAYS
 HEATING
  YESTERDAY       10             1
  MONTH TO DATE   97          -190
  SINCE DEC 1    554          -595
  SINCE JUL 1    686          -701

 COOLING
  YESTERDAY        0            -1
  MONTH TO DATE   25            21
  SINCE DEC 1     79            59
  SINCE JAN 1     52            44
...............................................


WIND (MPH)
  HIGHEST WIND SPEED    14   HIGHEST WIND DIRECTION    NE (60)
  HIGHEST GUST SPEED    17   HIGHEST GUST DIRECTION     E (70)
  AVERAGE WIND SPEED     4.2




RELATIVE HUMIDITY (PERCENT)
 HIGHEST    76
 LOWEST     17
 AVERAGE    47

..........................................................




SUNRISE AND SUNSET
FEBRUARY 27 2017......SUNRISE   609 AM CST   SUNSET   538 PM CST
FEBRUARY 28 2017......SUNRISE   608 AM CST   SUNSET   539 PM CST


-  INDICATES NEGATIVE NUMBERS.
R  INDICATES RECORD WAS SET OR TIED.
MM INDICATES DATA IS MISSING.
T  INDICATES TRACE AMOUNT.




$$
