000
CDUS42 KTAE 300632
CLIMAI


CLIMATE REPORT
NATIONAL WEATHER SERVICE TALLAHASSEE FL
231 AM EDT MON MAY 30 2016


...................................

...THE MARIANNA CLIMATE SUMMARY FOR MAY 29 2016...

CLIMATE NORMAL PERIOD 1981 TO 2010
CLIMATE RECORD PERIOD 1950 TO 2016


WEATHER ITEM   OBSERVED NORMAL DEPARTURE LAST
                VALUE   VALUE  FROM      YEAR
                               NORMAL
...............................................
TEMPERATURE (F)
 YESTERDAY
  MAXIMUM         91     89      2       87
  MINIMUM         69     67      2       67
  AVERAGE         80     78      2       77

PRECIPITATION (IN)
  YESTERDAY        0.04   0.14  -0.10      T
  MONTH TO DATE    1.77   2.72  -0.95     4.86
  SINCE MAR 1     13.74  11.97   1.77    18.35
  SINCE JAN 1     22.18  21.95   0.23    25.53

DEGREE DAYS
 HEATING
  YESTERDAY        0             0
  MONTH TO DATE    3             3
  SINCE MAR 1    124          -117
  SINCE JUL 1   1160          -486

 COOLING
  YESTERDAY       15             2
  MONTH TO DATE  269           -16
  SINCE MAR 1    459            31
  SINCE JAN 1    465            22
...............................................


WIND (MPH)
  HIGHEST WIND SPEED    14   HIGHEST WIND DIRECTION     W (290)
  HIGHEST GUST SPEED    17   HIGHEST GUST DIRECTION    NW (310)
  AVERAGE WIND SPEED     3.4




RELATIVE HUMIDITY (PERCENT)
 HIGHEST   100
 LOWEST     41
 AVERAGE    71

..........................................................




SUNRISE AND SUNSET
MAY 30 2016...........SUNRISE   539 AM CDT   SUNSET   738 PM CDT
MAY 31 2016...........SUNRISE   538 AM CDT   SUNSET   739 PM CDT


-  INDICATES NEGATIVE NUMBERS.
R  INDICATES RECORD WAS SET OR TIED.
MM INDICATES DATA IS MISSING.
T  INDICATES TRACE AMOUNT.




$$
