000
CDUS42 KTAE 280631
CLIMAI


CLIMATE REPORT
NATIONAL WEATHER SERVICE TALLAHASSEE FL
130 AM EST WED JAN 28 2015


...................................

...THE MARIANNA CLIMATE SUMMARY FOR JANUARY 27 2015...

CLIMATE NORMAL PERIOD 1981 TO 2010
CLIMATE RECORD PERIOD 1950 TO 2015


WEATHER ITEM   OBSERVED NORMAL DEPARTURE LAST
                VALUE   VALUE  FROM      YEAR
                               NORMAL
...............................................
TEMPERATURE (F)
 YESTERDAY
  MAXIMUM         64     62      2       73
  MINIMUM         36     40     -4       48
  AVERAGE         50     51     -1       61

PRECIPITATION (IN)
  YESTERDAY        0.00   0.19  -0.19     0.07
  MONTH TO DATE    3.44   4.30  -0.86     2.16
  SINCE DEC 1      8.81   8.21   0.60     6.61
  SINCE JAN 1      3.44   4.30  -0.86     2.16

DEGREE DAYS
 HEATING
  YESTERDAY       15             1
  MONTH TO DATE  398            -7
  SINCE DEC 1    688          -118
  SINCE JUL 1   1068            24

 COOLING
  YESTERDAY        0             0
  MONTH TO DATE    4             4
  SINCE DEC 1     13             1
  SINCE JAN 1      4             4
...............................................


WIND (MPH)
  HIGHEST WIND SPEED    21   HIGHEST WIND DIRECTION    NW (330)
  HIGHEST GUST SPEED    26   HIGHEST GUST DIRECTION    NW (310)
  AVERAGE WIND SPEED     6.6




RELATIVE HUMIDITY (PERCENT)
 HIGHEST    92
 LOWEST     34
 AVERAGE    63

..........................................................




SUNRISE AND SUNSET
JANUARY 28 2015.......SUNRISE   635 AM CST   SUNSET   513 PM CST
JANUARY 29 2015.......SUNRISE   634 AM CST   SUNSET   514 PM CST


-  INDICATES NEGATIVE NUMBERS.
R  INDICATES RECORD WAS SET OR TIED.
MM INDICATES DATA IS MISSING.
T  INDICATES TRACE AMOUNT.




$$
