000
CDUS42 KTAE 030619
CLIMAI


CLIMATE REPORT
NATIONAL WEATHER SERVICE TALLAHASSEE FL
117 AM EST TUE MAR 3 2015

...................................

...THE MARIANNA CLIMATE SUMMARY FOR MARCH 2 2015...

CLIMATE NORMAL PERIOD 1981 TO 2010
CLIMATE RECORD PERIOD 1950 TO 2015


WEATHER ITEM   OBSERVED NORMAL DEPARTURE LAST
                VALUE   VALUE  FROM      YEAR
                               NORMAL
...............................................
TEMPERATURE (F)
 YESTERDAY
  MAXIMUM         71     70      1       79
  MINIMUM         51     46      5       42
  AVERAGE         61     58      3       61

PRECIPITATION (IN)
  YESTERDAY        0.00   0.15  -0.15     0.00
  MONTH TO DATE    T      0.27  -0.27     0.00
  SINCE MAR 1      T      0.27  -0.27     0.00
  SINCE JAN 1      7.18  10.25  -3.07     7.33

DEGREE DAYS
 HEATING
  YESTERDAY        4            -4
  MONTH TO DATE   17             1
  SINCE MAR 1     17             1
  SINCE JUL 1   1595           174

 COOLING
  YESTERDAY        0            -1
  MONTH TO DATE    0            -2
  SINCE MAR 1      0            -2
  SINCE JAN 1      6           -11
...............................................


WIND (MPH)
  HIGHEST WIND SPEED     7   HIGHEST WIND DIRECTION     N (20)
  HIGHEST GUST SPEED    MM   HIGHEST GUST DIRECTION    MM
  AVERAGE WIND SPEED     3.0




RELATIVE HUMIDITY (PERCENT)
 HIGHEST   100
 LOWEST     78
 AVERAGE    89

..........................................................



SUNRISE AND SUNSET
MARCH  3 2015.........SUNRISE   605 AM CST   SUNSET   541 PM CST
MARCH  4 2015.........SUNRISE   604 AM CST   SUNSET   541 PM CST


-  INDICATES NEGATIVE NUMBERS.
R  INDICATES RECORD WAS SET OR TIED.
MM INDICATES DATA IS MISSING.
T  INDICATES TRACE AMOUNT.

$$
