000
CDUS42 KTAE 040637
CLIMAI


CLIMATE REPORT
NATIONAL WEATHER SERVICE TALLAHASSEE FL
237 AM EDT SAT JUL 4 2015


...................................

...THE MARIANNA CLIMATE SUMMARY FOR JULY 3 2015...

CLIMATE NORMAL PERIOD 1981 TO 2010
CLIMATE RECORD PERIOD 1950 TO 2015


WEATHER ITEM   OBSERVED NORMAL DEPARTURE LAST
                VALUE   VALUE  FROM      YEAR
                               NORMAL
...............................................
TEMPERATURE (F)
 YESTERDAY
  MAXIMUM         93     92      1       96
  MINIMUM         74     71      3       75
  AVERAGE         84     82      2       86

PRECIPITATION (IN)
  YESTERDAY        0.00   0.19  -0.19      T
  MONTH TO DATE    0.46   0.54  -0.08      T
  SINCE JUN 1      4.38   6.11  -1.73     2.67
  SINCE JAN 1     29.95  28.33   1.62    34.39

DEGREE DAYS
 HEATING
  YESTERDAY        0             0
  MONTH TO DATE    0             0
  SINCE JUN 1      0             0
  SINCE JUL 1      0             0

 COOLING
  YESTERDAY       19             2
  MONTH TO DATE   50            -1
  SINCE JUN 1    536            26
  SINCE JAN 1   1216           236
...............................................


WIND (MPH)
  HIGHEST WIND SPEED    17   HIGHEST WIND DIRECTION     W (270)
  HIGHEST GUST SPEED    21   HIGHEST GUST DIRECTION    SW (220)
  AVERAGE WIND SPEED     6.7




RELATIVE HUMIDITY (PERCENT)
 HIGHEST   100
 LOWEST     46
 AVERAGE    73

..........................................................




SUNRISE AND SUNSET
JULY  4 2015..........SUNRISE   542 AM CDT   SUNSET   748 PM CDT
JULY  5 2015..........SUNRISE   543 AM CDT   SUNSET   748 PM CDT


-  INDICATES NEGATIVE NUMBERS.
R  INDICATES RECORD WAS SET OR TIED.
MM INDICATES DATA IS MISSING.
T  INDICATES TRACE AMOUNT.




$$
