000
CDUS42 KTAE 240631
CLIMAI


CLIMATE REPORT
NATIONAL WEATHER SERVICE TALLAHASSEE FL
231 AM EDT THU APR 24 2014


...................................

...THE MARIANNA CLIMATE SUMMARY FOR APRIL 23 2014...

CLIMATE NORMAL PERIOD 1981 TO 2010
CLIMATE RECORD PERIOD 1950 TO 2014


WEATHER ITEM   OBSERVED NORMAL DEPARTURE LAST
                VALUE   VALUE  FROM      YEAR
                               NORMAL
...............................................
TEMPERATURE (F)
 YESTERDAY
  MAXIMUM         85     82      3
  MINIMUM         59     56      3
  AVERAGE         72     68      4

PRECIPITATION (IN)
  YESTERDAY        0.00   0.08  -0.08     0.00
  MONTH TO DATE    7.65   3.26   4.39     2.90
  SINCE MAR 1     15.51   8.80   6.71     5.88
  SINCE JAN 1     22.84  18.78   4.06    19.75

DEGREE DAYS
 HEATING
  YESTERDAY        0            -1
  MONTH TO DATE   63             6
  SINCE MAR 1    281            44
  SINCE JUL 1   1741            99

 COOLING
  YESTERDAY        7             2
  MONTH TO DATE   51           -22
  SINCE MAR 1     54           -51
  SINCE JAN 1     63           -57
...............................................


WIND (MPH)
  HIGHEST WIND SPEED    10   HIGHEST WIND DIRECTION    NW (330)
  HIGHEST GUST SPEED    13   HIGHEST GUST DIRECTION     N (20)
  AVERAGE WIND SPEED     2.8




RELATIVE HUMIDITY (PERCENT)
 HIGHEST   100
 LOWEST     40
 AVERAGE    70

..........................................................




SUNRISE AND SUNSET
APRIL 24 2014.........SUNRISE   603 AM CDT   SUNSET   715 PM CDT
APRIL 25 2014.........SUNRISE   602 AM CDT   SUNSET   715 PM CDT


-  INDICATES NEGATIVE NUMBERS.
R  INDICATES RECORD WAS SET OR TIED.
MM INDICATES DATA IS MISSING.
T  INDICATES TRACE AMOUNT.




$$
