000
CDUS42 KTAE 260631
CLIMAI


CLIMATE REPORT
NATIONAL WEATHER SERVICE TALLAHASSEE FL
231 AM EDT FRI MAY 26 2017


...................................

...THE MARIANNA CLIMATE SUMMARY FOR MAY 25 2017...

CLIMATE NORMAL PERIOD 1981 TO 2010
CLIMATE RECORD PERIOD 1950 TO 2017


WEATHER ITEM   OBSERVED NORMAL DEPARTURE LAST
                VALUE   VALUE  FROM      YEAR
                               NORMAL
...............................................
TEMPERATURE (F)
 YESTERDAY
  MAXIMUM         81     88     -7       89
  MINIMUM         57     66     -9       62
  AVERAGE         69     77     -8       76

PRECIPITATION (IN)
  YESTERDAY        0.00   0.12  -0.12     0.00
  MONTH TO DATE    3.93   2.17   1.76     1.73
  SINCE MAR 1      8.05  11.42  -3.37    13.70
  SINCE JAN 1     18.45  21.40  -2.95    22.14

DEGREE DAYS
 HEATING
  YESTERDAY        0             0
  MONTH TO DATE    6             6
  SINCE MAR 1    153           -88
  SINCE JUL 1    842          -804

 COOLING
  YESTERDAY        4            -8
  MONTH TO DATE  234             0
  SINCE MAR 1    539           162
  SINCE JAN 1    596           204
...............................................


WIND (MPH)
  HIGHEST WIND SPEED    21   HIGHEST WIND DIRECTION     W (260)
  HIGHEST GUST SPEED    29   HIGHEST GUST DIRECTION     W (270)
  AVERAGE WIND SPEED     7.7




RELATIVE HUMIDITY (PERCENT)
 HIGHEST    86
 LOWEST     33
 AVERAGE    60

..........................................................




SUNRISE AND SUNSET
MAY 26 2017...........SUNRISE   540 AM CDT   SUNSET   736 PM CDT
MAY 27 2017...........SUNRISE   540 AM CDT   SUNSET   737 PM CDT


-  INDICATES NEGATIVE NUMBERS.
R  INDICATES RECORD WAS SET OR TIED.
MM INDICATES DATA IS MISSING.
T  INDICATES TRACE AMOUNT.




$$
