000
CDUS43 KABR 191042
CLIMBG


CLIMATE REPORT
NATIONAL WEATHER SERVICE ABERDEEN SD
541 AM CDT FRI SEP 19 2014


...................................

...THE MOBRIDGE SD CLIMATE SUMMARY FOR SEPTEMBER 18 2014...

CLIMATE NORMAL PERIOD 1981 TO 2010
CLIMATE RECORD PERIOD 1911 TO 2014


WEATHER ITEM   OBSERVED TIME   RECORD YEAR NORMAL DEPARTURE LAST
                VALUE   (LST)  VALUE       VALUE  FROM      YEAR
                                                  NORMAL
..................................................................
TEMPERATURE (F)
 YESTERDAY
  MAXIMUM         82    349 PM 100    1933  73      9       84
  MINIMUM         49    404 AM  28    1991  47      2       61
  AVERAGE         66                        60      6       73

PRECIPITATION (IN)
  YESTERDAY        T             1.82 1946   0.05  -0.05     0.21
  MONTH TO DATE    0.22                      0.91  -0.69     2.96
  SINCE SEP 1      0.22                      0.91  -0.69     2.96
  SINCE JAN 1     19.54                     14.82   4.72    16.78

DEGREE DAYS
 HEATING
  YESTERDAY        0                         7     -7        0
  MONTH TO DATE  127                        78     49       15
  SINCE SEP 1    127                        78     49       15
  SINCE JUL 1    174                       111     63       28

 COOLING
  YESTERDAY        1                         1      0        8
  MONTH TO DATE   14                        52    -38      106
  SINCE SEP 1     14                        52    -38      106
  SINCE JAN 1    417                       633   -216      690
..................................................................


WIND (MPH)
  HIGHEST WIND SPEED    24   HIGHEST WIND DIRECTION     S (170)
  HIGHEST GUST SPEED    31   HIGHEST GUST DIRECTION    SE (150)
  AVERAGE WIND SPEED    13.3


SKY COVER
  POSSIBLE SUNSHINE  MM
  AVERAGE SKY COVER 0.0


WEATHER CONDITIONS
 THE FOLLOWING WEATHER WAS RECORDED YESTERDAY.
  THUNDERSTORM


RELATIVE HUMIDITY (PERCENT)
 HIGHEST    96           600 AM
 LOWEST     47           300 PM
 AVERAGE    72

..........................................................


THE MOBRIDGE SD CLIMATE NORMALS FOR TODAY
                         NORMAL    RECORD    YEAR
 MAXIMUM TEMPERATURE (F)   72        98      1914
 MINIMUM TEMPERATURE (F)   46        24      1991


SUNRISE AND SUNSET
SEPTEMBER 19 2014.....SUNRISE   725 AM CDT   SUNSET   745 PM CDT
SEPTEMBER 20 2014.....SUNRISE   726 AM CDT   SUNSET   743 PM CDT


-  INDICATES NEGATIVE NUMBERS.
R  INDICATES RECORD WAS SET OR TIED.
MM INDICATES DATA IS MISSING.
T  INDICATES TRACE AMOUNT.




$$
