000
CDUS43 KABR 232241
CLIMBG


CLIMATE REPORT
NATIONAL WEATHER SERVICE ABERDEEN SD
540 PM CDT WED APR 23 2014


...................................

...THE MOBRIDGE SD CLIMATE SUMMARY FOR APRIL 23 2014...
VALID TODAY AS OF 0500 PM LOCAL TIME.

CLIMATE NORMAL PERIOD 1981 TO 2010
CLIMATE RECORD PERIOD 1911 TO 2014


WEATHER ITEM   OBSERVED TIME   RECORD YEAR NORMAL DEPARTURE LAST
                VALUE   (LST)  VALUE       VALUE  FROM      YEAR
                                                  NORMAL
..................................................................
TEMPERATURE (F)
 TODAY
  MAXIMUM         64    359 PM  89    2009  62      2       48
  MINIMUM         49   1041 AM  13    2013  35     14       13
  AVERAGE         57                        48      9       31

PRECIPITATION (IN)
  TODAY            0.02          0.74 2008   0.06  -0.04     0.00
  MONTH TO DATE    0.33                      0.98  -0.65     1.65
  SINCE MAR 1      0.84                      1.88  -1.04     2.03
  SINCE JAN 1      1.45                      2.61  -1.16     2.99

SNOWFALL (IN)
  TODAY            0.0
  MONTH TO DATE    3.5
  SINCE OCT 1     44.3
  SINCE JUL 1     44.3
  SNOW DEPTH       0

DEGREE DAYS
 HEATING
  TODAY            8                        17     -9       34
  MONTH TO DATE  543                       488     55      767
  SINCE MAR 1   1687                      1515    172     1975
  SINCE JUL 1   8227                      7490    737     7791

 COOLING
  TODAY            0                         0      0        0
  MONTH TO DATE    0                         0      0        0
  SINCE MAR 1      0                         0      0        0
  SINCE JAN 1      0                         0      0        0
..................................................................


WIND (MPH)
  HIGHEST WIND SPEED    43   HIGHEST WIND DIRECTION    SE (140)
  HIGHEST GUST SPEED    54   HIGHEST GUST DIRECTION     E (110)
  AVERAGE WIND SPEED    24.1


SKY COVER
  POSSIBLE SUNSHINE  MM
  AVERAGE SKY COVER 0.4


WEATHER CONDITIONS
 THE FOLLOWING WEATHER WAS RECORDED TODAY.
  LIGHT RAIN


RELATIVE HUMIDITY (PERCENT)
 HIGHEST    71          1100 AM
 LOWEST     39          1200 AM
 AVERAGE    55

..........................................................


THE MOBRIDGE SD CLIMATE NORMALS FOR TOMORROW
                         NORMAL    RECORD    YEAR
 MAXIMUM TEMPERATURE (F)   62        90      1962
 MINIMUM TEMPERATURE (F)   36        18      1928


SUNRISE AND SUNSET
APRIL 23 2014.........SUNRISE   642 AM CDT   SUNSET   838 PM CDT
APRIL 24 2014.........SUNRISE   641 AM CDT   SUNSET   840 PM CDT


-  INDICATES NEGATIVE NUMBERS.
R  INDICATES RECORD WAS SET OR TIED.
MM INDICATES DATA IS MISSING.
T  INDICATES TRACE AMOUNT.




$$
