000
CDUS43 KABR 211036
CLIMBG


CLIMATE REPORT
NATIONAL WEATHER SERVICE ABERDEEN SD
535 AM CDT SAT OCT 21 2017


...................................

...THE MOBRIDGE SD CLIMATE SUMMARY FOR OCTOBER 20 2017...

CLIMATE NORMAL PERIOD 1981 TO 2010
CLIMATE RECORD PERIOD 1911 TO 2017


WEATHER ITEM   OBSERVED TIME   RECORD YEAR NORMAL DEPARTURE LAST
                VALUE   (LST)  VALUE       VALUE  FROM      YEAR
                                                  NORMAL
..................................................................
TEMPERATURE (F)
 YESTERDAY
  MAXIMUM         78    457 PM  85    1947  58     20       62
  MINIMUM         56    713 AM  14    1916  33     23       41
  AVERAGE         67                        46     21       52

PRECIPITATION (IN)
  YESTERDAY        0.00          0.94 1963   0.05  -0.05     0.00
  MONTH TO DATE    0.18                      1.05  -0.87     0.21
  SINCE SEP 1      2.12                      2.59  -0.47     0.81
  SINCE JAN 1     14.82                     16.50  -1.68    17.78

SNOWFALL (IN)
  YESTERDAY        0.0
  MONTH TO DATE    0.0
  SINCE OCT 1      0.0
  SINCE JUL 1      0.0
  SNOW DEPTH       0

DEGREE DAYS
 HEATING
  YESTERDAY        0                        19    -19       13
  MONTH TO DATE  230                       312    -82      249
  SINCE SEP 1    369                       499   -130      348
  SINCE JUL 1    375                       532   -157      362

 COOLING
  YESTERDAY        2                         0      2        0
  MONTH TO DATE    2                         0      2       17
  SINCE SEP 1     80                        60     20       83
  SINCE JAN 1    791                       641    150      961
..................................................................


WIND (MPH)
  HIGHEST WIND SPEED    26   HIGHEST WIND DIRECTION     S (170)
  HIGHEST GUST SPEED    34   HIGHEST GUST DIRECTION     S (170)
  AVERAGE WIND SPEED    16.5


SKY COVER
  POSSIBLE SUNSHINE  MM
  AVERAGE SKY COVER 0.0


WEATHER CONDITIONS
 THE FOLLOWING WEATHER WAS RECORDED YESTERDAY.
  NO SIGNIFICANT WEATHER WAS OBSERVED.


RELATIVE HUMIDITY (PERCENT)
 HIGHEST    78          1000 PM
 LOWEST     40           400 PM
 AVERAGE    59

..........................................................


THE MOBRIDGE SD CLIMATE NORMALS FOR TODAY
                         NORMAL    RECORD    YEAR
 MAXIMUM TEMPERATURE (F)   58        89      1947
 MINIMUM TEMPERATURE (F)   33        10      1930


SUNRISE AND SUNSET
OCTOBER 21 2017.......SUNRISE   806 AM CDT   SUNSET   645 PM CDT
OCTOBER 22 2017.......SUNRISE   808 AM CDT   SUNSET   644 PM CDT


-  INDICATES NEGATIVE NUMBERS.
R  INDICATES RECORD WAS SET OR TIED.
MM INDICATES DATA IS MISSING.
T  INDICATES TRACE AMOUNT.




$$
