000
CDUS43 KABR 222243
CLIMBG


CLIMATE REPORT
NATIONAL WEATHER SERVICE ABERDEEN SD
541 PM CDT TUE AUG 22 2017


...................................

...THE MOBRIDGE SD CLIMATE SUMMARY FOR AUGUST 22 2017...
VALID TODAY AS OF 0500 PM LOCAL TIME.

CLIMATE NORMAL PERIOD 1981 TO 2010
CLIMATE RECORD PERIOD 1911 TO 2017


WEATHER ITEM   OBSERVED TIME   RECORD YEAR NORMAL DEPARTURE LAST
                VALUE   (LST)  VALUE       VALUE  FROM      YEAR
                                                  NORMAL
..................................................................
TEMPERATURE (F)
 TODAY
  MAXIMUM         79    359 PM 106    1960  84     -5      100
  MINIMUM         47    524 AM  41    1945  57    -10       58
  AVERAGE         63                        70     -7       79

PRECIPITATION (IN)
  TODAY            0.00          1.23 1985   0.06  -0.06     0.00
  MONTH TO DATE    5.61                      1.50   4.11     1.70
  SINCE JUN 1     10.08                      7.36   2.72     6.44
  SINCE JAN 1     12.61                     13.38  -0.77    16.82

DEGREE DAYS
 HEATING
  TODAY            2                         1      1        0
  MONTH TO DATE    7                         5      2        2
  SINCE JUN 1     36                        92    -56       15
  SINCE JUL 1      7                        17    -10        3

 COOLING
  TODAY            0                         6     -6       14
  MONTH TO DATE   64                       171   -107      234
  SINCE JUN 1    636                       519    117      803
  SINCE JAN 1    656                       535    121      819
..................................................................


WIND (MPH)
  HIGHEST WIND SPEED     8   HIGHEST WIND DIRECTION    NW (310)
  HIGHEST GUST SPEED    11   HIGHEST GUST DIRECTION     W (280)
  AVERAGE WIND SPEED     4.5


SKY COVER
  POSSIBLE SUNSHINE  MM
  AVERAGE SKY COVER 0.0


WEATHER CONDITIONS
 THE FOLLOWING WEATHER WAS RECORDED TODAY.
  NO SIGNIFICANT WEATHER WAS OBSERVED.


RELATIVE HUMIDITY (PERCENT)
 HIGHEST    93           500 AM
 LOWEST     32           200 PM
 AVERAGE    63

..........................................................


THE MOBRIDGE SD CLIMATE NORMALS FOR TOMORROW
                         NORMAL    RECORD    YEAR
 MAXIMUM TEMPERATURE (F)   84       108      2003
 MINIMUM TEMPERATURE (F)   57        38      1928


SUNRISE AND SUNSET
AUGUST 22 2017........SUNRISE   651 AM CDT   SUNSET   837 PM CDT
AUGUST 23 2017........SUNRISE   652 AM CDT   SUNSET   835 PM CDT


-  INDICATES NEGATIVE NUMBERS.
R  INDICATES RECORD WAS SET OR TIED.
MM INDICATES DATA IS MISSING.
T  INDICATES TRACE AMOUNT.




$$
