000
CDUS43 KABR 301026
CLIMBG


CLIMATE REPORT
NATIONAL WEATHER SERVICE ABERDEEN SD
525 AM CDT TUE SEP 30 2014


...................................

...THE MOBRIDGE SD CLIMATE SUMMARY FOR SEPTEMBER 29 2014...

CLIMATE NORMAL PERIOD 1981 TO 2010
CLIMATE RECORD PERIOD 1911 TO 2014


WEATHER ITEM   OBSERVED TIME   RECORD YEAR NORMAL DEPARTURE LAST
                VALUE   (LST)  VALUE       VALUE  FROM      YEAR
                                                  NORMAL
..................................................................
TEMPERATURE (F)
 YESTERDAY
  MAXIMUM         MM        MM  91    1931  68     MM       77
  MINIMUM         MM        MM  20    1939  41     MM       43
  AVERAGE         MM                        54     MM       60

PRECIPITATION (IN)
  YESTERDAY        0.00          0.88 1965   0.05  -0.05     0.00
  MONTH TO DATE    0.56                      1.49  -0.93     3.37
  SINCE SEP 1      0.56                      1.49  -0.93     3.37
  SINCE JAN 1     19.88                     15.40   4.48    17.19

DEGREE DAYS
 HEATING
  YESTERDAY       MM                        11     MM        5
  MONTH TO DATE  144                       176    -32       67
  SINCE SEP 1    144                       176    -32       67
  SINCE JUL 1    191                       209    -18       80

 COOLING
  YESTERDAY       MM                         0     MM        0
  MONTH TO DATE   63                        60      3      116
  SINCE SEP 1     63                        60      3      116
  SINCE JAN 1    466                       641   -175      700
..................................................................


WIND (MPH)
  HIGHEST WIND SPEED    17   HIGHEST WIND DIRECTION     E (90)
  HIGHEST GUST SPEED    23   HIGHEST GUST DIRECTION     E (90)
  AVERAGE WIND SPEED     9.2


SKY COVER
  POSSIBLE SUNSHINE  MM
  AVERAGE SKY COVER 0.9


WEATHER CONDITIONS
 THE FOLLOWING WEATHER WAS RECORDED YESTERDAY.
  NO SIGNIFICANT WEATHER WAS OBSERVED.


RELATIVE HUMIDITY (PERCENT)
 HIGHEST    83           700 AM
 LOWEST     64           200 PM
 AVERAGE    74

..........................................................


THE MOBRIDGE SD CLIMATE NORMALS FOR TODAY
                         NORMAL    RECORD    YEAR
 MAXIMUM TEMPERATURE (F)   67        92      1989
 MINIMUM TEMPERATURE (F)   41        24      1939


SUNRISE AND SUNSET
SEPTEMBER 30 2014.....SUNRISE   739 AM CDT   SUNSET   724 PM CDT
OCTOBER  1 2014.......SUNRISE   740 AM CDT   SUNSET   722 PM CDT


-  INDICATES NEGATIVE NUMBERS.
R  INDICATES RECORD WAS SET OR TIED.
MM INDICATES DATA IS MISSING.
T  INDICATES TRACE AMOUNT.




$$
