000
CDUS43 KABR 262335
CLIMBG


CLIMATE REPORT
NATIONAL WEATHER SERVICE ABERDEEN SD
532 PM CST WED NOV 26 2014


...................................

...THE MOBRIDGE SD CLIMATE SUMMARY FOR NOVEMBER 26 2014...
VALID TODAY AS OF 0500 PM LOCAL TIME.

CLIMATE NORMAL PERIOD 1981 TO 2010
CLIMATE RECORD PERIOD 1911 TO 2014


WEATHER ITEM   OBSERVED TIME   RECORD YEAR NORMAL DEPARTURE LAST
                VALUE   (LST)  VALUE       VALUE  FROM      YEAR
                                                  NORMAL
..................................................................
TEMPERATURE (F)
 TODAY
  MAXIMUM         26   1204 AM  65    1998  37    -11       29
  MINIMUM         12   1103 AM -20    1985  15     -3        8
  AVERAGE         19                        26     -7       19

PRECIPITATION (IN)
  TODAY            0.01          0.22 1989   0.00   0.01     0.00
  MONTH TO DATE    0.80                      0.46   0.34     0.04
  SINCE SEP 1      2.07                      3.50  -1.43     9.10
  SINCE JAN 1     21.39                     17.41   3.98    22.92

SNOWFALL (IN)
  TODAY           MM
  MONTH TO DATE    7.3
  SINCE OCT 1      7.3
  SINCE JUL 1      7.3
  SNOW DEPTH       T

DEGREE DAYS
 HEATING
  TODAY           46                        39      7       46
  MONTH TO DATE  978                       830    148      894
  SINCE SEP 1   1569                      1571     -2     1643
  SINCE JUL 1   1616                      1604     12     1656

 COOLING
  TODAY            0                         0      0        0
  MONTH TO DATE    0                         0      0        0
  SINCE SEP 1     68                        63      5      116
  SINCE JAN 1    471                       644   -173      700
..................................................................


WIND (MPH)
  HIGHEST WIND SPEED    28   HIGHEST WIND DIRECTION     N (10)
  HIGHEST GUST SPEED    35   HIGHEST GUST DIRECTION     N (10)
  AVERAGE WIND SPEED    12.5


SKY COVER
  POSSIBLE SUNSHINE  MM
  AVERAGE SKY COVER 1.0


WEATHER CONDITIONS
 THE FOLLOWING WEATHER WAS RECORDED TODAY.
  LIGHT SNOW
  HAZE


RELATIVE HUMIDITY (PERCENT)
 HIGHEST    84          1200 AM
 LOWEST     73           100 PM
 AVERAGE    79

..........................................................


THE MOBRIDGE SD CLIMATE NORMALS FOR TOMORROW
                         NORMAL    RECORD    YEAR
 MAXIMUM TEMPERATURE (F)   36        69      1949
 MINIMUM TEMPERATURE (F)   15       -14      1985


SUNRISE AND SUNSET
NOVEMBER 26 2014......SUNRISE   755 AM CST   SUNSET   502 PM CST
NOVEMBER 27 2014......SUNRISE   757 AM CST   SUNSET   502 PM CST


-  INDICATES NEGATIVE NUMBERS.
R  INDICATES RECORD WAS SET OR TIED.
MM INDICATES DATA IS MISSING.
T  INDICATES TRACE AMOUNT.




$$
