000
CDUS43 KABR 281033
CLIMBG


CLIMATE REPORT
NATIONAL WEATHER SERVICE ABERDEEN SD
532 AM CDT FRI APR 28 2017


...................................

...THE MOBRIDGE SD CLIMATE SUMMARY FOR APRIL 27 2017...

CLIMATE NORMAL PERIOD 1981 TO 2010
CLIMATE RECORD PERIOD 1911 TO 2017


WEATHER ITEM   OBSERVED TIME   RECORD YEAR NORMAL DEPARTURE LAST
                VALUE   (LST)  VALUE       VALUE  FROM      YEAR
                                                  NORMAL
..................................................................
TEMPERATURE (F)
 YESTERDAY
  MAXIMUM         56    531 PM  94    1952  63     -7       46
  MINIMUM         28    226 AM  19    1950  37     -9       35
  AVERAGE         42                        50     -8       41

PRECIPITATION (IN)
  YESTERDAY        0.00          1.30 2016   0.09  -0.09     1.30
  MONTH TO DATE    0.48                      1.31  -0.83     4.27
  SINCE MAR 1      1.10                      2.21  -1.11     5.06
  SINCE JAN 1      1.86                      2.94  -1.08     6.28

SNOWFALL (IN)
  YESTERDAY        0.0
  MONTH TO DATE    0.0
  SINCE OCT 1     47.3
  SINCE JUL 1     47.3
  SNOW DEPTH       0

DEGREE DAYS
 HEATING
  YESTERDAY       23                        15      8       24
  MONTH TO DATE  466                       550    -84      446
  SINCE MAR 1   1401                      1577   -176     1180
  SINCE JUL 1   6838                      7552   -714     6055

 COOLING
  YESTERDAY        0                         0      0        0
  MONTH TO DATE    0                         0      0        2
  SINCE MAR 1      0                         0      0        2
  SINCE JAN 1      0                         0      0        2
..................................................................


WIND (MPH)
  HIGHEST WIND SPEED    15   HIGHEST WIND DIRECTION    NE (60)
  HIGHEST GUST SPEED    22   HIGHEST GUST DIRECTION     E (90)
  AVERAGE WIND SPEED     8.1


SKY COVER
  POSSIBLE SUNSHINE  MM
  AVERAGE SKY COVER 0.5


WEATHER CONDITIONS
 THE FOLLOWING WEATHER WAS RECORDED YESTERDAY.
  NO SIGNIFICANT WEATHER WAS OBSERVED.


RELATIVE HUMIDITY (PERCENT)
 HIGHEST    78           300 AM
 LOWEST     30           400 PM
 AVERAGE    54

..........................................................


THE MOBRIDGE SD CLIMATE NORMALS FOR TODAY
                         NORMAL    RECORD    YEAR
 MAXIMUM TEMPERATURE (F)   63        91      1952
 MINIMUM TEMPERATURE (F)   37        20      1958


SUNRISE AND SUNSET
APRIL 28 2017.........SUNRISE   634 AM CDT   SUNSET   845 PM CDT
APRIL 29 2017.........SUNRISE   632 AM CDT   SUNSET   846 PM CDT


-  INDICATES NEGATIVE NUMBERS.
R  INDICATES RECORD WAS SET OR TIED.
MM INDICATES DATA IS MISSING.
T  INDICATES TRACE AMOUNT.




$$
