000
CDUS43 KABR 250906
CLIMBG


CLIMATE REPORT
NATIONAL WEATHER SERVICE ABERDEEN SD
405 AM CDT SAT OCT 25 2014


...................................

...THE MOBRIDGE SD CLIMATE SUMMARY FOR OCTOBER 24 2014...

CLIMATE NORMAL PERIOD 1981 TO 2010
CLIMATE RECORD PERIOD 1911 TO 2014


WEATHER ITEM   OBSERVED TIME   RECORD YEAR NORMAL DEPARTURE LAST
                VALUE   (LST)  VALUE       VALUE  FROM      YEAR
                                                  NORMAL
..................................................................
TEMPERATURE (F)
 YESTERDAY
  MAXIMUM         76    218 PM  80    1989  56     20       46
  MINIMUM         39    732 AM  12    1917  32      7       22
  AVERAGE         58                        44     14       34

PRECIPITATION (IN)
  YESTERDAY        0.00          0.33 1953   0.05  -0.05     0.00
  MONTH TO DATE    0.56                      1.25  -0.69     5.58
  SINCE SEP 1      1.27                      2.79  -1.52     8.95
  SINCE JAN 1     20.59                     16.70   3.89    22.77

SNOWFALL (IN)
  YESTERDAY        0.0
  MONTH TO DATE    0.0
  SINCE OCT 1      0.0
  SINCE JUL 1      0.0
  SNOW DEPTH       0

DEGREE DAYS
 HEATING
  YESTERDAY        7                        21    -14       31
  MONTH TO DATE  290                       394   -104      484
  SINCE SEP 1    445                       581   -136      554
  SINCE JUL 1    492                       614   -122      567

 COOLING
  YESTERDAY        0                         0      0        0
  MONTH TO DATE    5                         0      5        0
  SINCE SEP 1     68                        60      8      116
  SINCE JAN 1    471                       641   -170      700
..................................................................


WIND (MPH)
  HIGHEST WIND SPEED    18   HIGHEST WIND DIRECTION    NW (320)
  HIGHEST GUST SPEED    24   HIGHEST GUST DIRECTION    NW (320)
  AVERAGE WIND SPEED     5.7


SKY COVER
  POSSIBLE SUNSHINE  MM
  AVERAGE SKY COVER 0.1


WEATHER CONDITIONS
 THE FOLLOWING WEATHER WAS RECORDED YESTERDAY.
  HAZE


RELATIVE HUMIDITY (PERCENT)
 HIGHEST    89           400 AM
 LOWEST     27           100 PM
 AVERAGE    58

..........................................................


THE MOBRIDGE SD CLIMATE NORMALS FOR TODAY
                         NORMAL    RECORD    YEAR
 MAXIMUM TEMPERATURE (F)   56        82      1989
                                             1955
 MINIMUM TEMPERATURE (F)   32        10      1942


SUNRISE AND SUNSET
OCTOBER 25 2014.......SUNRISE   812 AM CDT   SUNSET   639 PM CDT
OCTOBER 26 2014.......SUNRISE   813 AM CDT   SUNSET   638 PM CDT


-  INDICATES NEGATIVE NUMBERS.
R  INDICATES RECORD WAS SET OR TIED.
MM INDICATES DATA IS MISSING.
T  INDICATES TRACE AMOUNT.




$$
