000
CDUS43 KABR 231451
CLIMBG


CLIMATE REPORT
NATIONAL WEATHER SERVICE ABERDEEN SD
951 AM CDT THU MAR 23 2017


...................................

...THE MOBRIDGE SD CLIMATE SUMMARY FOR MARCH 22 2017...

CLIMATE NORMAL PERIOD 1981 TO 2010
CLIMATE RECORD PERIOD 1911 TO 2017


WEATHER ITEM   OBSERVED TIME   RECORD YEAR NORMAL DEPARTURE LAST
                VALUE   (LST)  VALUE       VALUE  FROM      YEAR
                                                  NORMAL
..................................................................
TEMPERATURE (F)
 YESTERDAY
  MAXIMUM         49    320 PM  80    1939  45      4       55
  MINIMUM         27    325 AM -10    1913  24      3       31
  AVERAGE         38                        34      4       43

PRECIPITATION (IN)
  YESTERDAY        0.00          2.00 1929   0.04  -0.04     0.00
  MONTH TO DATE    0.62                      0.60   0.02     0.57
  SINCE MAR 1      0.62                      0.60   0.02     0.57
  SINCE JAN 1      1.38                      1.33   0.05     1.79

SNOWFALL (IN)
  YESTERDAY        0.0
  MONTH TO DATE    8.3
  SINCE OCT 1     47.3
  SINCE JUL 1     47.3
  SNOW DEPTH       0

DEGREE DAYS
 HEATING
  YESTERDAY       27                        30     -3       22
  MONTH TO DATE  769                       773     -4      518
  SINCE MAR 1    769                       773     -4      518
  SINCE JUL 1   6206                      6748   -542     5393

 COOLING
  YESTERDAY        0                         0      0        0
  MONTH TO DATE    0                         0      0        0
  SINCE MAR 1      0                         0      0        0
  SINCE JAN 1      0                         0      0        0
..................................................................


WIND (MPH)
  HIGHEST WIND SPEED    36   HIGHEST WIND DIRECTION     S (170)
  HIGHEST GUST SPEED    45   HIGHEST GUST DIRECTION    SE (150)
  AVERAGE WIND SPEED    22.3


SKY COVER
  POSSIBLE SUNSHINE  MM
  AVERAGE SKY COVER 0.5


WEATHER CONDITIONS
 THE FOLLOWING WEATHER WAS RECORDED YESTERDAY.
  NO SIGNIFICANT WEATHER WAS OBSERVED.


RELATIVE HUMIDITY (PERCENT)
 HIGHEST    69           500 AM
 LOWEST     50           600 PM
 AVERAGE    60

..........................................................


THE MOBRIDGE SD CLIMATE NORMALS FOR TODAY
                         NORMAL    RECORD    YEAR
 MAXIMUM TEMPERATURE (F)   46        84      1939
 MINIMUM TEMPERATURE (F)   24        -7      1965


SUNRISE AND SUNSET
MARCH 23 2017.........SUNRISE   738 AM CDT   SUNSET   759 PM CDT
MARCH 24 2017.........SUNRISE   737 AM CDT   SUNSET   800 PM CDT


-  INDICATES NEGATIVE NUMBERS.
R  INDICATES RECORD WAS SET OR TIED.
MM INDICATES DATA IS MISSING.
T  INDICATES TRACE AMOUNT.




$$
