000
CDUS43 KABR 041035
CLIMBG


CLIMATE REPORT
NATIONAL WEATHER SERVICE ABERDEEN SD
434 AM CST SUN DEC 4 2016


...................................

...THE MOBRIDGE SD CLIMATE SUMMARY FOR DECEMBER 3 2016...

CLIMATE NORMAL PERIOD 1981 TO 2010
CLIMATE RECORD PERIOD 1911 TO 2016


WEATHER ITEM   OBSERVED TIME   RECORD YEAR NORMAL DEPARTURE LAST
                VALUE   (LST)  VALUE       VALUE  FROM      YEAR
                                                  NORMAL
..................................................................
TEMPERATURE (F)
 YESTERDAY
  MAXIMUM         37    342 PM  63    1941  33      4       43
  MINIMUM         24    748 AM -13    1985  12     12       16
  AVERAGE         31                        22      9       30

PRECIPITATION (IN)
  YESTERDAY        0.00          0.22 1955   0.01  -0.01     0.00
  MONTH TO DATE    0.03                      0.02   0.01     0.09
  SINCE DEC 1      0.03                      0.02   0.01     0.09
  SINCE JAN 1     19.16                     17.45   1.71    23.09

SNOWFALL (IN)
  YESTERDAY        0.0
  MONTH TO DATE    0.3
  SINCE OCT 1     11.7
  SINCE JUL 1     11.7
  SNOW DEPTH       3

DEGREE DAYS
 HEATING
  YESTERDAY       34                        43     -9       35
  MONTH TO DATE  105                       127    -22      106
  SINCE DEC 1    105                       127    -22      106
  SINCE JUL 1   1256                      1893   -637     1400

 COOLING
  YESTERDAY        0                         0      0        0
  MONTH TO DATE    0                         0      0        0
  SINCE DEC 1      0                         0      0        0
  SINCE JAN 1    961                       644    317      860
..................................................................


WIND (MPH)
  HIGHEST WIND SPEED    21   HIGHEST WIND DIRECTION     S (160)
  HIGHEST GUST SPEED    25   HIGHEST GUST DIRECTION     S (160)
  AVERAGE WIND SPEED    10.0


SKY COVER
  POSSIBLE SUNSHINE  MM
  AVERAGE SKY COVER 0.6


WEATHER CONDITIONS
 THE FOLLOWING WEATHER WAS RECORDED YESTERDAY.
  FOG


RELATIVE HUMIDITY (PERCENT)
 HIGHEST    92           200 AM
 LOWEST     69          1000 PM
 AVERAGE    81

..........................................................


THE MOBRIDGE SD CLIMATE NORMALS FOR TODAY
                         NORMAL    RECORD    YEAR
 MAXIMUM TEMPERATURE (F)   32        69      1965
 MINIMUM TEMPERATURE (F)   11       -24      1927


SUNRISE AND SUNSET
DECEMBER  4 2016......SUNRISE   805 AM CST   SUNSET   459 PM CST
DECEMBER  5 2016......SUNRISE   806 AM CST   SUNSET   458 PM CST


-  INDICATES NEGATIVE NUMBERS.
R  INDICATES RECORD WAS SET OR TIED.
MM INDICATES DATA IS MISSING.
T  INDICATES TRACE AMOUNT.




$$
