000
CDUS43 KDTX 050604
CLIMBS


CLIMATE REPORT
NATIONAL WEATHER SERVICE DETROIT/PONTIAC MI
104 AM EST MON DEC 5 2016


...................................

...THE TRI CITIES MI CLIMATE SUMMARY FOR DECEMBER 4 2016...

CLIMATE NORMAL PERIOD 1981 TO 2010
CLIMATE RECORD PERIOD 1898 TO 2016


WEATHER ITEM   OBSERVED TIME   NORMAL DEPARTURE LAST
                VALUE   (LST)  VALUE  FROM      YEAR
                                      NORMAL
......................................................
TEMPERATURE (F)
 YESTERDAY
  MAXIMUM         37    352 PM  37      0       49
  MINIMUM         32   1159 PM  25      7       36
  AVERAGE         35            31      4

PRECIPITATION (IN)
  YESTERDAY        0.06          0.07  -0.01
  MONTH TO DATE    0.07          0.28  -0.21
  SINCE DEC 1      0.07          0.28  -0.21
  SINCE JAN 1     30.44         29.96   0.48

SNOWFALL (IN)
  YESTERDAY        2.5
  MONTH TO DATE    2.5
  SINCE DEC 1      2.5
  SINCE JUL 1      4.1
  SNOW DEPTH       3

DEGREE DAYS
 HEATING
  YESTERDAY       30                   -4
  MONTH TO DATE  113                  -21
  SINCE DEC 1    113                  -21
  SINCE JUL 1   1101                 -506

 COOLING
  YESTERDAY        0                    0
  MONTH TO DATE    0                    0
  SINCE DEC 1      0                    0
  SINCE JAN 1    844                  287
......................................................


WIND (MPH)
  HIGHEST WIND SPEED    15   HIGHEST WIND DIRECTION    SE (130)
  HIGHEST GUST SPEED    17   HIGHEST GUST DIRECTION    SE (130)
  AVERAGE WIND SPEED     5.3



WEATHER CONDITIONS
 THE FOLLOWING WEATHER WAS RECORDED YESTERDAY.
  HEAVY SNOW
  SNOW
  LIGHT SNOW
  FOG
  FOG W/VISIBILITY <= 1/4 MILE
  HAZE


RELATIVE HUMIDITY (PERCENT)
 HIGHEST   100
 LOWEST     64
 AVERAGE    82

..........................................................


THE TRI CITIES MI CLIMATE NORMALS FOR TODAY
                         NORMAL
 MAXIMUM TEMPERATURE (F)   37
 MINIMUM TEMPERATURE (F)   25


SUNRISE AND SUNSET
DECEMBER  5 2016......SUNRISE   754 AM EST   SUNSET   500 PM EST
DECEMBER  6 2016......SUNRISE   755 AM EST   SUNSET   500 PM EST


-  INDICATES NEGATIVE NUMBERS.
R  INDICATES RECORD WAS SET OR TIED.
MM INDICATES DATA IS MISSING.
T  INDICATES TRACE AMOUNT.




$$
