000
CDUS43 KDTX 252045
CLIMBS


CLIMATE REPORT
NATIONAL WEATHER SERVICE DETROIT/PONTIAC MI
444 PM EDT MON SEP 25 2017


...................................

...THE TRI CITIES MI CLIMATE SUMMARY FOR SEPTEMBER 25 2017...
VALID TODAY AS OF 0400 PM LOCAL TIME.

CLIMATE NORMAL PERIOD 1981 TO 2010
CLIMATE RECORD PERIOD 1898 TO 2017


WEATHER ITEM   OBSERVED TIME   NORMAL DEPARTURE LAST
                VALUE   (LST)  VALUE  FROM      YEAR
                                      NORMAL
......................................................
TEMPERATURE (F)
 TODAY
  MAXIMUM         90    232 PM  68     22       74
  MINIMUM         63    645 AM  47     16       47
  AVERAGE         77            58     19       61

PRECIPITATION (IN)
  TODAY            0.00          0.13  -0.13     0.03
  MONTH TO DATE    0.32          3.25  -2.93     2.36
  SINCE SEP 1      0.32          3.25  -2.93     2.36
  SINCE JAN 1     30.10         23.77   6.33    25.28

SNOWFALL (IN)
  TODAY            0.0           0.0    0.0      0.0
  MONTH TO DATE    0.0           0.0    0.0      0.0
  SINCE SEP 1      0.0           0.0    0.0      0.0
  SINCE JUL 1      0.0           0.0    0.0      0.0
  SNOW DEPTH       0

DEGREE DAYS
 HEATING
  TODAY            0             8     -8        4
  MONTH TO DATE   77           113    -36       27
  SINCE SEP 1     77           113    -36       27
  SINCE JUL 1     99           153    -54       29

 COOLING
  TODAY           12             1     11        0
  MONTH TO DATE  113            45     68       82
  SINCE SEP 1    113            45     68       82
  SINCE JAN 1    631           549     82      830
......................................................


WIND (MPH)
  HIGHEST WIND SPEED     9   HIGHEST WIND DIRECTION     S (170)
  HIGHEST GUST SPEED    12   HIGHEST GUST DIRECTION     S (180)
  AVERAGE WIND SPEED     2.8


SKY COVER
  AVERAGE SKY COVER 0.1


WEATHER CONDITIONS
 THE FOLLOWING WEATHER WAS RECORDED TODAY.
  FOG


..........................................................


THE TRI CITIES MI CLIMATE NORMALS FOR TOMORROW
                         NORMAL
 MAXIMUM TEMPERATURE (F)   68
 MINIMUM TEMPERATURE (F)   47


SUNRISE AND SUNSET
SEPTEMBER 25 2017.....SUNRISE   727 AM EDT   SUNSET   728 PM EDT
SEPTEMBER 26 2017.....SUNRISE   728 AM EDT   SUNSET   726 PM EDT


-  INDICATES NEGATIVE NUMBERS.
R  INDICATES RECORD WAS SET OR TIED.
MM INDICATES DATA IS MISSING.
T  INDICATES TRACE AMOUNT.




$$
