000
CDUS43 KDTX 180536
CLIMBS


CLIMATE REPORT
NATIONAL WEATHER SERVICE DETROIT/PONTIAC MI
135 AM EDT THU SEP 18 2014


...................................

...THE  TRI CITIES MI CLIMATE SUMMARY FOR SEPTEMBER 17 2014...

CLIMATE NORMAL PERIOD 1981 TO 2010
CLIMATE RECORD PERIOD 1898 TO 2014


WEATHER ITEM   OBSERVED TIME   NORMAL DEPARTURE
                VALUE   (LST)  VALUE  FROM
                                      NORMAL
...................................................
TEMPERATURE (F)
 YESTERDAY
  MAXIMUM         70    310 PM  72     -2
  MINIMUM         43    642 AM  50     -7
  AVERAGE         57            61     -4

PRECIPITATION (IN)
  YESTERDAY        0.00          0.14  -0.14
  MONTH TO DATE    2.03          2.19  -0.16
  SINCE SEP 1      2.03          2.19  -0.16
  SINCE JAN 1     24.14         22.71   1.43

SNOWFALL (IN)
  YESTERDAY        0.0
  MONTH TO DATE    0.0
  SINCE SEP 1      0.0
  SINCE JUL 1      0.0
  SNOW DEPTH       0

DEGREE DAYS
 HEATING
  YESTERDAY        8                    3
  MONTH TO DATE   75                   17
  SINCE SEP 1     75                   17
  SINCE JUL 1    101                    3

 COOLING
  YESTERDAY        0                   -1
  MONTH TO DATE   50                   13
  SINCE SEP 1     50                   13
  SINCE JAN 1    535                   -6
...................................................


WIND (MPH)
  HIGHEST WIND SPEED    15   HIGHEST WIND DIRECTION     W (260)
  HIGHEST GUST SPEED    20   HIGHEST GUST DIRECTION     W (260)
  AVERAGE WIND SPEED     7.0




RELATIVE HUMIDITY (PERCENT)
 HIGHEST    92
 LOWEST     39
 AVERAGE    66

..........................................................


THE  TRI CITIES MI CLIMATE NORMALS FOR TODAY
                         NORMAL
 MAXIMUM TEMPERATURE (F)   71
 MINIMUM TEMPERATURE (F)   50


SUNRISE AND SUNSET
SEPTEMBER 18 2014.....SUNRISE   719 AM EDT   SUNSET   741 PM EDT
SEPTEMBER 19 2014.....SUNRISE   720 AM EDT   SUNSET   739 PM EDT


-  INDICATES NEGATIVE NUMBERS.
R  INDICATES RECORD WAS SET OR TIED.
MM INDICATES DATA IS MISSING.
T  INDICATES TRACE AMOUNT.




$$
