000
CDUS43 KDTX 200537
CLIMBS


CLIMATE REPORT
NATIONAL WEATHER SERVICE DETROIT/PONTIAC MI
1236 AM EST TUE FEB 20 2018


...................................

...THE TRI CITIES MI CLIMATE SUMMARY FOR FEBRUARY 19 2018...

CLIMATE NORMAL PERIOD 1981 TO 2010
CLIMATE RECORD PERIOD 1898 TO 2018


WEATHER ITEM   OBSERVED TIME   NORMAL DEPARTURE LAST
                VALUE   (LST)  VALUE  FROM      YEAR
                                      NORMAL
......................................................
TEMPERATURE (F)
 YESTERDAY
  MAXIMUM         42    108 PM  33      9       59
  MINIMUM         32    336 AM  18     14       34
  AVERAGE         37            25     12

PRECIPITATION (IN)
  YESTERDAY        0.40          0.06   0.34
  MONTH TO DATE    1.15          0.98   0.17
  SINCE DEC 1      3.42          4.55  -1.13
  SINCE JAN 1      2.39          2.69  -0.30

SNOWFALL (IN)
  YESTERDAY       MM
  MONTH TO DATE   13.5
  SINCE DEC 1     31.1
  SINCE JUL 1     31.1
  SNOW DEPTH       1

DEGREE DAYS
 HEATING
  YESTERDAY       28                  -12
  MONTH TO DATE  833                   44
  SINCE DEC 1   3407                  126
  SINCE JUL 1   4638                 -116

 COOLING
  YESTERDAY        0                    0
  MONTH TO DATE    0                    0
  SINCE DEC 1      0                    0
  SINCE JAN 1      0                    0
......................................................


WIND (MPH)
  HIGHEST WIND SPEED    18   HIGHEST WIND DIRECTION     S (180)
  HIGHEST GUST SPEED    23   HIGHEST GUST DIRECTION     S (180)
  AVERAGE WIND SPEED     7.4



WEATHER CONDITIONS
 THE FOLLOWING WEATHER WAS RECORDED YESTERDAY.
  HEAVY RAIN
  RAIN
  LIGHT RAIN
  FOG
  FOG W/VISIBILITY <= 1/4 MILE
  HAZE


RELATIVE HUMIDITY (PERCENT)
 HIGHEST   100
 LOWEST     70
 AVERAGE    85

..........................................................


THE TRI CITIES MI CLIMATE NORMALS FOR TODAY
                         NORMAL
 MAXIMUM TEMPERATURE (F)   33
 MINIMUM TEMPERATURE (F)   18


SUNRISE AND SUNSET
FEBRUARY 20 2018......SUNRISE   727 AM EST   SUNSET   613 PM EST
FEBRUARY 21 2018......SUNRISE   726 AM EST   SUNSET   615 PM EST


-  INDICATES NEGATIVE NUMBERS.
R  INDICATES RECORD WAS SET OR TIED.
MM INDICATES DATA IS MISSING.
T  INDICATES TRACE AMOUNT.




$$
