000
CDUS43 KDTX 280535
CLIMBS


CLIMATE REPORT
NATIONAL WEATHER SERVICE DETROIT/PONTIAC MI
1235 AM EST TUE FEB 28 2017


...................................

...THE TRI CITIES MI CLIMATE SUMMARY FOR FEBRUARY 27 2017...

CLIMATE NORMAL PERIOD 1981 TO 2010
CLIMATE RECORD PERIOD 1898 TO 2017


WEATHER ITEM   OBSERVED TIME   NORMAL DEPARTURE LAST
                VALUE   (LST)  VALUE  FROM      YEAR
                                      NORMAL
......................................................
TEMPERATURE (F)
 YESTERDAY
  MAXIMUM         49    453 PM  35     14       44
  MINIMUM         27    737 AM  20      7       27
  AVERAGE         38            28     10

PRECIPITATION (IN)
  YESTERDAY        0.00          0.07  -0.07
  MONTH TO DATE    1.47          1.54  -0.07
  SINCE DEC 1      5.38          5.11   0.27
  SINCE JAN 1      4.01          3.25   0.76

SNOWFALL (IN)
  YESTERDAY        0.0
  MONTH TO DATE    1.9
  SINCE DEC 1     28.3
  SINCE JUL 1     29.9
  SNOW DEPTH       0

DEGREE DAYS
 HEATING
  YESTERDAY       27                  -10
  MONTH TO DATE  850                 -246
  SINCE DEC 1   3159                 -429
  SINCE JUL 1   4147                 -914

 COOLING
  YESTERDAY        0                    0
  MONTH TO DATE    0                    0
  SINCE DEC 1      0                    0
  SINCE JAN 1      0                    0
......................................................


WIND (MPH)
  HIGHEST WIND SPEED    17   HIGHEST WIND DIRECTION    SW (230)
  HIGHEST GUST SPEED    24   HIGHEST GUST DIRECTION     S (170)
  AVERAGE WIND SPEED     7.9



WEATHER CONDITIONS
 THE FOLLOWING WEATHER WAS RECORDED YESTERDAY.
  NO SIGNIFICANT WEATHER WAS OBSERVED.


RELATIVE HUMIDITY (PERCENT)
 HIGHEST    85
 LOWEST     38
 AVERAGE    62

..........................................................


THE TRI CITIES MI CLIMATE NORMALS FOR TODAY
                         NORMAL
 MAXIMUM TEMPERATURE (F)   36
 MINIMUM TEMPERATURE (F)   20


SUNRISE AND SUNSET
FEBRUARY 28 2017......SUNRISE   714 AM EST   SUNSET   624 PM EST
MARCH  1 2017.........SUNRISE   712 AM EST   SUNSET   625 PM EST


-  INDICATES NEGATIVE NUMBERS.
R  INDICATES RECORD WAS SET OR TIED.
MM INDICATES DATA IS MISSING.
T  INDICATES TRACE AMOUNT.




$$
