000
CDUS43 KDTX 310540
CLIMBS


CLIMATE REPORT
NATIONAL WEATHER SERVICE DETROIT/PONTIAC MI
1239 AM EST SAT JAN 31 2015


...................................

...THE TRI CITIES MI CLIMATE SUMMARY FOR JANUARY 30 2015...

CLIMATE NORMAL PERIOD 1981 TO 2010
CLIMATE RECORD PERIOD 1898 TO 2015


WEATHER ITEM   OBSERVED TIME   NORMAL DEPARTURE LAST
                VALUE   (LST)  VALUE  FROM      YEAR
                                      NORMAL
......................................................
TEMPERATURE (F)
 YESTERDAY
  MAXIMUM         24   1232 AM  29     -5       29
  MINIMUM         12    844 AM  15     -3       12
  AVERAGE         18            22     -4

PRECIPITATION (IN)
  YESTERDAY        0.00          0.05  -0.05
  MONTH TO DATE    1.02          1.66  -0.64
  SINCE DEC 1      2.49          3.52  -1.03
  SINCE JAN 1      1.02          1.66  -0.64

SNOWFALL (IN)
  YESTERDAY        0.0
  MONTH TO DATE   11.9
  SINCE DEC 1     12.8
  SINCE JUL 1     15.7
  SNOW DEPTH       3

DEGREE DAYS
 HEATING
  YESTERDAY       47                    4
  MONTH TO DATE 1321                   40
  SINCE DEC 1   2334                 -114
  SINCE JUL 1   3830                  -91

 COOLING
  YESTERDAY        0                    0
  MONTH TO DATE    0                    0
  SINCE DEC 1      0                    0
  SINCE JAN 1      0                    0
......................................................


WIND (MPH)
  HIGHEST WIND SPEED    30   HIGHEST WIND DIRECTION    NW (330)
  HIGHEST GUST SPEED    37   HIGHEST GUST DIRECTION    NW (330)
  AVERAGE WIND SPEED    11.0



WEATHER CONDITIONS
 THE FOLLOWING WEATHER WAS RECORDED YESTERDAY.
  NO SIGNIFICANT WEATHER WAS OBSERVED.


RELATIVE HUMIDITY (PERCENT)
 HIGHEST    67
 LOWEST     45
 AVERAGE    56

..........................................................


THE TRI CITIES MI CLIMATE NORMALS FOR TODAY
                         NORMAL
 MAXIMUM TEMPERATURE (F)   29
 MINIMUM TEMPERATURE (F)   15


SUNRISE AND SUNSET
JANUARY 31 2015.......SUNRISE   754 AM EST   SUNSET   546 PM EST
FEBRUARY  1 2015......SUNRISE   753 AM EST   SUNSET   547 PM EST


-  INDICATES NEGATIVE NUMBERS.
R  INDICATES RECORD WAS SET OR TIED.
MM INDICATES DATA IS MISSING.
T  INDICATES TRACE AMOUNT.




$$
