000
CDUS43 KDTX 270549
CLIMBS


CLIMATE REPORT
NATIONAL WEATHER SERVICE DETROIT/PONTIAC MI
1249 AM EST FRI FEB 27 2015


...................................

...THE TRI CITIES MI CLIMATE SUMMARY FOR FEBRUARY 26 2015...

CLIMATE NORMAL PERIOD 1981 TO 2010
CLIMATE RECORD PERIOD 1898 TO 2015


WEATHER ITEM   OBSERVED TIME   NORMAL DEPARTURE LAST
                VALUE   (LST)  VALUE  FROM      YEAR
                                      NORMAL
......................................................
TEMPERATURE (F)
 YESTERDAY
  MAXIMUM         14    406 PM  35    -21       14
  MINIMUM          2   1159 PM  20    -18       -1
  AVERAGE          8            27    -19

PRECIPITATION (IN)
  YESTERDAY        T             0.07  -0.07
  MONTH TO DATE    1.09          1.47  -0.38
  SINCE DEC 1      3.58          5.04  -1.46
  SINCE JAN 1      2.11          3.18  -1.07

SNOWFALL (IN)
  YESTERDAY        T
  MONTH TO DATE   16.2
  SINCE DEC 1     29.0
  SINCE JUL 1     31.9
  SNOW DEPTH      11

DEGREE DAYS
 HEATING
  YESTERDAY       57                   19
  MONTH TO DATE 1378                  319
  SINCE DEC 1   3753                  202
  SINCE JUL 1   5249                  225

 COOLING
  YESTERDAY        0                    0
  MONTH TO DATE    0                    0
  SINCE DEC 1      0                    0
  SINCE JAN 1      0                    0
......................................................


WIND (MPH)
  HIGHEST WIND SPEED    18   HIGHEST WIND DIRECTION     N (20)
  HIGHEST GUST SPEED    21   HIGHEST GUST DIRECTION     N (10)
  AVERAGE WIND SPEED     8.8



WEATHER CONDITIONS
 THE FOLLOWING WEATHER WAS RECORDED YESTERDAY.
  HAZE


RELATIVE HUMIDITY (PERCENT)
 HIGHEST    79
 LOWEST     58
 AVERAGE    69

..........................................................


THE TRI CITIES MI CLIMATE NORMALS FOR TODAY
                         NORMAL
 MAXIMUM TEMPERATURE (F)   35
 MINIMUM TEMPERATURE (F)   20


SUNRISE AND SUNSET
FEBRUARY 27 2015......SUNRISE   716 AM EST   SUNSET   622 PM EST
FEBRUARY 28 2015......SUNRISE   715 AM EST   SUNSET   624 PM EST


-  INDICATES NEGATIVE NUMBERS.
R  INDICATES RECORD WAS SET OR TIED.
MM INDICATES DATA IS MISSING.
T  INDICATES TRACE AMOUNT.




$$
