000
CDUS43 KDTX 010535
CLIMBS


CLIMATE REPORT
NATIONAL WEATHER SERVICE DETROIT/PONTIAC MI
135 AM EDT SUN MAY 1 2016


...................................

...THE TRI CITIES MI CLIMATE SUMMARY FOR APRIL 30 2016...

CLIMATE NORMAL PERIOD 1981 TO 2010
CLIMATE RECORD PERIOD 1898 TO 2016


WEATHER ITEM   OBSERVED TIME   NORMAL DEPARTURE LAST
                VALUE   (LST)  VALUE  FROM      YEAR
                                      NORMAL
......................................................
TEMPERATURE (F)
 YESTERDAY
  MAXIMUM         58    155 PM  62     -4       62
  MINIMUM         36    600 AM  41     -5       39
  AVERAGE         47            52     -5

PRECIPITATION (IN)
  YESTERDAY        0.22          0.10   0.12
  MONTH TO DATE    1.83          2.89  -1.06
  SINCE MAR 1      5.81          4.95   0.86
  SINCE JAN 1      9.73          8.27   1.46

SNOWFALL (IN)
  YESTERDAY        0.0
  MONTH TO DATE    1.6
  SINCE MAR 1     16.5
  SINCE JUL 1     50.2
  SNOW DEPTH       0

DEGREE DAYS
 HEATING
  YESTERDAY       18                    4
  MONTH TO DATE  635                   62
  SINCE MAR 1   1420                 -121
  SINCE JUL 1   5433                -1207

 COOLING
  YESTERDAY        0                    0
  MONTH TO DATE    1                   -3
  SINCE MAR 1      1                   -3
  SINCE JAN 1      1                   -3
......................................................


WIND (MPH)
  HIGHEST WIND SPEED    17   HIGHEST WIND DIRECTION    NE (40)
  HIGHEST GUST SPEED    21   HIGHEST GUST DIRECTION    NE (40)
  AVERAGE WIND SPEED     9.6



WEATHER CONDITIONS
 THE FOLLOWING WEATHER WAS RECORDED YESTERDAY.
  LIGHT RAIN
  FOG


RELATIVE HUMIDITY (PERCENT)
 HIGHEST    85
 LOWEST     43
 AVERAGE    64

..........................................................


THE TRI CITIES MI CLIMATE NORMALS FOR TODAY
                         NORMAL
 MAXIMUM TEMPERATURE (F)   63
 MINIMUM TEMPERATURE (F)   41


SUNRISE AND SUNSET
MAY  1 2016...........SUNRISE   628 AM EDT   SUNSET   839 PM EDT
MAY  2 2016...........SUNRISE   627 AM EDT   SUNSET   840 PM EDT


-  INDICATES NEGATIVE NUMBERS.
R  INDICATES RECORD WAS SET OR TIED.
MM INDICATES DATA IS MISSING.
T  INDICATES TRACE AMOUNT.




$$
