000
CDUS43 KDTX 210535
CLIMBS


CLIMATE REPORT
NATIONAL WEATHER SERVICE DETROIT/PONTIAC MI
1235 AM EST SAT JAN 21 2017


...................................

...THE TRI CITIES MI CLIMATE SUMMARY FOR JANUARY 20 2017...

CLIMATE NORMAL PERIOD 1981 TO 2010
CLIMATE RECORD PERIOD 1898 TO 2017


WEATHER ITEM   OBSERVED TIME   NORMAL DEPARTURE LAST
                VALUE   (LST)  VALUE  FROM      YEAR
                                      NORMAL
......................................................
TEMPERATURE (F)
 YESTERDAY
  MAXIMUM         35    447 PM  29      6       22
  MINIMUM         31    704 AM  15     16       14
  AVERAGE         33            22     11

PRECIPITATION (IN)
  YESTERDAY        0.05          0.05   0.00
  MONTH TO DATE    1.99          1.19   0.80
  SINCE DEC 1      3.36          3.05   0.31
  SINCE JAN 1      1.99          1.19   0.80

SNOWFALL (IN)
  YESTERDAY        0.0
  MONTH TO DATE    7.4
  SINCE DEC 1     24.0
  SINCE JUL 1     25.6
  SNOW DEPTH       0

DEGREE DAYS
 HEATING
  YESTERDAY       32                  -11
  MONTH TO DATE  779                  -72
  SINCE DEC 1   1946                  -72
  SINCE JUL 1   2934                 -557

 COOLING
  YESTERDAY        0                    0
  MONTH TO DATE    0                    0
  SINCE DEC 1      0                    0
  SINCE JAN 1      0                    0
......................................................


WIND (MPH)
  HIGHEST WIND SPEED    15   HIGHEST WIND DIRECTION    NE (40)
  HIGHEST GUST SPEED    18   HIGHEST GUST DIRECTION    NE (40)
  AVERAGE WIND SPEED     6.8



WEATHER CONDITIONS
 THE FOLLOWING WEATHER WAS RECORDED YESTERDAY.
  LIGHT RAIN
  FOG
  FOG W/VISIBILITY <= 1/4 MILE


RELATIVE HUMIDITY (PERCENT)
 HIGHEST   100
 LOWEST    100
 AVERAGE   100

..........................................................


THE TRI CITIES MI CLIMATE NORMALS FOR TODAY
                         NORMAL
 MAXIMUM TEMPERATURE (F)   29
 MINIMUM TEMPERATURE (F)   15


SUNRISE AND SUNSET
JANUARY 21 2017.......SUNRISE   802 AM EST   SUNSET   533 PM EST
JANUARY 22 2017.......SUNRISE   802 AM EST   SUNSET   535 PM EST


-  INDICATES NEGATIVE NUMBERS.
R  INDICATES RECORD WAS SET OR TIED.
MM INDICATES DATA IS MISSING.
T  INDICATES TRACE AMOUNT.




$$
