000
CDUS46 KHNX 190823
CLIMCE


CLIMATE REPORT
NATIONAL WEATHER SERVICE SAN JOAQUIN VALLEY, CA
122 AM PDT TUE SEP 19 2017


...................................

...THE MERCED  CA CLIMATE SUMMARY FOR SEPTEMBER 18 2017...

CLIMATE NORMAL PERIOD 1981 TO 2010
CLIMATE RECORD PERIOD 1998 TO 2017


WEATHER ITEM   OBSERVED TIME   RECORD YEAR NORMAL DEPARTURE
                VALUE   (LST)  VALUE       VALUE  FROM
                                                  NORMAL
...............................................................
TEMPERATURE (F)
 YESTERDAY
  MAXIMUM         86        MM  99    2009  88     -2
                                      2000
  MINIMUM         53        MM  48    2005  55     -2
  AVERAGE         70                        72     -2

PRECIPITATION (IN)
  YESTERDAY        0.00          T    2015   0.02  -0.02
  MONTH TO DATE    T                         0.15  -0.15
  SINCE OCT 1     16.03                     12.36   3.67
  SINCE JAN 1     11.80                      8.85   2.95

SNOWFALL (IN)
  YESTERDAY        0.0
  MONTH TO DATE    0.0
  SINCE SEP 1      0.0
  SINCE JUL 1      0.0
  SNOW DEPTH       0

DEGREE DAYS
 HEATING
  YESTERDAY        0
  MONTH TO DATE    0
  SINCE SEP 1      0
  SINCE JUL 1      0

 COOLING
  YESTERDAY        5
  MONTH TO DATE  243
  SINCE SEP 1    243
  SINCE JAN 1   1779
...............................................................


WIND (MPH)
  HIGHEST WIND SPEED    15   HIGHEST WIND DIRECTION    NW (330)
  HIGHEST GUST SPEED    23   HIGHEST GUST DIRECTION    NW (320)
  AVERAGE WIND SPEED     8.8




RELATIVE HUMIDITY (PERCENT)
 HIGHEST    77
 LOWEST     34
 AVERAGE    56

..........................................................


THE MERCED  CA CLIMATE NORMALS FOR TODAY
                         NORMAL    RECORD    YEAR
 MAXIMUM TEMPERATURE (F)   88       102      2016
 MINIMUM TEMPERATURE (F)   55        48      2004


SUNRISE AND SUNSET
SEPTEMBER 19 2017.....SUNRISE   648 AM PDT   SUNSET   703 PM PDT
SEPTEMBER 20 2017.....SUNRISE   649 AM PDT   SUNSET   702 PM PDT


-  INDICATES NEGATIVE NUMBERS.
R  INDICATES RECORD WAS SET OR TIED.
MM INDICATES DATA IS MISSING.
T  INDICATES TRACE AMOUNT.




$$
