000
CDUS46 KHNX 240822
CLIMCE


CLIMATE REPORT
NATIONAL WEATHER SERVICE SAN JOAQUIN VALLEY, CA
121 AM PDT FRI OCT 24 2014


...................................

...THE MERCED  CA CLIMATE SUMMARY FOR OCTOBER 23 2014...

CLIMATE NORMAL PERIOD 1981 TO 2010
CLIMATE RECORD PERIOD 1998 TO 2014


WEATHER ITEM   OBSERVED TIME   RECORD YEAR NORMAL DEPARTURE
                VALUE   (LST)  VALUE       VALUE  FROM
                                                  NORMAL
...............................................................
TEMPERATURE (F)
 YESTERDAY
  MAXIMUM         79    415 PM  88    2011  75      4
  MINIMUM         50    620 AM  41    2000  47      3
  AVERAGE         65                        61      4

PRECIPITATION (IN)
  YESTERDAY        0.00          0.08 2010   0.03  -0.03
  MONTH TO DATE    0.00                      0.42  -0.42
  SINCE JUL 1      T                         0.73  -0.73
  SINCE JAN 1      3.96                      9.41  -5.45

SNOWFALL (IN)
  YESTERDAY        0.0
  MONTH TO DATE    0.0
  SINCE SEP 1      0.0
  SINCE JUL 1      0.0
  SNOW DEPTH       0

DEGREE DAYS
 HEATING
  YESTERDAY        0
  MONTH TO DATE    5
  SINCE SEP 1      5
  SINCE JUL 1      5

 COOLING
  YESTERDAY        0
  MONTH TO DATE  140
  SINCE SEP 1    496
  SINCE JAN 1   2144
...............................................................


WIND (MPH)
  HIGHEST WIND SPEED    12   HIGHEST WIND DIRECTION     N (340)
  HIGHEST GUST SPEED    14   HIGHEST GUST DIRECTION     N (340)
  AVERAGE WIND SPEED     2.5




RELATIVE HUMIDITY (PERCENT)
 HIGHEST    71
 LOWEST     35
 AVERAGE    53

..........................................................


THE MERCED  CA CLIMATE NORMALS FOR TODAY
                         NORMAL    RECORD    YEAR
 MAXIMUM TEMPERATURE (F)   75        88      2007
 MINIMUM TEMPERATURE (F)   47        40      2002


SUNRISE AND SUNSET
OCTOBER 24 2014.......SUNRISE   719 AM PDT   SUNSET   614 PM PDT
OCTOBER 25 2014.......SUNRISE   720 AM PDT   SUNSET   612 PM PDT


-  INDICATES NEGATIVE NUMBERS.
R  INDICATES RECORD WAS SET OR TIED.
MM INDICATES DATA IS MISSING.
T  INDICATES TRACE AMOUNT.




$$
