000
CDUS46 KHNX 230026
CLIMCE


CLIMATE REPORT
NATIONAL WEATHER SERVICE SAN JOAQUIN VALLEY, CA
425 PM PST MON DEC 22 2014


...................................

...THE MERCED  CA CLIMATE SUMMARY FOR DECEMBER 22 2014...
VALID AS OF 0400 PM LOCAL TIME.

CLIMATE NORMAL PERIOD 1981 TO 2010
CLIMATE RECORD PERIOD 1998 TO 2014


WEATHER ITEM   OBSERVED TIME   RECORD YEAR NORMAL DEPARTURE LAST
                VALUE   (LST)  VALUE       VALUE  FROM      YEAR
                                                  NORMAL
..................................................................
TEMPERATURE (F)
 TODAY
  MAXIMUM         58    359 PM  66    2005  52      6       60
  MINIMUM         53    317 PM  21    1998  36     17       29
  AVERAGE         56                        44     12       45

PRECIPITATION (IN)
  TODAY            0.01          0.40 2012   0.06  -0.05     0.00
  MONTH TO DATE    3.36                      0.93   2.43     0.29
  SINCE JUL 1      4.72                      3.23   1.49     1.01
  SINCE JAN 1      8.68                     11.91  -3.23     3.79

SNOWFALL (IN)
  TODAY            0.0
  MONTH TO DATE    0.0
  SINCE DEC 1      0.0
  SINCE JUL 1      0.0
  SNOW DEPTH       0

DEGREE DAYS
 HEATING
  TODAY            9                                        20
  MONTH TO DATE  214                                       494
  SINCE DEC 1    214                                       494
  SINCE JUL 1    499                                       934

 COOLING
  TODAY            0                                         0
  MONTH TO DATE    0                                         0
  SINCE DEC 1      0                                         0
  SINCE JAN 1   2147                                      1787
..................................................................


WIND (MPH)
  HIGHEST WIND SPEED    10   HIGHEST WIND DIRECTION     N (350)
  HIGHEST GUST SPEED    17   HIGHEST GUST DIRECTION     N (360)
  AVERAGE WIND SPEED     5.3




RELATIVE HUMIDITY (PERCENT)
 HIGHEST    93
 LOWEST     86
 AVERAGE    90

..........................................................


THE MERCED  CA CLIMATE NORMALS FOR TOMORROW
                         NORMAL    RECORD    YEAR
 MAXIMUM TEMPERATURE (F)   52        64      1999
 MINIMUM TEMPERATURE (F)   36        18      1998


SUNRISE AND SUNSET
DECEMBER 22 2014......SUNRISE   713 AM PST   SUNSET   449 PM PST
DECEMBER 23 2014......SUNRISE   714 AM PST   SUNSET   450 PM PST


-  INDICATES NEGATIVE NUMBERS.
R  INDICATES RECORD WAS SET OR TIED.
MM INDICATES DATA IS MISSING.
T  INDICATES TRACE AMOUNT.




$$
