000
CDUS46 KHNX 230827
CLIMCE


CLIMATE REPORT
NATIONAL WEATHER SERVICE SAN JOAQUIN VALLEY, CA
127 AM PDT WED APR 23 2014


...................................

...THE MERCED  CA CLIMATE SUMMARY FOR APRIL 22 2014...

CLIMATE NORMAL PERIOD 1981 TO 2010
CLIMATE RECORD PERIOD 1998 TO 2014


WEATHER ITEM   OBSERVED TIME   RECORD YEAR NORMAL DEPARTURE
                VALUE   (LST)  VALUE       VALUE  FROM
                                                  NORMAL
...............................................................
TEMPERATURE (F)
 YESTERDAY
  MAXIMUM         71    320 PM  95    2012  75     -4
                                      2009
  MINIMUM         53   1159 PM  41    2008  46      7
  AVERAGE         62                        61      1

PRECIPITATION (IN)
  YESTERDAY        T             0.22 2007   0.03  -0.03
  MONTH TO DATE    0.29                      0.73  -0.44
  SINCE JUL 1      4.67                     11.57  -6.90
  SINCE JAN 1      3.66                      7.75  -4.09

SNOWFALL (IN)
  YESTERDAY        0.0
  MONTH TO DATE    0.0
  SINCE MAR 1      0.0
  SINCE JUL 1      0.0
  SNOW DEPTH       0

DEGREE DAYS
 HEATING
  YESTERDAY        3
  MONTH TO DATE   63
  SINCE MAR 1    222
  SINCE JUL 1   2091

 COOLING
  YESTERDAY        0
  MONTH TO DATE   52
  SINCE MAR 1     52
  SINCE JAN 1     52
...............................................................


WIND (MPH)
  HIGHEST WIND SPEED    18   HIGHEST WIND DIRECTION     N (340)
  HIGHEST GUST SPEED    24   HIGHEST GUST DIRECTION     N (340)
  AVERAGE WIND SPEED    11.0




RELATIVE HUMIDITY (PERCENT)
 HIGHEST    72
 LOWEST     22
 AVERAGE    47

..........................................................


THE MERCED  CA CLIMATE NORMALS FOR TODAY
                         NORMAL    RECORD    YEAR
 MAXIMUM TEMPERATURE (F)   76        88      2002
 MINIMUM TEMPERATURE (F)   46        40      2000


SUNRISE AND SUNSET
APRIL 23 2014.........SUNRISE   617 AM PDT   SUNSET   745 PM PDT
APRIL 24 2014.........SUNRISE   616 AM PDT   SUNSET   746 PM PDT


-  INDICATES NEGATIVE NUMBERS.
R  INDICATES RECORD WAS SET OR TIED.
MM INDICATES DATA IS MISSING.
T  INDICATES TRACE AMOUNT.




$$
