000
CDAK49 PAMC 030907
CLIMCG

CLIMATE REPORT
NATIONAL WEATHER SERVICE MCGRATH, AK
107 AM AKDT THU SEP 3 2015

...................................
...THE MCGRATH AIRPORT CLIMATE SUMMARY FOR SEPTEMBER 2 2015...

CLIMATE NORMAL PERIOD  1981 TO  2015
CLIMATE RECORD PERIOD  1939 TO  2015

WEATHER ITEM   OBSERVED TIME    RECORD YEAR NORMAL DEPARTURE LAST
               VALUE    (LST)   VALUE       VALUE  FROM      YEAR
                                                   NORMAL
...................................................................
TEMPERATURE
YESTERDAY
 MAXIMUM            61  0436 PM    72  1991     60       1     54
 MINIMUM            31  0607 AM    23  1983     41     -10     36
 AVERAGE            46                          50      -4     45

PRECIPITATION
(INCHES)
 YESTERDAY        0.00           0.86  2013   0.09   -0.09   0.28
 MONTH TO DATE    0.00                        0.18   -0.18   0.45
 SINCE SEP 1      0.00                        0.18   -0.18   0.45
 SINCE JAN 1      9.02                       11.55   -2.53   9.02

SNOWFALL
(INCHES)
 YESTERDAY         0.0              T  1980    0.0     0.0    0.0
 MONTH TO DATE     0.0                         0.0     0.0    0.0
 SINCE SEP 1       0.0                         0.0     0.0    0.0
 SINCE JUL 1       0.0                         0.0     0.0    0.0
 SNOW DEPTH (IN)     0                                          0

DEGREE DAYS
 HEATING
  YESTERDAY         19                          15       4     20
  MONTH TO DATE     38                          29       9     39
  SINCE SEP 1       38                          29       9     39
  SINCE JUL 1     1133                         526     607    462

 COOLING
  YESTERDAY          0                           0       0      0
  MONTH TO DATE      0                           0       0      0
  SINCE SEP 1        0                           0       0      0
  SINCE JAN 1       MM                          16      MM     11
...................................................................

WIND (MPH)
 HIGHEST WIND SPEED     9     HIGHEST WIND DIRECTION     90
 HIGHEST GUST SPEED    13     HIGHEST GUST DIRECTION    100
 AVERAGE WIND SPEED   1.5

WEATHER CONDITIONS
 THE FOLLOWING WEATHER WAS RECORDED YESTERDAY.
  NO SIGNIFICANT WEATHER WAS OBSERVED.

...................................................................

THE MCGRATH CLIMATE NORMALS FOR TODAY
                           NORMAL    RECORD   YEAR
 MAXIMUM TEMPERATURE (F)     59        76     1949
 MINIMUM TEMPERATURE (F)     41        28     1984

SUNRISE AND SUNSET
 SEP 3 2015..........SUNRISE  7:15 AM      SUNSET  9:28 PM
 SEP 4 2015..........SUNRISE  7:18 AM      SUNSET  9:25 PM

-  INDICATES NEGATIVE NUMBERS.
R  INDICATES RECORD HAS BEEN SET OR TIED.
MM INDICATES DATA IS MISSING.
T  INDICATES TRACE OF PRECIPITATION.

&&
-------------------------------------------------------------------

AMOUNT OF DAYLIGHT TODAY  (HOUR:MIN)........14 HOURS 13 MINUTES
GAIN/LOSS SINCE YESTERDAY (HOUR:MIN:SEC)....-0:06:07

$$
TR SEP 15
