000
CDAK49 PAMC 260952
CLIMCG

CLIMATE REPORT
NATIONAL WEATHER SERVICE MCGRATH, AK
152 AM AKDT THU MAR 26 2015

...................................
...THE MCGRATH AIRPORT CLIMATE SUMMARY FOR MARCH 25 2015...

CLIMATE NORMAL PERIOD  1981 TO  2010
CLIMATE RECORD PERIOD  1940 TO  2015

WEATHER ITEM   OBSERVED TIME    RECORD YEAR NORMAL DEPARTURE LAST
               VALUE    (LST)   VALUE       VALUE  FROM      YEAR
                                                   NORMAL
...................................................................
TEMPERATURE
YESTERDAY
 MAXIMUM            46  0501 PM    48  1999     28      18     36
 MINIMUM             8  0702 AM   -35  1962      2       6     -1
 AVERAGE            27                          15      12     18

PRECIPITATION
(INCHES)
 YESTERDAY        0.00           0.25  1991   0.03   -0.03   0.00
 MONTH TO DATE    0.12                        0.68   -0.56   0.04
 SINCE MAR 1      0.12                        0.68   -0.56   0.04
 SINCE JAN 1      0.56                        2.71   -2.15   1.73

SNOWFALL
(INCHES)
 YESTERDAY         0.0            4.4  2005    0.3    -0.3    0.0
 MONTH TO DATE     5.2                         9.7    -4.5    0.4
 SINCE MAR 1       5.2                         9.7    -4.5    0.4
 SINCE JUL 1      38.3                        89.7   -51.4   46.4
 SNOW DEPTH (IN)    11                                         13

DEGREE DAYS
 HEATING
  YESTERDAY         38                          50     -12     47
  MONTH TO DATE   1279                        1369     -90   1335
  SINCE MAR 1     1276                        1369     -93   1333
  SINCE JUL 1    10342                       11607   -1265  10160

 COOLING
  YESTERDAY          0                           0       0      0
  MONTH TO DATE      0                           0       0      0
  SINCE MAR 1        0                           0       0      0
  SINCE JAN 1        0                           0       0      0
...................................................................

WIND (MPH)
 HIGHEST WIND SPEED    16     HIGHEST WIND DIRECTION     60
 HIGHEST GUST SPEED    19     HIGHEST GUST DIRECTION     80
 AVERAGE WIND SPEED   4.3

WEATHER CONDITIONS
 THE FOLLOWING WEATHER WAS RECORDED YESTERDAY.
 NO SIGNIFICANT WEATHER WAS OBSERVED.
...................................................................

THE MCGRATH CLIMATE NORMALS FOR TODAY
                           NORMAL    RECORD   YEAR
 MAXIMUM TEMPERATURE (F)     29        46     1990
 MINIMUM TEMPERATURE (F)      3       -30     2013

SUNRISE AND SUNSET
 MAR 26 2015..........SUNRISE  8:04 AM      SUNSET  8:55 PM
 MAR 27 2015..........SUNRISE  8:00 AM      SUNSET  8:58 PM

-  INDICATES NEGATIVE NUMBERS.
R  INDICATES RECORD HAS BEEN SET OR TIED.
MM INDICATES DATA IS MISSING.
T  INDICATES TRACE OF PRECIPITATION.

&&
-------------------------------------------------------------------

AMOUNT OF DAYLIGHT TODAY  (HOUR:MIN)........12 HOURS 51 MINUTES
GAIN SINCE YESTERDAY (HOUR:MIN:SEC)....+0:06:11

$$
ADJ MAR 15
