000
CDAK49 PAMC 241006
CLIMCG

CLIMATE REPORT
NATIONAL WEATHER SERVICE MCGRATH, AK
206 AM AKDT FRI OCT 24 2014

...................................
...THE MCGRATH AIRPORT CLIMATE SUMMARY FOR OCTOBER 23 2014...

CLIMATE NORMAL PERIOD  1981 TO  2010
CLIMATE RECORD PERIOD  1940 TO  2014

WEATHER ITEM   OBSERVED TIME    RECORD YEAR NORMAL DEPARTURE LAST
               VALUE    (LST)   VALUE       VALUE  FROM      YEAR
                                                   NORMAL
...................................................................
TEMPERATURE
YESTERDAY
 MAXIMUM            29  0432 PM    49  1981     26       3     35
 MINIMUM            17  0955 AM   -13  1956     13       4     29
 AVERAGE            23                          20       3     32

PRECIPITATION
(INCHES)
 YESTERDAY        0.01           0.34  1989   0.03   -0.02   0.00
 MONTH TO DATE    0.06                        1.14   -1.08   3.99
 SINCE SEP 1      0.98                        3.63   -2.65   8.14
 SINCE JAN 1      9.55                       15.00   -5.45  17.37

SNOWFALL
(INCHES)
 YESTERDAY         0.1            3.4  1989    0.4    -0.3    0.0
 MONTH TO DATE     0.6                         6.5    -5.9      T
 SINCE SEP 1       0.6                         8.0    -7.4    0.7
 SINCE JUL 1       0.6                         8.0    -7.4    0.7
 SNOW DEPTH (IN)     T                                          0

DEGREE DAYS
 HEATING
  YESTERDAY         42                          45      -3     33
  MONTH TO DATE    818                         849     -31    568
  SINCE SEP 1     1386                        1462     -76   1242
  SINCE JUL 1     1809                        1959    -150   1660

 COOLING
  YESTERDAY          0                           0       0      0
  MONTH TO DATE      0                           0       0      0
  SINCE SEP 1        0                           0       0      0
  SINCE JAN 1       11                          16      -5     78
...................................................................

WIND (MPH)
 HIGHEST WIND SPEED     8     HIGHEST WIND DIRECTION    140
 HIGHEST GUST SPEED    10     HIGHEST GUST DIRECTION    170
 AVERAGE WIND SPEED   2.9

WEATHER CONDITIONS
 THE FOLLOWING WEATHER WAS RECORDED YESTERDAY.
 FOG
 SNOW
...................................................................

THE MCGRATH CLIMATE NORMALS FOR TODAY
                           NORMAL    RECORD   YEAR
 MAXIMUM TEMPERATURE (F)     26        44     1951
 MINIMUM TEMPERATURE (F)     12       -20     1956

SUNRISE AND SUNSET
 OCT 24 2014..........SUNRISE  9:37 AM      SUNSET  6:37 PM
 OCT 25 2014..........SUNRISE  9:40 AM      SUNSET  6:33 PM

-  INDICATES NEGATIVE NUMBERS.
R  INDICATES RECORD HAS BEEN SET OR TIED.
MM INDICATES DATA IS MISSING.
T  INDICATES TRACE OF PRECIPITATION.

&&
-------------------------------------------------------------------

AMOUNT OF DAYLIGHT TODAY  (HOUR:MIN)........9 HOURS 0 MINUTES
LOSS SINCE YESTERDAY (HOUR:MIN:SEC)....-0:06:06

$$
ADJ OCT 14
