000
CDAK49 PAMC 171152
CLIMCG

CLIMATE REPORT
NATIONAL WEATHER SERVICE MCGRATH, AK
352 AM AKDT THU APR 17 2014

...................................
...THE MCGRATH AIRPORT CLIMATE SUMMARY FOR APRIL 16 2014...

CLIMATE NORMAL PERIOD  1981 TO  2010
CLIMATE RECORD PERIOD  1940 TO  2014

WEATHER ITEM   OBSERVED TIME    RECORD YEAR NORMAL DEPARTURE LAST
               VALUE    (LST)   VALUE       VALUE  FROM      YEAR
                                                   NORMAL
...................................................................
TEMPERATURE
YESTERDAY
 MAXIMUM            49  0345 PM    56  2012     41       8     30
 MINIMUM            30  1135 PM   -19  1994     19      11      4
 AVERAGE            40                          30      10     17

PRECIPITATION
(INCHES)
 YESTERDAY        0.00           0.65  1955   0.03   -0.03   0.00
 MONTH TO DATE    0.07                        0.38   -0.31   0.03
 SINCE MAR 1      0.11                        1.19   -1.08   0.52
 SINCE JAN 1      1.80                        3.22   -1.42   3.69

SNOWFALL
(INCHES)
 YESTERDAY         0.0            6.5  1955    0.2    -0.2    0.0
 MONTH TO DATE     0.7                         3.4    -2.7    0.4
 SINCE MAR 1       1.1                        14.7   -13.6    7.6
 SINCE JUL 1      47.1                        94.7   -47.6   73.5
 SNOW DEPTH (IN)     9                                         26

DEGREE DAYS
 HEATING
  YESTERDAY         25                          35     -10     48
  MONTH TO DATE    662                         645      17    860
  SINCE MAR 1     2262                        2301     -39   2576
  SINCE JUL 1    11066                       12539   -1473  13150

 COOLING
  YESTERDAY          0                           0       0      0
  MONTH TO DATE      0                           0       0      0
  SINCE MAR 1        0                           0       0      0
  SINCE JAN 1        0                           0       0      0
...................................................................

WIND (MPH)
 HIGHEST WIND SPEED     8     HIGHEST WIND DIRECTION    340
 HIGHEST GUST SPEED     9     HIGHEST GUST DIRECTION    360
 AVERAGE WIND SPEED   1.9

WEATHER CONDITIONS
 THE FOLLOWING WEATHER WAS RECORDED YESTERDAY.
 NO SIGNIFICANT WEATHER WAS OBSERVED.
...................................................................

THE MCGRATH CLIMATE NORMALS FOR TODAY
                           NORMAL    RECORD   YEAR
 MAXIMUM TEMPERATURE (F)     42        56     2012
 MINIMUM TEMPERATURE (F)     20       -13     1984

SUNRISE AND SUNSET
 APR 17 2014..........SUNRISE  6:48 AM      SUNSET  9:58 PM
 APR 18 2014..........SUNRISE  6:45 AM      SUNSET 10:01 PM

-  INDICATES NEGATIVE NUMBERS.
R  INDICATES RECORD HAS BEEN SET OR TIED.
MM INDICATES DATA IS MISSING.
T  INDICATES TRACE OF PRECIPITATION.

&&
-------------------------------------------------------------------

AMOUNT OF DAYLIGHT TODAY  (HOUR:MIN)........15 HOURS 10 MINUTES
GAIN SINCE YESTERDAY (HOUR:MIN:SEC)....+0:06:13

$$
ADJ APR 14
