000
CDAK49 PAMC 211121
CLIMCG

CLIMATE REPORT
NATIONAL WEATHER SERVICE MCGRATH, AK
321 AM AKDT THU AUG 21 2014

...................................
...THE MCGRATH AIRPORT CLIMATE SUMMARY FOR AUGUST 20 2014...

CLIMATE NORMAL PERIOD  1981 TO  2010
CLIMATE RECORD PERIOD  1940 TO  2014

WEATHER ITEM   OBSERVED TIME    RECORD YEAR NORMAL DEPARTURE LAST
               VALUE    (LST)   VALUE       VALUE  FROM      YEAR
                                                   NORMAL
...................................................................
TEMPERATURE
YESTERDAY
 MAXIMUM            66  0651 PM    82  1977     63       3     61
 MINIMUM            50  1159 PM    30  2009     45       5     53
 AVERAGE            58                          54       4     57

PRECIPITATION
(INCHES)
 YESTERDAY        0.00           0.63  1973   0.09   -0.09      T
 MONTH TO DATE    1.27                        1.81   -0.54   1.69
 SINCE JUN 1      5.37                        5.71   -0.34   4.47
 SINCE JAN 1      8.10                       10.38   -2.28   8.33

SNOWFALL
(INCHES)
 YESTERDAY         0.0            0.0  2014    0.0     0.0    0.0
 MONTH TO DATE     0.0                         0.0     0.0    0.0
 SINCE JUN 1       0.0                         0.0     0.0    0.0
 SINCE JUL 1       0.0                         0.0     0.0    0.0
 SNOW DEPTH (IN)     0                                          0

DEGREE DAYS
 HEATING
  YESTERDAY          7                          11      -4      8
  MONTH TO DATE    102                         186     -84    106
  SINCE JUN 1      594                         592       2    406
  SINCE JUL 1      289                         358     -69    271

 COOLING
  YESTERDAY          0                           0       0      0
  MONTH TO DATE      0                           0       0      3
  SINCE JUN 1       11                          16      -5     69
  SINCE JAN 1       11                          16      -5     78
...................................................................

WIND (MPH)
 HIGHEST WIND SPEED     9     HIGHEST WIND DIRECTION    280
 HIGHEST GUST SPEED    13     HIGHEST GUST DIRECTION    280
 AVERAGE WIND SPEED    MM

WEATHER CONDITIONS
 THE FOLLOWING WEATHER WAS RECORDED YESTERDAY.
 NO SIGNIFICANT WEATHER WAS OBSERVED.

...................................................................

THE MCGRATH CLIMATE NORMALS FOR TODAY
                           NORMAL    RECORD   YEAR
 MAXIMUM TEMPERATURE (F)     63        89     1977
 MINIMUM TEMPERATURE (F)     45        32     1946

SUNRISE AND SUNSET
 AUG 21 2014..........SUNRISE  6:39 AM      SUNSET 10:11 PM
 AUG 22 2014..........SUNRISE  6:42 AM      SUNSET 10:07 PM

-  INDICATES NEGATIVE NUMBERS.
R  INDICATES RECORD HAS BEEN SET OR TIED.
MM INDICATES DATA IS MISSING.
T  INDICATES TRACE OF PRECIPITATION.

&&
-------------------------------------------------------------------

AMOUNT OF DAYLIGHT TODAY  (HOUR:MIN)........15 HOURS 32 MINUTES
LOSS SINCE YESTERDAY (HOUR:MIN:SEC)....-0:06:08

$$
JMC AUG 14
