000
CDAK49 PAFG 300038
CLIMCG

CLIMATE REPORT
NATIONAL WEATHER SERVICE FAIRBANKS AK
438 PM AKDT MON MAY 29 2017


...................................

...THE MCGRATH AK CLIMATE SUMMARY FOR MAY 29 2017...
VALID TODAY AS OF 0400 PM LOCAL TIME.

CLIMATE NORMAL PERIOD 1981 TO 2010
CLIMATE RECORD PERIOD 1946 TO 2017


WEATHER ITEM   OBSERVED TIME   RECORD YEAR NORMAL DEPARTURE LAST
                VALUE   (LST)  VALUE       VALUE  FROM      YEAR
                                                  NORMAL
..................................................................
TEMPERATURE (F)
 TODAY
  MAXIMUM         49   1206 AM  86    2013  63    -14       74
  MINIMUM         42    428 AM  31    1987  41      1       47
  AVERAGE         46                        52     -6       61

PRECIPITATION (IN)
  TODAY            0.17          0.44 2014   0.04   0.13     0.00
  MONTH TO DATE    1.17                      1.00   0.17     1.11
  SINCE MAR 1      1.55                      2.55  -1.00     2.53
  SINCE JAN 1      2.75                      4.58  -1.83     2.59

SNOWFALL (IN)
  TODAY            0.0           0.0    MM   0.0    0.0      0.0
  MONTH TO DATE    T                         0.9   -0.9      0.0
  SINCE MAR 1      2.6                      17.3  -14.7      0.0
  SINCE JUL 1     51.3                      97.3  -46.0      0.0
  SNOW DEPTH       0

DEGREE DAYS
 HEATING
  TODAY           19                        13      6        4
  MONTH TO DATE  473                       541    -68      427
  SINCE MAR 1   3246                      3255     -9     2673
  SINCE JUL 1  13004                     13487   -483     3641

 COOLING
  TODAY            0                         0      0        0
  MONTH TO DATE    0                         0      0        0
  SINCE MAR 1      0                         0      0        0
  SINCE JAN 1      0                         0      0        0
..................................................................


WIND (MPH)
  HIGHEST GUST SPEED    16   HIGHEST GUST DIRECTION    SW (220)


SKY COVER
  AVERAGE SKY COVER 1.0


WEATHER CONDITIONS
 THE FOLLOWING WEATHER WAS RECORDED TODAY.
  LIGHT RAIN
  FOG


RELATIVE HUMIDITY (PERCENT)
 HIGHEST    89
 LOWEST     56
 AVERAGE    73

..........................................................


THE MCGRATH AK CLIMATE NORMALS FOR TOMORROW
                         NORMAL    RECORD    YEAR
 MAXIMUM TEMPERATURE (F)   63        85      2013
 MINIMUM TEMPERATURE (F)   41        30      1964


SUNRISE AND SUNSET
MAY 29 2017...........SUNRISE   443 AM AKDT  SUNSET  1200 AM AKDT
MAY 30 2017...........SUNRISE   440 AM AKDT  SUNSET  1203 AM AKDT

-  INDICATES NEGATIVE NUMBERS.
R  INDICATES RECORD WAS SET OR TIED.
MM INDICATES DATA IS MISSING.
T  INDICATES TRACE AMOUNT.

&&

SNOW DEPTH IS MEASURED AT 3AM AKST/4AM AKDT.

----------------------------
AVAILABLE DAYLIGHT

AMOUNT OF DAYLIGHT TODAY  (HOUR:MIN)........19:18
GAIN/LOSS SINCE YESTERDAY (HOUR:MIN:SEC)....+0:05:05

$$
HFL MAY 17
