000
CDAK49 PAMC 060019
CLIMCG

CLIMATE REPORT
NATIONAL WEATHER SERVICE MCGRATH, AK
319 PM AKST THU MAR 5 2015

...................................
...THE MCGRATH AIRPORT CLIMATE SUMMARY FOR MARCH 5 2015...
VALID TODAY AS OF 2:00 PM LOCAL TIME

CLIMATE NORMAL PERIOD  1981 TO  2010
CLIMATE RECORD PERIOD  1940 TO  2015

WEATHER ITEM   OBSERVED TIME    RECORD YEAR NORMAL DEPARTURE LAST
               VALUE    (LST)   VALUE       VALUE  FROM      YEAR
                                                   NORMAL
...................................................................
TEMPERATURE
TODAY
 MAXIMUM            33  0444 AM    41  1963     21      12     14
 MINIMUM            30  1055 AM   -47  1956     -6      36      6
 AVERAGE            32                           8      24     10

PRECIPITATION
(INCHES)
 TODAY            0.02           0.89  1985   0.03   -0.01      T
 MONTH TO DATE    0.04                        0.15   -0.11   0.01
 SINCE MAR 1      0.04                        0.15   -0.11   0.01
 SINCE JAN 1      0.48                        2.18   -1.70   1.70

SNOWFALL
(INCHES)
 TODAY             0.4           10.1  1985    0.4     0.0      T
 MONTH TO DATE     0.6                         2.2    -1.6    0.1
 SINCE MAR 1       0.6                         2.2    -1.6    0.1
 SINCE JUL 1      33.7                        82.2   -48.5   46.1
 SNOW DEPTH (IN)    12                                         15

DEGREE DAYS
 HEATING
  TODAY             33                          58     -25     55
  MONTH TO DATE    203                         291     -88    258
  SINCE MAR 1      203                         291     -88    258
  SINCE JUL 1     9269                       10529   -1260   9083

 COOLING
  TODAY              0                           0       0      0
  MONTH TO DATE      0                           0       0      0
  SINCE MAR 1        0                           0       0      0
  SINCE JAN 1        0                           0       0      0
...................................................................

WIND (MPH)
 HIGHEST WIND SPEED    10     HIGHEST WIND DIRECTION    280
 HIGHEST GUST SPEED    12     HIGHEST GUST DIRECTION    270
 AVERAGE WIND SPEED   0.0

WEATHER CONDITIONS
 THE FOLLOWING WEATHER WAS RECORDED TODAY.
 FOG
 RAIN
 SNOW

...................................................................

THE MCGRATH CLIMATE NORMALS FOR TOMORROW
                        NORMAL    RECORD   YEAR
 MAXIMUM TEMPERATURE      21        43     1950
 MINIMUM TEMPERATURE      -5       -49     1977

SUNRISE AND SUNSET
 MAR 5 2015..........SUNRISE  8:14 AM      SUNSET  6:56 PM
 MAR 6 2015..........SUNRISE  8:11 AM      SUNSET  6:59 PM

-  INDICATES NEGATIVE NUMBERS.
R  INDICATES RECORD HAS BEEN SET OR TIED.
MM INDICATES DATA IS MISSING.
T  INDICATES TRACE OF PRECIPITATION.

&&
-------------------------------------------------------------------

AMOUNT OF DAYLIGHT TODAY  (HOUR:MIN)........10 HOURS 42 MINUTES
GAIN SINCE YESTERDAY (HOUR:MIN:SEC)....+0:06:12

$$
JCD MAR 15
