000
CDUS43 KEAX 020646
CLIMCI

CLIMATE REPORT
NATIONAL WEATHER SERVICE KANSAS CITY/PLEASANT HILL MO
144 AM CDT TUE SEP 2 2014


...................................

...THE KANSAS CITY INTERNATIONAL MO CLIMATE SUMMARY FOR SEPTEMBER 1 2014...

CLIMATE NORMAL PERIOD 1981 TO 2010
CLIMATE RECORD PERIOD 1888 TO 2014


WEATHER ITEM   OBSERVED TIME   RECORD YEAR NORMAL DEPARTURE LAST
                VALUE   (LST)  VALUE       VALUE  FROM      YEAR
                                                  NORMAL
..................................................................
TEMPERATURE (F)
 YESTERDAY
  MAXIMUM         81   1220 PM 102    1990  85     -4       87
  MINIMUM         65    745 AM  47    1949  63      2       66
  AVERAGE         73                        74     -1       77

PRECIPITATION (IN)
  YESTERDAY        0.50          2.60 1923   0.15   0.35     0.81
  MONTH TO DATE    0.50                      0.15   0.35     0.81
  SINCE SEP 1      0.50                      0.15   0.35     0.81
  SINCE JAN 1     26.49                     27.55  -1.06    23.48

SNOWFALL (IN)
  YESTERDAY        0.0           0.0    MM   0.0    0.0      0.0
  MONTH TO DATE    0.0                       0.0    0.0      0.0
  SINCE SEP 1      0.0                       0.0    0.0      0.0
  SINCE JUL 1      0.0                       0.0    0.0      0.0
  SNOW DEPTH       0

DEGREE DAYS
 HEATING
  YESTERDAY        0                         0      0        0
  MONTH TO DATE    0                         0      0        0
  SINCE SEP 1      0                         0      0        0
  SINCE JUL 1      2                         2      0        0

 COOLING
  YESTERDAY        8                         9     -1       12
  MONTH TO DATE    8                         9     -1       12
  SINCE SEP 1      8                         9     -1       12
  SINCE JAN 1   1127                      1182    -55     1106
..................................................................


WIND (MPH)
  HIGHEST WIND SPEED    32   HIGHEST WIND DIRECTION     S (160)
  HIGHEST GUST SPEED    38   HIGHEST GUST DIRECTION    SE (150)
  AVERAGE WIND SPEED     9.4


SKY COVER
  POSSIBLE SUNSHINE  MM
  AVERAGE SKY COVER 0.9


WEATHER CONDITIONS
 THE FOLLOWING WEATHER WAS RECORDED YESTERDAY.
  THUNDERSTORM
  RAIN
  LIGHT RAIN
  FOG


RELATIVE HUMIDITY (PERCENT)
 HIGHEST   100          1000 PM
 LOWEST     67          1200 PM
 AVERAGE    84

..........................................................


THE KANSAS CITY INTERNATIONAL MO CLIMATE NORMALS FOR TODAY
                         NORMAL    RECORD    YEAR
 MAXIMUM TEMPERATURE (F)   84       106      2000
 MINIMUM TEMPERATURE (F)   63        49      1974


SUNRISE AND SUNSET
SEPTEMBER  2 2014.....SUNRISE   648 AM CDT   SUNSET   748 PM CDT
SEPTEMBER  3 2014.....SUNRISE   649 AM CDT   SUNSET   746 PM CDT


-  INDICATES NEGATIVE NUMBERS.
R  INDICATES RECORD WAS SET OR TIED.
MM INDICATES DATA IS MISSING.
T  INDICATES TRACE AMOUNT.




&&

...MISCELLANEOUS CLIMATE DATA FROM YESTERDAY...

LOCATION                HIGH    LOW      PRECIP
ST. JOSEPH               82      64       0.15
DOWNTOWN KANSAS CITY     82      67       0.70
OLATHE NEW CENTURY       81      65       0.98
OLATHE JO CO EXEC        79      64       0.76
LEES SUMMIT              M      66       0.08
KIRKSVILLE               82      65       0.33
CHILLICOTHE              81      66       0.54
SEDALIA                  82      66       0.28
NWS PLEASANT HILL MO     80      63       0.96


THIS PRODUCT...ALONG WITH OTHER WEATHER...HYDROLOGICAL AND CLIMATE
INFORMATION...IS AVAILABLE ON THE WEB AT HTTP://WWW.CRH.NOAA.GOV/EAX
OR AT HTTP://WEATHER.GOV

$$
