058
CDUS43 KEAX 170640
CLIMCI

CLIMATE REPORT
NATIONAL WEATHER SERVICE KANSAS CITY/PLEASANT HILL MO
1239 AM CST TUE JAN 17 2017


...................................

...THE KANSAS CITY INTERNATIONAL MO CLIMATE SUMMARY FOR JANUARY 16 2017...

CLIMATE NORMAL PERIOD 1981 TO 2010
CLIMATE RECORD PERIOD 1888 TO 2017


WEATHER ITEM   OBSERVED TIME   RECORD YEAR NORMAL DEPARTURE LAST
                VALUE   (LST)  VALUE       VALUE  FROM      YEAR
                                                  NORMAL
..................................................................
TEMPERATURE (F)
 YESTERDAY
  MAXIMUM         49    344 PM  69    1952  38     11       33
  MINIMUM         33    507 AM -13    1977  19     14       14
  AVERAGE         41                        28     13       24

PRECIPITATION (IN)
  YESTERDAY        0.67          1.07 1941   0.04   0.63      T
  MONTH TO DATE    1.32                      0.50   0.82     0.60
  SINCE DEC 1      2.51                      2.03   0.48     3.84
  SINCE JAN 1      1.32                      0.50   0.82     0.60

SNOWFALL (IN)
  YESTERDAY       MM             2.5  2008   0.1   MM         T
                                      1978
  MONTH TO DATE    2.2                       2.2    0.0       T
  SINCE DEC 1      4.5                       7.0   -2.5      2.5
  SINCE JUL 1      4.5                       8.4   -3.9      2.5
  SNOW DEPTH       0

DEGREE DAYS
 HEATING
  YESTERDAY       24                        36    -12       41
  MONTH TO DATE  611                       576     35      560
  SINCE DEC 1   1684                      1616     68     1336
  SINCE JUL 1   2268                      2618   -350     2083

 COOLING
  YESTERDAY        0                         0      0        0
  MONTH TO DATE    0                         0      0        0
  SINCE DEC 1      0                         0      0        0
  SINCE JAN 1      0                         0      0        0
..................................................................


WIND (MPH)
  HIGHEST WIND SPEED    18   HIGHEST WIND DIRECTION    SW (240)
  HIGHEST GUST SPEED    25   HIGHEST GUST DIRECTION    SW (240)
  AVERAGE WIND SPEED    10.5


SKY COVER
  POSSIBLE SUNSHINE  MM
  AVERAGE SKY COVER 1.0


WEATHER CONDITIONS
 THE FOLLOWING WEATHER WAS RECORDED YESTERDAY.
  THUNDERSTORM
  HEAVY RAIN
  RAIN
  LIGHT RAIN
  FOG
  FOG W/VISIBILITY <= 1/4 MILE
  HAZE


RELATIVE HUMIDITY (PERCENT)
 HIGHEST   100           900 PM
 LOWEST     86           200 PM
 AVERAGE    93

..........................................................


THE KANSAS CITY INTERNATIONAL MO CLIMATE NORMALS FOR TODAY
                         NORMAL    RECORD    YEAR
 MAXIMUM TEMPERATURE (F)   38        67      1894
 MINIMUM TEMPERATURE (F)   19       -12      1978
                                             1930


SUNRISE AND SUNSET
JANUARY 17 2017.......SUNRISE   736 AM CST   SUNSET   522 PM CST
JANUARY 18 2017.......SUNRISE   736 AM CST   SUNSET   524 PM CST


-  INDICATES NEGATIVE NUMBERS.
R  INDICATES RECORD WAS SET OR TIED.
MM INDICATES DATA IS MISSING.
T  INDICATES TRACE AMOUNT.


&&

...MISCELLANEOUS CLIMATE DATA FROM YESTERDAY...

LOCATION                HIGH    LOW      PRECIP
ST. JOSEPH               43      32       0.49
DOWNTOWN KANSAS CITY     52      33       0.43
OLATHE NEW CENTURY       53      33       0.76
OLATHE JO CO EXEC        52      32       0.59
LEES SUMMIT              57      33       0.37
KIRKSVILLE               44      31       1.21
CHILLICOTHE              46      32       0.73
SEDALIA                  62      35       0.28
NWS PLEASANT HILL MO     57      33       0.53


THIS PRODUCT...ALONG WITH OTHER WEATHER...HYDROLOGICAL AND CLIMATE
INFORMATION...IS AVAILABLE ON THE WEB AT HTTP://WWW.WEATHER.GOV/EAX
OR AT HTTP://WEATHER.GOV

$$

CUTTER
