000
CDUS43 KEAX 021233
CLIMCI

CLIMATE REPORT
NATIONAL WEATHER SERVICE KANSAS CITY/PLEASANT HILL MO
732 AM CDT THU OCT 2 2014


...................................

...THE KANSAS CITY INTERNATIONAL MO CLIMATE SUMMARY FOR OCTOBER 2 2014...
VALID AS OF 0700 AM LOCAL TIME.

CLIMATE NORMAL PERIOD 1981 TO 2010
CLIMATE RECORD PERIOD 1888 TO 2014


WEATHER ITEM   OBSERVED TIME   RECORD YEAR NORMAL DEPARTURE LAST
                VALUE   (LST)  VALUE       VALUE  FROM      YEAR
                                                  NORMAL
..................................................................
TEMPERATURE (F)
 TODAY
  MAXIMUM         68    313 AM  95    2006  72     -4       82
  MINIMUM         66    558 AM  34    2004  50     16       62
  AVERAGE         67                        61      6       72

PRECIPITATION (IN)
  TODAY            0.51          2.09 2005   0.12   0.39     0.00
  MONTH TO DATE    3.21                      0.25   2.96     0.00
  SINCE SEP 1      5.41                      4.87   0.54     4.84
  SINCE JAN 1     31.40                     32.27  -0.87    27.51

SNOWFALL (IN)
  TODAY            0.0           0.0    MM   0.0    0.0      0.0
  MONTH TO DATE    0.0                       0.0    0.0      0.0
  SINCE SEP 1      0.0                       0.0    0.0      0.0
  SINCE JUL 1      0.0                       0.0    0.0      0.0
  SNOW DEPTH       0

DEGREE DAYS
 HEATING
  TODAY            0                         6     -6        0
  MONTH TO DATE    0                        11    -11        0
  SINCE SEP 1     65                        76    -11       19
  SINCE JUL 1     67                        78    -11       19

 COOLING
  TODAY            2                         2      0        7
  MONTH TO DATE    9                         4      5       11
  SINCE SEP 1    139                       163    -24      234
  SINCE JAN 1   1258                      1336    -78     1328
..................................................................


WIND (MPH)
  HIGHEST WIND SPEED    15   HIGHEST WIND DIRECTION    SE (150)
  HIGHEST GUST SPEED    18   HIGHEST GUST DIRECTION    SE (150)
  AVERAGE WIND SPEED     9.8


SKY COVER
  POSSIBLE SUNSHINE  MM
  AVERAGE SKY COVER 0.9


WEATHER CONDITIONS
 THE FOLLOWING WEATHER WAS RECORDED TODAY.
  THUNDERSTORM
  HEAVY RAIN
  LIGHT RAIN
  FOG


RELATIVE HUMIDITY (PERCENT)
 HIGHEST   100          1200 AM
 LOWEST     87           300 AM
 AVERAGE    94

..........................................................


THE KANSAS CITY INTERNATIONAL MO CLIMATE NORMALS FOR TOMORROW
                         NORMAL    RECORD    YEAR
 MAXIMUM TEMPERATURE (F)   72        95      2006
 MINIMUM TEMPERATURE (F)   50        31      1987


SUNRISE AND SUNSET
OCTOBER  2 2014.......SUNRISE   716 AM CDT   SUNSET   700 PM CDT
OCTOBER  3 2014.......SUNRISE   717 AM CDT   SUNSET   658 PM CDT


-  INDICATES NEGATIVE NUMBERS.
R  INDICATES RECORD WAS SET OR TIED.
MM INDICATES DATA IS MISSING.
T  INDICATES TRACE AMOUNT.




&&

...MISCELLANEOUS CLIMATE DATA FROM TODAY...

LOCATION                HIGH    LOW      PRECIP
ST. JOSEPH               66      61       0.00
DOWNTOWN KANSAS CITY     69      68       T
OLATHE NEW CENTURY       69      64       0.00
OLATHE JO CO EXEC        68      64       0.03
LEES SUMMIT              66      65       0.07
KIRKSVILLE               66      62       T
CHILLICOTHE              66      64       0.00
SEDALIA                  68      65       0.83
NWS PLEASANT HILL MO     64      62       0.38


THIS PRODUCT...ALONG WITH OTHER WEATHER...HYDROLOGICAL AND CLIMATE
INFORMATION...IS AVAILABLE ON THE WEB AT HTTP://WWW.CRH.NOAA.GOV/EAX
OR AT HTTP://WEATHER.GOV

$$
