000
CDUS43 KGLD 220747
CLIMCK

CLIMATE REPORT
NATIONAL WEATHER SERVICE GOODLAND
143 AM MDT THU JUN 22 2017


...................................

...THE MCCOOK NE CLIMATE SUMMARY FOR JUNE 21 2017...

CLIMATE NORMAL PERIOD 1981 TO 2010
CLIMATE RECORD PERIOD 1896 TO 2017


WEATHER ITEM   OBSERVED TIME   RECORD YEAR NORMAL DEPARTURE LAST
                VALUE   (LST)  VALUE       VALUE  FROM      YEAR
                                                  NORMAL
..................................................................
TEMPERATURE (F)
 YESTERDAY
  MAXIMUM        106R   458 PM 106    1974  86     20      101
  MINIMUM         65    551 AM  46    2001  58      7       61
                                      1973
  AVERAGE         86                        72     14       81

PRECIPITATION (IN)
  YESTERDAY        0.00                      0.12  -0.12     0.00
  MONTH TO DATE    0.16                      2.39  -2.23     2.79
  SINCE JUN 1      0.16                      2.39  -2.23     2.79
  SINCE JAN 1      8.19                     10.33  -2.14    12.99

..................................................................


THE MCCOOK NE CLIMATE NORMALS FOR TODAY
                         NORMAL    RECORD    YEAR
 MAXIMUM TEMPERATURE (F)   87       108      1988
 MINIMUM TEMPERATURE (F)   58        44      1985



-  INDICATES NEGATIVE NUMBERS.
R  INDICATES RECORD WAS SET OR TIED.
MM INDICATES DATA IS MISSING.
T  INDICATES TRACE AMOUNT.

$$
