000
CDUS43 KGLD 300750 RRA
CLIMCK

CLIMATE REPORT
NATIONAL WEATHER SERVICE GOODLAND
141 AM MDT THU JUL 30 2015

...................................

...THE MCCOOK NE CLIMATE SUMMARY FOR JULY 29 2015...

CLIMATE NORMAL PERIOD 1981 TO 2010
CLIMATE RECORD PERIOD 1896 TO 2015


WEATHER ITEM   OBSERVED TIME   RECORD YEAR NORMAL DEPARTURE LAST
                VALUE   (LST)  VALUE       VALUE  FROM      YEAR
                                                  NORMAL
..................................................................
TEMPERATURE (F)
 YESTERDAY
  MAXIMUM         85    515 PM 106    1978  89     -4       87
  MINIMUM         54    451 AM  52    1994  62     -8       58
  AVERAGE         70                        76     -6       73

PRECIPITATION (IN)
  YESTERDAY        0.00                      0.11  -0.11     0.00
  MONTH TO DATE    1.92                      3.03  -1.11     1.80
  SINCE JUN 1      6.44                      6.41   0.03     9.85
  SINCE JAN 1     12.60                     14.35  -1.75    14.81

..................................................................


THE MCCOOK NE CLIMATE NORMALS FOR TODAY
                         NORMAL    RECORD    YEAR
 MAXIMUM TEMPERATURE (F)   89       108      1980
 MINIMUM TEMPERATURE (F)   62        50      2009



-  INDICATES NEGATIVE NUMBERS.
R  INDICATES RECORD WAS SET OR TIED.
MM INDICATES DATA IS MISSING.
T  INDICATES TRACE AMOUNT.

$$
