000
CDUS43 KGLD 270749 RRA
CLIMCK

CLIMATE REPORT
NATIONAL WEATHER SERVICE GOODLAND
146 AM MDT FRI MAR 27 2015


...................................

...THE MCCOOK NE CLIMATE SUMMARY FOR MARCH 26 2015...

CLIMATE NORMAL PERIOD 1981 TO 2010
CLIMATE RECORD PERIOD 1896 TO 2015


WEATHER ITEM   OBSERVED TIME   RECORD YEAR NORMAL DEPARTURE LAST
                VALUE   (LST)  VALUE       VALUE  FROM      YEAR
                                                  NORMAL
..................................................................
TEMPERATURE (F)
 YESTERDAY
  MAXIMUM         64    142 PM  85    1989  58      6       75
  MINIMUM         18    617 AM -11    1965  27     -9       30
  AVERAGE         41                        42     -1       53

PRECIPITATION (IN)
  YESTERDAY        T                         0.04  -0.04     0.00
  MONTH TO DATE    0.03                      1.10  -1.07     0.21
  SINCE MAR 1      0.03                      1.10  -1.07     0.21
  SINCE JAN 1      0.37                      2.23  -1.86     0.70

..................................................................


THE MCCOOK NE CLIMATE NORMALS FOR TODAY
                         NORMAL    RECORD    YEAR
 MAXIMUM TEMPERATURE (F)   58        89      1988
 MINIMUM TEMPERATURE (F)   28         1      1931



-  INDICATES NEGATIVE NUMBERS.
R  INDICATES RECORD WAS SET OR TIED.
MM INDICATES DATA IS MISSING.
T  INDICATES TRACE AMOUNT.

$$
