000
CDUS43 KGLD 060744 RRA
CLIMCK

CLIMATE REPORT
NATIONAL WEATHER SERVICE GOODLAND
140 AM MDT MON JUL 6 2015

...................................

...THE MCCOOK NE CLIMATE SUMMARY FOR JULY 5 2015...

CLIMATE NORMAL PERIOD 1981 TO 2010
CLIMATE RECORD PERIOD 1896 TO 2015

WEATHER ITEM   OBSERVED TIME   RECORD YEAR NORMAL DEPARTURE LAST
                VALUE   (LST)  VALUE       VALUE  FROM      YEAR
                                                  NORMAL
..................................................................
TEMPERATURE (F)
 YESTERDAY
  MAXIMUM        106    326 PM 108    1964  90     16       94
  MINIMUM         74    746 PM  48    1983  61     13       61
  AVERAGE         90                        76     14       78

PRECIPITATION (IN)
  YESTERDAY        0.09                      0.11  -0.02     0.00
  MONTH TO DATE    0.33                      0.52  -0.19     0.43
  SINCE JUN 1      4.85                      3.90   0.95     8.48
  SINCE JAN 1     11.01                     11.84  -0.83    13.44

..................................................................

THE MCCOOK NE CLIMATE NORMALS FOR TODAY
                         NORMAL    RECORD    YEAR
 MAXIMUM TEMPERATURE (F)   90       111      2001
 MINIMUM TEMPERATURE (F)   61        48      1924

-  INDICATES NEGATIVE NUMBERS.
R  INDICATES RECORD WAS SET OR TIED.
MM INDICATES DATA IS MISSING.
T  INDICATES TRACE AMOUNT.

$$
