000
CDUS43 KGLD 210806
CLIMCK

CLIMATE REPORT
NATIONAL WEATHER SERVICE GOODLAND
203 AM MDT SAT OCT 21 2017

...................................

...THE MCCOOK NE CLIMATE SUMMARY FOR OCTOBER 20 2017...

CLIMATE NORMAL PERIOD 1981 TO 2010
CLIMATE RECORD PERIOD 1896 TO 2017

WEATHER ITEM   OBSERVED TIME   RECORD YEAR NORMAL DEPARTURE LAST
                VALUE   (LST)  VALUE       VALUE  FROM      YEAR
                                                  NORMAL
..................................................................
TEMPERATURE (F)
 YESTERDAY
  MAXIMUM         82    321 PM  86    1927  65     17       62
  MINIMUM         54    810 AM  15    1916  35     19       38
  AVERAGE         68                        50     18       50

PRECIPITATION (IN)
  YESTERDAY        0.00                      0.06  -0.06     0.00
  MONTH TO DATE    1.05                      1.21  -0.16     0.14
  SINCE SEP 1      4.13                      2.65   1.48     5.77
  SINCE JAN 1     18.24                     20.36  -2.12    23.90

..................................................................

THE MCCOOK NE CLIMATE NORMALS FOR TODAY
                         NORMAL    RECORD    YEAR
 MAXIMUM TEMPERATURE (F)   65        91      2003
 MINIMUM TEMPERATURE (F)   34        19      1987

-  INDICATES NEGATIVE NUMBERS.
R  INDICATES RECORD WAS SET OR TIED.
MM INDICATES DATA IS MISSING.
T  INDICATES TRACE AMOUNT.

$$
