000
CDUS43 KGLD 250756
CLIMCK

CLIMATE REPORT
NATIONAL WEATHER SERVICE GOODLAND
152 AM MDT MON JUL 25 2016
...................................

...THE MCCOOK NE CLIMATE SUMMARY FOR JULY 24 2016...

CLIMATE NORMAL PERIOD 1981 TO 2010
CLIMATE RECORD PERIOD 1896 TO 2016

WEATHER ITEM   OBSERVED TIME   RECORD YEAR NORMAL DEPARTURE LAST
                VALUE   (LST)  VALUE       VALUE  FROM      YEAR
                                                  NORMAL
..................................................................
TEMPERATURE (F)
 YESTERDAY
  MAXIMUM         90    231 PM 111    1936  90      0       94
  MINIMUM         67    616 AM  51    1924  62      5       70
  AVERAGE         79                        76      3       82

PRECIPITATION (IN)
  YESTERDAY        0.00                      0.11  -0.11     0.01
  MONTH TO DATE    1.37                      2.51  -1.14     1.57
  SINCE JUN 1      4.22                      5.89  -1.67     6.09
  SINCE JAN 1     14.42                     13.83   0.59    12.25

..................................................................

THE MCCOOK NE CLIMATE NORMALS FOR TODAY
                         NORMAL    RECORD    YEAR
 MAXIMUM TEMPERATURE (F)   90       113      1936
 MINIMUM TEMPERATURE (F)   62        52      2004
                                             1986

-  INDICATES NEGATIVE NUMBERS.
R  INDICATES RECORD WAS SET OR TIED.
MM INDICATES DATA IS MISSING.
T  INDICATES TRACE AMOUNT.

$$
