000
CDUS43 KGLD 310744
CLIMCK

CLIMATE REPORT
NATIONAL WEATHER SERVICE GOODLAND
142 AM MDT THU JUL 31 2014

...................................

...THE MCCOOK NE CLIMATE SUMMARY FOR JULY 30 2014...

CLIMATE NORMAL PERIOD 1981 TO 2010
CLIMATE RECORD PERIOD 1896 TO 2014

WEATHER ITEM   OBSERVED TIME   RECORD YEAR NORMAL DEPARTURE LAST
                VALUE   (LST)  VALUE       VALUE  FROM      YEAR
                                                  NORMAL
..................................................................
TEMPERATURE (F)
 YESTERDAY
  MAXIMUM         81    503 PM 108    1980  89     -8       88
  MINIMUM         62    249 AM  50    2009  62      0       63
  AVERAGE         72                        76     -4       76

PRECIPITATION (IN)
  YESTERDAY        0.32                      0.11   0.21     0.00
  MONTH TO DATE    2.12                      3.14  -1.02     1.63
  SINCE JUN 1     10.17                      6.52   3.65     2.73
  SINCE JAN 1     15.13                     14.46   0.67     7.62

..................................................................

THE MCCOOK NE CLIMATE NORMALS FOR TODAY
                         NORMAL    RECORD    YEAR
 MAXIMUM TEMPERATURE (F)   89       107      2002
 MINIMUM TEMPERATURE (F)   62        52      2009

-  INDICATES NEGATIVE NUMBERS.
R  INDICATES RECORD WAS SET OR TIED.
MM INDICATES DATA IS MISSING.
T  INDICATES TRACE AMOUNT.

$$
