000
CDUS42 KFFC 180821
CLIMCN


CLIMATE REPORT
NATIONAL WEATHER SERVICE PEACHTREE CITY GA
421 AM EDT THU SEP 18 2014


...................................

...THE MACON CLIMATE SUMMARY FOR SEPTEMBER 17 2014...

CLIMATE NORMAL PERIOD 1981 TO 2010
CLIMATE RECORD PERIOD 1899 TO 2014


WEATHER ITEM   OBSERVED TIME   RECORD YEAR NORMAL DEPARTURE LAST
                VALUE   (LST)  VALUE       VALUE  FROM      YEAR
                                                  NORMAL
..................................................................
TEMPERATURE (F)
 YESTERDAY
  MAXIMUM         89    423 PM  98    1972  86      3       83
                                      1925
  MINIMUM         67   1159 PM  49    2001  64      3       66
  AVERAGE         78                        75      3       75

PRECIPITATION (IN)
  YESTERDAY        0.00          2.88 2009   0.12  -0.12     0.00
  MONTH TO DATE    2.03                      2.19  -0.16     0.13
  SINCE SEP 1      2.03                      2.19  -0.16     0.13
  SINCE JAN 1     35.96                     34.13   1.83    58.26

DEGREE DAYS
 HEATING
  YESTERDAY        0                         0      0        0
  MONTH TO DATE    0                         0      0        0
  SINCE SEP 1      0                         0      0        0
  SINCE JUL 1      0                         0      0        0

 COOLING
  YESTERDAY       13                        10      3       10
  MONTH TO DATE  261                       204     57      230
  SINCE SEP 1    261                       204     57      230
  SINCE JAN 1   1859                      1948    -89     1705
..................................................................


WIND (MPH)
  RESULTANT WIND SPEED   1   RESULTANT WIND DIRECTION  NW (330)
  HIGHEST WIND SPEED    10   HIGHEST WIND DIRECTION     W (290)
  HIGHEST GUST SPEED    16   HIGHEST GUST DIRECTION     W (290)
  AVERAGE WIND SPEED     3.2


SKY COVER
  AVERAGE SKY COVER 0.2


WEATHER CONDITIONS
 THE FOLLOWING WEATHER WAS RECORDED YESTERDAY.
  FOG


RELATIVE HUMIDITY (PERCENT)
 HIGHEST   100           100 AM
 LOWEST     46           500 PM
 AVERAGE    73

..........................................................


THE MACON CLIMATE NORMALS FOR TODAY
                         NORMAL    RECORD    YEAR
 MAXIMUM TEMPERATURE (F)   86        99      1931
 MINIMUM TEMPERATURE (F)   63        51      1981
                                             1903


SUNRISE AND SUNSET
SEPTEMBER 18 2014.....SUNRISE   720 AM EDT   SUNSET   737 PM EDT
SEPTEMBER 19 2014.....SUNRISE   721 AM EDT   SUNSET   735 PM EDT


-  INDICATES NEGATIVE NUMBERS.
R  INDICATES RECORD WAS SET OR TIED.
MM INDICATES DATA IS MISSING.
T  INDICATES TRACE AMOUNT.




$$
