000
CDUS42 KFFC 230836
CLIMCN


CLIMATE REPORT
NATIONAL WEATHER SERVICE PEACHTREE CITY GA
435 AM EDT SAT MAY 23 2015


...................................

...THE MACON CLIMATE SUMMARY FOR MAY 22 2015...

CLIMATE NORMAL PERIOD 1981 TO 2010
CLIMATE RECORD PERIOD 1899 TO 2015


WEATHER ITEM   OBSERVED TIME   RECORD YEAR NORMAL DEPARTURE LAST
                VALUE   (LST)  VALUE       VALUE  FROM      YEAR
                                                  NORMAL
..................................................................
TEMPERATURE (F)
 YESTERDAY
  MAXIMUM         82    412 PM  97    1962  86     -4       91
                                      1898
  MINIMUM         55    600 AM  43    1993  61     -6       60
  AVERAGE         69                        74     -5       76

PRECIPITATION (IN)
  YESTERDAY        0.00          2.06 2003   0.09  -0.09     0.00
  MONTH TO DATE    0.80                      1.78  -0.98     1.93
  SINCE MAR 1      9.35                      9.29   0.06    13.32
  SINCE JAN 1     16.15                     17.89  -1.74    21.15

DEGREE DAYS
 HEATING
  YESTERDAY        0                         0      0        0
  MONTH TO DATE    6                        11     -5       18
  SINCE MAR 1    258                       393   -135      493
  SINCE JUL 1   2471                      2318    153     2626

 COOLING
  YESTERDAY        4                         9     -5       11
  MONTH TO DATE  163                       137     26      119
  SINCE MAR 1    287                       218     69      171
  SINCE JAN 1    287                       221     66      172
..................................................................


WIND (MPH)
  RESULTANT WIND SPEED   4   RESULTANT WIND DIRECTION   N (20)
  HIGHEST WIND SPEED    12   HIGHEST WIND DIRECTION    NE (30)
  HIGHEST GUST SPEED    20   HIGHEST GUST DIRECTION    NE (30)
  AVERAGE WIND SPEED     5.4


SKY COVER
  AVERAGE SKY COVER 0.0


WEATHER CONDITIONS
 THE FOLLOWING WEATHER WAS RECORDED YESTERDAY.
  NO SIGNIFICANT WEATHER WAS OBSERVED.


RELATIVE HUMIDITY (PERCENT)
 HIGHEST    90          1000 PM
 LOWEST     39           300 PM
 AVERAGE    65

..........................................................


THE MACON CLIMATE NORMALS FOR TODAY
                         NORMAL    RECORD    YEAR
 MAXIMUM TEMPERATURE (F)   86        98      1956
                                             1941
 MINIMUM TEMPERATURE (F)   62        42      2002


SUNRISE AND SUNSET
MAY 23 2015...........SUNRISE   631 AM EDT   SUNSET   832 PM EDT
MAY 24 2015...........SUNRISE   631 AM EDT   SUNSET   832 PM EDT


-  INDICATES NEGATIVE NUMBERS.
R  INDICATES RECORD WAS SET OR TIED.
MM INDICATES DATA IS MISSING.
T  INDICATES TRACE AMOUNT.




$$
