357
CDUS42 KFFC 020821
CLIMCN


CLIMATE REPORT
NATIONAL WEATHER SERVICE PEACHTREE CITY GA
420 AM EDT MON MAY 2 2016


...................................

...THE MACON CLIMATE SUMMARY FOR MAY 1 2016...

CLIMATE NORMAL PERIOD 1981 TO 2010
CLIMATE RECORD PERIOD 1899 TO 2016


WEATHER ITEM   OBSERVED TIME   RECORD YEAR NORMAL DEPARTURE LAST
                VALUE   (LST)  VALUE       VALUE  FROM      YEAR
                                                  NORMAL
..................................................................
TEMPERATURE (F)
 YESTERDAY
  MAXIMUM         88    412 PM  94    1906  81      7       75
  MINIMUM         64    547 AM  41    1996  54     10       48
  AVERAGE         76                        67      9       62

PRECIPITATION (IN)
  YESTERDAY        0.00          1.72 1989   0.08  -0.08     0.00
  MONTH TO DATE    0.00                      0.08  -0.08     0.00
  SINCE MAR 1     10.27                      7.59   2.68     8.55
  SINCE JAN 1     16.00                     16.19  -0.19    15.35

DEGREE DAYS
 HEATING
  YESTERDAY        0                         1     -1        3
  MONTH TO DATE    0                         1     -1        3
  SINCE MAR 1    257                       383   -126      255
  SINCE JUL 1   1787                      2308   -521     2468

 COOLING
  YESTERDAY       11                         4      7        0
  MONTH TO DATE   11                         4      7        0
  SINCE MAR 1    130                        85     45      124
  SINCE JAN 1    131                        88     43      124
..................................................................


WIND (MPH)
  RESULTANT WIND SPEED   3   RESULTANT WIND DIRECTION   S (190)
  HIGHEST WIND SPEED    13   HIGHEST WIND DIRECTION    SW (220)
  HIGHEST GUST SPEED    17   HIGHEST GUST DIRECTION     W (250)
  AVERAGE WIND SPEED     5.3


SKY COVER
  AVERAGE SKY COVER 0.2


WEATHER CONDITIONS
 THE FOLLOWING WEATHER WAS RECORDED YESTERDAY.
  FOG


RELATIVE HUMIDITY (PERCENT)
 HIGHEST    93           300 AM
 LOWEST     45           300 PM
 AVERAGE    69

..........................................................


THE MACON CLIMATE NORMALS FOR TODAY
                         NORMAL    RECORD    YEAR
 MAXIMUM TEMPERATURE (F)   81        94      1990
                                             1959
 MINIMUM TEMPERATURE (F)   55        41      1897


SUNRISE AND SUNSET
MAY  2 2016...........SUNRISE   646 AM EDT   SUNSET   817 PM EDT
MAY  3 2016...........SUNRISE   645 AM EDT   SUNSET   818 PM EDT


-  INDICATES NEGATIVE NUMBERS.
R  INDICATES RECORD WAS SET OR TIED.
MM INDICATES DATA IS MISSING.
T  INDICATES TRACE AMOUNT.




$$
