000
CDUS42 KFFC 312038
CLIMCN


CLIMATE REPORT
NATIONAL WEATHER SERVICE PEACHTREE CITY GA
438 PM EDT MON AUG 31 2015


...................................

...THE MACON CLIMATE SUMMARY FOR AUGUST 31 2015...
VALID TODAY AS OF 0400 PM LOCAL TIME.

CLIMATE NORMAL PERIOD 1981 TO 2010
CLIMATE RECORD PERIOD 1899 TO 2015


WEATHER ITEM   OBSERVED TIME   RECORD YEAR NORMAL DEPARTURE LAST
                VALUE   (LST)  VALUE       VALUE  FROM      YEAR
                                                  NORMAL
..................................................................
TEMPERATURE (F)
 TODAY
  MAXIMUM         87    245 PM  99    1907  90     -3       97
  MINIMUM         70    535 AM  59    1986  69      1       73
  AVERAGE         79                        79      0       85

PRECIPITATION (IN)
  TODAY            0.00          2.11 1893   0.13  -0.13     0.13
  MONTH TO DATE    5.07                      4.10   0.97     1.05
  SINCE JUN 1     10.41                     13.11  -2.70    11.74
  SINCE JAN 1     26.91                     31.94  -5.03    33.93

DEGREE DAYS
 HEATING
  TODAY            0                         0      0        0
  MONTH TO DATE    0                         0      0        0
  SINCE JUN 1      0                         0      0        0
  SINCE JUL 1      0                         0      0        0

 COOLING
  TODAY           14                        14      0       20
  MONTH TO DATE  489                       491     -2      466
  SINCE JUN 1   1561                      1431    130     1320
  SINCE JAN 1   1946                      1744    202     1598
..................................................................


WIND (MPH)
  RESULTANT WIND SPEED   4   RESULTANT WIND DIRECTION  NE (40)
  HIGHEST WIND SPEED    10   HIGHEST WIND DIRECTION     N (10)
  HIGHEST GUST SPEED    24   HIGHEST GUST DIRECTION    SE (150)
  AVERAGE WIND SPEED     4.4


SKY COVER
  AVERAGE SKY COVER 0.9


WEATHER CONDITIONS
 THE FOLLOWING WEATHER WAS RECORDED TODAY.
  NO SIGNIFICANT WEATHER WAS OBSERVED.


RELATIVE HUMIDITY (PERCENT)
 HIGHEST    93          1200 AM
 LOWEST     61           300 PM
 AVERAGE    77

..........................................................


THE MACON CLIMATE NORMALS FOR TOMORROW
                         NORMAL    RECORD    YEAR
 MAXIMUM TEMPERATURE (F)   90       100      1957
 MINIMUM TEMPERATURE (F)   68        56      1999


SUNRISE AND SUNSET
AUGUST 31 2015........SUNRISE   709 AM EDT   SUNSET   801 PM EDT
SEPTEMBER  1 2015.....SUNRISE   709 AM EDT   SUNSET   800 PM EDT


-  INDICATES NEGATIVE NUMBERS.
R  INDICATES RECORD WAS SET OR TIED.
MM INDICATES DATA IS MISSING.
T  INDICATES TRACE AMOUNT.




$$
