000
CDUS42 KFFC 302039
CLIMCN


CLIMATE REPORT
NATIONAL WEATHER SERVICE PEACHTREE CITY GA
439 PM EDT FRI SEP 30 2016


...................................

...THE MACON CLIMATE SUMMARY FOR SEPTEMBER 30 2016...
VALID TODAY AS OF 0400 PM LOCAL TIME.

CLIMATE NORMAL PERIOD 1981 TO 2010
CLIMATE RECORD PERIOD 1899 TO 2016


WEATHER ITEM   OBSERVED TIME   RECORD YEAR NORMAL DEPARTURE LAST
                VALUE   (LST)  VALUE       VALUE  FROM      YEAR
                                                  NORMAL
..................................................................
TEMPERATURE (F)
 TODAY
  MAXIMUM         82    330 PM  95    1954  82      0       89
                                      1904
  MINIMUM         50    621 AM  35    1967  59     -9       69
  AVERAGE         66                        70     -4       79

PRECIPITATION (IN)
  TODAY            0.00          1.75 1980   0.11  -0.11      T
  MONTH TO DATE    2.18                      3.59  -1.41     2.09
  SINCE SEP 1      2.18                      3.59  -1.41     2.09
  SINCE JAN 1     26.40                     35.53  -9.13    29.00

DEGREE DAYS
 HEATING
  TODAY            0                         1     -1        0
  MONTH TO DATE    0                         4     -4        0
  SINCE SEP 1      0                         6     -6        0
  SINCE JUL 1      0                         6     -6        0

 COOLING
  TODAY            1                         6     -5       14
  MONTH TO DATE  416                       306    110      292
  SINCE SEP 1    416                       306    110      292
  SINCE JAN 1   2443                      2050    393     2238
..................................................................


WIND (MPH)
  RESULTANT WIND SPEED   5   RESULTANT WIND DIRECTION   W (290)
  HIGHEST WIND SPEED    15   HIGHEST WIND DIRECTION     W (260)
  HIGHEST GUST SPEED    19   HIGHEST GUST DIRECTION     W (280)
  AVERAGE WIND SPEED     5.8


SKY COVER
  AVERAGE SKY COVER 0.0


WEATHER CONDITIONS
 THE FOLLOWING WEATHER WAS RECORDED TODAY.
  NO SIGNIFICANT WEATHER WAS OBSERVED.


RELATIVE HUMIDITY (PERCENT)
 HIGHEST    86           600 AM
 LOWEST     28           200 PM
 AVERAGE    57

..........................................................


THE MACON CLIMATE NORMALS FOR TOMORROW
                         NORMAL    RECORD    YEAR
 MAXIMUM TEMPERATURE (F)   82        94      1954
 MINIMUM TEMPERATURE (F)   58        39      1993
                                             1967


SUNRISE AND SUNSET
SEPTEMBER 30 2016.....SUNRISE   728 AM EDT   SUNSET   720 PM EDT
OCTOBER  1 2016.......SUNRISE   729 AM EDT   SUNSET   719 PM EDT


-  INDICATES NEGATIVE NUMBERS.
R  INDICATES RECORD WAS SET OR TIED.
MM INDICATES DATA IS MISSING.
T  INDICATES TRACE AMOUNT.




$$
