640
CDUS42 KFFC 010022
CLIMCN


CLIMATE REPORT
NATIONAL WEATHER SERVICE PEACHTREE CITY GA
822 PM EDT SUN APR 30 2017


...................................

...THE MACON CLIMATE SUMMARY FOR APRIL 30 2017...
VALID AS OF 0800 PM LOCAL TIME.

CLIMATE NORMAL PERIOD 1981 TO 2010
CLIMATE RECORD PERIOD 1899 TO 2017


WEATHER ITEM   OBSERVED TIME   RECORD YEAR NORMAL DEPARTURE LAST
                VALUE   (LST)  VALUE       VALUE  FROM      YEAR
                                                  NORMAL
..................................................................
TEMPERATURE (F)
 TODAY
  MAXIMUM         88    255 PM  94    2012  80      8       90
  MINIMUM         70    452 AM  40    2008  54     16       62
                                      1992
  AVERAGE         79                        67     12       76

PRECIPITATION (IN)
  TODAY            0.00          2.28 1963   0.08  -0.08      T
  MONTH TO DATE    3.01                      2.96   0.05     7.63
  SINCE MAR 1      4.46                      7.51  -3.05    10.27
  SINCE JAN 1     17.66                     16.11   1.55    16.00

SNOWFALL (IN)
  TODAY            0.0           0.0  2002   0.0    0.0      0.0
                                      2001
                                      2000
  MONTH TO DATE    0.0                       0.0    0.0      0.0
  SINCE MAR 1      0.0                       0.2   -0.2      0.0
  SINCE JUL 1      0.0                       0.7   -0.7       T
  SNOW DEPTH       0

DEGREE DAYS
 HEATING
  TODAY            0                         2     -2        0
  MONTH TO DATE   41                       112    -71       94
  SINCE MAR 1    278                       382   -104      257
  SINCE JUL 1   1465                      2307   -842     1787

 COOLING
  TODAY           14                         4     10       11
  MONTH TO DATE  147                        63     84       67
  SINCE MAR 1    200                        81    119      119
  SINCE JAN 1    211                        84    127      120
..................................................................


WIND (MPH)
  HIGHEST WIND SPEED    21   HIGHEST WIND DIRECTION    SE (150)
  HIGHEST GUST SPEED    27   HIGHEST GUST DIRECTION    SE (150)
  AVERAGE WIND SPEED    10.3


SKY COVER
  AVERAGE SKY COVER 0.6


WEATHER CONDITIONS
 THE FOLLOWING WEATHER WAS RECORDED TODAY.
  NO SIGNIFICANT WEATHER WAS OBSERVED.


RELATIVE HUMIDITY (PERCENT)
 HIGHEST    90           400 AM
 LOWEST     43           300 PM

..........................................................


THE MACON CLIMATE NORMALS FOR TOMORROW
                         NORMAL    RECORD
 MAXIMUM TEMPERATURE (F)   81        94
 MINIMUM TEMPERATURE (F)   54        41


SUNRISE AND SUNSET
APRIL 30 2017.........SUNRISE   648 AM EDT   SUNSET   816 PM EDT
MAY  1 2017...........SUNRISE   647 AM EDT   SUNSET   816 PM EDT


-  INDICATES NEGATIVE NUMBERS.
R  INDICATES RECORD WAS SET OR TIED.
MM INDICATES DATA IS MISSING.
T  INDICATES TRACE AMOUNT.




$$
