000
CDUS42 KFFC 270023
CLIMCN


CLIMATE REPORT
NATIONAL WEATHER SERVICE PEACHTREE CITY GA
823 PM EDT MON JUN 26 2017


...................................

...THE MACON CLIMATE SUMMARY FOR JUNE 26 2017...
VALID AS OF 0800 PM LOCAL TIME.

CLIMATE NORMAL PERIOD 1981 TO 2010
CLIMATE RECORD PERIOD 1899 TO 2017


WEATHER ITEM   OBSERVED TIME   RECORD YEAR NORMAL DEPARTURE LAST
                VALUE   (LST)  VALUE       VALUE  FROM      YEAR
                                                  NORMAL
..................................................................
TEMPERATURE (F)
 TODAY
  MAXIMUM         87    435 PM 102    1954  92     -5       94
                                      1952
                                      1950
  MINIMUM         66    231 AM  62    1936  70     -4       69
  AVERAGE         77                        81     -4       82

PRECIPITATION (IN)
  TODAY            0.00          2.07 1941   0.15  -0.15     0.00
  MONTH TO DATE    4.55                      3.48   1.07     1.23
  SINCE JUN 1      4.55                      3.48   1.07     1.23
  SINCE JAN 1     28.28                     22.31   5.97    19.19

DEGREE DAYS
 COOLING
  TODAY           12                        16     -4       17
  MONTH TO DATE  341                       356    -15      425
  SINCE JUN 1    341                       356    -15      425
  SINCE JAN 1    786                       669    117      777
..................................................................


WIND (MPH)
  HIGHEST WIND SPEED    15   HIGHEST WIND DIRECTION    NE (30)
  HIGHEST GUST SPEED    20   HIGHEST GUST DIRECTION    NE (30)
  AVERAGE WIND SPEED     7.4


SKY COVER
  AVERAGE SKY COVER 0.1


WEATHER CONDITIONS
 THE FOLLOWING WEATHER WAS RECORDED TODAY.
  NO SIGNIFICANT WEATHER WAS OBSERVED.


RELATIVE HUMIDITY (PERCENT)
 HIGHEST    93           300 AM
 LOWEST     45           300 PM

..........................................................


THE MACON CLIMATE NORMALS FOR TOMORROW
                         NORMAL    RECORD
 MAXIMUM TEMPERATURE (F)   92       104
 MINIMUM TEMPERATURE (F)   70        57


SUNRISE AND SUNSET
JUNE 26 2017..........SUNRISE   629 AM EDT   SUNSET   846 PM EDT
JUNE 27 2017..........SUNRISE   629 AM EDT   SUNSET   846 PM EDT


-  INDICATES NEGATIVE NUMBERS.
R  INDICATES RECORD WAS SET OR TIED.
MM INDICATES DATA IS MISSING.
T  INDICATES TRACE AMOUNT.




$$
