000
CDUS42 KFFC 030032
CLIMCN


CLIMATE REPORT
NATIONAL WEATHER SERVICE PEACHTREE CITY GA
831 PM EDT TUE SEP 2 2014


...................................

...THE MACON CLIMATE SUMMARY FOR SEPTEMBER 2 2014...
VALID AS OF 0800 PM LOCAL TIME.

CLIMATE NORMAL PERIOD 1981 TO 2010
CLIMATE RECORD PERIOD 1899 TO 2014


WEATHER ITEM   OBSERVED TIME   RECORD YEAR NORMAL DEPARTURE LAST
                VALUE   (LST)  VALUE       VALUE  FROM      YEAR
                                                  NORMAL
..................................................................
TEMPERATURE (F)
 TODAY
  MAXIMUM         96    304 PM 102    1957  89      7       90
  MINIMUM         71    404 AM  57    1999  68      3       69
                                      1934
  AVERAGE         84                        79      5       80

PRECIPITATION (IN)
  TODAY            0.43          1.60 1924   0.14   0.29     0.00
  MONTH TO DATE    0.50                      0.27   0.23     0.01
  SINCE SEP 1      0.50                      0.27   0.23     0.01
  SINCE JAN 1     34.43                     32.21   2.22    58.14

DEGREE DAYS
 HEATING
  TODAY            0                         0      0        0
  MONTH TO DATE    0                         0      0        0
  SINCE SEP 1      0                         0      0        0
  SINCE JUL 1      0                         0      0        0

 COOLING
  TODAY           19                        14      5       15
  MONTH TO DATE   38                        28     10       31
  SINCE SEP 1     38                        28     10       31
  SINCE JAN 1   1636                      1772   -136     1506
..................................................................


WIND (MPH)
  HIGHEST WIND SPEED    40   HIGHEST WIND DIRECTION    NE (40)
  HIGHEST GUST SPEED    52   HIGHEST GUST DIRECTION    NE (40)
  AVERAGE WIND SPEED     3.1


SKY COVER
  AVERAGE SKY COVER 0.2


WEATHER CONDITIONS
 THE FOLLOWING WEATHER WAS RECORDED TODAY.
  THUNDERSTORM
  RAIN


RELATIVE HUMIDITY (PERCENT)
 HIGHEST   100          1200 AM
 LOWEST     43           300 PM

..........................................................


THE MACON CLIMATE NORMALS FOR TOMORROW
                         NORMAL    RECORD
 MAXIMUM TEMPERATURE (F)   89       101
 MINIMUM TEMPERATURE (F)   68        57


SUNRISE AND SUNSET
SEPTEMBER  2 2014.....SUNRISE   710 AM EDT   SUNSET   758 PM EDT
SEPTEMBER  3 2014.....SUNRISE   711 AM EDT   SUNSET   757 PM EDT


-  INDICATES NEGATIVE NUMBERS.
R  INDICATES RECORD WAS SET OR TIED.
MM INDICATES DATA IS MISSING.
T  INDICATES TRACE AMOUNT.




$$
