000
CDUS42 KFFC 080020
CLIMCN


CLIMATE REPORT
NATIONAL WEATHER SERVICE PEACHTREE CITY GA
720 PM EST SUN FEB 7 2016


...................................

...THE MACON CLIMATE SUMMARY FOR FEBRUARY 7 2016...
VALID AS OF 0700 PM LOCAL TIME.

CLIMATE NORMAL PERIOD 1981 TO 2010
CLIMATE RECORD PERIOD 1899 TO 2016


WEATHER ITEM   OBSERVED TIME   RECORD YEAR NORMAL DEPARTURE LAST
                VALUE   (LST)  VALUE       VALUE  FROM      YEAR
                                                  NORMAL
..................................................................
TEMPERATURE (F)
 TODAY
  MAXIMUM         58    420 PM  79    1999  61     -3       63
  MINIMUM         29    751 AM  16    1988  37     -8       24
  AVERAGE         44                        48     -4       44

PRECIPITATION (IN)
  TODAY            0.00          2.61 1971   0.15  -0.15     0.00
  MONTH TO DATE    2.21                      1.06   1.15     0.36
  SINCE DEC 1     17.35                      9.34   8.01     8.69
  SINCE JAN 1      4.73                      5.30  -0.57     2.80

SNOWFALL (IN)
  TODAY            0.0           0.0  2002   0.0    0.0      0.0
  MONTH TO DATE    0.0                       0.0    0.0      0.0
  SINCE DEC 1      T                         0.5   -0.5      0.0
  SINCE JUL 1      T                         0.5   -0.5      0.0
  SNOW DEPTH       0

DEGREE DAYS
 HEATING
  TODAY           21                        17      4       21
  MONTH TO DATE   91                       119    -28      151
  SINCE DEC 1    938                      1229   -291     1215
  SINCE JUL 1   1210                      1624   -414     1775
..................................................................


WIND (MPH)
  HIGHEST WIND SPEED    17   HIGHEST WIND DIRECTION     N (340)
  HIGHEST GUST SPEED    23   HIGHEST GUST DIRECTION     N (340)
  AVERAGE WIND SPEED     7.1


SKY COVER
  AVERAGE SKY COVER 0.0


WEATHER CONDITIONS
 THE FOLLOWING WEATHER WAS RECORDED TODAY.
  NO SIGNIFICANT WEATHER WAS OBSERVED.


RELATIVE HUMIDITY (PERCENT)
 HIGHEST    89          1200 AM
 LOWEST     24           300 PM

..........................................................


THE MACON CLIMATE NORMALS FOR TOMORROW
                         NORMAL    RECORD
 MAXIMUM TEMPERATURE (F)   61        82
 MINIMUM TEMPERATURE (F)   37        18


SUNRISE AND SUNSET
FEBRUARY  7 2016......SUNRISE   725 AM EST   SUNSET   613 PM EST
FEBRUARY  8 2016......SUNRISE   724 AM EST   SUNSET   613 PM EST


-  INDICATES NEGATIVE NUMBERS.
R  INDICATES RECORD WAS SET OR TIED.
MM INDICATES DATA IS MISSING.
T  INDICATES TRACE AMOUNT.




$$
