865
CDUS42 KFFC 240023
CLIMCN


CLIMATE REPORT
NATIONAL WEATHER SERVICE PEACHTREE CITY GA
823 PM EDT MON OCT 23 2017


...................................

...THE MACON CLIMATE SUMMARY FOR OCTOBER 23 2017...
VALID AS OF 0800 PM LOCAL TIME.

CLIMATE NORMAL PERIOD 1981 TO 2010
CLIMATE RECORD PERIOD 1899 TO 2017


WEATHER ITEM   OBSERVED TIME   RECORD YEAR NORMAL DEPARTURE LAST
                VALUE   (LST)  VALUE       VALUE  FROM      YEAR
                                                  NORMAL
..................................................................
TEMPERATURE (F)
 TODAY
  MAXIMUM         77    409 PM  90    1941  76      1       78
  MINIMUM         64    713 PM  28    1987  50     14       36
  AVERAGE         71                        63      8       57

PRECIPITATION (IN)
  TODAY            1.45          2.00 1919   0.08   1.37     0.00
  MONTH TO DATE    2.50                      2.12   0.38     0.20
  SINCE SEP 1      6.37                      5.71   0.66     2.38
  SINCE JAN 1     43.90                     37.65   6.25    26.60

SNOWFALL (IN)
  TODAY            0.0           0.0  2002   0.0    0.0      0.0
                                      2001
  MONTH TO DATE    0.0                       0.0    0.0      0.0
  SINCE SEP 1      0.0                       0.0    0.0      0.0
  SINCE JUL 1      0.0                       0.0    0.0      0.0
  SNOW DEPTH       0

DEGREE DAYS
 HEATING
  TODAY            0                         4     -4        8
  MONTH TO DATE   18                        55    -37       22
  SINCE SEP 1     19                        61    -42       22
  SINCE JUL 1     19                        61    -42       22

 COOLING
  TODAY            6                         2      4        0
  MONTH TO DATE  182                        82    100      125
  SINCE SEP 1    485                       388     97      541
  SINCE JAN 1   2347                      2132    215     2568
..................................................................


WIND (MPH)
  HIGHEST WIND SPEED    23   HIGHEST WIND DIRECTION     S (190)
  HIGHEST GUST SPEED    34   HIGHEST GUST DIRECTION     S (190)
  AVERAGE WIND SPEED     9.1


SKY COVER
  AVERAGE SKY COVER 0.8


WEATHER CONDITIONS
 THE FOLLOWING WEATHER WAS RECORDED TODAY.
  HEAVY RAIN
  RAIN
  LIGHT RAIN
  FOG


RELATIVE HUMIDITY (PERCENT)
 HIGHEST   100           600 AM
 LOWEST     50           400 PM

..........................................................


THE MACON CLIMATE NORMALS FOR TOMORROW
                         NORMAL    RECORD
 MAXIMUM TEMPERATURE (F)   75        88
 MINIMUM TEMPERATURE (F)   50        32


SUNRISE AND SUNSET
OCTOBER 23 2017.......SUNRISE   745 AM EDT   SUNSET   652 PM EDT
OCTOBER 24 2017.......SUNRISE   746 AM EDT   SUNSET   651 PM EDT


-  INDICATES NEGATIVE NUMBERS.
R  INDICATES RECORD WAS SET OR TIED.
MM INDICATES DATA IS MISSING.
T  INDICATES TRACE AMOUNT.




$$
