000
CDUS42 KFFC 180928
CLIMCN


CLIMATE REPORT
NATIONAL WEATHER SERVICE PEACHTREE CITY GA
427 AM EST THU JAN 18 2018


...................................

...THE MACON CLIMATE SUMMARY FOR JANUARY 17 2018...

CLIMATE NORMAL PERIOD 1981 TO 2010
CLIMATE RECORD PERIOD 1899 TO 2018


WEATHER ITEM   OBSERVED TIME   RECORD YEAR NORMAL DEPARTURE LAST
                VALUE   (LST)  VALUE       VALUE  FROM      YEAR
                                                  NORMAL
..................................................................
TEMPERATURE (F)
 YESTERDAY
  MAXIMUM         44   1201 AM  78    1928  58    -14       77
  MINIMUM         22   1159 PM   9    1977  35    -13       48
  AVERAGE         33                        46    -13       63

PRECIPITATION (IN)
  YESTERDAY        0.05          3.90 1943   0.14  -0.09     0.00
  MONTH TO DATE    0.90                      2.24  -1.34     7.83
  SINCE DEC 1      4.16                      6.28  -2.12    13.78
  SINCE JAN 1      0.90                      2.24  -1.34     7.83

SNOWFALL (IN)
  YESTERDAY        1.0 R         0.0  2002   0.0    1.0      0.0
  MONTH TO DATE    1.0                       0.3    0.7      0.0
  SINCE DEC 1      1.0                       0.4    0.6      0.0
  SINCE JUL 1      1.0                       0.4    0.6      0.0
  SNOW DEPTH       0

DEGREE DAYS
 HEATING
  YESTERDAY       32                        19     13        2
  MONTH TO DATE  418                       323     95      206
  SINCE DEC 1    874                       853     21      597
  SINCE JUL 1   1232                      1248    -16      839

 COOLING
  YESTERDAY        0                         0      0        0
  MONTH TO DATE    0                         0      0        0
  SINCE DEC 1      2                         3     -1        2
  SINCE JAN 1      0                         0      0        0
..................................................................


WIND (MPH)
  RESULTANT WIND SPEED  11   RESULTANT WIND DIRECTION  NW (310)
  HIGHEST WIND SPEED    22   HIGHEST WIND DIRECTION    NW (300)
  HIGHEST GUST SPEED    30   HIGHEST GUST DIRECTION    NW (300)
  AVERAGE WIND SPEED    11.3


SKY COVER
  AVERAGE SKY COVER 0.5


WEATHER CONDITIONS
 THE FOLLOWING WEATHER WAS RECORDED YESTERDAY.
  LIGHT SNOW
  FOG


RELATIVE HUMIDITY (PERCENT)
 HIGHEST    92           700 AM
 LOWEST     35           600 PM
 AVERAGE    64

..........................................................


THE MACON CLIMATE NORMALS FOR TODAY
                         NORMAL    RECORD    YEAR
 MAXIMUM TEMPERATURE (F)   58        78      1907
 MINIMUM TEMPERATURE (F)   35        16      2003
                                             1976


SUNRISE AND SUNSET
JANUARY 18 2018.......SUNRISE   736 AM EST   SUNSET   554 PM EST
JANUARY 19 2018.......SUNRISE   736 AM EST   SUNSET   555 PM EST


-  INDICATES NEGATIVE NUMBERS.
R  INDICATES RECORD WAS SET OR TIED.
MM INDICATES DATA IS MISSING.
T  INDICATES TRACE AMOUNT.




$$
