000
CDUS42 KMLB 200626
CLIMCO


CLIMATE REPORT
NATIONAL WEATHER SERVICE MELBOURNE FL
126 AM EST SAT JAN 20 2018


...................................

...THE ORLANDO INTL CLIMATE SUMMARY FOR JANUARY 19 2018...

CLIMATE NORMAL PERIOD 1981 TO 2010
CLIMATE RECORD PERIOD 1892 TO 2018


WEATHER ITEM   OBSERVED TIME   RECORD YEAR NORMAL DEPARTURE LAST
                VALUE   (LST)  VALUE       VALUE  FROM      YEAR
                                                  NORMAL
..................................................................
TEMPERATURE (F)
 YESTERDAY
  MAXIMUM         66    314 PM  86    1925  71     -5       82
  MINIMUM         35    444 AM  24    1977  49    -14       58
  AVERAGE         51                        60     -9       70

PRECIPITATION (IN)
  YESTERDAY        0.00          0.98 1915   0.08  -0.08     0.00
  MONTH TO DATE    1.29                      1.43  -0.14     1.14
  SINCE DEC 1      1.64                      4.01  -2.37     3.66
  SINCE JAN 1      1.29                      1.43  -0.14     1.14

SNOWFALL (IN)
  YESTERDAY        0.0
  MONTH TO DATE    0.0
  SINCE JUL 1      0.0

DEGREE DAYS
 HEATING
  YESTERDAY       14                         6      8        0
  MONTH TO DATE  215                       121     94       42
  SINCE DEC 1    316                       265     51       74
  SINCE JUL 1    340                       312     28       97

 COOLING
  YESTERDAY        0                         1     -1        5
  MONTH TO DATE   21                        22     -1       59
  SINCE DEC 1    113                        92     21      218
  SINCE JAN 1     21                        22     -1       59
..................................................................


WIND (MPH)
  HIGHEST WIND SPEED    12   HIGHEST WIND DIRECTION     N (10)
  HIGHEST GUST SPEED    14   HIGHEST GUST DIRECTION     S (180)
  AVERAGE WIND SPEED     4.2


SKY COVER
  AVERAGE SKY COVER 0.3


WEATHER CONDITIONS
 THE FOLLOWING WEATHER WAS RECORDED YESTERDAY.
  NO SIGNIFICANT WEATHER WAS OBSERVED.


RELATIVE HUMIDITY (PERCENT)
 HIGHEST    86          1100 PM
 LOWEST     34           400 PM
 AVERAGE    60

..........................................................


THE ORLANDO INTL CLIMATE NORMALS FOR TODAY
                         NORMAL    RECORD    YEAR
 MAXIMUM TEMPERATURE (F)   71        87      1963
 MINIMUM TEMPERATURE (F)   49        20      1977


SUNRISE AND SUNSET
JANUARY 20 2018.......SUNRISE   718 AM EST   SUNSET   555 PM EST
JANUARY 21 2018.......SUNRISE   718 AM EST   SUNSET   556 PM EST


-  INDICATES NEGATIVE NUMBERS.
R  INDICATES RECORD WAS SET OR TIED.
MM INDICATES DATA IS MISSING.
T  INDICATES TRACE AMOUNT.




$$
