000
CDUS42 KMLB 240631
CLIMCO


CLIMATE REPORT
NATIONAL WEATHER SERVICE MELBOURNE FL
230 AM EDT SUN MAY 24 2015


...................................

...THE ORLANDO  CLIMATE SUMMARY FOR MAY 23 2015...

CLIMATE NORMAL PERIOD 1981 TO 2010
CLIMATE RECORD PERIOD 1892 TO 2015


WEATHER ITEM   OBSERVED TIME   RECORD YEAR NORMAL DEPARTURE LAST
                VALUE   (LST)  VALUE       VALUE  FROM      YEAR
                                                  NORMAL
..................................................................
TEMPERATURE (F)
 YESTERDAY
  MAXIMUM         93    237 PM  97    1962  89      4       94
                                      1938
  MINIMUM         74    539 AM  55    1919  68      6       68
  AVERAGE         84                        79      5       81

PRECIPITATION (IN)
  YESTERDAY        0.00          2.25 1906   0.14  -0.14     0.00
  MONTH TO DATE    0.78                      2.11  -1.33     3.37
  SINCE MAR 1      5.74                      8.56  -2.82    12.09
  SINCE JAN 1     13.84                     13.29   0.55    17.13

SNOWFALL (IN)
  YESTERDAY        0.0
  MONTH TO DATE    0.0
  SINCE MAR 1      0.0
  SINCE JUL 1      0.0

DEGREE DAYS
 HEATING
  YESTERDAY        0                         0      0        0
  MONTH TO DATE    0                         0      0        0
  SINCE MAR 1     16                        71    -55       42
  SINCE JUL 1    486                       570    -84      406

 COOLING
  YESTERDAY       19                        14      5       16
  MONTH TO DATE  323                       265     58      281
  SINCE MAR 1    975                       582    393      653
  SINCE JAN 1   1049                       686    363      803
..................................................................


WIND (MPH)
  HIGHEST WIND SPEED    21   HIGHEST WIND DIRECTION     E (70)
  HIGHEST GUST SPEED    25   HIGHEST GUST DIRECTION     E (70)
  AVERAGE WIND SPEED    11.2


SKY COVER
  AVERAGE SKY COVER 0.4


WEATHER CONDITIONS
 THE FOLLOWING WEATHER WAS RECORDED YESTERDAY.
  NO SIGNIFICANT WEATHER WAS OBSERVED.


RELATIVE HUMIDITY (PERCENT)
 HIGHEST    94           600 AM
 LOWEST     41           300 PM
 AVERAGE    68

..........................................................


THE ORLANDO  CLIMATE NORMALS FOR TODAY
                         NORMAL    RECORD    YEAR
 MAXIMUM TEMPERATURE (F)   89        97      1956
                                             1953
                                             1938
 MINIMUM TEMPERATURE (F)   68        56      1919
                                             1893


SUNRISE AND SUNSET
MAY 24 2015...........SUNRISE   631 AM EDT   SUNSET   814 PM EDT
MAY 25 2015...........SUNRISE   630 AM EDT   SUNSET   814 PM EDT


-  INDICATES NEGATIVE NUMBERS.
R  INDICATES RECORD WAS SET OR TIED.
MM INDICATES DATA IS MISSING.
T  INDICATES TRACE AMOUNT.




$$
