000
CDUS42 KMLB 050628
CLIMCO


CLIMATE REPORT
NATIONAL WEATHER SERVICE MELBOURNE FL
127 AM EST MON DEC 5 2016


...................................

...THE ORLANDO  CLIMATE SUMMARY FOR DECEMBER 4 2016...

CLIMATE NORMAL PERIOD 1981 TO 2010
CLIMATE RECORD PERIOD 1892 TO 2016


WEATHER ITEM   OBSERVED TIME   RECORD YEAR NORMAL DEPARTURE LAST
                VALUE   (LST)  VALUE       VALUE  FROM      YEAR
                                                  NORMAL
..................................................................
TEMPERATURE (F)
 YESTERDAY
  MAXIMUM         83    319 PM  88    1978  75      8       78
                                      1934
  MINIMUM         58    455 AM  31    1910  55      3       61
                                      1903
  AVERAGE         71                        65      6       70

PRECIPITATION (IN)
  YESTERDAY        0.00          1.61 1997   0.08  -0.08     0.03
  MONTH TO DATE    0.00                      0.33  -0.33     0.20
  SINCE DEC 1      0.00                      0.33  -0.33     0.20
  SINCE JAN 1     51.78                     48.48   3.30    53.56

SNOWFALL (IN)
  YESTERDAY        0.0
  MONTH TO DATE    0.0
  SINCE DEC 1      0.0
  SINCE JUL 1      0.0

DEGREE DAYS
 HEATING
  YESTERDAY        0                         3     -3        0
  MONTH TO DATE    0                        12    -12        0
  SINCE DEC 1      0                        12    -12        0
  SINCE JUL 1     23                        59    -36        9

 COOLING
  YESTERDAY        6                         3      3        5
  MONTH TO DATE   19                        12      7       23
  SINCE DEC 1     19                        12      7       23
  SINCE JAN 1   3723                      3366    357     4065
..................................................................


WIND (MPH)
  HIGHEST WIND SPEED    18   HIGHEST WIND DIRECTION    SE (120)
  HIGHEST GUST SPEED    23   HIGHEST GUST DIRECTION    SE (140)
  AVERAGE WIND SPEED     7.9


SKY COVER
  AVERAGE SKY COVER 0.2


WEATHER CONDITIONS
 THE FOLLOWING WEATHER WAS RECORDED YESTERDAY.
  NO SIGNIFICANT WEATHER WAS OBSERVED.


RELATIVE HUMIDITY (PERCENT)
 HIGHEST    93           500 AM
 LOWEST     47           200 PM
 AVERAGE    70

..........................................................


THE ORLANDO  CLIMATE NORMALS FOR TODAY
                         NORMAL    RECORD    YEAR
 MAXIMUM TEMPERATURE (F)   75        91      1928
 MINIMUM TEMPERATURE (F)   55        33      1907


SUNRISE AND SUNSET
DECEMBER  5 2016......SUNRISE   704 AM EST   SUNSET   529 PM EST
DECEMBER  6 2016......SUNRISE   704 AM EST   SUNSET   529 PM EST


-  INDICATES NEGATIVE NUMBERS.
R  INDICATES RECORD WAS SET OR TIED.
MM INDICATES DATA IS MISSING.
T  INDICATES TRACE AMOUNT.




$$
