000
CDUS42 KMLB 190635
CLIMCO


CLIMATE REPORT
NATIONAL WEATHER SERVICE MELBOURNE
235 AM EDT SAT APR 19 2014


...................................

...THE ORLANDO  CLIMATE SUMMARY FOR APRIL 18 2014...

CLIMATE NORMAL PERIOD 1981 TO 2010
CLIMATE RECORD PERIOD 1892 TO 2014


WEATHER ITEM   OBSERVED TIME   RECORD YEAR NORMAL DEPARTURE LAST
                VALUE   (LST)  VALUE       VALUE  FROM      YEAR
                                                  NORMAL
..................................................................
TEMPERATURE (F)
 YESTERDAY
  MAXIMUM         82    357 PM  93    1922  83     -1       88
  MINIMUM         67   1115 PM  45    1905  60      7       66
  AVERAGE         75                        72      3       77

PRECIPITATION (IN)
  YESTERDAY        0.05          1.81 1951   0.09  -0.04     0.00
  MONTH TO DATE    2.35                      1.74   0.61     1.13
  SINCE MAR 1      6.87                      5.51   1.36     2.40
  SINCE JAN 1     11.91                     10.24   1.67     3.31

SNOWFALL (IN)
  YESTERDAY        0.0
  MONTH TO DATE    0.0
  SINCE MAR 1      0.0
  SINCE JUL 1      0.0

DEGREE DAYS
 HEATING
  YESTERDAY        0                         0      0        0
  MONTH TO DATE    0                        11    -11        0
  SINCE MAR 1     42                        70    -28      149
  SINCE JUL 1    406                       569   -163      461

 COOLING
  YESTERDAY       10                         7      3       12
  MONTH TO DATE  137                       104     33      174
  SINCE MAR 1    244                       222     22      225
  SINCE JAN 1    394                       326     68      425
..................................................................


WIND (MPH)
  HIGHEST WIND SPEED    29   HIGHEST WIND DIRECTION     W (250)
  HIGHEST GUST SPEED    36   HIGHEST GUST DIRECTION    SW (240)
  AVERAGE WIND SPEED     8.3


SKY COVER
  AVERAGE SKY COVER 1.0


WEATHER CONDITIONS
 THE FOLLOWING WEATHER WAS RECORDED YESTERDAY.
  LIGHT RAIN
  FOG


RELATIVE HUMIDITY (PERCENT)
 HIGHEST    93          1100 PM
 LOWEST     58           200 PM
 AVERAGE    76

..........................................................


THE ORLANDO  CLIMATE NORMALS FOR TODAY
                         NORMAL    RECORD    YEAR
 MAXIMUM TEMPERATURE (F)   83        94      1922
 MINIMUM TEMPERATURE (F)   61        42      1923


SUNRISE AND SUNSET
APRIL 19 2014.........SUNRISE   656 AM EDT   SUNSET   753 PM EDT
APRIL 20 2014.........SUNRISE   655 AM EDT   SUNSET   754 PM EDT


-  INDICATES NEGATIVE NUMBERS.
R  INDICATES RECORD WAS SET OR TIED.
MM INDICATES DATA IS MISSING.
T  INDICATES TRACE AMOUNT.




$$
