000
CDUS42 KMLB 300632
CLIMCO


CLIMATE REPORT
NATIONAL WEATHER SERVICE MELBOURNE FL
230 AM EDT SAT APR 30 2016


...................................

...THE ORLANDO  CLIMATE SUMMARY FOR APRIL 29 2016...

CLIMATE NORMAL PERIOD 1981 TO 2010
CLIMATE RECORD PERIOD 1892 TO 2016


WEATHER ITEM   OBSERVED TIME   RECORD YEAR NORMAL DEPARTURE LAST
                VALUE   (LST)  VALUE       VALUE  FROM      YEAR
                                                  NORMAL
..................................................................
TEMPERATURE (F)
 YESTERDAY
  MAXIMUM         90    417 PM  96    1906  85      5       88
  MINIMUM         68    227 AM  42    1928  62      6       70
  AVERAGE         79                        74      5       79

PRECIPITATION (IN)
  YESTERDAY        T             1.01 1982   0.07  -0.07     0.00
  MONTH TO DATE    1.27                      2.61  -1.34     4.21
  SINCE MAR 1      6.58                      6.38   0.20     4.96
  SINCE JAN 1     13.92                     11.11   2.81    13.06

SNOWFALL (IN)
  YESTERDAY        0.0
  MONTH TO DATE    0.0
  SINCE MAR 1      0.0
  SINCE JUL 1      0.0

DEGREE DAYS
 HEATING
  YESTERDAY        0                         0      0        0
  MONTH TO DATE    0                        11    -11        0
  SINCE MAR 1     16                        70    -54       16
  SINCE JUL 1    370                       569   -199      486

 COOLING
  YESTERDAY       14                         9      5       14
  MONTH TO DATE  228                       191     37      375
  SINCE MAR 1    445                       309    136      643
  SINCE JAN 1    507                       413     94      717
..................................................................


WIND (MPH)
  HIGHEST WIND SPEED    16   HIGHEST WIND DIRECTION     E (110)
  HIGHEST GUST SPEED    19   HIGHEST GUST DIRECTION     E (100)
  AVERAGE WIND SPEED     3.9


SKY COVER
  AVERAGE SKY COVER 0.4


WEATHER CONDITIONS
 THE FOLLOWING WEATHER WAS RECORDED YESTERDAY.
  THUNDERSTORM
  FOG


RELATIVE HUMIDITY (PERCENT)
 HIGHEST    97           400 AM
 LOWEST     38           300 PM
 AVERAGE    68

..........................................................


THE ORLANDO  CLIMATE NORMALS FOR TODAY
                         NORMAL    RECORD    YEAR
 MAXIMUM TEMPERATURE (F)   85        95      1971
                                             1917
 MINIMUM TEMPERATURE (F)   63        48      1928


SUNRISE AND SUNSET
APRIL 30 2016.........SUNRISE   645 AM EDT   SUNSET   800 PM EDT
MAY  1 2016...........SUNRISE   644 AM EDT   SUNSET   801 PM EDT


-  INDICATES NEGATIVE NUMBERS.
R  INDICATES RECORD WAS SET OR TIED.
MM INDICATES DATA IS MISSING.
T  INDICATES TRACE AMOUNT.




$$
