000
CDUS42 KMLB 180627
CLIMCO


CLIMATE REPORT
NATIONAL WEATHER SERVICE MELBOURNE FL
126 AM EST SAT NOV 18 2017


...................................

...THE ORLANDO INTL CLIMATE SUMMARY FOR NOVEMBER 17 2017...

CLIMATE NORMAL PERIOD 1981 TO 2010
CLIMATE RECORD PERIOD 1892 TO 2017


WEATHER ITEM   OBSERVED TIME   RECORD YEAR NORMAL DEPARTURE LAST
                VALUE   (LST)  VALUE       VALUE  FROM      YEAR
                                                  NORMAL
..................................................................
TEMPERATURE (F)
 YESTERDAY
  MAXIMUM         78    220 PM  89    1957  78      0       79
  MINIMUM         55    440 AM  36    1901  58     -3       50
  AVERAGE         67                        68     -1       65

PRECIPITATION (IN)
  YESTERDAY        0.00          2.33 1980   0.07  -0.07     0.00
  MONTH TO DATE    0.06                      1.26  -1.20     0.02
  SINCE SEP 1     17.74                     10.63   7.11    10.05
  SINCE JAN 1     46.16                     47.24  -1.08    51.74

SNOWFALL (IN)
  YESTERDAY        0.0
  MONTH TO DATE    0.0
  SINCE JUL 1      0.0

DEGREE DAYS
 HEATING
  YESTERDAY        0                         1     -1        0
  MONTH TO DATE    0                        17    -17        0
  SINCE SEP 1     18                        22     -4        0
  SINCE JUL 1     18                        22     -4        0

 COOLING
  YESTERDAY        2                         5     -3        0
  MONTH TO DATE  115                        99     16       88
  SINCE SEP 1    959                       913     46      977
  SINCE JAN 1   3557                      3306    251     3650
..................................................................


WIND (MPH)
  HIGHEST WIND SPEED    15   HIGHEST WIND DIRECTION     E (70)
  HIGHEST GUST SPEED    19   HIGHEST GUST DIRECTION     E (80)
  AVERAGE WIND SPEED     7.3


SKY COVER
  AVERAGE SKY COVER 0.1


WEATHER CONDITIONS
 THE FOLLOWING WEATHER WAS RECORDED YESTERDAY.
  NO SIGNIFICANT WEATHER WAS OBSERVED.


RELATIVE HUMIDITY (PERCENT)
 HIGHEST    93          1200 AM
 LOWEST     47           300 PM
 AVERAGE    70

..........................................................


THE ORLANDO INTL CLIMATE NORMALS FOR TODAY
                         NORMAL    RECORD    YEAR
 MAXIMUM TEMPERATURE (F)   78        88      2015
                                             1986
                                             1928
 MINIMUM TEMPERATURE (F)   58        34      1923


SUNRISE AND SUNSET
NOVEMBER 18 2017......SUNRISE   650 AM EST   SUNSET   531 PM EST
NOVEMBER 19 2017......SUNRISE   651 AM EST   SUNSET   530 PM EST


-  INDICATES NEGATIVE NUMBERS.
R  INDICATES RECORD WAS SET OR TIED.
MM INDICATES DATA IS MISSING.
T  INDICATES TRACE AMOUNT.




$$
