000
CDUS42 KMLB 200642
CLIMCO


CLIMATE REPORT
NATIONAL WEATHER SERVICE MELBOURNE FL
242 AM EDT SAT SEP 20 2014


...................................

...THE ORLANDO  CLIMATE SUMMARY FOR SEPTEMBER 19 2014...

CLIMATE NORMAL PERIOD 1981 TO 2010
CLIMATE RECORD PERIOD 1892 TO 2014


WEATHER ITEM   OBSERVED TIME   RECORD YEAR NORMAL DEPARTURE LAST
                VALUE   (LST)  VALUE       VALUE  FROM      YEAR
                                                  NORMAL
..................................................................
TEMPERATURE (F)
 YESTERDAY
  MAXIMUM         84   1251 PM  97    1933  89     -5       89
  MINIMUM         71   1159 PM  58    1910  73     -2       73
  AVERAGE         78                        81     -3       81

PRECIPITATION (IN)
  YESTERDAY        0.43          3.47 1913   0.20   0.23     0.18
  MONTH TO DATE    3.90                      4.01  -0.11     3.44
  SINCE SEP 1      3.90                      4.01  -0.11     3.44
  SINCE JAN 1     41.69                     40.62   1.07    39.03

SNOWFALL (IN)
  YESTERDAY        0.0
  MONTH TO DATE    0.0
  SINCE SEP 1      0.0
  SINCE JUL 1      0.0

DEGREE DAYS
 HEATING
  YESTERDAY        0                         0      0        0
  MONTH TO DATE    0                         0      0        0
  SINCE SEP 1      0                         0      0        0
  SINCE JUL 1      0                         0      0        0

 COOLING
  YESTERDAY       13                        16     -3       16
  MONTH TO DATE  322                       317      5      330
  SINCE SEP 1    322                       317      5      330
  SINCE JAN 1   2920                      2710    210     2821
..................................................................


WIND (MPH)
  HIGHEST WIND SPEED    16   HIGHEST WIND DIRECTION     E (80)
  HIGHEST GUST SPEED    21   HIGHEST GUST DIRECTION     E (80)
  AVERAGE WIND SPEED     6.5


SKY COVER
  AVERAGE SKY COVER 0.9


WEATHER CONDITIONS
 THE FOLLOWING WEATHER WAS RECORDED YESTERDAY.
  RAIN
  LIGHT RAIN
  FOG


RELATIVE HUMIDITY (PERCENT)
 HIGHEST   100           400 AM
 LOWEST     70          1200 PM
 AVERAGE    85

..........................................................


THE ORLANDO  CLIMATE NORMALS FOR TODAY
                         NORMAL    RECORD    YEAR
 MAXIMUM TEMPERATURE (F)   89        96      1936
                                             1933
                                             1921
 MINIMUM TEMPERATURE (F)   72        50      1910


SUNRISE AND SUNSET
SEPTEMBER 20 2014.....SUNRISE   713 AM EDT   SUNSET   724 PM EDT
SEPTEMBER 21 2014.....SUNRISE   713 AM EDT   SUNSET   723 PM EDT


-  INDICATES NEGATIVE NUMBERS.
R  INDICATES RECORD WAS SET OR TIED.
MM INDICATES DATA IS MISSING.
T  INDICATES TRACE AMOUNT.




$$
