000
CDUS42 KMLB 242119
CLIMCO


CLIMATE REPORT
NATIONAL WEATHER SERVICE MELBOURNE FL
418 PM EST FRI FEB 24 2017


...................................

...THE ORLANDO  CLIMATE SUMMARY FOR FEBRUARY 24 2017...
VALID TODAY AS OF 0400 PM LOCAL TIME.

CLIMATE NORMAL PERIOD 1981 TO 2010
CLIMATE RECORD PERIOD 1892 TO 2017


WEATHER ITEM   OBSERVED TIME   RECORD YEAR NORMAL DEPARTURE LAST
                VALUE   (LST)  VALUE       VALUE  FROM      YEAR
                                                  NORMAL
..................................................................
TEMPERATURE (F)
 TODAY
  MAXIMUM         84    133 PM  90    1962  75      9       82
  MINIMUM         65    459 AM  29    1911  53     12       58
  AVERAGE         75                        64     11       70

PRECIPITATION (IN)
  TODAY            0.00          2.47 2004   0.09  -0.09     0.46
  MONTH TO DATE    0.95                      2.02  -1.07     1.69
  SINCE DEC 1      5.45                      6.95  -1.50     8.06
  SINCE JAN 1      2.93                      4.37  -1.44     7.34

SNOWFALL (IN)
  TODAY            0.0
  MONTH TO DATE    0.0
  SINCE DEC 1      0.0
  SINCE JUL 1      0.0

DEGREE DAYS
 HEATING
  TODAY            0                         3     -3        0
  MONTH TO DATE   16                       103    -87      113
  SINCE DEC 1    146                       440   -294      313
  SINCE JUL 1    169                       487   -318      322

 COOLING
  TODAY           10                         3      7        5
  MONTH TO DATE   85                        49     36       47
  SINCE DEC 1    336                       164    172      285
  SINCE JAN 1    177                        94     83       62
..................................................................


WIND (MPH)
  HIGHEST WIND SPEED    16   HIGHEST WIND DIRECTION    NE (60)
  HIGHEST GUST SPEED    22   HIGHEST GUST DIRECTION    NE (30)
  AVERAGE WIND SPEED    10.7


SKY COVER
  AVERAGE SKY COVER 0.5


WEATHER CONDITIONS
 THE FOLLOWING WEATHER WAS RECORDED TODAY.
  NO SIGNIFICANT WEATHER WAS OBSERVED.


RELATIVE HUMIDITY (PERCENT)
 HIGHEST    93          1200 AM
 LOWEST     47           300 PM
 AVERAGE    70

..........................................................


THE ORLANDO  CLIMATE NORMALS FOR TOMORROW
                         NORMAL    RECORD    YEAR
 MAXIMUM TEMPERATURE (F)   75        90      1962
 MINIMUM TEMPERATURE (F)   54        30      1989
                                             1911


SUNRISE AND SUNSET
FEBRUARY 24 2017......SUNRISE   655 AM EST   SUNSET   622 PM EST
FEBRUARY 25 2017......SUNRISE   654 AM EST   SUNSET   623 PM EST


-  INDICATES NEGATIVE NUMBERS.
R  INDICATES RECORD WAS SET OR TIED.
MM INDICATES DATA IS MISSING.
T  INDICATES TRACE AMOUNT.




$$
