000
CDUS43 KDMX 270633
CLIMCW

CLIMATE REPORT
NATIONAL WEATHER SERVICE DES MOINES IA
131 AM CDT TUE JUN 27 2017


...................................

...THE MASON CITY IA CLIMATE SUMMARY FOR JUNE 26 2017...

CLIMATE NORMAL PERIOD 1981 TO 2010
CLIMATE RECORD PERIOD 1893 TO 2017


WEATHER ITEM   OBSERVED TIME   RECORD YEAR NORMAL DEPARTURE LAST
                VALUE   (LST)  VALUE       VALUE  FROM      YEAR
                                                  NORMAL
..................................................................
TEMPERATURE (F)
 YESTERDAY
  MAXIMUM         71    426 PM  99    1933  82    -11       87
  MINIMUM         50   1158 PM  41    1926  60    -10       66
  AVERAGE         61                        71    -10       77

PRECIPITATION (IN)
  YESTERDAY        0.00          2.18 1995   0.17  -0.17     0.00
  MONTH TO DATE    2.59                      4.48  -1.89     6.23
  SINCE JUN 1      2.59                      4.48  -1.89     6.23
  SINCE JAN 1     16.74                     16.96  -0.22    17.44

SNOWFALL (IN)
  YESTERDAY        0.0          MM      MM   0.0    0.0      0.0
  MONTH TO DATE    0.0                       0.0    0.0      0.0
  SINCE JUN 1      0.0                       0.0    0.0      0.0
  SINCE JUL 1     47.9                      41.2    6.7     50.9
  SNOW DEPTH       0

DEGREE DAYS
 HEATING
  YESTERDAY        4                         0      4        0
  MONTH TO DATE   18                        44    -26        8
  SINCE JUN 1     18                        44    -26        8
  SINCE JUL 1   6689                      7679   -990     6633

 COOLING
  YESTERDAY        0                         6     -6       12
  MONTH TO DATE  165                       111     54      177
  SINCE JUN 1    165                       111     54      177
  SINCE JAN 1    190                       146     44      218
..................................................................


WIND (MPH)
  HIGHEST WIND SPEED    20   HIGHEST WIND DIRECTION     N (10)
  HIGHEST GUST SPEED    26   HIGHEST GUST DIRECTION    NW (330)
  AVERAGE WIND SPEED     9.2


SKY COVER
  POSSIBLE SUNSHINE  MM
  AVERAGE SKY COVER 0.2


WEATHER CONDITIONS
 THE FOLLOWING WEATHER WAS RECORDED YESTERDAY.
  NO SIGNIFICANT WEATHER WAS OBSERVED.


RELATIVE HUMIDITY (PERCENT)
 HIGHEST    89           600 AM
 LOWEST     33           100 PM
 AVERAGE    61

..........................................................


THE MASON CITY IA CLIMATE NORMALS FOR TODAY
                         NORMAL    RECORD    YEAR
 MAXIMUM TEMPERATURE (F)   83       104      1934
 MINIMUM TEMPERATURE (F)   60        43      1926


SUNRISE AND SUNSET
JUNE 27 2017..........SUNRISE   536 AM CDT   SUNSET   857 PM CDT
JUNE 28 2017..........SUNRISE   536 AM CDT   SUNSET   857 PM CDT


-  INDICATES NEGATIVE NUMBERS.
R  INDICATES RECORD WAS SET OR TIED.
MM INDICATES DATA IS MISSING.
T  INDICATES TRACE AMOUNT.




$$
