000
CDUS43 KDMX 160652
CLIMCW

CLIMATE REPORT
NATIONAL WEATHER SERVICE DES MOINES IA
1251 AM CST TUE JAN 16 2018

...................................

...THE MASON CITY IA CLIMATE SUMMARY FOR JANUARY 15 2018...

CLIMATE NORMAL PERIOD 1981 TO 2010
CLIMATE RECORD PERIOD 1893 TO 2018


WEATHER ITEM   OBSERVED TIME   RECORD YEAR NORMAL DEPARTURE LAST
                VALUE   (LST)  VALUE       VALUE  FROM      YEAR
                                                  NORMAL
..................................................................
TEMPERATURE (F)
 YESTERDAY
  MAXIMUM          6    217 AM  55    1990  24    -18       26
  MINIMUM         -8   1159 PM -28    1994   7    -15        4
  AVERAGE         -1                        16    -17       15

PRECIPITATION (IN)
  YESTERDAY        T             0.44 1953   0.02  -0.02     0.00
  MONTH TO DATE    0.10                      0.39  -0.29     0.34
  SINCE DEC 1      0.38                      1.63  -1.25     2.50
  SINCE JAN 1      0.10                      0.39  -0.29     0.34

SNOWFALL (IN)
  YESTERDAY        T             3.4  1956   0.4   -0.4      0.0
  MONTH TO DATE    3.2                       4.9   -1.7      0.6
  SINCE DEC 1      7.4                      14.2   -6.8     15.5
  SINCE JUL 1      7.6                      18.9  -11.3     15.5
  SNOW DEPTH       4

DEGREE DAYS
 HEATING
  YESTERDAY       66                        49     17       50
  MONTH TO DATE  870                       735    135      796
  SINCE DEC 1   2255                      2144    111     2187
  SINCE JUL 1   3758                      3824    -66     3351

 COOLING
  YESTERDAY        0                         0      0        0
  MONTH TO DATE    0                         0      0        0
  SINCE DEC 1      0                         0      0        0
  SINCE JAN 1      0                         0      0        0
..................................................................


WIND (MPH)
  HIGHEST WIND SPEED    33   HIGHEST WIND DIRECTION    NW (320)
  HIGHEST GUST SPEED    40   HIGHEST GUST DIRECTION    NW (320)
  AVERAGE WIND SPEED    24.1


SKY COVER
  POSSIBLE SUNSHINE  MM
  AVERAGE SKY COVER 1.0


WEATHER CONDITIONS
 THE FOLLOWING WEATHER WAS RECORDED YESTERDAY.
  LIGHT SNOW
  FOG
  HAZE
  BLOWING SNOW


RELATIVE HUMIDITY (PERCENT)
 HIGHEST    87           500 AM
 LOWEST     71           500 PM
 AVERAGE    79

..........................................................


THE MASON CITY IA CLIMATE NORMALS FOR TODAY
                         NORMAL    RECORD    YEAR
 MAXIMUM TEMPERATURE (F)   24        44      1990
 MINIMUM TEMPERATURE (F)    7       -31      2009


SUNRISE AND SUNSET
JANUARY 16 2018.......SUNRISE   742 AM CST   SUNSET   505 PM CST
JANUARY 17 2018.......SUNRISE   741 AM CST   SUNSET   506 PM CST


-  INDICATES NEGATIVE NUMBERS.
R  INDICATES RECORD WAS SET OR TIED.
MM INDICATES DATA IS MISSING.
T  INDICATES TRACE AMOUNT.

$$

SMALL
