000
CDUS43 KDMX 010637 RRB
CLIMCW

CLIMATE REPORT
NATIONAL WEATHER SERVICE DES MOINES IA
134 AM CDT WED JUL 1 2015

...................................

...THE MASON CITY IA CLIMATE SUMMARY FOR JUNE 30 2015...

CLIMATE NORMAL PERIOD 1981 TO 2010
CLIMATE RECORD PERIOD 1893 TO 2015


WEATHER ITEM   OBSERVED TIME   RECORD YEAR NORMAL DEPARTURE LAST
                VALUE   (LST)  VALUE       VALUE  FROM      YEAR
                                                  NORMAL
..................................................................
TEMPERATURE (F)
 YESTERDAY
  MAXIMUM         79   1213 PM 101    1933  83     -4       73
  MINIMUM         59   1118 PM  42    1943  60     -1       64
  AVERAGE         69                        72     -3       69

PRECIPITATION (IN)
  YESTERDAY        0.00          2.25 1977   0.17  -0.17     0.43
  MONTH TO DATE    5.04                      5.14  -0.10     8.65
  SINCE JUN 1      5.04                      5.14  -0.10     8.65
  SINCE JAN 1     16.04                     17.62  -1.58    22.69

SNOWFALL (IN)
  YESTERDAY        0.0          MM      MM   0.0    0.0      0.0
  MONTH TO DATE    0.0                       0.0    0.0      0.0
  SINCE JUN 1      0.0                       0.0    0.0      0.0
  SINCE JUL 1     40.0                      41.2   -1.2     58.0
  SNOW DEPTH       0

DEGREE DAYS
 HEATING
  YESTERDAY        0                         0      0        0
  MONTH TO DATE   12                        44    -32       13
  SINCE JUN 1     12                        44    -32       13
  SINCE JUL 1   7696                      7679     17     8624

 COOLING
  YESTERDAY        4                         7     -3        4
  MONTH TO DATE  136                       138     -2      136
  SINCE JUN 1    136                       138     -2      136
  SINCE JAN 1    166                       173     -7      189
..................................................................


WIND (MPH)
  HIGHEST WIND SPEED    15   HIGHEST WIND DIRECTION     N (10)
  HIGHEST GUST SPEED    19   HIGHEST GUST DIRECTION     N (10)
  AVERAGE WIND SPEED     7.3


SKY COVER
  POSSIBLE SUNSHINE  MM
  AVERAGE SKY COVER 0.1


WEATHER CONDITIONS
 THE FOLLOWING WEATHER WAS RECORDED YESTERDAY.
  FOG
  FOG W/VISIBILITY <= 1/4 MILE
  HAZE


RELATIVE HUMIDITY (PERCENT)
 HIGHEST   100           700 AM
 LOWEST     58           100 PM
 AVERAGE    79

..........................................................


THE MASON CITY IA CLIMATE NORMALS FOR TODAY
                         NORMAL    RECORD    YEAR
 MAXIMUM TEMPERATURE (F)   83        98      1931
 MINIMUM TEMPERATURE (F)   60        44      1976


SUNRISE AND SUNSET
JULY  1 2015..........SUNRISE   537 AM CDT   SUNSET   857 PM CDT
JULY  2 2015..........SUNRISE   538 AM CDT   SUNSET   857 PM CDT


-  INDICATES NEGATIVE NUMBERS.
R  INDICATES RECORD WAS SET OR TIED.
MM INDICATES DATA IS MISSING.
T  INDICATES TRACE AMOUNT.




$$
