000
CDUS43 KDMX 300641
CLIMCW

CLIMATE REPORT
NATIONAL WEATHER SERVICE DES MOINES IA
136 AM CDT SAT APR 30 2016

...................................

...THE MASON CITY IA CLIMATE SUMMARY FOR APRIL 29 2016...

CLIMATE NORMAL PERIOD 1981 TO 2010
CLIMATE RECORD PERIOD 1893 TO 2016

WEATHER ITEM   OBSERVED TIME   RECORD YEAR NORMAL DEPARTURE LAST
                VALUE   (LST)  VALUE       VALUE  FROM      YEAR
                                                  NORMAL
..................................................................
TEMPERATURE (F)
 YESTERDAY
  MAXIMUM         49    518 PM  91    2007  65    -16       70
  MINIMUM         39    758 AM  22    2008  40     -1       41
                                      1958
  AVERAGE         44                        52     -8       56

PRECIPITATION (IN)
  YESTERDAY        0.00          1.83 1984   0.14  -0.14     0.00
  MONTH TO DATE    1.16                      3.61  -2.45     4.53
  SINCE MAR 1      4.44                      5.84  -1.40     5.60
  SINCE JAN 1      5.68                      7.66  -1.98     7.67

SNOWFALL (IN)
  YESTERDAY        0.0          13.0  1917   0.0    0.0      0.0
  MONTH TO DATE    T                         2.7   -2.7      0.6
  SINCE MAR 1      9.0                       8.7    0.3      4.2
  SINCE JUL 1     50.9                      41.2    9.7     40.0
  SNOW DEPTH       0

DEGREE DAYS
 HEATING
  YESTERDAY       21                        13      8        9
  MONTH TO DATE  488                       543    -55      483
  SINCE MAR 1   1279                      1537   -258     1404
  SINCE JUL 1   6378                      7388  -1010     7467

 COOLING
  YESTERDAY        0                         0      0        0
  MONTH TO DATE    4                         0      4        0
  SINCE MAR 1      4                         0      4        0
  SINCE JAN 1      4                         0      4        0
..................................................................

WIND (MPH)
  HIGHEST WIND SPEED    21   HIGHEST WIND DIRECTION    NE (40)
  HIGHEST GUST SPEED    24   HIGHEST GUST DIRECTION    NE (40)
  AVERAGE WIND SPEED     9.9

SKY COVER
  POSSIBLE SUNSHINE  MM
  AVERAGE SKY COVER 1.0

WEATHER CONDITIONS
 THE FOLLOWING WEATHER WAS RECORDED YESTERDAY.
  FOG

RELATIVE HUMIDITY (PERCENT)
 HIGHEST   100           500 AM
 LOWEST     71           300 PM
 AVERAGE    86
..........................................................

THE MASON CITY IA CLIMATE NORMALS FOR TODAY
                         NORMAL    RECORD    YEAR
 MAXIMUM TEMPERATURE (F)   65        89      2007
 MINIMUM TEMPERATURE (F)   41        24      1908

SUNRISE AND SUNSET
APRIL 30 2016.........SUNRISE   607 AM CDT   SUNSET   814 PM CDT
MAY  1 2016...........SUNRISE   606 AM CDT   SUNSET   815 PM CDT

-  INDICATES NEGATIVE NUMBERS.
R  INDICATES RECORD WAS SET OR TIED.
MM INDICATES DATA IS MISSING.
T  INDICATES TRACE AMOUNT.

$$

FAB
