000
CDUS41 KCTP 072218
CLIMDT


CLIMATE REPORT
NATIONAL WEATHER SERVICE STATE COLLEGE PA
517 PM EST WED DEC 7 2016


...................................

...THE HARRISBURG PA CLIMATE SUMMARY FOR DECEMBER 7 2016...
VALID TODAY AS OF 0500 PM LOCAL TIME.

CLIMATE NORMAL PERIOD 1981 TO 2010
CLIMATE RECORD PERIOD 1888 TO 2016


WEATHER ITEM   OBSERVED TIME   RECORD YEAR NORMAL DEPARTURE LAST
                VALUE   (LST)  VALUE       VALUE  FROM      YEAR
                                                  NORMAL
..................................................................
TEMPERATURE (F)
 TODAY
  MAXIMUM         48    104 PM  75    1998  44      4       53
  MINIMUM         38    337 AM   9    2002  28     10       30
  AVERAGE         43                        36      7       42

PRECIPITATION (IN)
  TODAY            T             1.52 1914   0.12  -0.12     0.00
  MONTH TO DATE    1.03                      0.82   0.21     1.04
  SINCE DEC 1      1.03                      0.82   0.21     1.04
  SINCE JAN 1     39.64                     38.33   1.31    38.80

SNOWFALL (IN)
  TODAY            0.0           4.3  1959   0.2   -0.2      0.0
  MONTH TO DATE    T                         0.9   -0.9      0.0
  SINCE DEC 1      T                         0.9   -0.9      0.0
  SINCE JUL 1      T                         1.5   -1.5      0.0
  SNOW DEPTH       0

DEGREE DAYS
 HEATING
  TODAY           22                        29     -7       23
  MONTH TO DATE  150                       196    -46      161
  SINCE DEC 1    150                       196    -46      161
  SINCE JUL 1    936                      1235   -299      936

 COOLING
  TODAY            0                         0      0        0
  MONTH TO DATE    0                         0      0        0
  SINCE DEC 1      0                         0      0        0
  SINCE JAN 1   1515                      1002    513     1334
..................................................................


WIND (MPH)
  HIGHEST WIND SPEED    15   HIGHEST WIND DIRECTION    NW (310)
  HIGHEST GUST SPEED    19   HIGHEST GUST DIRECTION    NW (310)
  AVERAGE WIND SPEED     5.3


SKY COVER
  POSSIBLE SUNSHINE  MM
  AVERAGE SKY COVER 0.6


WEATHER CONDITIONS
 THE FOLLOWING WEATHER WAS RECORDED TODAY.
  LIGHT RAIN
  FOG


RELATIVE HUMIDITY (PERCENT)
 HIGHEST   100           500 AM
 LOWEST     53           200 PM
 AVERAGE    77

..........................................................


THE HARRISBURG PA CLIMATE NORMALS FOR TOMORROW
                         NORMAL    RECORD    YEAR
 MAXIMUM TEMPERATURE (F)   44        68      1980
 MINIMUM TEMPERATURE (F)   28        12      2002


SUNRISE AND SUNSET
DECEMBER  7 2016......SUNRISE   716 AM EST   SUNSET   441 PM EST
DECEMBER  8 2016......SUNRISE   717 AM EST   SUNSET   441 PM EST


-  INDICATES NEGATIVE NUMBERS.
R  INDICATES RECORD WAS SET OR TIED.
MM INDICATES DATA IS MISSING.
T  INDICATES TRACE AMOUNT.




$$
