000
CDUS41 KCTP 020613
CLIMDT


CLIMATE REPORT
NATIONAL WEATHER SERVICE STATE COLLEGE PA
213 AM EDT MON MAY 2 2016


...................................

...THE HARRISBURG PA CLIMATE SUMMARY FOR MAY 1 2016...

CLIMATE NORMAL PERIOD 1981 TO 2010
CLIMATE RECORD PERIOD 1888 TO 2016


WEATHER ITEM   OBSERVED TIME   RECORD YEAR NORMAL DEPARTURE LAST
                VALUE   (LST)  VALUE       VALUE  FROM      YEAR
                                                  NORMAL
..................................................................
TEMPERATURE (F)
 YESTERDAY
  MAXIMUM         54   1213 AM  97    1942  68    -14       61
  MINIMUM         46    745 AM  35    1978  47     -1       52
  AVERAGE         50                        58     -8       57

PRECIPITATION (IN)
  YESTERDAY        0.44          1.53 1932   0.12   0.32     0.00
  MONTH TO DATE    0.44                      0.12   0.32     0.00
  SINCE MAR 1      4.25                      6.59  -2.34     5.63
  SINCE JAN 1     14.17                     11.86   2.31     9.22

SNOWFALL (IN)
  YESTERDAY        0.0           T    1963   0.0    0.0      0.0
                                      2001
  MONTH TO DATE    0.0                       0.0    0.0      0.0
  SINCE MAR 1      1.4                       5.6   -4.2     11.8
  SINCE JUL 1     39.1                      30.6    8.5     39.2
  SNOW DEPTH       0

DEGREE DAYS
 HEATING
  YESTERDAY       15                         8      7        8
  MONTH TO DATE   15                         8      7        8
  SINCE MAR 1    926                      1123   -197     1247
  SINCE JUL 1   4298                      5111   -813     5550

 COOLING
  YESTERDAY        0                         1     -1        0
  MONTH TO DATE    0                         1     -1        0
  SINCE MAR 1     12                         8      4        0
  SINCE JAN 1     12                         8      4        0
..................................................................


WIND (MPH)
  HIGHEST WIND SPEED    16   HIGHEST WIND DIRECTION    SE (120)
  HIGHEST GUST SPEED    19   HIGHEST GUST DIRECTION    SE (120)
  AVERAGE WIND SPEED     8.7


SKY COVER
  POSSIBLE SUNSHINE  MM
  AVERAGE SKY COVER 0.9


WEATHER CONDITIONS
 THE FOLLOWING WEATHER WAS RECORDED YESTERDAY.
  RAIN
  LIGHT RAIN
  FOG


RELATIVE HUMIDITY (PERCENT)
 HIGHEST    96           500 PM
 LOWEST     80           300 AM
 AVERAGE    88

..........................................................


THE HARRISBURG PA CLIMATE NORMALS FOR TODAY
                         NORMAL    RECORD    YEAR
 MAXIMUM TEMPERATURE (F)   68        88      1913
 MINIMUM TEMPERATURE (F)   47        34      1903


SUNRISE AND SUNSET
MAY  2 2016...........SUNRISE   605 AM EDT   SUNSET   804 PM EDT
MAY  3 2016...........SUNRISE   604 AM EDT   SUNSET   805 PM EDT


-  INDICATES NEGATIVE NUMBERS.
R  INDICATES RECORD WAS SET OR TIED.
MM INDICATES DATA IS MISSING.
T  INDICATES TRACE AMOUNT.




$$
