000
CDUS41 KCTP 020653
CLIMDT


CLIMATE REPORT
NATIONAL WEATHER SERVICE STATE COLLEGE PA
153 AM EST MON MAR 2 2015


...................................

...THE HARRISBURG PA CLIMATE SUMMARY FOR MARCH 1 2015...

CLIMATE NORMAL PERIOD 1981 TO 2010
CLIMATE RECORD PERIOD 1888 TO 2015


WEATHER ITEM   OBSERVED TIME   RECORD YEAR NORMAL DEPARTURE LAST
                VALUE   (LST)  VALUE       VALUE  FROM      YEAR
                                                  NORMAL
..................................................................
TEMPERATURE (F)
 YESTERDAY
  MAXIMUM         28    758 PM  69    1972  45    -17       37
  MINIMUM         13   1235 AM   7    1980  29    -16       12
  AVERAGE         21                        37    -16       25

PRECIPITATION (IN)
  YESTERDAY        0.34          1.33 1900   0.09   0.25     0.00
  MONTH TO DATE    0.34                      0.09   0.25     0.00
  SINCE MAR 1      0.34                      0.09   0.25     0.00
  SINCE JAN 1      3.93                      5.36  -1.43     6.71

SNOWFALL (IN)
  YESTERDAY        3.3           6.4  1952   0.3    3.0      0.0
  MONTH TO DATE    3.3                       0.3    3.0      0.0
  SINCE MAR 1      3.3                       0.3    3.0      0.0
  SINCE JUL 1     30.7                      25.3    5.4     42.6
  SNOW DEPTH       T

DEGREE DAYS
 HEATING
  YESTERDAY       44                        28     16       40
  MONTH TO DATE   44                        28     16       40
  SINCE MAR 1     44                        28     16       40
  SINCE JUL 1   4347                      4016    331     4384

 COOLING
  YESTERDAY        0                         0      0        0
  MONTH TO DATE    0                         0      0        0
  SINCE MAR 1      0                         0      0        0
  SINCE JAN 1      0                         0      0        0
..................................................................


WIND (MPH)
  HIGHEST WIND SPEED     9   HIGHEST WIND DIRECTION     S (160)
  HIGHEST GUST SPEED    15   HIGHEST GUST DIRECTION    SE (150)
  AVERAGE WIND SPEED     4.2


SKY COVER
  POSSIBLE SUNSHINE  MM
  AVERAGE SKY COVER 0.9


WEATHER CONDITIONS
 THE FOLLOWING WEATHER WAS RECORDED YESTERDAY.
  LT FREEZING RAIN
  SNOW
  LIGHT SNOW
  SLEET
  FOG


RELATIVE HUMIDITY (PERCENT)
 HIGHEST    88           100 PM
 LOWEST     57           500 AM
 AVERAGE    73

..........................................................


THE HARRISBURG PA CLIMATE NORMALS FOR TODAY
                         NORMAL    RECORD    YEAR
 MAXIMUM TEMPERATURE (F)   45        74      1972
 MINIMUM TEMPERATURE (F)   29        10      1980
                                             1962
                                             1925


SUNRISE AND SUNSET
MARCH  2 2015.........SUNRISE   639 AM EST   SUNSET   600 PM EST
MARCH  3 2015.........SUNRISE   638 AM EST   SUNSET   601 PM EST


-  INDICATES NEGATIVE NUMBERS.
R  INDICATES RECORD WAS SET OR TIED.
MM INDICATES DATA IS MISSING.
T  INDICATES TRACE AMOUNT.




$$
