000
CDUS41 KCTP 220631
CLIMDT


CLIMATE REPORT
NATIONAL WEATHER SERVICE STATE COLLEGE PA
231 AM EDT FRI SEP 22 2017


...................................

...THE HARRISBURG PA CLIMATE SUMMARY FOR SEPTEMBER 21 2017...

CLIMATE NORMAL PERIOD 1981 TO 2010
CLIMATE RECORD PERIOD 1888 TO 2017


WEATHER ITEM   OBSERVED TIME   RECORD YEAR NORMAL DEPARTURE LAST
                VALUE   (LST)  VALUE       VALUE  FROM      YEAR
                                                  NORMAL
..................................................................
TEMPERATURE (F)
 YESTERDAY
  MAXIMUM         86    415 PM  94    1895  74     12       85
  MINIMUM         66    620 AM  35    1956  54     12       65
  AVERAGE         76                        64     12       75

PRECIPITATION (IN)
  YESTERDAY        0.00          2.80 1979   0.14  -0.14     0.00
  MONTH TO DATE    2.55                      2.79  -0.24     2.53
  SINCE SEP 1      2.55                      2.79  -0.24     2.53
  SINCE JAN 1     36.76                     29.73   7.03    33.30

DEGREE DAYS
 HEATING
  YESTERDAY        0                         3     -3        0
  MONTH TO DATE   28                        27      1        0
  SINCE SEP 1     28                        27      1        0
  SINCE JUL 1     30                        29      1        0

 COOLING
  YESTERDAY       11                         2      9       10
  MONTH TO DATE   79                        85     -6      206
  SINCE SEP 1     79                        85     -6      206
  SINCE JAN 1   1077                       981     96     1470
..................................................................


WIND (MPH)
  HIGHEST WIND SPEED    12   HIGHEST WIND DIRECTION    NW (320)
  HIGHEST GUST SPEED    15   HIGHEST GUST DIRECTION    NW (310)
  AVERAGE WIND SPEED     5.8


SKY COVER
  POSSIBLE SUNSHINE  MM
  AVERAGE SKY COVER 0.5


WEATHER CONDITIONS
 THE FOLLOWING WEATHER WAS RECORDED YESTERDAY.
  FOG


RELATIVE HUMIDITY (PERCENT)
 HIGHEST    93           200 AM
 LOWEST     48           500 PM
 AVERAGE    71

..........................................................


THE HARRISBURG PA CLIMATE NORMALS FOR TODAY
                         NORMAL    RECORD    YEAR
 MAXIMUM TEMPERATURE (F)   73        95      1970
                                             1931
 MINIMUM TEMPERATURE (F)   54        37      1904


SUNRISE AND SUNSET
SEPTEMBER 22 2017.....SUNRISE   655 AM EDT   SUNSET   704 PM EDT
SEPTEMBER 23 2017.....SUNRISE   656 AM EDT   SUNSET   702 PM EDT


-  INDICATES NEGATIVE NUMBERS.
R  INDICATES RECORD WAS SET OR TIED.
MM INDICATES DATA IS MISSING.
T  INDICATES TRACE AMOUNT.




$$
