000
CDUS41 KCTP 250654
CLIMDT


CLIMATE REPORT
NATIONAL WEATHER SERVICE STATE COLLEGE PA
254 AM EDT SUN SEP 25 2016


...................................

...THE HARRISBURG PA CLIMATE SUMMARY FOR SEPTEMBER 24 2016...

CLIMATE NORMAL PERIOD 1981 TO 2010
CLIMATE RECORD PERIOD 1888 TO 2016


WEATHER ITEM   OBSERVED TIME   RECORD YEAR NORMAL DEPARTURE LAST
                VALUE   (LST)  VALUE       VALUE  FROM      YEAR
                                                  NORMAL
..................................................................
TEMPERATURE (F)
 YESTERDAY
  MAXIMUM         75    256 PM  97    1970  72      3       82
  MINIMUM         55   1112 PM  30    1963  53      2       53
  AVERAGE         65                        62      3       68

PRECIPITATION (IN)
  YESTERDAY        0.01          1.94 1975   0.15  -0.14     0.00
  MONTH TO DATE    2.54                      3.22  -0.68     6.41
  SINCE SEP 1      2.54                      3.22  -0.68     6.41
  SINCE JAN 1     33.31                     30.16   3.15    31.04

DEGREE DAYS
 HEATING
  YESTERDAY        0                         4     -4        0
  MONTH TO DATE    0                        38    -38        6
  SINCE SEP 1      0                        38    -38        6
  SINCE JUL 1      0                        40    -40        6

 COOLING
  YESTERDAY        0                         1     -1        3
  MONTH TO DATE  222                        90    132      189
  SINCE SEP 1    222                        90    132      189
  SINCE JAN 1   1486                       986    500     1309
..................................................................


WIND (MPH)
  HIGHEST WIND SPEED    14   HIGHEST WIND DIRECTION    NW (330)
  HIGHEST GUST SPEED    19   HIGHEST GUST DIRECTION     N (10)
  AVERAGE WIND SPEED     5.6


SKY COVER
  POSSIBLE SUNSHINE  MM
  AVERAGE SKY COVER 0.5


WEATHER CONDITIONS
 THE FOLLOWING WEATHER WAS RECORDED YESTERDAY.
  LIGHT RAIN


RELATIVE HUMIDITY (PERCENT)
 HIGHEST    84           300 AM
 LOWEST     29           400 PM
 AVERAGE    57

..........................................................


THE HARRISBURG PA CLIMATE NORMALS FOR TODAY
                         NORMAL    RECORD    YEAR
 MAXIMUM TEMPERATURE (F)   72        93      1970
 MINIMUM TEMPERATURE (F)   52        31      1963


SUNRISE AND SUNSET
SEPTEMBER 25 2016.....SUNRISE   658 AM EDT   SUNSET   658 PM EDT
SEPTEMBER 26 2016.....SUNRISE   659 AM EDT   SUNSET   657 PM EDT


-  INDICATES NEGATIVE NUMBERS.
R  INDICATES RECORD WAS SET OR TIED.
MM INDICATES DATA IS MISSING.
T  INDICATES TRACE AMOUNT.




$$
