855
CDUS41 KCTP 220622
CLIMDT


CLIMATE REPORT
NATIONAL WEATHER SERVICE STATE COLLEGE PA
121 AM EST SUN JAN 22 2017


...................................

...THE HARRISBURG PA CLIMATE SUMMARY FOR JANUARY 21 2017...

CLIMATE NORMAL PERIOD 1981 TO 2010
CLIMATE RECORD PERIOD 1888 TO 2017


WEATHER ITEM   OBSERVED TIME   RECORD YEAR NORMAL DEPARTURE LAST
                VALUE   (LST)  VALUE       VALUE  FROM      YEAR
                                                  NORMAL
..................................................................
TEMPERATURE (F)
 YESTERDAY
  MAXIMUM         46    456 PM  64    1959  37      9       33
  MINIMUM         38    105 AM -22    1994  22     16       22
  AVERAGE         42                        30     12       28

PRECIPITATION (IN)
  YESTERDAY        T             1.56 1902   0.09  -0.09      T
  MONTH TO DATE    1.62                      1.98  -0.36     1.85
  SINCE DEC 1      3.98                      5.21  -1.23     6.14
  SINCE JAN 1      1.62                      1.98  -0.36     1.85

SNOWFALL (IN)
  YESTERDAY        0.0           5.1  1917   0.3   -0.3      0.1
  MONTH TO DATE    0.9                       5.6   -4.7      0.4
  SINCE DEC 1      1.7                      10.7   -9.0      0.4
  SINCE JUL 1      1.7                      11.3   -9.6      0.4
  SNOW DEPTH       0

DEGREE DAYS
 HEATING
  YESTERDAY       23                        35    -12       37
  MONTH TO DATE  640                       732    -92      702
  SINCE DEC 1   1537                      1694   -157     1301
  SINCE JUL 1   2323                      2733   -410     2076

 COOLING
  YESTERDAY        0                         0      0        0
  MONTH TO DATE    0                         0      0        0
  SINCE DEC 1      0                         0      0        0
  SINCE JAN 1      0                         0      0        0
..................................................................


WIND (MPH)
  HIGHEST WIND SPEED     6   HIGHEST WIND DIRECTION    NE (40)
  HIGHEST GUST SPEED     9   HIGHEST GUST DIRECTION    NE (40)
  AVERAGE WIND SPEED     0.3


SKY COVER
  POSSIBLE SUNSHINE  MM
  AVERAGE SKY COVER 1.0


WEATHER CONDITIONS
 THE FOLLOWING WEATHER WAS RECORDED YESTERDAY.
  LIGHT RAIN
  FOG
  FOG W/VISIBILITY <= 1/4 MILE


RELATIVE HUMIDITY (PERCENT)
 HIGHEST   100          1200 AM
 LOWEST    100          1200 AM
 AVERAGE   100

..........................................................


THE HARRISBURG PA CLIMATE NORMALS FOR TODAY
                         NORMAL    RECORD    YEAR
 MAXIMUM TEMPERATURE (F)   37        64      1906
 MINIMUM TEMPERATURE (F)   22        -9      1984


SUNRISE AND SUNSET
JANUARY 22 2017.......SUNRISE   724 AM EST   SUNSET   514 PM EST
JANUARY 23 2017.......SUNRISE   723 AM EST   SUNSET   515 PM EST


-  INDICATES NEGATIVE NUMBERS.
R  INDICATES RECORD WAS SET OR TIED.
MM INDICATES DATA IS MISSING.
T  INDICATES TRACE AMOUNT.




$$
