000
CDUS41 KCTP 262120
CLIMDT


CLIMATE REPORT
NATIONAL WEATHER SERVICE STATE COLLEGE PA
519 PM EDT TUE JUL 26 2016


...................................

...THE HARRISBURG PA CLIMATE SUMMARY FOR JULY 26 2016...
VALID TODAY AS OF 0500 PM LOCAL TIME.

CLIMATE NORMAL PERIOD 1981 TO 2010
CLIMATE RECORD PERIOD 1888 TO 2016


WEATHER ITEM   OBSERVED TIME   RECORD YEAR NORMAL DEPARTURE LAST
                VALUE   (LST)  VALUE       VALUE  FROM      YEAR
                                                  NORMAL
..................................................................
TEMPERATURE (F)
 TODAY
  MAXIMUM         92    329 PM 100    1966  85      7       89
                                      1940
  MINIMUM         72    505 AM  53    1976  66      6       70
  AVERAGE         82                        76      6       80

PRECIPITATION (IN)
  TODAY            0.00          1.17 1991   0.15  -0.15     0.19
  MONTH TO DATE    4.41                      3.91   0.50     2.39
  SINCE JUN 1      8.87                      7.51   1.36     9.23
  SINCE JAN 1     26.06                     23.04   3.02    21.97

DEGREE DAYS
 HEATING
  TODAY            0                         0      0        0
  MONTH TO DATE    0                         0      0        0
  SINCE JUN 1      5                        18    -13       13
  SINCE JUL 1      0                         0      0        0

 COOLING
  TODAY           17                        11      6       15
  MONTH TO DATE  377                       284     93      273
  SINCE JUN 1    643                       497    146      534
  SINCE JAN 1    740                       562    178      708
..................................................................


WIND (MPH)
  HIGHEST WIND SPEED    13   HIGHEST WIND DIRECTION    NW (330)
  HIGHEST GUST SPEED    15   HIGHEST GUST DIRECTION    NW (330)
  AVERAGE WIND SPEED     4.4


SKY COVER
  POSSIBLE SUNSHINE  MM
  AVERAGE SKY COVER 0.6


WEATHER CONDITIONS
 THE FOLLOWING WEATHER WAS RECORDED TODAY.
  FOG
  FOG W/VISIBILITY <= 1/4 MILE


RELATIVE HUMIDITY (PERCENT)
 HIGHEST   100           300 AM
 LOWEST     56           100 PM
 AVERAGE    78

..........................................................


THE HARRISBURG PA CLIMATE NORMALS FOR TOMORROW
                         NORMAL    RECORD    YEAR
 MAXIMUM TEMPERATURE (F)   85        99      1941
                                             1940
 MINIMUM TEMPERATURE (F)   66        52      1962


SUNRISE AND SUNSET
JULY 26 2016..........SUNRISE   600 AM EDT   SUNSET   827 PM EDT
JULY 27 2016..........SUNRISE   601 AM EDT   SUNSET   826 PM EDT


-  INDICATES NEGATIVE NUMBERS.
R  INDICATES RECORD WAS SET OR TIED.
MM INDICATES DATA IS MISSING.
T  INDICATES TRACE AMOUNT.




$$
