000
CDUS41 KCTP 030636
CLIMDT


CLIMATE REPORT
NATIONAL WEATHER SERVICE STATE COLLEGE PA
236 AM EDT MON AUG 3 2015


...................................

...THE HARRISBURG PA CLIMATE SUMMARY FOR AUGUST 2 2015...

CLIMATE NORMAL PERIOD 1981 TO 2010
CLIMATE RECORD PERIOD 1888 TO 2015


WEATHER ITEM   OBSERVED TIME   RECORD YEAR NORMAL DEPARTURE LAST
                VALUE   (LST)  VALUE       VALUE  FROM      YEAR
                                                  NORMAL
..................................................................
TEMPERATURE (F)
 YESTERDAY
  MAXIMUM         88    306 PM 100    2002  85      3       82
                                      1991
  MINIMUM         63    437 AM  53    1947  66     -3       68
  AVERAGE         76                        75      1       75

PRECIPITATION (IN)
  YESTERDAY        0.00          2.28 1894   0.12  -0.12      T
  MONTH TO DATE    0.00                      0.23  -0.23     0.01
  SINCE JUN 1      9.53                      8.44   1.09     8.13
  SINCE JAN 1     22.27                     23.97  -1.70    29.77

DEGREE DAYS
 HEATING
  YESTERDAY        0                         0      0        0
  MONTH TO DATE    0                         0      0        0
  SINCE JUN 1     13                        18     -5        1
  SINCE JUL 1      0                         0      0        0

 COOLING
  YESTERDAY       11                        10      1       10
  MONTH TO DATE   24                        20      4       19
  SINCE JUN 1    633                       571     62      616
  SINCE JAN 1    807                       636    171      676
..................................................................


WIND (MPH)
  HIGHEST WIND SPEED    16   HIGHEST WIND DIRECTION    SW (230)
  HIGHEST GUST SPEED    28   HIGHEST GUST DIRECTION     S (190)
  AVERAGE WIND SPEED     5.8


SKY COVER
  POSSIBLE SUNSHINE  MM
  AVERAGE SKY COVER 0.3


WEATHER CONDITIONS
 THE FOLLOWING WEATHER WAS RECORDED YESTERDAY.
  NO SIGNIFICANT WEATHER WAS OBSERVED.


RELATIVE HUMIDITY (PERCENT)
 HIGHEST    87           500 AM
 LOWEST     36           100 PM
 AVERAGE    62

..........................................................


THE HARRISBURG PA CLIMATE NORMALS FOR TODAY
                         NORMAL    RECORD    YEAR
 MAXIMUM TEMPERATURE (F)   85        99      1930
 MINIMUM TEMPERATURE (F)   66        51      1959


SUNRISE AND SUNSET
AUGUST  3 2015........SUNRISE   607 AM EDT   SUNSET   819 PM EDT
AUGUST  4 2015........SUNRISE   608 AM EDT   SUNSET   818 PM EDT


-  INDICATES NEGATIVE NUMBERS.
R  INDICATES RECORD WAS SET OR TIED.
MM INDICATES DATA IS MISSING.
T  INDICATES TRACE AMOUNT.




$$
