000
CDUS41 KCTP 230628
CLIMDT


CLIMATE REPORT
NATIONAL WEATHER SERVICE STATE COLLEGE PA
128 AM EST FRI FEB 23 2018


...................................

...THE HARRISBURG PA CLIMATE SUMMARY FOR FEBRUARY 22 2018...

CLIMATE NORMAL PERIOD 1981 TO 2010
CLIMATE RECORD PERIOD 1888 TO 2018


WEATHER ITEM   OBSERVED TIME   RECORD YEAR NORMAL DEPARTURE LAST
                VALUE   (LST)  VALUE       VALUE  FROM      YEAR
                                                  NORMAL
..................................................................
TEMPERATURE (F)
 YESTERDAY
  MAXIMUM         54   1247 AM  71    1974  43     11       62
  MINIMUM         39   1159 PM   4    1963  27     12       41
  AVERAGE         47                        35     12       52

PRECIPITATION (IN)
  YESTERDAY        0.20          1.02 1971   0.09   0.11     0.00
  MONTH TO DATE    4.38                      1.84   2.54     1.21
  SINCE DEC 1      9.56                      7.95   1.61     6.20
  SINCE JAN 1      8.38                      4.72   3.66     3.84

SNOWFALL (IN)
  YESTERDAY        0.0          12.0  1893   0.3   -0.3      0.0
  MONTH TO DATE    6.7                       8.6   -1.9      3.6
  SINCE DEC 1     18.1                      22.5   -4.4      5.5
  SINCE JUL 1     18.1                      23.1   -5.0      5.5
  SNOW DEPTH       0

DEGREE DAYS
 HEATING
  YESTERDAY       18                        30    -12       13
  MONTH TO DATE  607                       723   -116      564
  SINCE DEC 1   2728                      2773    -45     2357
  SINCE JUL 1   3583                      3812   -229     3143

 COOLING
  YESTERDAY        0                         0      0        0
  MONTH TO DATE    0                         0      0        0
  SINCE DEC 1      0                         0      0        0
  SINCE JAN 1      0                         0      0        0
..................................................................


WIND (MPH)
  HIGHEST WIND SPEED    15   HIGHEST WIND DIRECTION    NE (50)
  HIGHEST GUST SPEED    21   HIGHEST GUST DIRECTION    NE (50)
  AVERAGE WIND SPEED     5.9


SKY COVER
  POSSIBLE SUNSHINE  MM
  AVERAGE SKY COVER 0.9


WEATHER CONDITIONS
 THE FOLLOWING WEATHER WAS RECORDED YESTERDAY.
  LIGHT RAIN
  FOG
  HAZE


RELATIVE HUMIDITY (PERCENT)
 HIGHEST    86           300 PM
 LOWEST     54           400 AM
 AVERAGE    70

..........................................................


THE HARRISBURG PA CLIMATE NORMALS FOR TODAY
                         NORMAL    RECORD    YEAR
 MAXIMUM TEMPERATURE (F)   43        75      2017
 MINIMUM TEMPERATURE (F)   27         6      2015
                                             1964
                                             1907


SUNRISE AND SUNSET
FEBRUARY 23 2018......SUNRISE   649 AM EST   SUNSET   552 PM EST
FEBRUARY 24 2018......SUNRISE   648 AM EST   SUNSET   553 PM EST


-  INDICATES NEGATIVE NUMBERS.
R  INDICATES RECORD WAS SET OR TIED.
MM INDICATES DATA IS MISSING.
T  INDICATES TRACE AMOUNT.




$$
