000
CDUS43 KLOT 240636
CLIMDW


CLIMATE REPORT
NATIONAL WEATHER SERVICE CHICAGO IL
136 AM CDT TUE MAY 24 2016


...................................

...THE CHICAGO-MIDWAY CLIMATE SUMMARY FOR MAY 23 2016...

CLIMATE NORMAL PERIOD 1981 TO 2010
CLIMATE RECORD PERIOD 1928 TO 2016


WEATHER ITEM   OBSERVED TIME   RECORD YEAR NORMAL DEPARTURE LAST
                VALUE   (LST)  VALUE       VALUE  FROM      YEAR
                                                  NORMAL
..................................................................
TEMPERATURE (F)
 YESTERDAY
  MAXIMUM         84    450 PM  92    1977  72     12       83
                                      1964
  MINIMUM         54    351 AM  35    1931  54      0       53
  AVERAGE         69                        63      6       68

PRECIPITATION (IN)
  YESTERDAY        0.00          1.41 1995   0.14  -0.14     0.00
  MONTH TO DATE    3.43                      3.00   0.43     2.13
  SINCE MAR 1      8.81                      9.36  -0.55     5.55
  SINCE JAN 1      9.59                     13.36  -3.77     6.89

DEGREE DAYS
 HEATING
  YESTERDAY        0                         5     -5        0
  MONTH TO DATE  180                       160     20      125
  SINCE MAR 1   1237                      1420   -183     1321
  SINCE JUL 1   4875                      5931  -1056     6043

 COOLING
  YESTERDAY        4                         3      1        3
  MONTH TO DATE    6                        36    -30       58
  SINCE MAR 1     19                        49    -30       58
  SINCE JAN 1     19                        49    -30       58
..................................................................


WIND (MPH)
  RESULTANT WIND SPEED   5   RESULTANT WIND DIRECTION  SE (150)
  HIGHEST WIND SPEED    16   HIGHEST WIND DIRECTION    SE (140)
  HIGHEST GUST SPEED    22   HIGHEST GUST DIRECTION     S (160)
  AVERAGE WIND SPEED     6.7



WEATHER CONDITIONS
 THE FOLLOWING WEATHER WAS RECORDED YESTERDAY.
  NO SIGNIFICANT WEATHER WAS OBSERVED.


..........................................................


THE CHICAGO-MIDWAY CLIMATE NORMALS FOR TODAY
                         NORMAL    RECORD    YEAR
 MAXIMUM TEMPERATURE (F)   73        93      1950
 MINIMUM TEMPERATURE (F)   54        36      1935


SUNRISE AND SUNSET
MAY 24 2016...........SUNRISE   523 AM CDT   SUNSET   813 PM CDT
MAY 25 2016...........SUNRISE   522 AM CDT   SUNSET   814 PM CDT


-  INDICATES NEGATIVE NUMBERS.
R  INDICATES RECORD WAS SET OR TIED.
MM INDICATES DATA IS MISSING.
T  INDICATES TRACE AMOUNT.




$$
