000
CDUS43 KLOT 250640
CLIMDW


CLIMATE REPORT
NATIONAL WEATHER SERVICE CHICAGO IL
140 AM CDT FRI JUL 25 2014


...................................

...THE CHICAGO-MIDWAY CLIMATE SUMMARY FOR JULY 24 2014...

CLIMATE NORMAL PERIOD 1981 TO 2010
CLIMATE RECORD PERIOD 1928 TO 2014


WEATHER ITEM   OBSERVED TIME   RECORD YEAR NORMAL DEPARTURE LAST
                VALUE   (LST)  VALUE       VALUE  FROM      YEAR
                                                  NORMAL
..................................................................
TEMPERATURE (F)
 YESTERDAY
  MAXIMUM         75    332 PM 107    1934  84     -9       73
  MINIMUM         60    346 AM  55    1938  68     -8       62
                                      1931
  AVERAGE         68                        76     -8       68

PRECIPITATION (IN)
  YESTERDAY        0.00          4.77 2010   0.14  -0.14     0.00
  MONTH TO DATE    5.14                      3.03   2.11     0.94
  SINCE JUN 1     12.86                      7.09   5.77     4.22
  SINCE JAN 1     24.15                     21.58   2.57    21.81

DEGREE DAYS
 HEATING
  YESTERDAY        0                         0      0        0
  MONTH TO DATE    1                         0      1        0
  SINCE JUN 1      3                        31    -28       36
  SINCE JUL 1      1                         0      1        0

 COOLING
  YESTERDAY        3                        11     -8        3
  MONTH TO DATE  185                       262    -77      291
  SINCE JUN 1    436                       472    -36      472
  SINCE JAN 1    547                       546      1      578
..................................................................


WIND (MPH)
  RESULTANT WIND SPEED   6   RESULTANT WIND DIRECTION  NE (40)
  HIGHEST WIND SPEED    15   HIGHEST WIND DIRECTION    NE (30)
  HIGHEST GUST SPEED    18   HIGHEST GUST DIRECTION    NE (30)
  AVERAGE WIND SPEED     8.2



WEATHER CONDITIONS
 THE FOLLOWING WEATHER WAS RECORDED YESTERDAY.
  NO SIGNIFICANT WEATHER WAS OBSERVED.


..........................................................


THE CHICAGO-MIDWAY CLIMATE NORMALS FOR TODAY
                         NORMAL    RECORD    YEAR
 MAXIMUM TEMPERATURE (F)   84       105      1934
 MINIMUM TEMPERATURE (F)   68        58      2013


SUNRISE AND SUNSET
JULY 25 2014..........SUNRISE   538 AM CDT   SUNSET   816 PM CDT
JULY 26 2014..........SUNRISE   539 AM CDT   SUNSET   815 PM CDT


-  INDICATES NEGATIVE NUMBERS.
R  INDICATES RECORD WAS SET OR TIED.
MM INDICATES DATA IS MISSING.
T  INDICATES TRACE AMOUNT.




$$
