000
CDUS43 KLOT 280638
CLIMDW


CLIMATE REPORT
NATIONAL WEATHER SERVICE CHICAGO IL
137 AM CDT THU JUL 28 2016


...................................

...THE CHICAGO-MIDWAY CLIMATE SUMMARY FOR JULY 27 2016...

CLIMATE NORMAL PERIOD 1981 TO 2010
CLIMATE RECORD PERIOD 1928 TO 2016


WEATHER ITEM   OBSERVED TIME   RECORD YEAR NORMAL DEPARTURE LAST
                VALUE   (LST)  VALUE       VALUE  FROM      YEAR
                                                  NORMAL
..................................................................
TEMPERATURE (F)
 YESTERDAY
  MAXIMUM         90    251 PM 100    1955  84      6       90
  MINIMUM         71    507 AM  51    1937  68      3       71
  AVERAGE         81                        76      5       81

PRECIPITATION (IN)
  YESTERDAY        0.00          4.71 1966   0.14  -0.14     0.00
  MONTH TO DATE    4.47                      3.44   1.03     2.18
  SINCE JUN 1      6.03                      7.50  -1.47     5.14
  SINCE JAN 1     17.75                     21.99  -4.24    14.03

DEGREE DAYS
 HEATING
  YESTERDAY        0                         0      0        0
  MONTH TO DATE    0                         0      0        4
  SINCE JUN 1      6                        31    -25       24
  SINCE JUL 1      0                         0      0        4

 COOLING
  YESTERDAY       16                        11      5       16
  MONTH TO DATE  344                       295     49      263
  SINCE JUN 1    632                       505    127      445
  SINCE JAN 1    739                       579    160      551
..................................................................


WIND (MPH)
  RESULTANT WIND SPEED   2   RESULTANT WIND DIRECTION   S (180)
  HIGHEST WIND SPEED    15   HIGHEST WIND DIRECTION     E (70)
  HIGHEST GUST SPEED    17   HIGHEST GUST DIRECTION     E (70)
  AVERAGE WIND SPEED     4.7



WEATHER CONDITIONS
 THE FOLLOWING WEATHER WAS RECORDED YESTERDAY.
  NO SIGNIFICANT WEATHER WAS OBSERVED.


..........................................................


THE CHICAGO-MIDWAY CLIMATE NORMALS FOR TODAY
                         NORMAL    RECORD    YEAR
 MAXIMUM TEMPERATURE (F)   84       100      1983
                                             1941
 MINIMUM TEMPERATURE (F)   68        53      1981


SUNRISE AND SUNSET
JULY 28 2016..........SUNRISE   542 AM CDT   SUNSET   813 PM CDT
JULY 29 2016..........SUNRISE   543 AM CDT   SUNSET   812 PM CDT


-  INDICATES NEGATIVE NUMBERS.
R  INDICATES RECORD WAS SET OR TIED.
MM INDICATES DATA IS MISSING.
T  INDICATES TRACE AMOUNT.




$$
