000
CDUS43 KLOT 030633
CLIMDW


CLIMATE REPORT
NATIONAL WEATHER SERVICE CHICAGO IL
1232 AM CST TUE MAR 3 2015


...................................

...THE CHICAGO-MIDWAY CLIMATE SUMMARY FOR MARCH 2 2015...

CLIMATE NORMAL PERIOD 1981 TO 2010
CLIMATE RECORD PERIOD 1928 TO 2015


WEATHER ITEM   OBSERVED TIME   RECORD YEAR NORMAL DEPARTURE LAST
                VALUE   (LST)  VALUE       VALUE  FROM      YEAR
                                                  NORMAL
..................................................................
TEMPERATURE (F)
 YESTERDAY
  MAXIMUM         34    214 PM  71    1974  41     -7       16
  MINIMUM         16    702 AM  -4    1913  26    -10        5
  AVERAGE         25                        34     -9       11

PRECIPITATION (IN)
  YESTERDAY        0.00          1.02 2002   0.08  -0.08    MM
  MONTH TO DATE    0.01                      0.17  -0.16    MM
  SINCE MAR 1      0.01                      0.17  -0.16    MM
  SINCE JAN 1      1.35                      4.17  -2.82     2.49

DEGREE DAYS
 HEATING
  YESTERDAY       40                        31      9       54
  MONTH TO DATE   82                        63     19       97
  SINCE MAR 1     82                        63     19       97
  SINCE JUL 1   4804                      4574    230     5299

 COOLING
  YESTERDAY        0                         0      0        0
  MONTH TO DATE    0                         0      0        0
  SINCE MAR 1      0                         0      0        0
  SINCE JAN 1      0                         0      0        0
..................................................................


WIND (MPH)
  RESULTANT WIND SPEED   3   RESULTANT WIND DIRECTION   W (250)
  HIGHEST WIND SPEED    14   HIGHEST WIND DIRECTION     E (80)
  HIGHEST GUST SPEED    20   HIGHEST GUST DIRECTION     S (170)
  AVERAGE WIND SPEED     6.7



WEATHER CONDITIONS
 THE FOLLOWING WEATHER WAS RECORDED YESTERDAY.
  NO SIGNIFICANT WEATHER WAS OBSERVED.


..........................................................


THE CHICAGO-MIDWAY CLIMATE NORMALS FOR TODAY
                         NORMAL    RECORD    YEAR
 MAXIMUM TEMPERATURE (F)   42        80      1974
 MINIMUM TEMPERATURE (F)   27        -6      1873


SUNRISE AND SUNSET
MARCH  3 2015.........SUNRISE   623 AM CST   SUNSET   543 PM CST
MARCH  4 2015.........SUNRISE   621 AM CST   SUNSET   545 PM CST


-  INDICATES NEGATIVE NUMBERS.
R  INDICATES RECORD WAS SET OR TIED.
MM INDICATES DATA IS MISSING.
T  INDICATES TRACE AMOUNT.




$$
