000
CDUS43 KLOT 062141
CLIMDW


CLIMATE REPORT
NATIONAL WEATHER SERVICE CHICAGO IL
440 PM CDT FRI MAY 6 2016


...................................

...THE CHICAGO-MIDWAY CLIMATE SUMMARY FOR MAY 6 2016...
VALID TODAY AS OF 0400 PM LOCAL TIME.

CLIMATE NORMAL PERIOD 1981 TO 2010
CLIMATE RECORD PERIOD 1928 TO 2016


WEATHER ITEM   OBSERVED TIME   RECORD YEAR NORMAL DEPARTURE
                VALUE   (LST)  VALUE       VALUE  FROM
                                                  NORMAL
...............................................................
TEMPERATURE (F)
 TODAY
  MAXIMUM         81    259 PM  93    1934  67     14
  MINIMUM         46    208 AM  34    1989  49     -3
                                      1978
  AVERAGE         64                        58      6

PRECIPITATION (IN)
  TODAY            0.00          1.71 1941   0.12  -0.12
  MONTH TO DATE    0.78                      0.74   0.04
  SINCE MAR 1      6.16                      7.10  -0.94
  SINCE JAN 1      6.94                     11.10  -4.16

DEGREE DAYS
 HEATING
  TODAY            1                         8     -7
  MONTH TO DATE   68                        53     15
  SINCE MAR 1   1125                      1313   -188
  SINCE JUL 1   4763                      5824  -1061

 COOLING
  TODAY            0                         1     -1
  MONTH TO DATE    0                         6     -6
  SINCE MAR 1     13                        19     -6
  SINCE JAN 1     13                        19     -6
...............................................................


WIND (MPH)
  RESULTANT WIND SPEED   6   RESULTANT WIND DIRECTION  SW (240)
  HIGHEST WIND SPEED    15   HIGHEST WIND DIRECTION     W (260)
  HIGHEST GUST SPEED    24   HIGHEST GUST DIRECTION    SW (240)
  AVERAGE WIND SPEED     6.6


SKY COVER
  POSSIBLE SUNSHINE  MM
  AVERAGE SKY COVER 0.6


WEATHER CONDITIONS
 THE FOLLOWING WEATHER WAS RECORDED TODAY.
  NO SIGNIFICANT WEATHER WAS OBSERVED.


..........................................................


THE CHICAGO-MIDWAY CLIMATE NORMALS FOR TOMORROW
                         NORMAL    RECORD    YEAR
 MAXIMUM TEMPERATURE (F)   67        89      1936
 MINIMUM TEMPERATURE (F)   49        32      1974


SUNRISE AND SUNSET
MAY  6 2016...........SUNRISE   540 AM CDT   SUNSET   755 PM CDT
MAY  7 2016...........SUNRISE   539 AM CDT   SUNSET   756 PM CDT


-  INDICATES NEGATIVE NUMBERS.
R  INDICATES RECORD WAS SET OR TIED.
MM INDICATES DATA IS MISSING.
T  INDICATES TRACE AMOUNT.




$$
