000
CDUS43 KLOT 280633
CLIMDW


CLIMATE REPORT
NATIONAL WEATHER SERVICE CHICAGO IL
1233 AM CST SUN DEC 28 2014


...................................

...THE CHICAGO-MIDWAY CLIMATE SUMMARY FOR DECEMBER 27 2014...

CLIMATE NORMAL PERIOD 1981 TO 2010
CLIMATE RECORD PERIOD 1928 TO 2014


WEATHER ITEM   OBSERVED TIME   RECORD YEAR NORMAL DEPARTURE LAST
                VALUE   (LST)  VALUE       VALUE  FROM      YEAR
                                                  NORMAL
..................................................................
TEMPERATURE (F)
 YESTERDAY
  MAXIMUM         50   1122 AM  61    1982  33     17       44
  MINIMUM         32   1159 PM -12    1933  20     12       26
  AVERAGE         41                        26     15       35

PRECIPITATION (IN)
  YESTERDAY        T             2.05 2008   0.07  -0.07     0.00
  MONTH TO DATE    0.78                      2.27  -1.49     0.85
  SINCE DEC 1      0.78                      2.27  -1.49     0.85
  SINCE JAN 1     41.70                     38.79   2.91    34.42

DEGREE DAYS
 HEATING
  YESTERDAY       24                        39    -15       30
  MONTH TO DATE  767                       959   -192     1070
  SINCE DEC 1    767                       959   -192     1070
  SINCE JUL 1   2024                      2094    -70     2268

 COOLING
  YESTERDAY        0                         0      0        0
  MONTH TO DATE    0                         0      0        0
  SINCE DEC 1      0                         0      0        0
  SINCE JAN 1   1066                      1045     21     1091
..................................................................


WIND (MPH)
  RESULTANT WIND SPEED  11   RESULTANT WIND DIRECTION  SW (240)
  HIGHEST WIND SPEED    29   HIGHEST WIND DIRECTION     W (260)
  HIGHEST GUST SPEED    36   HIGHEST GUST DIRECTION     W (260)
  AVERAGE WIND SPEED    14.0



WEATHER CONDITIONS
 THE FOLLOWING WEATHER WAS RECORDED YESTERDAY.
  LIGHT RAIN
  FOG


..........................................................


THE CHICAGO-MIDWAY CLIMATE NORMALS FOR TODAY
                         NORMAL    RECORD    YEAR
 MAXIMUM TEMPERATURE (F)   32        67      1984
 MINIMUM TEMPERATURE (F)   MM        -3      1961


SUNRISE AND SUNSET
DECEMBER 28 2014......SUNRISE   718 AM CST   SUNSET   428 PM CST
DECEMBER 29 2014......SUNRISE   718 AM CST   SUNSET   428 PM CST


-  INDICATES NEGATIVE NUMBERS.
R  INDICATES RECORD WAS SET OR TIED.
MM INDICATES DATA IS MISSING.
T  INDICATES TRACE AMOUNT.




$$
