000
CDUS44 KMEG 250622
CLIMEG


CLIMATE REPORT
NATIONAL WEATHER SERVICE MEMPHIS TN
122 AM CDT SUN SEP 25 2016


...................................

...THE MEMPHIS/GERMANTOWN WFO CLIMATE SUMMARY FOR SEPTEMBER 24 2016...

CLIMATE NORMAL PERIOD 1981 TO 2010
CLIMATE RECORD PERIOD 1988 TO 2016


WEATHER ITEM   OBSERVED TIME   RECORD YEAR NORMAL DEPARTURE LAST
                VALUE   (LST)  VALUE       VALUE  FROM      YEAR
                                                  NORMAL
..................................................................
TEMPERATURE (F)
 YESTERDAY
  MAXIMUM         97R   250 PM  94    2007  82     15       90
  MINIMUM         68    550 AM  43    1990  58     10       60
  AVERAGE         83                        70     13       75

PRECIPITATION (IN)
  YESTERDAY        0.00          5.00 1997   0.11  -0.11     0.00
  MONTH TO DATE    0.56                      2.53  -1.97     1.25
  SINCE SEP 1      0.56                      2.53  -1.97     1.25
  SINCE JAN 1     51.80                     38.54  13.26    34.97

SNOWFALL (IN)
  YESTERDAY        0.0          MM      MM   0.0    0.0      0.0
  MONTH TO DATE    0.0                       0.0    0.0      0.0
  SINCE SEP 1      0.0                       0.0    0.0      0.0
  SINCE JUL 1      0.0                       0.0    0.0      0.0
  SNOW DEPTH       0

DEGREE DAYS
 HEATING
  YESTERDAY        0                         1     -1        0
  MONTH TO DATE    0                         7     -7        2
  SINCE SEP 1      0                         7     -7        2
  SINCE JUL 1      0                         7     -7        2

 COOLING
  YESTERDAY       18                         6     12       10
  MONTH TO DATE  362                       228    134      265
  SINCE SEP 1    362                       228    134      265
  SINCE JAN 1   2198                      1823    375     2004
..................................................................







THE MEMPHIS/GERMANTOWN WFO CLIMATE NORMALS FOR TODAY
                         NORMAL    RECORD    YEAR
 MAXIMUM TEMPERATURE (F)   81        92      1998
 MINIMUM TEMPERATURE (F)   57        43      1990


SUNRISE AND SUNSET
SEPTEMBER 25 2016.....SUNRISE   650 AM CDT   SUNSET   651 PM CDT
SEPTEMBER 26 2016.....SUNRISE   651 AM CDT   SUNSET   649 PM CDT


-  INDICATES NEGATIVE NUMBERS.
R  INDICATES RECORD WAS SET OR TIED.
MM INDICATES DATA IS MISSING.
T  INDICATES TRACE AMOUNT.




$$
