000
CDUS44 KMEG 280633
CLIMEG


CLIMATE REPORT
NATIONAL WEATHER SERVICE MEMPHIS TN
132 AM CDT THU AUG 28 2014


...................................

...THE MEMPHIS/GERMANTOWN WFO CLIMATE SUMMARY FOR AUGUST 27 2014...

CLIMATE NORMAL PERIOD 1981 TO 2010
CLIMATE RECORD PERIOD 1988 TO 2014


WEATHER ITEM   OBSERVED TIME   RECORD YEAR NORMAL DEPARTURE LAST
                VALUE   (LST)  VALUE       VALUE  FROM      YEAR
                                                  NORMAL
..................................................................
TEMPERATURE (F)
 YESTERDAY
  MAXIMUM         92    300 PM 101    2007  90      2       91
  MINIMUM         71    500 AM  64    2010  68      3       68
  AVERAGE         82                        79      3       80

PRECIPITATION (IN)
  YESTERDAY        0.00          0.33 1993   0.10  -0.10     0.00
  MONTH TO DATE    0.45                      2.92  -2.47     2.14
  SINCE JUN 1     16.49                     11.14   5.35    12.02
  SINCE JAN 1     42.07                     35.63   6.44    48.36

SNOWFALL (IN)
  YESTERDAY        0.0          MM      MM   0.0    0.0      0.0
  MONTH TO DATE    0.0                       0.0    0.0      0.0
  SINCE JUN 1      0.0                       0.0    0.0      0.0
  SINCE JUL 1      0.0                       0.0    0.0      0.0
  SNOW DEPTH       0

DEGREE DAYS
 HEATING
  YESTERDAY        0                         0      0        0
  MONTH TO DATE    0                         0      0        0
  SINCE JUN 1      0                         2     -2        0
  SINCE JUL 1      0                         0      0        0

 COOLING
  YESTERDAY       17                        14      3       15
  MONTH TO DATE  444                       414     30      377
  SINCE JUN 1   1218                      1291    -73     1216
  SINCE JAN 1   1517                      1542    -25     1476
..................................................................







THE MEMPHIS/GERMANTOWN WFO CLIMATE NORMALS FOR TODAY
                         NORMAL    RECORD    YEAR
 MAXIMUM TEMPERATURE (F)   90       103      2000
 MINIMUM TEMPERATURE (F)   68        59      1992


SUNRISE AND SUNSET
AUGUST 28 2014........SUNRISE   629 AM CDT   SUNSET   731 PM CDT
AUGUST 29 2014........SUNRISE   630 AM CDT   SUNSET   730 PM CDT


-  INDICATES NEGATIVE NUMBERS.
R  INDICATES RECORD WAS SET OR TIED.
MM INDICATES DATA IS MISSING.
T  INDICATES TRACE AMOUNT.




$$
