000
CDUS44 KMEG 250634
CLIMEG


CLIMATE REPORT
NATIONAL WEATHER SERVICE MEMPHIS TN
133 AM CDT TUE JUL 25 2017


...................................

...THE MEMPHIS/GERMANTOWN WFO CLIMATE SUMMARY FOR JULY 24 2017...

CLIMATE NORMAL PERIOD 1981 TO 2010
CLIMATE RECORD PERIOD 1988 TO 2017


WEATHER ITEM   OBSERVED TIME   RECORD YEAR NORMAL DEPARTURE LAST
                VALUE   (LST)  VALUE       VALUE  FROM      YEAR
                                                  NORMAL
..................................................................
TEMPERATURE (F)
 YESTERDAY
  MAXIMUM         93    434 PM  98    2011  91      2       92
                                      2010
                                      2005
  MINIMUM         73    510 AM  61    2003  71      2       75
  AVERAGE         83                        81      2       84

PRECIPITATION (IN)
  YESTERDAY        0.00          1.01 1995   0.16  -0.16     0.11
  MONTH TO DATE    5.33                      3.56   1.77     3.15
  SINCE JUN 1      9.41                      7.24   2.17     7.26
  SINCE JAN 1     30.32                     31.73  -1.41    43.71

SNOWFALL (IN)
  YESTERDAY        0.0          MM      MM                   0.0
  MONTH TO DATE    0.0                                       0.0
  SINCE JUN 1      0.0                                       0.0
  SINCE JUL 1      0.0                                       0.0
  SNOW DEPTH      MM

DEGREE DAYS
 HEATING
  YESTERDAY        0                         0      0        0
  MONTH TO DATE    0                         0      0        0
  SINCE JUN 1      0                         2     -2        0
  SINCE JUL 1      0                         0      0        0

 COOLING
  YESTERDAY       18                        16      2       19
  MONTH TO DATE  425                       382     43      446
  SINCE JUN 1    810                       763     47      921
  SINCE JAN 1   1155                      1014    141     1166
..................................................................







THE MEMPHIS/GERMANTOWN WFO CLIMATE NORMALS FOR TODAY
                         NORMAL    RECORD    YEAR
 MAXIMUM TEMPERATURE (F)   91        99      2005
 MINIMUM TEMPERATURE (F)   71        61      2014
                                             2000


SUNRISE AND SUNSET
JULY 25 2017..........SUNRISE   603 AM CDT   SUNSET   808 PM CDT
JULY 26 2017..........SUNRISE   604 AM CDT   SUNSET   807 PM CDT


-  INDICATES NEGATIVE NUMBERS.
R  INDICATES RECORD WAS SET OR TIED.
MM INDICATES DATA IS MISSING.
T  INDICATES TRACE AMOUNT.




$$
