000
CDUS44 KMEG 280732
CLIMEG


CLIMATE REPORT
NATIONAL WEATHER SERVICE MEMPHIS TN
132 AM CST SAT FEB 28 2015


...................................

...THE MEMPHIS/GERMANTOWN WFO CLIMATE SUMMARY FOR FEBRUARY 27 2015...

CLIMATE NORMAL PERIOD 1981 TO 2010
CLIMATE RECORD PERIOD 1988 TO 2015


WEATHER ITEM   OBSERVED TIME   RECORD YEAR NORMAL DEPARTURE LAST
                VALUE   (LST)  VALUE       VALUE  FROM      YEAR
                                                  NORMAL
..................................................................
TEMPERATURE (F)
 YESTERDAY
  MAXIMUM         34        MM  74    2011  57    -23       50
                                      1996
  MINIMUM         20        MM  18    2002  36    -16       19
  AVERAGE         27                        46    -19       35

PRECIPITATION (IN)
  YESTERDAY        0.00          1.52 2009   0.18  -0.18     0.00
  MONTH TO DATE    4.74                      4.50   0.24     5.33
  SINCE DEC 1      8.65                     14.40  -5.75    14.12
  SINCE JAN 1      6.08                      8.46  -2.38     8.56

SNOWFALL (IN)
  YESTERDAY        0.0           T    2008   0.1   -0.1      0.0
  MONTH TO DATE    1.9                       1.2    0.7      0.5
  SINCE DEC 1      1.9                       1.6    0.3      0.5
  SINCE JUL 1      2.2                       1.6    0.6      0.5
  SNOW DEPTH       0

DEGREE DAYS
 HEATING
  YESTERDAY       38                        19     19       30
  MONTH TO DATE  808                       599    209      674
  SINCE DEC 1   2202                      2129     73     2323
  SINCE JUL 1   2881                      2728    153     2983

 COOLING
  YESTERDAY        0                         0      0        0
  MONTH TO DATE    0                         0      0        0
  SINCE DEC 1      0                         1     -1        1
  SINCE JAN 1      0                         0      0        0
..................................................................







THE MEMPHIS/GERMANTOWN WFO CLIMATE NORMALS FOR TODAY
                         NORMAL    RECORD    YEAR
 MAXIMUM TEMPERATURE (F)   57        76      1996
 MINIMUM TEMPERATURE (F)   36        19      2002


SUNRISE AND SUNSET
FEBRUARY 28 2015......SUNRISE   630 AM CST   SUNSET   554 PM CST
MARCH  1 2015.........SUNRISE   629 AM CST   SUNSET   555 PM CST


-  INDICATES NEGATIVE NUMBERS.
R  INDICATES RECORD WAS SET OR TIED.
MM INDICATES DATA IS MISSING.
T  INDICATES TRACE AMOUNT.




$$
