000
CDUS44 KMEG 300631
CLIMEG


CLIMATE REPORT
NATIONAL WEATHER SERVICE MEMPHIS TN
131 AM CDT SAT JUL 30 2016


...................................

...THE MEMPHIS/GERMANTOWN WFO CLIMATE SUMMARY FOR JULY 29 2016...

CLIMATE NORMAL PERIOD 1981 TO 2010
CLIMATE RECORD PERIOD 1988 TO 2016


WEATHER ITEM   OBSERVED TIME   RECORD YEAR NORMAL DEPARTURE LAST
                VALUE   (LST)  VALUE       VALUE  FROM      YEAR
                                                  NORMAL
..................................................................
TEMPERATURE (F)
 YESTERDAY
  MAXIMUM         89        MM 101    2008  91     -2       99
  MINIMUM         72        MM  61    2014  71      1       77
                                      1994
  AVERAGE         81                        81      0       88

PRECIPITATION (IN)
  YESTERDAY        0.58          1.94 1998   0.13   0.45     0.00
  MONTH TO DATE    5.55                      4.28   1.27     4.83
  SINCE JUN 1      9.66                      7.96   1.70     7.77
  SINCE JAN 1     46.11                     32.45  13.66    29.45

SNOWFALL (IN)
  YESTERDAY        0.0          MM      MM   0.0    0.0      0.0
  MONTH TO DATE    0.0                       0.0    0.0      0.0
  SINCE JUN 1      0.0                       0.0    0.0      0.0
  SINCE JUL 1      0.0                       0.0    0.0      0.0
  SNOW DEPTH       0

DEGREE DAYS
 HEATING
  YESTERDAY        0                         0      0        0
  MONTH TO DATE    0                         0      0        0
  SINCE JUN 1      0                         2     -2        0
  SINCE JUL 1      0                         0      0        0

 COOLING
  YESTERDAY       16                        16      0       23
  MONTH TO DATE  540                       462     78      535
  SINCE JUN 1   1015                       843    172      987
  SINCE JAN 1   1260                      1094    166     1287
..................................................................







THE MEMPHIS/GERMANTOWN WFO CLIMATE NORMALS FOR TODAY
                         NORMAL    RECORD    YEAR
 MAXIMUM TEMPERATURE (F)   91       100      2012
 MINIMUM TEMPERATURE (F)   71        58      2014


SUNRISE AND SUNSET
JULY 30 2016..........SUNRISE   607 AM CDT   SUNSET   804 PM CDT
JULY 31 2016..........SUNRISE   608 AM CDT   SUNSET   803 PM CDT


-  INDICATES NEGATIVE NUMBERS.
R  INDICATES RECORD WAS SET OR TIED.
MM INDICATES DATA IS MISSING.
T  INDICATES TRACE AMOUNT.




$$
