000
CDUS44 KMEG 070642
CLIMEG


CLIMATE REPORT
NATIONAL WEATHER SERVICE MEMPHIS TN
142 AM CDT TUE JUL 7 2015


...................................

...THE MEMPHIS/GERMANTOWN WFO CLIMATE SUMMARY FOR JULY 6 2015...

CLIMATE NORMAL PERIOD 1981 TO 2010
CLIMATE RECORD PERIOD 1988 TO 2015


WEATHER ITEM   OBSERVED TIME   RECORD YEAR NORMAL DEPARTURE LAST
                VALUE   (LST)  VALUE       VALUE  FROM      YEAR
                                                  NORMAL
..................................................................
TEMPERATURE (F)
 YESTERDAY
  MAXIMUM         88    346 PM 102    2012  91     -3       89
  MINIMUM         69    505 AM  61    1997  71     -2       62
  AVERAGE         79                        81     -2       76

PRECIPITATION (IN)
  YESTERDAY        0.00          0.55 1955   0.14  -0.14     0.00
  MONTH TO DATE    2.22                      0.82   1.40     0.12
  SINCE JUN 1      5.16                      4.50   0.66    13.21
  SINCE JAN 1     26.84                     28.99  -2.15    38.79

SNOWFALL (IN)
  YESTERDAY        0.0          MM      MM   0.0    0.0      0.0
  MONTH TO DATE    0.0                       0.0    0.0      0.0
  SINCE JUN 1      0.0                       0.0    0.0      0.0
  SINCE JUL 1      0.0                       0.0    0.0      0.0
  SNOW DEPTH      MM

DEGREE DAYS
 HEATING
  YESTERDAY        0                         0      0        0
  MONTH TO DATE    0                         0      0        0
  SINCE JUN 1      0                         2     -2        0
  SINCE JUL 1      0                         0      0        0

 COOLING
  YESTERDAY       14                        16     -2       11
  MONTH TO DATE   74                        94    -20       63
  SINCE JUN 1    526                       475     51      480
  SINCE JAN 1    826                       726    100      779
..................................................................







THE MEMPHIS/GERMANTOWN WFO CLIMATE NORMALS FOR TODAY
                         NORMAL    RECORD    YEAR
 MAXIMUM TEMPERATURE (F)   91       100      1998
 MINIMUM TEMPERATURE (F)   71        63      2006


SUNRISE AND SUNSET
JULY  7 2015..........SUNRISE   551 AM CDT   SUNSET   817 PM CDT
JULY  8 2015..........SUNRISE   552 AM CDT   SUNSET   816 PM CDT


-  INDICATES NEGATIVE NUMBERS.
R  INDICATES RECORD WAS SET OR TIED.
MM INDICATES DATA IS MISSING.
T  INDICATES TRACE AMOUNT.




$$
