000
CDUS44 KMEG 290632
CLIMEG


CLIMATE REPORT
NATIONAL WEATHER SERVICE MEMPHIS TN
132 AM CDT SAT AUG 29 2015


...................................

...THE MEMPHIS/GERMANTOWN WFO CLIMATE SUMMARY FOR AUGUST 28 2015...

CLIMATE NORMAL PERIOD 1981 TO 2010
CLIMATE RECORD PERIOD 1988 TO 2015


WEATHER ITEM   OBSERVED TIME   RECORD YEAR NORMAL DEPARTURE LAST
                VALUE   (LST)  VALUE       VALUE  FROM      YEAR
                                                  NORMAL
..................................................................
TEMPERATURE (F)
 YESTERDAY
  MAXIMUM         89        MM 103    2000  90     -1       97
  MINIMUM         59R       MM  59    1992  68     -9       70
  AVERAGE         74                        79     -5       84

PRECIPITATION (IN)
  YESTERDAY        0.00          0.41 1987   0.09  -0.09     0.00
  MONTH TO DATE    4.20                      3.01   1.19     0.45
  SINCE JUN 1     11.97                     11.23   0.74    16.49
  SINCE JAN 1     33.65                     35.72  -2.07    42.07

SNOWFALL (IN)
  YESTERDAY        0.0          MM      MM   0.0    0.0      0.0
  MONTH TO DATE    0.0                       0.0    0.0      0.0
  SINCE JUN 1      0.0                       0.0    0.0      0.0
  SINCE JUL 1      0.0                       0.0    0.0      0.0
  SNOW DEPTH       0

DEGREE DAYS
 HEATING
  YESTERDAY        0                         0      0        0
  MONTH TO DATE    0                         0      0        0
  SINCE JUN 1      0                         2     -2        0
  SINCE JUL 1      0                         0      0        0

 COOLING
  YESTERDAY        9                        14     -5       19
  MONTH TO DATE  374                       428    -54      463
  SINCE JUN 1   1392                      1305     87     1237
  SINCE JAN 1   1692                      1556    136     1536
..................................................................







THE MEMPHIS/GERMANTOWN WFO CLIMATE NORMALS FOR TODAY
                         NORMAL    RECORD    YEAR
 MAXIMUM TEMPERATURE (F)   89       104      2000
 MINIMUM TEMPERATURE (F)   68        54      1992


SUNRISE AND SUNSET
AUGUST 29 2015........SUNRISE   629 AM CDT   SUNSET   730 PM CDT
AUGUST 30 2015........SUNRISE   630 AM CDT   SUNSET   729 PM CDT


-  INDICATES NEGATIVE NUMBERS.
R  INDICATES RECORD WAS SET OR TIED.
MM INDICATES DATA IS MISSING.
T  INDICATES TRACE AMOUNT.




$$
