000
CDUS44 KMEG 230637
CLIMEG


CLIMATE REPORT
NATIONAL WEATHER SERVICE MEMPHIS TN
137 AM CDT SAT SEP 23 2017


...................................

...THE MEMPHIS/GERMANTOWN WFO CLIMATE SUMMARY FOR SEPTEMBER 22 2017...

CLIMATE NORMAL PERIOD 1981 TO 2010
CLIMATE RECORD PERIOD 1988 TO 2017


WEATHER ITEM   OBSERVED TIME   RECORD YEAR NORMAL DEPARTURE LAST
                VALUE   (LST)  VALUE       VALUE  FROM      YEAR
                                                  NORMAL
..................................................................
TEMPERATURE (F)
 YESTERDAY
  MAXIMUM         93        MM  96    2010  82     11       95
  MINIMUM         71        MM  44    1991  59     12       65
  AVERAGE         82                        71     11       80

PRECIPITATION (IN)
  YESTERDAY        0.00          1.89 1992   0.11  -0.11     0.00
  MONTH TO DATE    1.37                      2.32  -0.95     0.56
  SINCE SEP 1      1.37                      2.32  -0.95     0.56
  SINCE JAN 1     40.56                     38.33   2.23    51.80

SNOWFALL (IN)
  YESTERDAY        0.0          MM      MM                   0.0
  MONTH TO DATE    0.0                                       0.0
  SINCE SEP 1      0.0                                       0.0
  SINCE JUL 1      0.0                                       0.0
  SNOW DEPTH       0

DEGREE DAYS
 HEATING
  YESTERDAY        0                         1     -1        0
  MONTH TO DATE    4                         5     -1        0
  SINCE SEP 1      4                         5     -1        0
  SINCE JUL 1      4                         5     -1        0

 COOLING
  YESTERDAY       17                         7     10       15
  MONTH TO DATE  193                       216    -23      326
  SINCE SEP 1    193                       216    -23      326
  SINCE JAN 1   1885                      1811     74     2162
..................................................................







THE MEMPHIS/GERMANTOWN WFO CLIMATE NORMALS FOR TODAY
                         NORMAL    RECORD    YEAR
 MAXIMUM TEMPERATURE (F)   82        97      2016
 MINIMUM TEMPERATURE (F)   58        44      1999


SUNRISE AND SUNSET
SEPTEMBER 23 2017.....SUNRISE   648 AM CDT   SUNSET   654 PM CDT
SEPTEMBER 24 2017.....SUNRISE   649 AM CDT   SUNSET   653 PM CDT


-  INDICATES NEGATIVE NUMBERS.
R  INDICATES RECORD WAS SET OR TIED.
MM INDICATES DATA IS MISSING.
T  INDICATES TRACE AMOUNT.




$$
