000
CDUS44 KMEG 020641
CLIMEG


CLIMATE REPORT
NATIONAL WEATHER SERVICE MEMPHIS TN
140 AM CDT THU OCT 2 2014


...................................

...THE MEMPHIS/GERMANTOWN WFO CLIMATE SUMMARY FOR OCTOBER 1 2014...

CLIMATE NORMAL PERIOD 1981 TO 2010
CLIMATE RECORD PERIOD 1988 TO 2014


WEATHER ITEM   OBSERVED TIME   RECORD YEAR NORMAL DEPARTURE LAST
                VALUE   (LST)  VALUE       VALUE  FROM      YEAR
                                                  NORMAL
..................................................................
TEMPERATURE (F)
 YESTERDAY
  MAXIMUM         90   1100 PM  94    1998  79     11       85
  MINIMUM         63    300 AM  42    1992  55      8       67
  AVERAGE         77                        67     10       76

PRECIPITATION (IN)
  YESTERDAY        0.00          2.01 1988   0.14  -0.14      T
  MONTH TO DATE    0.00                      0.14  -0.14      T
  SINCE SEP 1      5.09                      3.42   1.67     3.70
  SINCE JAN 1     48.05                     39.43   8.62    52.06

SNOWFALL (IN)
  YESTERDAY        0.0          MM      MM   0.0    0.0      0.0
  MONTH TO DATE    0.0                       0.0    0.0      0.0
  SINCE SEP 1      0.0                       0.0    0.0      0.0
  SINCE JUL 1      0.0                       0.0    0.0      0.0
  SNOW DEPTH       0

DEGREE DAYS
 HEATING
  YESTERDAY        0                         2     -2        0
  MONTH TO DATE    0                         2     -2        0
  SINCE SEP 1      5                        20    -15        0
  SINCE JUL 1      5                        20    -15        0

 COOLING
  YESTERDAY       12                         4      8       11
  MONTH TO DATE   12                         4      8       11
  SINCE SEP 1    299                       261     38      334
  SINCE JAN 1   1880                      1856     24     1882
..................................................................







THE MEMPHIS/GERMANTOWN WFO CLIMATE NORMALS FOR TODAY
                         NORMAL    RECORD    YEAR
 MAXIMUM TEMPERATURE (F)   79        92      2006
 MINIMUM TEMPERATURE (F)   54        40      2003


SUNRISE AND SUNSET
OCTOBER  2 2014.......SUNRISE   655 AM CDT   SUNSET   642 PM CDT
OCTOBER  3 2014.......SUNRISE   655 AM CDT   SUNSET   640 PM CDT


-  INDICATES NEGATIVE NUMBERS.
R  INDICATES RECORD WAS SET OR TIED.
MM INDICATES DATA IS MISSING.
T  INDICATES TRACE AMOUNT.




$$
