000
CDUS44 KMEG 250741
CLIMEG


CLIMATE REPORT
NATIONAL WEATHER SERVICE MEMPHIS TN
140 AM CST THU DEC 25 2014


...................................

...THE MEMPHIS/GERMANTOWN WFO CLIMATE SUMMARY FOR DECEMBER 24 2014...

CLIMATE NORMAL PERIOD 1981 TO 2010
CLIMATE RECORD PERIOD 1988 TO 2014


WEATHER ITEM   OBSERVED TIME   RECORD YEAR NORMAL DEPARTURE LAST
                VALUE   (LST)  VALUE       VALUE  FROM      YEAR
                                                  NORMAL
..................................................................
TEMPERATURE (F)
 YESTERDAY
  MAXIMUM         48        MM  68    2008  49     -1       34
  MINIMUM         41        MM  -4    1989  31     10       24
  AVERAGE         45                        40      5       29

PRECIPITATION (IN)
  YESTERDAY        0.02          1.87 2008   0.19  -0.17     0.00
  MONTH TO DATE    2.15                      4.72  -2.57     5.35
  SINCE DEC 1      2.15                      4.72  -2.57     5.35
  SINCE JAN 1     57.30                     53.67   3.63    63.92

SNOWFALL (IN)
  YESTERDAY        0.0           T    2002   0.0    0.0      0.0
                                      1990
  MONTH TO DATE    T                         0.1   -0.1       T
  SINCE DEC 1      T                         0.1   -0.1       T
  SINCE JUL 1      0.3                       0.1    0.2       T
  SNOW DEPTH       0

DEGREE DAYS
 HEATING
  YESTERDAY       20                        25     -5       36
  MONTH TO DATE  448                       545    -97      531
  SINCE DEC 1    448                       545    -97      531
  SINCE JUL 1   1127                      1144    -17     1191

 COOLING
  YESTERDAY        0                         0      0        0
  MONTH TO DATE    0                         0      0        1
  SINCE DEC 1      0                         0      0        1
  SINCE JAN 1   1967                      1926     41     1965
..................................................................







THE MEMPHIS/GERMANTOWN WFO CLIMATE NORMALS FOR TODAY
                         NORMAL    RECORD    YEAR
 MAXIMUM TEMPERATURE (F)   49        64      1988
 MINIMUM TEMPERATURE (F)   30         2      1989


SUNRISE AND SUNSET
DECEMBER 25 2014......SUNRISE   705 AM CST   SUNSET   453 PM CST
DECEMBER 26 2014......SUNRISE   706 AM CST   SUNSET   454 PM CST


-  INDICATES NEGATIVE NUMBERS.
R  INDICATES RECORD WAS SET OR TIED.
MM INDICATES DATA IS MISSING.
T  INDICATES TRACE AMOUNT.




$$
