000
CDUS44 KJAN 040919
CLIMEI


CLIMATE REPORT
NATIONAL WEATHER SERVICE JACKSON MS
316 AM CST WED MAR 4 2015


...................................

...THE MERIDIAN CLIMATE SUMMARY FOR MARCH 3 2015...

CLIMATE NORMAL PERIOD 1981 TO 2010
CLIMATE RECORD PERIOD 1889 TO 2015


WEATHER ITEM   OBSERVED TIME   RECORD YEAR NORMAL DEPARTURE LAST
                VALUE   (LST)  VALUE       VALUE  FROM      YEAR
                                                  NORMAL
..................................................................
TEMPERATURE (F)
 YESTERDAY
  MAXIMUM         75    330 PM  84    1951  66      9       65
  MINIMUM         52    320 AM  15    1980  40     12       28
                                      1943
  AVERAGE         64                        53     11       47

PRECIPITATION (IN)
  YESTERDAY        0.01          6.48 1979   0.18  -0.17     0.41
  MONTH TO DATE    0.60                      0.56   0.04     0.41
  SINCE MAR 1      0.60                      0.56   0.04     0.41
  SINCE JAN 1     11.44                     11.29   0.15     9.76

SNOWFALL (IN)
  YESTERDAY        0.0           0.0  2002   0.0    0.0      0.0
                                      2001
  MONTH TO DATE    0.0                       0.0    0.0      0.0
  SINCE MAR 1      0.0                       0.0    0.0      0.0
  SINCE JUL 1      T                         0.3   -0.3      2.5

DEGREE DAYS
 HEATING
  YESTERDAY        1                        13    -12       18
  MONTH TO DATE   21                        39    -18       22
  SINCE MAR 1     21                        39    -18       22
  SINCE JUL 1   2262                      2136    126     2398

 COOLING
  YESTERDAY        0                         0      0        0
  MONTH TO DATE    0                         0      0        2
  SINCE MAR 1      0                         0      0        2
  SINCE JAN 1      0                         7     -7        9
..................................................................


WIND (MPH)
  HIGHEST WIND SPEED    17   HIGHEST WIND DIRECTION     S (180)
  HIGHEST GUST SPEED    22   HIGHEST GUST DIRECTION     S (200)
  AVERAGE WIND SPEED     7.3


SKY COVER
  POSSIBLE SUNSHINE  MM
  AVERAGE SKY COVER 1.0


WEATHER CONDITIONS
 THE FOLLOWING WEATHER WAS RECORDED YESTERDAY.
  LIGHT RAIN
  FOG
  FOG W/VISIBILITY <= 1/4 MILE


RELATIVE HUMIDITY (PERCENT)
 HIGHEST   100          1200 AM
 LOWEST     68           300 PM
 AVERAGE    84

..........................................................


THE MERIDIAN CLIMATE NORMALS FOR TODAY
                         NORMAL    RECORD    YEAR
 MAXIMUM TEMPERATURE (F)   66        84      1974
                                             1955
 MINIMUM TEMPERATURE (F)   40        18      1943


SUNRISE AND SUNSET
MARCH  4 2015.........SUNRISE   619 AM CST   SUNSET   555 PM CST
MARCH  5 2015.........SUNRISE   618 AM CST   SUNSET   555 PM CST


-  INDICATES NEGATIVE NUMBERS.
R  INDICATES RECORD WAS SET OR TIED.
MM INDICATES DATA IS MISSING.
T  INDICATES TRACE AMOUNT.




$$
