000
CDUS44 KJAN 220653
CLIMEI


CLIMATE REPORT
NATIONAL WEATHER SERVICE JACKSON MS
150 AM CDT TUE AUG 22 2017


...................................

...THE MERIDIAN CLIMATE SUMMARY FOR AUGUST 21 2017...

CLIMATE NORMAL PERIOD 1981 TO 2010
CLIMATE RECORD PERIOD 1889 TO 2017


WEATHER ITEM   OBSERVED TIME   RECORD YEAR NORMAL DEPARTURE LAST
                VALUE   (LST)  VALUE       VALUE  FROM      YEAR
                                                  NORMAL
..................................................................
TEMPERATURE (F)
 YESTERDAY
  MAXIMUM         94    358 PM 104    1980  91      3       94
  MINIMUM         75    546 AM  56    1893  69      6       75
  AVERAGE         85                        80      5       85

PRECIPITATION (IN)
  YESTERDAY        0.00          1.48 1970   0.13  -0.13      T
  MONTH TO DATE    7.70                      2.86   4.84     4.34
  SINCE JUN 1     23.98                     12.40  11.58    11.65
  SINCE JAN 1     52.62                     37.83  14.79    36.64

SNOWFALL (IN)
  YESTERDAY        0.0           0.0  2002   0.0    0.0      0.0
                                      2001
  MONTH TO DATE    0.0                       0.0    0.0      0.0
  SINCE JUN 1      0.0                       0.0    0.0      0.0
  SINCE JUL 1      0.0                       0.0    0.0      0.0

DEGREE DAYS
 HEATING
  YESTERDAY        0                         0      0        0
  MONTH TO DATE    0                         0      0        0
  SINCE JUN 1      0                         0      0        0
  SINCE JUL 1      0                         0      0        0

 COOLING
  YESTERDAY       20                        15      5       20
  MONTH TO DATE  371                       329     42      425
  SINCE JUN 1   1330                      1193    137     1599
  SINCE JAN 1   1823                      1476    347     1911
..................................................................


WIND (MPH)
  HIGHEST WIND SPEED    13   HIGHEST WIND DIRECTION     S (170)
  HIGHEST GUST SPEED    18   HIGHEST GUST DIRECTION     S (170)
  AVERAGE WIND SPEED     3.0


SKY COVER
  POSSIBLE SUNSHINE  MM
  AVERAGE SKY COVER 0.0


WEATHER CONDITIONS
 THE FOLLOWING WEATHER WAS RECORDED YESTERDAY.
  FOG


RELATIVE HUMIDITY (PERCENT)
 HIGHEST   100           400 AM
 LOWEST     49           300 PM
 AVERAGE    75

..........................................................


THE MERIDIAN CLIMATE NORMALS FOR TODAY
                         NORMAL    RECORD    YEAR
 MAXIMUM TEMPERATURE (F)   91       101      2007
 MINIMUM TEMPERATURE (F)   69        53      1956


SUNRISE AND SUNSET
AUGUST 22 2017........SUNRISE   624 AM CDT   SUNSET   731 PM CDT
AUGUST 23 2017........SUNRISE   624 AM CDT   SUNSET   730 PM CDT


-  INDICATES NEGATIVE NUMBERS.
R  INDICATES RECORD WAS SET OR TIED.
MM INDICATES DATA IS MISSING.
T  INDICATES TRACE AMOUNT.




$$
