000
CDUS44 KJAN 010926
CLIMEI


CLIMATE REPORT
NATIONAL WEATHER SERVICE JACKSON MS
419 AM CDT SAT NOV 1 2014


...................................

...THE MERIDIAN CLIMATE SUMMARY FOR OCTOBER 31 2014...

CLIMATE NORMAL PERIOD 1981 TO 2010
CLIMATE RECORD PERIOD 1889 TO 2014


WEATHER ITEM   OBSERVED TIME   RECORD YEAR NORMAL DEPARTURE LAST
                VALUE   (LST)  VALUE       VALUE  FROM      YEAR
                                                  NORMAL
..................................................................
TEMPERATURE (F)
 YESTERDAY
  MAXIMUM         72    120 PM  87    1998  73     -1       74
                                      1961
                                      1950
  MINIMUM         40    638 AM  28    1993  46     -6       67
                                      1917
  AVERAGE         56                        59     -3       71

PRECIPITATION (IN)
  YESTERDAY        0.00          2.38 1979   0.13  -0.13     0.40
  MONTH TO DATE    2.29                      3.76  -1.47     2.90
  SINCE SEP 1      3.98                      7.19  -3.21     5.63
  SINCE JAN 1     42.34                     46.15  -3.81    55.15

SNOWFALL (IN)
  YESTERDAY        0.0           0.0  2001   0.0    0.0      0.0
  MONTH TO DATE    0.0                       0.0    0.0      0.0
  SINCE SEP 1      0.0                       0.0    0.0      0.0
  SINCE JUL 1      0.0                       0.0    0.0      0.0

DEGREE DAYS
 HEATING
  YESTERDAY        9                         7      2        0
  MONTH TO DATE   83                       117    -34       88
  SINCE SEP 1     83                       124    -41       88
  SINCE JUL 1     83                       124    -41       88

 COOLING
  YESTERDAY        0                         1     -1        6
  MONTH TO DATE  123                        90     33      116
  SINCE SEP 1    492                       393     99      456
  SINCE JAN 1   2085                      2013     72     2036
..................................................................


WIND (MPH)
  HIGHEST WIND SPEED    25   HIGHEST WIND DIRECTION     N (10)
  HIGHEST GUST SPEED    33   HIGHEST GUST DIRECTION     N (350)
  AVERAGE WIND SPEED    10.9


SKY COVER
  POSSIBLE SUNSHINE  MM
  AVERAGE SKY COVER 0.2


WEATHER CONDITIONS
 THE FOLLOWING WEATHER WAS RECORDED YESTERDAY.
  NO SIGNIFICANT WEATHER WAS OBSERVED.


RELATIVE HUMIDITY (PERCENT)
 HIGHEST   100           500 AM
 LOWEST     38          1000 PM
 AVERAGE    69

..........................................................


THE MERIDIAN CLIMATE NORMALS FOR TODAY
                         NORMAL    RECORD    YEAR
 MAXIMUM TEMPERATURE (F)   72        86      1982
                                             1961
 MINIMUM TEMPERATURE (F)   45        25      1993


SUNRISE AND SUNSET
NOVEMBER  1 2014......SUNRISE   712 AM CDT   SUNSET   605 PM CDT
NOVEMBER  2 2014......SUNRISE   613 AM CST   SUNSET   504 PM CST


-  INDICATES NEGATIVE NUMBERS.
R  INDICATES RECORD WAS SET OR TIED.
MM INDICATES DATA IS MISSING.
T  INDICATES TRACE AMOUNT.




$$
