000
CDUS44 KJAN 030657
CLIMEI


CLIMATE REPORT
NATIONAL WEATHER SERVICE JACKSON MS
152 AM CDT WED SEP 3 2014


...................................

...THE MERIDIAN CLIMATE SUMMARY FOR SEPTEMBER 2 2014...

CLIMATE NORMAL PERIOD 1981 TO 2010
CLIMATE RECORD PERIOD 1889 TO 2014


WEATHER ITEM   OBSERVED TIME   RECORD YEAR NORMAL DEPARTURE LAST
                VALUE   (LST)  VALUE       VALUE  FROM      YEAR
                                                  NORMAL
..................................................................
TEMPERATURE (F)
 YESTERDAY
  MAXIMUM         90   1220 PM 100    1951  90      0       94
                                      1947
  MINIMUM         72   1159 PM  54    1892  67      5       71
  AVERAGE         81                        79      2       83

PRECIPITATION (IN)
  YESTERDAY        0.01          2.53 1941   0.11  -0.10      T
  MONTH TO DATE    0.01                      0.22  -0.21      T
  SINCE SEP 1      0.01                      0.22  -0.21      T
  SINCE JAN 1     38.37                     39.18  -0.81    49.52

SNOWFALL (IN)
  YESTERDAY        0.0           0.0  2002   0.0    0.0      0.0
                                      2001
  MONTH TO DATE    0.0                       0.0    0.0      0.0
  SINCE SEP 1      0.0                       0.0    0.0      0.0
  SINCE JUL 1      0.0                       0.0    0.0      0.0

DEGREE DAYS
 HEATING
  YESTERDAY        0                         0      0        0
  MONTH TO DATE    0                         0      0        0
  SINCE SEP 1      0                         0      0        0
  SINCE JUL 1      0                         0      0        0

 COOLING
  YESTERDAY       16                        14      2       18
  MONTH TO DATE   32                        28      4       36
  SINCE SEP 1     32                        28      4       36
  SINCE JAN 1   1625                      1648    -23     1616
..................................................................


WIND (MPH)
  HIGHEST WIND SPEED    20   HIGHEST WIND DIRECTION     W (260)
  HIGHEST GUST SPEED    30   HIGHEST GUST DIRECTION     W (270)
  AVERAGE WIND SPEED     4.1


SKY COVER
  POSSIBLE SUNSHINE  MM
  AVERAGE SKY COVER 0.1


WEATHER CONDITIONS
 THE FOLLOWING WEATHER WAS RECORDED YESTERDAY.
  THUNDERSTORM
  LIGHT RAIN


RELATIVE HUMIDITY (PERCENT)
 HIGHEST    94           700 AM
 LOWEST     55           100 PM
 AVERAGE    75

..........................................................


THE MERIDIAN CLIMATE NORMALS FOR TODAY
                         NORMAL    RECORD    YEAR
 MAXIMUM TEMPERATURE (F)   90       101      1990
                                             1951
 MINIMUM TEMPERATURE (F)   67        54      1987


SUNRISE AND SUNSET
SEPTEMBER  3 2014.....SUNRISE   631 AM CDT   SUNSET   717 PM CDT
SEPTEMBER  4 2014.....SUNRISE   632 AM CDT   SUNSET   715 PM CDT


-  INDICATES NEGATIVE NUMBERS.
R  INDICATES RECORD WAS SET OR TIED.
MM INDICATES DATA IS MISSING.
T  INDICATES TRACE AMOUNT.




$$
