000
CDUS44 KJAN 262212
CLIMEI


CLIMATE REPORT
NATIONAL WEATHER SERVICE JACKSON MS
502 PM CDT WED APR 26 2017


...................................

...THE MERIDIAN CLIMATE SUMMARY FOR APRIL 26 2017...
VALID AS OF 0500 PM LOCAL TIME.

CLIMATE NORMAL PERIOD 1981 TO 2010
CLIMATE RECORD PERIOD 1889 TO 2017


WEATHER ITEM   OBSERVED TIME   RECORD YEAR NORMAL DEPARTURE LAST
                VALUE   (LST)  VALUE       VALUE  FROM      YEAR
                                                  NORMAL
..................................................................
TEMPERATURE (F)
 TODAY
  MAXIMUM         84    300 PM  89    1989  79      5       85
  MINIMUM         55        MM  34    1910  52      3       59
  AVERAGE         70                        65      5       72

PRECIPITATION (IN)
  TODAY            0.00          2.63 1964   0.16  -0.16     0.00
  MONTH TO DATE    6.72                      4.20   2.52     3.85
  SINCE MAR 1     12.49                      9.62   2.87    16.23
  SINCE JAN 1     22.06                     20.35   1.71    23.72

SNOWFALL (IN)
  TODAY            0.0           0.0    MM   0.0    0.0      0.0
  MONTH TO DATE    0.0                       0.1   -0.1      0.0
  SINCE MAR 1      0.0                       0.3   -0.3      0.0
  SINCE JUL 1      0.8                       0.6    0.2       T

DEGREE DAYS
 HEATING
  TODAY            0                         2     -2        0
  MONTH TO DATE   31                       122    -91       63
  SINCE MAR 1    221                       429   -208      245
  SINCE JUL 1   1349                      2526  -1177     1807

 COOLING
  TODAY            5                         3      2        7
  MONTH TO DATE  107                        46     61       33
  SINCE MAR 1    181                        63    118       65
  SINCE JAN 1    227                        70    157       70
..................................................................


WIND (MPH)
  HIGHEST WIND SPEED    17   HIGHEST WIND DIRECTION     S (180)
  HIGHEST GUST SPEED    24   HIGHEST GUST DIRECTION     S (200)
  AVERAGE WIND SPEED     8.5


SKY COVER
  POSSIBLE SUNSHINE  MM
  AVERAGE SKY COVER 0.2


WEATHER CONDITIONS
 THE FOLLOWING WEATHER WAS RECORDED TODAY.
  NO SIGNIFICANT WEATHER WAS OBSERVED.


RELATIVE HUMIDITY (PERCENT)
 HIGHEST    93           200 AM
 LOWEST     44           300 PM
 AVERAGE    69

..........................................................


THE MERIDIAN CLIMATE NORMALS FOR TOMORROW
                         NORMAL    RECORD    YEAR
 MAXIMUM TEMPERATURE (F)   79        92      1987
 MINIMUM TEMPERATURE (F)   53        39      1992
                                             1976


SUNRISE AND SUNSET
APRIL 26 2017.........SUNRISE   613 AM CDT   SUNSET   733 PM CDT
APRIL 27 2017.........SUNRISE   612 AM CDT   SUNSET   733 PM CDT


-  INDICATES NEGATIVE NUMBERS.
R  INDICATES RECORD WAS SET OR TIED.
MM INDICATES DATA IS MISSING.
T  INDICATES TRACE AMOUNT.




$$
