000
CDUS44 KJAN 290725
CLIMEI


CLIMATE REPORT
NATIONAL WEATHER SERVICE JACKSON MS
221 AM CDT TUE JUL 29 2014


...................................

...THE MERIDIAN CLIMATE SUMMARY FOR JULY 28 2014...

CLIMATE NORMAL PERIOD 1981 TO 2010
CLIMATE RECORD PERIOD 1889 TO 2014


WEATHER ITEM   OBSERVED TIME   RECORD YEAR NORMAL DEPARTURE LAST
                VALUE   (LST)  VALUE       VALUE  FROM      YEAR
                                                  NORMAL
..................................................................
TEMPERATURE (F)
 YESTERDAY
  MAXIMUM         94    200 PM 103    1952  92      2       89
  MINIMUM         70   1159 PM  61    1911  70      0       73
  AVERAGE         82                        81      1       81

PRECIPITATION (IN)
  YESTERDAY        0.00          2.15 1923   0.15  -0.15     0.00
  MONTH TO DATE    1.89                      4.65  -2.76     4.61
  SINCE JUN 1      4.43                      9.05  -4.62    11.20
  SINCE JAN 1     36.15                     34.48   1.67    45.83

SNOWFALL (IN)
  YESTERDAY        0.0           0.0    MM   0.0    0.0      0.0
  MONTH TO DATE    0.0                       0.0    0.0      0.0
  SINCE JUN 1      0.0                       0.0    0.0      0.0
  SINCE JUL 1      0.0                       0.0    0.0      0.0

DEGREE DAYS
 HEATING
  YESTERDAY        0                         0      0        0
  MONTH TO DATE    0                         0      0        0
  SINCE JUN 1      0                         0      0        0
  SINCE JUL 1      0                         0      0        0

 COOLING
  YESTERDAY       17                        16      1       16
  MONTH TO DATE  397                       439    -42      392
  SINCE JUN 1    807                       819    -12      812
  SINCE JAN 1   1077                      1102    -25     1072
..................................................................


WIND (MPH)
  HIGHEST WIND SPEED    15   HIGHEST WIND DIRECTION    NW (300)
  HIGHEST GUST SPEED    20   HIGHEST GUST DIRECTION     W (290)
  AVERAGE WIND SPEED     6.1


SKY COVER
  POSSIBLE SUNSHINE  MM
  AVERAGE SKY COVER 0.3


WEATHER CONDITIONS
 THE FOLLOWING WEATHER WAS RECORDED YESTERDAY.
  NO SIGNIFICANT WEATHER WAS OBSERVED.


RELATIVE HUMIDITY (PERCENT)
 HIGHEST    94           100 AM
 LOWEST     43           600 PM
 AVERAGE    69

..........................................................


THE MERIDIAN CLIMATE NORMALS FOR TODAY
                         NORMAL    RECORD    YEAR
 MAXIMUM TEMPERATURE (F)   92       102      1930
 MINIMUM TEMPERATURE (F)   70        61      1994


SUNRISE AND SUNSET
JULY 29 2014..........SUNRISE   608 AM CDT   SUNSET   755 PM CDT
JULY 30 2014..........SUNRISE   608 AM CDT   SUNSET   754 PM CDT


-  INDICATES NEGATIVE NUMBERS.
R  INDICATES RECORD WAS SET OR TIED.
MM INDICATES DATA IS MISSING.
T  INDICATES TRACE AMOUNT.




$$
