014
CDUS44 KJAN 180747
CLIMEI


CLIMATE REPORT
NATIONAL WEATHER SERVICE JACKSON MS
144 AM CST THU JAN 18 2018


...................................

...THE MERIDIAN CLIMATE SUMMARY FOR JANUARY 17 2018...

CLIMATE NORMAL PERIOD 1981 TO 2010
CLIMATE RECORD PERIOD 1889 TO 2018


WEATHER ITEM   OBSERVED TIME   RECORD YEAR NORMAL DEPARTURE LAST
                VALUE   (LST)  VALUE       VALUE  FROM      YEAR
                                                  NORMAL
..................................................................
TEMPERATURE (F)
 YESTERDAY
  MAXIMUM         33    324 PM  80    1943  56    -23       79
  MINIMUM         10R   710 AM  10    1977  33    -23       61
  AVERAGE         22                        44    -22       70

PRECIPITATION (IN)
  YESTERDAY        0.00          3.40 1925   0.17  -0.17     0.00
  MONTH TO DATE    0.77                      2.55  -1.78     3.53
  SINCE DEC 1      4.86                      7.61  -2.75     7.43
  SINCE JAN 1      0.77                      2.55  -1.78     3.53

SNOWFALL (IN)
  YESTERDAY        0.0           2.0  1948   0.0    0.0      0.0
  MONTH TO DATE    0.3                       0.1    0.2      0.8
  SINCE DEC 1      5.3                       0.2    5.1      0.8
  SINCE JUL 1      5.3                       0.2    5.1      0.8

DEGREE DAYS
 HEATING
  YESTERDAY       43                        21     22        0
  MONTH TO DATE  447                       350     97      190
  SINCE DEC 1    978                       908     70      594
  SINCE JUL 1   1319                      1358    -39      803

 COOLING
  YESTERDAY        0                         0      0        5
  MONTH TO DATE    2                         0      2       16
  SINCE DEC 1      5                         6     -1       34
  SINCE JAN 1      2                         0      2       16
..................................................................


WIND (MPH)
  HIGHEST WIND SPEED    20   HIGHEST WIND DIRECTION     N (350)
  HIGHEST GUST SPEED    28   HIGHEST GUST DIRECTION    NW (330)
  AVERAGE WIND SPEED    10.4


SKY COVER
  POSSIBLE SUNSHINE  MM
  AVERAGE SKY COVER 0.0


WEATHER CONDITIONS
 THE FOLLOWING WEATHER WAS RECORDED YESTERDAY.
  NO SIGNIFICANT WEATHER WAS OBSERVED.


RELATIVE HUMIDITY (PERCENT)
 HIGHEST    73          1000 PM
 LOWEST     36           400 PM
 AVERAGE    55

..........................................................


THE MERIDIAN CLIMATE NORMALS FOR TODAY
                         NORMAL    RECORD    YEAR
 MAXIMUM TEMPERATURE (F)   56        77      1974
                                             1949
 MINIMUM TEMPERATURE (F)   33        10      1948


SUNRISE AND SUNSET
JANUARY 18 2018.......SUNRISE   656 AM CST   SUNSET   515 PM CST
JANUARY 19 2018.......SUNRISE   655 AM CST   SUNSET   516 PM CST


-  INDICATES NEGATIVE NUMBERS.
R  INDICATES RECORD WAS SET OR TIED.
MM INDICATES DATA IS MISSING.
T  INDICATES TRACE AMOUNT.




$$
