000
CDUS44 KJAN 262209
CLIMEI


CLIMATE REPORT
NATIONAL WEATHER SERVICE JACKSON MS
509 PM CDT TUE MAY 26 2015


...................................

...THE MERIDIAN CLIMATE SUMMARY FOR MAY 26 2015...
VALID AS OF 0500 PM LOCAL TIME.

CLIMATE NORMAL PERIOD 1981 TO 2010
CLIMATE RECORD PERIOD 1889 TO 2015


WEATHER ITEM   OBSERVED TIME   RECORD YEAR NORMAL DEPARTURE LAST
                VALUE   (LST)  VALUE       VALUE  FROM      YEAR
                                                  NORMAL
..................................................................
TEMPERATURE (F)
 TODAY
  MAXIMUM         82    359 PM  96    1964  86     -4       88
                                      1950
  MINIMUM         66    537 AM  42    1979  61      5       63
  AVERAGE         74

PRECIPITATION (IN)
  TODAY            0.22          3.23 1909   0.14   0.08     0.00
  MONTH TO DATE    1.36                      3.78  -2.42     1.47
  SINCE MAR 1     11.42                     13.98  -2.56    21.24
  SINCE JAN 1     22.26                     24.71  -2.45    30.59

SNOWFALL (IN)
  TODAY            0.0

..................................................................










-  INDICATES NEGATIVE NUMBERS.
R  INDICATES RECORD WAS SET OR TIED.
MM INDICATES DATA IS MISSING.
T  INDICATES TRACE AMOUNT.




$$
