000
CDUS44 KMEG 272147
CLIMEM


CLIMATE REPORT
NATIONAL WEATHER SERVICE MEMPHIS TN
446 PM CDT TUE JUN 27 2017


...................................

...THE MEMPHIS CLIMATE SUMMARY FOR JUNE 27 2017...
VALID TODAY AS OF 0400 PM LOCAL TIME.

CLIMATE NORMAL PERIOD 1981 TO 2010
CLIMATE RECORD PERIOD 1872 TO 2017


WEATHER ITEM   OBSERVED TIME   RECORD YEAR NORMAL DEPARTURE LAST
                VALUE   (LST)  VALUE       VALUE  FROM      YEAR
                                                  NORMAL
..................................................................
TEMPERATURE (F)
 TODAY
  MAXIMUM         86    335 PM 103    1954  91     -5       94
  MINIMUM         68    603 AM  59    1958  73     -5       76
  AVERAGE         77                        82     -5       85

PRECIPITATION (IN)
  TODAY            0.00          1.34 2013   0.11  -0.11     0.57
  MONTH TO DATE    4.52                      3.27   1.25     1.17
  SINCE JUN 1      4.52                      3.27   1.25     1.17
  SINCE JAN 1     23.37                     27.55  -4.18    36.26

SNOWFALL (IN)
  TODAY            0.0

DEGREE DAYS
 HEATING
  TODAY            0                         0      0        0
  MONTH TO DATE    0                         0      0        0
  SINCE JUN 1      0                         0      0        0
  SINCE JUL 1   2059                      2964   -905     2186

 COOLING
  TODAY           12                        17     -5       20
  MONTH TO DATE  363                       389    -26      497
  SINCE JUN 1    363                       389    -26      497
  SINCE JAN 1    743                       710     33      802
..................................................................


WIND (MPH)
  HIGHEST WIND SPEED    20   HIGHEST WIND DIRECTION    NE (30)
  HIGHEST GUST SPEED    25   HIGHEST GUST DIRECTION    NE (30)
  AVERAGE WIND SPEED     6.7


SKY COVER
  POSSIBLE SUNSHINE  MM
  AVERAGE SKY COVER 0.3


WEATHER CONDITIONS
 THE FOLLOWING WEATHER WAS RECORDED TODAY.
  NO SIGNIFICANT WEATHER WAS OBSERVED.


RELATIVE HUMIDITY (PERCENT)
 HIGHEST    84           300 AM
 LOWEST     42           300 PM
 AVERAGE    63

..........................................................


THE MEMPHIS CLIMATE NORMALS FOR TOMORROW
                         NORMAL    RECORD    YEAR
 MAXIMUM TEMPERATURE (F)   91       104      1954
                                             1952
 MINIMUM TEMPERATURE (F)   73        59      1958


SUNRISE AND SUNSET
JUNE 27 2017..........SUNRISE   548 AM CDT   SUNSET   818 PM CDT
JUNE 28 2017..........SUNRISE   548 AM CDT   SUNSET   818 PM CDT


-  INDICATES NEGATIVE NUMBERS.
R  INDICATES RECORD WAS SET OR TIED.
MM INDICATES DATA IS MISSING.
T  INDICATES TRACE AMOUNT.




$$
