000
CDUS44 KMEG 302145
CLIMEM


CLIMATE REPORT
NATIONAL WEATHER SERVICE MEMPHIS TN
445 PM CDT SAT AUG 30 2014


...................................

...THE MEMPHIS CLIMATE SUMMARY FOR AUGUST 30 2014...
VALID TODAY AS OF 0400 PM LOCAL TIME.

CLIMATE NORMAL PERIOD 1981 TO 2010
CLIMATE RECORD PERIOD 1872 TO 2014


WEATHER ITEM   OBSERVED TIME   RECORD YEAR NORMAL DEPARTURE LAST
                VALUE   (LST)  VALUE       VALUE  FROM      YEAR
                                                  NORMAL
..................................................................
TEMPERATURE (F)
 TODAY
  MAXIMUM         81   1204 AM 107    2000  90     -9       97
  MINIMUM         76   1236 PM  54    1946  71      5       75
  AVERAGE         79                        80     -1       86

PRECIPITATION (IN)
  TODAY            0.36          2.56 1962   0.07   0.29     0.00
  MONTH TO DATE    1.31                      2.80  -1.49     2.17
  SINCE JUN 1     17.27                     11.02   6.25    11.37
  SINCE JAN 1     43.23                     35.30   7.93    45.95

SNOWFALL (IN)
  TODAY            0.0

DEGREE DAYS
 HEATING
  TODAY            0                         0      0        0
  MONTH TO DATE    0                         0      0        0
  SINCE JUN 1      0                         0      0        0
  SINCE JUL 1      0                         0      0        0

 COOLING
  TODAY           14                        15     -1       21
  MONTH TO DATE  536                       514     22      484
  SINCE JUN 1   1380                      1501   -121     1419
  SINCE JAN 1   1691                      1822   -131     1704
..................................................................


WIND (MPH)
  HIGHEST WIND SPEED    10   HIGHEST WIND DIRECTION    SE (130)
  HIGHEST GUST SPEED    16   HIGHEST GUST DIRECTION    SW (240)
  AVERAGE WIND SPEED     3.9


SKY COVER
  POSSIBLE SUNSHINE  MM
  AVERAGE SKY COVER 0.8


WEATHER CONDITIONS
 THE FOLLOWING WEATHER WAS RECORDED TODAY.
  HEAVY RAIN
  RAIN
  LIGHT RAIN
  FOG
  FOG W/VISIBILITY <= 1/4 MILE
  HAZE


RELATIVE HUMIDITY (PERCENT)
 HIGHEST    85           900 AM
 LOWEST     69          1200 AM
 AVERAGE    77

..........................................................


THE MEMPHIS CLIMATE NORMALS FOR TOMORROW
                         NORMAL    RECORD    YEAR
 MAXIMUM TEMPERATURE (F)   90       103      2000
                                             1951
 MINIMUM TEMPERATURE (F)   71        48      1946


SUNRISE AND SUNSET
AUGUST 30 2014........SUNRISE   631 AM CDT   SUNSET   729 PM CDT
AUGUST 31 2014........SUNRISE   632 AM CDT   SUNSET   728 PM CDT


-  INDICATES NEGATIVE NUMBERS.
R  INDICATES RECORD WAS SET OR TIED.
MM INDICATES DATA IS MISSING.
T  INDICATES TRACE AMOUNT.




$$
