000
CDUS44 KMEG 250737
CLIMEM


CLIMATE REPORT
NATIONAL WEATHER SERVICE MEMPHIS TN
137 AM CST SAT FEB 25 2017


...................................

...THE MEMPHIS CLIMATE SUMMARY FOR FEBRUARY 24 2017...

CLIMATE NORMAL PERIOD 1981 TO 2010
CLIMATE RECORD PERIOD 1872 TO 2017


WEATHER ITEM   OBSERVED TIME   RECORD YEAR NORMAL DEPARTURE LAST
                VALUE   (LST)  VALUE       VALUE  FROM      YEAR
                                                  NORMAL
..................................................................
TEMPERATURE (F)
 YESTERDAY
  MAXIMUM         70    238 PM  79    1890  57     13       48
  MINIMUM         50   1159 PM  17    1914  39     11       38
                                      1910
                                      1889
  AVERAGE         60                        48     12       43

PRECIPITATION (IN)
  YESTERDAY        T             1.90 1926   0.16  -0.16     0.19
  MONTH TO DATE    1.14                      3.74  -2.60     5.58
  SINCE DEC 1     12.73                     13.46  -0.73    12.62
  SINCE JAN 1      5.40                      7.72  -2.32     7.85

SNOWFALL (IN)
  YESTERDAY        0.0           4.0  1960   0.0    0.0      0.0
  MONTH TO DATE    0.0                       1.2   -1.2      0.0
  SINCE DEC 1      2.0                       3.3   -1.3      0.3
  SINCE JUL 1      2.0                       3.3   -1.3      0.3
  SNOW DEPTH       0

DEGREE DAYS
 HEATING
  YESTERDAY        5                        17    -12       22
  MONTH TO DATE  247                       482   -235      416
  SINCE DEC 1   1380                      1885   -505     1500
  SINCE JUL 1   1650                      2384   -734     1801

 COOLING
  YESTERDAY        0                         0      0        0
  MONTH TO DATE   18                         0     18        1
  SINCE DEC 1     23                         3     20       22
  SINCE JAN 1     20                         1     19        3
..................................................................


WIND (MPH)
  HIGHEST WIND SPEED    26   HIGHEST WIND DIRECTION    SW (220)
  HIGHEST GUST SPEED    39   HIGHEST GUST DIRECTION    SW (240)
  AVERAGE WIND SPEED    13.1


SKY COVER
  POSSIBLE SUNSHINE  MM
  AVERAGE SKY COVER 0.5


WEATHER CONDITIONS
 THE FOLLOWING WEATHER WAS RECORDED YESTERDAY.
  LIGHT RAIN


RELATIVE HUMIDITY (PERCENT)
 HIGHEST    90           200 AM
 LOWEST     47          1000 PM
 AVERAGE    69

..........................................................


THE MEMPHIS CLIMATE NORMALS FOR TODAY
                         NORMAL    RECORD    YEAR
 MAXIMUM TEMPERATURE (F)   58        80      1918
 MINIMUM TEMPERATURE (F)   39        14      1967
                                             1965


SUNRISE AND SUNSET
FEBRUARY 25 2017......SUNRISE   634 AM CST   SUNSET   552 PM CST
FEBRUARY 26 2017......SUNRISE   633 AM CST   SUNSET   553 PM CST


-  INDICATES NEGATIVE NUMBERS.
R  INDICATES RECORD WAS SET OR TIED.
MM INDICATES DATA IS MISSING.
T  INDICATES TRACE AMOUNT.




$$
