000
CDUS44 KMEG 200739
CLIMEM


CLIMATE REPORT
NATIONAL WEATHER SERVICE MEMPHIS TN
139 AM CST FRI JAN 20 2017


...................................

...THE MEMPHIS CLIMATE SUMMARY FOR JANUARY 19 2017...

CLIMATE NORMAL PERIOD 1981 TO 2010
CLIMATE RECORD PERIOD 1872 TO 2017


WEATHER ITEM   OBSERVED TIME   RECORD YEAR NORMAL DEPARTURE LAST
                VALUE   (LST)  VALUE       VALUE  FROM      YEAR
                                                  NORMAL
..................................................................
TEMPERATURE (F)
 YESTERDAY
  MAXIMUM         66   1208 PM  73    1974  50     16       37
                                      1907
                                      1906
  MINIMUM         53    207 AM   0    1940  32     21       20
  AVERAGE         60                        41     19       29

PRECIPITATION (IN)
  YESTERDAY        0.36          3.74 1935   0.13   0.23      T
  MONTH TO DATE    3.61                      2.44   1.17     1.47
  SINCE DEC 1     10.94                      8.18   2.76     6.24
  SINCE JAN 1      3.61                      2.44   1.17     1.47

SNOWFALL (IN)
  YESTERDAY        0.0           7.8  1918   0.1   -0.1      0.0
  MONTH TO DATE    2.0                       1.2    0.8       T
  SINCE DEC 1      2.0                       1.4    0.6       T
  SINCE JUL 1      2.0                       1.4    0.6       T
  SNOW DEPTH       0

DEGREE DAYS
 HEATING
  YESTERDAY        5                        24    -19       36
  MONTH TO DATE  338                       456   -118      477
  SINCE DEC 1    968                      1121   -153      825
  SINCE JUL 1   1238                      1620   -382     1126

 COOLING
  YESTERDAY        0                         0      0        0
  MONTH TO DATE    1                         0      1        0
  SINCE DEC 1      4                         2      2       19
  SINCE JAN 1      1                         0      1        0
..................................................................


WIND (MPH)
  HIGHEST WIND SPEED    26   HIGHEST WIND DIRECTION    SE (150)
  HIGHEST GUST SPEED    33   HIGHEST GUST DIRECTION     S (160)
  AVERAGE WIND SPEED     8.4


SKY COVER
  POSSIBLE SUNSHINE  MM
  AVERAGE SKY COVER 1.0


WEATHER CONDITIONS
 THE FOLLOWING WEATHER WAS RECORDED YESTERDAY.
  THUNDERSTORM
  HEAVY RAIN
  LIGHT RAIN
  FOG


RELATIVE HUMIDITY (PERCENT)
 HIGHEST   100           300 AM
 LOWEST     93          1200 AM
 AVERAGE    97

..........................................................


THE MEMPHIS CLIMATE NORMALS FOR TODAY
                         NORMAL    RECORD    YEAR
 MAXIMUM TEMPERATURE (F)   50        74      1906
 MINIMUM TEMPERATURE (F)   32        -4      1985


SUNRISE AND SUNSET
JANUARY 20 2017.......SUNRISE   706 AM CST   SUNSET   517 PM CST
JANUARY 21 2017.......SUNRISE   705 AM CST   SUNSET   518 PM CST


-  INDICATES NEGATIVE NUMBERS.
R  INDICATES RECORD WAS SET OR TIED.
MM INDICATES DATA IS MISSING.
T  INDICATES TRACE AMOUNT.




$$
