000
CDUS44 KMEG 290631
CLIMEM


CLIMATE REPORT
NATIONAL WEATHER SERVICE MEMPHIS TN
131 AM CDT SUN MAY 29 2016


...................................

...THE MEMPHIS CLIMATE SUMMARY FOR MAY 28 2016...

CLIMATE NORMAL PERIOD 1981 TO 2010
CLIMATE RECORD PERIOD 1872 TO 2016


WEATHER ITEM   OBSERVED TIME   RECORD YEAR NORMAL DEPARTURE LAST
                VALUE   (LST)  VALUE       VALUE  FROM      YEAR
                                                  NORMAL
..................................................................
TEMPERATURE (F)
 YESTERDAY
  MAXIMUM         85    253 PM  97    1911  85      0       84
  MINIMUM         69    316 AM  44    1961  66      3       69
  AVERAGE         77                        75      2       77

PRECIPITATION (IN)
  YESTERDAY        T             3.86 1893   0.16  -0.16     0.00
  MONTH TO DATE    4.85                      4.79   0.06     4.10
  SINCE MAR 1     27.02                     15.45  11.57    12.65
  SINCE JAN 1     34.87                     23.82  11.05    18.30

SNOWFALL (IN)
  YESTERDAY        0.0          MM      MM   0.0    0.0      0.0
  MONTH TO DATE    0.0                       0.0    0.0      0.0
  SINCE MAR 1      0.0                       0.4   -0.4      3.6
  SINCE JUL 1      0.3                       3.8   -3.5      6.1
  SNOW DEPTH       0

DEGREE DAYS
 HEATING
  YESTERDAY        0                         0      0        0
  MONTH TO DATE   22                        17      5       13
  SINCE MAR 1    315                       512   -197      461
  SINCE JUL 1   2186                      2962   -776     3184

 COOLING
  YESTERDAY       12                        10      2       12
  MONTH TO DATE  155                       194    -39      232
  SINCE MAR 1    259                       286    -27      322
  SINCE JAN 1    262                       289    -27      322
..................................................................


WIND (MPH)
  HIGHEST WIND SPEED    13   HIGHEST WIND DIRECTION     S (180)
  HIGHEST GUST SPEED    20   HIGHEST GUST DIRECTION    SW (210)
  AVERAGE WIND SPEED     6.3


SKY COVER
  POSSIBLE SUNSHINE  MM
  AVERAGE SKY COVER 0.7


WEATHER CONDITIONS
 THE FOLLOWING WEATHER WAS RECORDED YESTERDAY.
  LIGHT RAIN


RELATIVE HUMIDITY (PERCENT)
 HIGHEST    90           200 AM
 LOWEST     55           100 PM
 AVERAGE    73

..........................................................


THE MEMPHIS CLIMATE NORMALS FOR TODAY
                         NORMAL    RECORD    YEAR
 MAXIMUM TEMPERATURE (F)   85        96      1977
                                             1879
 MINIMUM TEMPERATURE (F)   66        50      1964


SUNRISE AND SUNSET
MAY 29 2016...........SUNRISE   548 AM CDT   SUNSET   807 PM CDT
MAY 30 2016...........SUNRISE   548 AM CDT   SUNSET   808 PM CDT


-  INDICATES NEGATIVE NUMBERS.
R  INDICATES RECORD WAS SET OR TIED.
MM INDICATES DATA IS MISSING.
T  INDICATES TRACE AMOUNT.




$$
