000
CDUS44 KMEG 230636
CLIMEM


CLIMATE REPORT
NATIONAL WEATHER SERVICE MEMPHIS TN
136 AM CDT TUE MAY 23 2017


...................................

...THE MEMPHIS CLIMATE SUMMARY FOR MAY 22 2017...

CLIMATE NORMAL PERIOD 1981 TO 2010
CLIMATE RECORD PERIOD 1872 TO 2017


WEATHER ITEM   OBSERVED TIME   RECORD YEAR NORMAL DEPARTURE LAST
                VALUE   (LST)  VALUE       VALUE  FROM      YEAR
                                                  NORMAL
..................................................................
TEMPERATURE (F)
 YESTERDAY
  MAXIMUM         74    247 PM  96    1987  83     -9       84
  MINIMUM         62    330 AM  41    1883  64     -2       59
  AVERAGE         68                        73     -5       72

PRECIPITATION (IN)
  YESTERDAY        T             1.98 1980   0.15  -0.15     0.00
  MONTH TO DATE    2.15                      3.85  -1.70     2.31
  SINCE MAR 1     11.12                     14.51  -3.39    24.48
  SINCE JAN 1     16.78                     22.88  -6.10    32.33

SNOWFALL (IN)
  YESTERDAY        0.0          MM      MM   0.0    0.0      0.0
  MONTH TO DATE    0.0                       0.0    0.0      0.0
  SINCE MAR 1      T                         0.4   -0.4      0.0
  SINCE JUL 1      2.0                       3.8   -1.8      0.3
  SNOW DEPTH       0

DEGREE DAYS
 HEATING
  YESTERDAY        0                         0      0        0
  MONTH TO DATE   21                        17      4       22
  SINCE MAR 1    358                       512   -154      315
  SINCE JUL 1   2057                      2962   -905     2186

 COOLING
  YESTERDAY        3                         9     -6        7
  MONTH TO DATE  131                       137     -6       88
  SINCE MAR 1    283                       229     54      192
  SINCE JAN 1    305                       232     73      195
..................................................................


WIND (MPH)
  HIGHEST WIND SPEED    17   HIGHEST WIND DIRECTION     E (70)
  HIGHEST GUST SPEED    23   HIGHEST GUST DIRECTION     E (70)
  AVERAGE WIND SPEED     7.4


SKY COVER
  POSSIBLE SUNSHINE  MM
  AVERAGE SKY COVER 0.9


WEATHER CONDITIONS
 THE FOLLOWING WEATHER WAS RECORDED YESTERDAY.
  NO SIGNIFICANT WEATHER WAS OBSERVED.


RELATIVE HUMIDITY (PERCENT)
 HIGHEST    73           700 PM
 LOWEST     44          1100 AM
 AVERAGE    59

..........................................................


THE MEMPHIS CLIMATE NORMALS FOR TODAY
                         NORMAL    RECORD    YEAR
 MAXIMUM TEMPERATURE (F)   83        92      1996
 MINIMUM TEMPERATURE (F)   64        44      1963


SUNRISE AND SUNSET
MAY 23 2017...........SUNRISE   551 AM CDT   SUNSET   803 PM CDT
MAY 24 2017...........SUNRISE   550 AM CDT   SUNSET   804 PM CDT


-  INDICATES NEGATIVE NUMBERS.
R  INDICATES RECORD WAS SET OR TIED.
MM INDICATES DATA IS MISSING.
T  INDICATES TRACE AMOUNT.




$$
