635
CDUS44 KMEG 230634
CLIMEM


CLIMATE REPORT
NATIONAL WEATHER SERVICE MEMPHIS TN
134 AM CDT MON OCT 23 2017


...................................

...THE MEMPHIS CLIMATE SUMMARY FOR OCTOBER 22 2017...

CLIMATE NORMAL PERIOD 1981 TO 2010
CLIMATE RECORD PERIOD 1872 TO 2017


WEATHER ITEM   OBSERVED TIME   RECORD YEAR NORMAL DEPARTURE LAST
                VALUE   (LST)  VALUE       VALUE  FROM      YEAR
                                                  NORMAL
..................................................................
TEMPERATURE (F)
 YESTERDAY
  MAXIMUM         73    156 AM  88    1953  72      1       71
                                      1941
  MINIMUM         56   1159 PM  28    1952  52      4       44
  AVERAGE         65                        62      3       58

PRECIPITATION (IN)
  YESTERDAY        0.19          6.30 1935   0.14   0.05     0.00
  MONTH TO DATE    2.74                      2.75  -0.01     1.21
  SINCE SEP 1      4.35                      5.84  -1.49     1.88
  SINCE JAN 1     41.01                     41.22  -0.21    51.69

SNOWFALL (IN)
  YESTERDAY        0.0           0.0  2002   0.0    0.0      0.0
                                      2001
  MONTH TO DATE    0.0                       0.0    0.0      0.0
  SINCE SEP 1      0.0                       0.0    0.0      0.0
  SINCE JUL 1      0.0                       0.0    0.0      0.0
  SNOW DEPTH       0

DEGREE DAYS
 HEATING
  YESTERDAY        0                         5     -5        7
  MONTH TO DATE   23                        64    -41       17
  SINCE SEP 1     26                        75    -49       17
  SINCE JUL 1     26                        75    -49       17

 COOLING
  YESTERDAY        0                         2     -2        0
  MONTH TO DATE  143                        77     66      151
  SINCE SEP 1    464                       393     71      621
  SINCE JAN 1   2280                      2228     52     2722
..................................................................


WIND (MPH)
  HIGHEST WIND SPEED    17   HIGHEST WIND DIRECTION    NW (300)
  HIGHEST GUST SPEED    27   HIGHEST GUST DIRECTION    NW (320)
  AVERAGE WIND SPEED     9.7


SKY COVER
  POSSIBLE SUNSHINE  MM
  AVERAGE SKY COVER 0.9


WEATHER CONDITIONS
 THE FOLLOWING WEATHER WAS RECORDED YESTERDAY.
  RAIN
  LIGHT RAIN
  FOG


RELATIVE HUMIDITY (PERCENT)
 HIGHEST    93           300 PM
 LOWEST     73           100 AM
 AVERAGE    83

..........................................................


THE MEMPHIS CLIMATE NORMALS FOR TODAY
                         NORMAL    RECORD    YEAR
 MAXIMUM TEMPERATURE (F)   72        89      1939
 MINIMUM TEMPERATURE (F)   52        30      1952


SUNRISE AND SUNSET
OCTOBER 23 2017.......SUNRISE   713 AM CDT   SUNSET   615 PM CDT
OCTOBER 24 2017.......SUNRISE   714 AM CDT   SUNSET   614 PM CDT


-  INDICATES NEGATIVE NUMBERS.
R  INDICATES RECORD WAS SET OR TIED.
MM INDICATES DATA IS MISSING.
T  INDICATES TRACE AMOUNT.




$$
