000
CDUS41 KCLE 170527
CLIMFD


CLIMATE REPORT
NATIONAL WEATHER SERVICE CLEVELAND OH
1227 AM EST SUN DEC 17 2017


...................................

...THE MANSFIELD OH CLIMATE SUMMARY FOR DECEMBER 16 2017...

CLIMATE NORMAL PERIOD 1981 TO 2010
CLIMATE RECORD PERIOD 1916 TO 2017


WEATHER ITEM   OBSERVED TIME   RECORD YEAR NORMAL DEPARTURE LAST
                VALUE   (LST)  VALUE       VALUE  FROM      YEAR
                                                  NORMAL
..................................................................
TEMPERATURE (F)
 YESTERDAY
  MAXIMUM         42    424 PM  62    1984  36      6       20
  MINIMUM         27   1201 AM -12    1951  23      4        5
  AVERAGE         35                        29      6       13

PRECIPITATION (IN)
  YESTERDAY        T                         0.11  -0.11      T
  MONTH TO DATE    0.78                      1.74  -0.96     1.28
  SINCE DEC 1      0.78                      1.74  -0.96     1.28
  SINCE JAN 1     48.20                     42.64   5.56    33.38

SNOWFALL (IN)
  YESTERDAY        T                         0.4   -0.4       T
  MONTH TO DATE    5.2                       4.7    0.5      8.8
  SINCE DEC 1      5.2                       4.7    0.5      8.8
  SINCE JUL 1      5.3                       7.4   -2.1      9.0
  SNOW DEPTH       3

DEGREE DAYS
 HEATING
  YESTERDAY       30                        36     -6       52
  MONTH TO DATE  548                       532     16      613
  SINCE DEC 1    548                       532     16      613
  SINCE JUL 1   1630                      1813   -183     1490

 COOLING
  YESTERDAY        0                         0      0        0
  MONTH TO DATE    0                         0      0        0
  SINCE DEC 1      0                         0      0        0
  SINCE JAN 1    748                       632    116     1084
..................................................................


WIND (MPH)
  HIGHEST WIND SPEED    24   HIGHEST WIND DIRECTION     S (200)
  HIGHEST GUST SPEED    43   HIGHEST GUST DIRECTION     S (180)
  AVERAGE WIND SPEED    12.7


SKY COVER
  POSSIBLE SUNSHINE  MM
  AVERAGE SKY COVER 0.5


WEATHER CONDITIONS
 THE FOLLOWING WEATHER WAS RECORDED YESTERDAY.
  LIGHT SNOW


RELATIVE HUMIDITY (PERCENT)
 HIGHEST    78           900 PM
 LOWEST     55           200 PM
 AVERAGE    67

..........................................................


THE MANSFIELD OH CLIMATE NORMALS FOR TODAY
                         NORMAL    RECORD    YEAR
 MAXIMUM TEMPERATURE (F)   36        61      1984
 MINIMUM TEMPERATURE (F)   22       -11      1989


SUNRISE AND SUNSET
DECEMBER 17 2017......SUNRISE   749 AM EST   SUNSET   504 PM EST
DECEMBER 18 2017......SUNRISE   749 AM EST   SUNSET   504 PM EST


-  INDICATES NEGATIVE NUMBERS.
R  INDICATES RECORD WAS SET OR TIED.
MM INDICATES DATA IS MISSING.
T  INDICATES TRACE AMOUNT.




$$
