000
CDUS41 KCLE 210532
CLIMFD


CLIMATE REPORT
NATIONAL WEATHER SERVICE CLEVELAND OH
1230 AM EST SAT JAN 21 2017


...................................

...THE MANSFIELD OH CLIMATE SUMMARY FOR JANUARY 20 2017...

CLIMATE NORMAL PERIOD 1981 TO 2010
CLIMATE RECORD PERIOD 1916 TO 2017


WEATHER ITEM   OBSERVED TIME   RECORD YEAR NORMAL DEPARTURE LAST
                VALUE   (LST)  VALUE       VALUE  FROM      YEAR
                                                  NORMAL
..................................................................
TEMPERATURE (F)
 YESTERDAY
  MAXIMUM         55    207 PM  62    1974  33     22       19
  MINIMUM         35    131 AM -22    1985  18     17        5
  AVERAGE         45                        25     20       12

PRECIPITATION (IN)
  YESTERDAY        0.48                      0.09   0.39     0.04
  MONTH TO DATE    3.98                      1.92   2.06     1.46
  SINCE DEC 1      7.12                      5.21   1.91     5.62
  SINCE JAN 1      3.98                      1.92   2.06     1.46

SNOWFALL (IN)
  YESTERDAY        0.0                       0.5   -0.5      1.4
  MONTH TO DATE    2.3                       8.7   -6.4      8.4
  SINCE DEC 1     13.3                      19.2   -5.9      8.6
  SINCE JUL 1     13.5                      21.9   -8.4      8.6
  SNOW DEPTH       0

DEGREE DAYS
 HEATING
  YESTERDAY       20                        40    -20       53
  MONTH TO DATE  677                       792   -115      803
  SINCE DEC 1   1785                      1888   -103     1483
  SINCE JUL 1   2662                      3169   -507     2423

 COOLING
  YESTERDAY        0                         0      0        0
  MONTH TO DATE    0                         0      0        0
  SINCE DEC 1      0                         0      0        0
  SINCE JAN 1      0                         0      0        0
..................................................................


WIND (MPH)
  HIGHEST WIND SPEED    21   HIGHEST WIND DIRECTION    SW (210)
  HIGHEST GUST SPEED    27   HIGHEST GUST DIRECTION     S (200)
  AVERAGE WIND SPEED    10.1


SKY COVER
  POSSIBLE SUNSHINE  MM
  AVERAGE SKY COVER 0.9


WEATHER CONDITIONS
 THE FOLLOWING WEATHER WAS RECORDED YESTERDAY.
  LIGHT RAIN
  FOG


RELATIVE HUMIDITY (PERCENT)
 HIGHEST   100          1200 AM
 LOWEST     86           200 PM
 AVERAGE    93

..........................................................


THE MANSFIELD OH CLIMATE NORMALS FOR TODAY
                         NORMAL    RECORD    YEAR
 MAXIMUM TEMPERATURE (F)   33        58      1974
                                             1959
 MINIMUM TEMPERATURE (F)   18       -19      1985


SUNRISE AND SUNSET
JANUARY 21 2017.......SUNRISE   749 AM EST   SUNSET   534 PM EST
JANUARY 22 2017.......SUNRISE   748 AM EST   SUNSET   536 PM EST


-  INDICATES NEGATIVE NUMBERS.
R  INDICATES RECORD WAS SET OR TIED.
MM INDICATES DATA IS MISSING.
T  INDICATES TRACE AMOUNT.




$$
