000
CDUS41 KCLE 260527
CLIMFD


CLIMATE REPORT
NATIONAL WEATHER SERVICE CLEVELAND OH
1227 AM EST SUN FEB 26 2017


...................................

...THE MANSFIELD OH CLIMATE SUMMARY FOR FEBRUARY 25 2017...

CLIMATE NORMAL PERIOD 1981 TO 2010
CLIMATE RECORD PERIOD 1916 TO 2017


WEATHER ITEM   OBSERVED TIME   RECORD YEAR NORMAL DEPARTURE LAST
                VALUE   (LST)  VALUE       VALUE  FROM      YEAR
                                                  NORMAL
..................................................................
TEMPERATURE (F)
 YESTERDAY
  MAXIMUM         58   1238 AM  69    2000  39     19       34
  MINIMUM         25   1159 PM  -3    1963  23      2       26
  AVERAGE         42                        31     11       30

PRECIPITATION (IN)
  YESTERDAY        0.08                      0.09  -0.01     0.23
  MONTH TO DATE    1.95                      2.12  -0.17     3.21
  SINCE DEC 1     11.00                      8.28   2.72     8.91
  SINCE JAN 1      7.86                      4.99   2.87     4.75

SNOWFALL (IN)
  YESTERDAY        T                         0.4   -0.4      2.3
  MONTH TO DATE    3.8                      10.2   -6.4     11.2
  SINCE DEC 1     21.4                      34.0  -12.6     20.1
  SINCE JUL 1     21.6                      36.7  -15.1     20.1
  SNOW DEPTH       0

DEGREE DAYS
 HEATING
  YESTERDAY       23                        34    -11       35
  MONTH TO DATE  617                       925   -308      857
  SINCE DEC 1   2719                      3244   -525     2729
  SINCE JUL 1   3596                      4525   -929     3669

 COOLING
  YESTERDAY        0                         0      0        0
  MONTH TO DATE    0                         0      0        0
  SINCE DEC 1      0                         0      0        0
  SINCE JAN 1      0                         0      0        0
..................................................................


WIND (MPH)
  HIGHEST WIND SPEED    29   HIGHEST WIND DIRECTION    SW (240)
  HIGHEST GUST SPEED    41   HIGHEST GUST DIRECTION    SW (240)
  AVERAGE WIND SPEED    14.7


SKY COVER
  POSSIBLE SUNSHINE  MM
  AVERAGE SKY COVER 0.8


WEATHER CONDITIONS
 THE FOLLOWING WEATHER WAS RECORDED YESTERDAY.
  THUNDERSTORM
  LIGHT RAIN
  LIGHT SNOW
  FOG


RELATIVE HUMIDITY (PERCENT)
 HIGHEST    86           300 AM
 LOWEST     59          1000 AM
 AVERAGE    73

..........................................................


THE MANSFIELD OH CLIMATE NORMALS FOR TODAY
                         NORMAL    RECORD    YEAR
 MAXIMUM TEMPERATURE (F)   39        71      2000
                                             1944
 MINIMUM TEMPERATURE (F)   23        -8      1963


SUNRISE AND SUNSET
FEBRUARY 26 2017......SUNRISE   708 AM EST   SUNSET   618 PM EST
FEBRUARY 27 2017......SUNRISE   707 AM EST   SUNSET   619 PM EST


-  INDICATES NEGATIVE NUMBERS.
R  INDICATES RECORD WAS SET OR TIED.
MM INDICATES DATA IS MISSING.
T  INDICATES TRACE AMOUNT.




$$
