000
CDUS44 KBRO 170626
CLIMFE


CLIMATE REPORT
NATIONAL WEATHER SERVICE BROWNSVILLE TX
125 AM CDT THU AUG 17 2017


...................................

...THE MCALLEN CLIMATE SUMMARY FOR AUGUST 16 2017...

CLIMATE NORMAL PERIOD 1981 TO 2010
CLIMATE RECORD PERIOD 1961 TO 2017


WEATHER ITEM   OBSERVED TIME   RECORD YEAR NORMAL DEPARTURE LAST
                VALUE   (LST)  VALUE       VALUE  FROM      YEAR
                                                  NORMAL
..................................................................
TEMPERATURE (F)
 YESTERDAY
  MAXIMUM        103    325 PM 104    2014  99      4       92
  MINIMUM         81    637 AM  69    2004  77      4       77
  AVERAGE         92                        88      4

PRECIPITATION (IN)
  YESTERDAY        0.00          1.13 2003   0.06  -0.06     0.25
  MONTH TO DATE    0.55                      0.78  -0.23     0.25
  SINCE JUN 1      0.91                      5.36  -4.45     0.74
  SINCE JAN 1      6.78                     12.14  -5.36     8.71

SNOWFALL (IN)
  YESTERDAY        0.0
  MONTH TO DATE    0.0
  SINCE JUN 1      0.0
  SINCE JUL 1      0.0

DEGREE DAYS
 HEATING
  YESTERDAY        0                         0      0        0
  MONTH TO DATE    0                         0      0        0
  SINCE JUN 1      0                         0      0        0
  SINCE JUL 1      0                         0      0        0

 COOLING
  YESTERDAY       27                        23      4       20
  MONTH TO DATE  421                       367     54      434
  SINCE JUN 1   1944                      1669    275     1912
  SINCE JAN 1   3883                      2924    959     3530
..................................................................


WIND (MPH)
  HIGHEST WIND SPEED    26   HIGHEST WIND DIRECTION    SE (140)
  HIGHEST GUST SPEED    37   HIGHEST GUST DIRECTION    SE (130)
  AVERAGE WIND SPEED    16.3



WEATHER CONDITIONS
 THE FOLLOWING WEATHER WAS RECORDED YESTERDAY.
  NO SIGNIFICANT WEATHER WAS OBSERVED.


RELATIVE HUMIDITY (PERCENT)
 HIGHEST    85
 LOWEST     37
 AVERAGE    61

..........................................................


THE MCALLEN CLIMATE NORMALS FOR TODAY
                         NORMAL    RECORD    YEAR
 MAXIMUM TEMPERATURE (F)   99       104      2015
                                             2009
 MINIMUM TEMPERATURE (F)   77        71      2004


SUNRISE AND SUNSET
AUGUST 17 2017........SUNRISE   706 AM CDT   SUNSET   807 PM CDT
AUGUST 18 2017........SUNRISE   707 AM CDT   SUNSET   806 PM CDT


-  INDICATES NEGATIVE NUMBERS.
R  INDICATES RECORD WAS SET OR TIED.
MM INDICATES DATA IS MISSING.
T  INDICATES TRACE AMOUNT.




$$
