000
CDUS44 KBRO 050726
CLIMFE


CLIMATE REPORT
NATIONAL WEATHER SERVICE BROWNSVILLE TX
125 AM CST THU MAR 5 2015


...................................

...THE MCALLEN CLIMATE SUMMARY FOR MARCH 4 2015...

CLIMATE NORMAL PERIOD 1981 TO 2010
CLIMATE RECORD PERIOD 1941 TO 2015


WEATHER ITEM   OBSERVED TIME   RECORD YEAR NORMAL DEPARTURE LAST
                VALUE   (LST)  VALUE       VALUE  FROM      YEAR
                                                  NORMAL
..................................................................
TEMPERATURE (F)
 YESTERDAY
  MAXIMUM         86    421 PM  95    1963  79      7       49
  MINIMUM         70    253 AM  33    1971  58     12       38
                                      1980
  AVERAGE         78                        68     10

PRECIPITATION (IN)
  YESTERDAY        0.00          0.33 1968   0.04  -0.04      T
  MONTH TO DATE    T                         0.16  -0.16     0.02
  SINCE MAR 1      T                         0.16  -0.16     0.02
  SINCE JAN 1      0.59                      2.32  -1.73     0.90

DEGREE DAYS
 HEATING
  YESTERDAY        0                         2     -2       21
  MONTH TO DATE   19                         8     11       41
  SINCE MAR 1     19                         8     11       41
  SINCE JUL 1    709                       541    168      817

 COOLING
  YESTERDAY       13                         5      8        0
  MONTH TO DATE   17                        20     -3       15
  SINCE MAR 1     17                        20     -3       15
  SINCE JAN 1    102                       179    -77      143
..................................................................


WIND (MPH)
  HIGHEST WIND SPEED    17   HIGHEST WIND DIRECTION    SE (140)
  HIGHEST GUST SPEED    23   HIGHEST GUST DIRECTION     E (110)
  AVERAGE WIND SPEED    10.8



WEATHER CONDITIONS
 THE FOLLOWING WEATHER WAS RECORDED YESTERDAY.
  FOG
  HAZE


RELATIVE HUMIDITY (PERCENT)
 HIGHEST    90
 LOWEST     55
 AVERAGE    73

..........................................................


THE MCALLEN CLIMATE NORMALS FOR TODAY
                         NORMAL    RECORD    YEAR
 MAXIMUM TEMPERATURE (F)   79        99      1989
 MINIMUM TEMPERATURE (F)   58        35      1965
                                             1971
                                             1978


SUNRISE AND SUNSET
MARCH  5 2015.........SUNRISE   653 AM CST   SUNSET   637 PM CST
MARCH  6 2015.........SUNRISE   652 AM CST   SUNSET   637 PM CST


-  INDICATES NEGATIVE NUMBERS.
R  INDICATES RECORD WAS SET OR TIED.
MM INDICATES DATA IS MISSING.
T  INDICATES TRACE AMOUNT.

$$
