307
CDUS44 KBRO 140727
CLIMFE


CLIMATE REPORT
NATIONAL WEATHER SERVICE BROWNSVILLE TX
125 AM CST SUN FEB 14 2016


...................................

...THE MCALLEN CLIMATE SUMMARY FOR FEBRUARY 13 2016...

CLIMATE NORMAL PERIOD 1981 TO 2010
CLIMATE RECORD PERIOD 1941 TO 2016


WEATHER ITEM   OBSERVED TIME   RECORD YEAR NORMAL DEPARTURE LAST
                VALUE   (LST)  VALUE       VALUE  FROM      YEAR
                                                  NORMAL
..................................................................
TEMPERATURE (F)
 YESTERDAY
  MAXIMUM         83    356 PM  92    2009  75      8       75
  MINIMUM         55    320 AM  28    1958  54      1       56
  AVERAGE         69                        64      5

PRECIPITATION (IN)
  YESTERDAY        0.00          0.70 1969   0.05  -0.05     0.00
  MONTH TO DATE    0.00                      0.56  -0.56     0.37
  SINCE DEC 1      0.44                      2.80  -2.36     1.39
  SINCE JAN 1      0.40                      1.61  -1.21     0.54

SNOWFALL (IN)
  YESTERDAY        0.0
  MONTH TO DATE    0.0
  SINCE DEC 1      0.0
  SINCE JUL 1      0.0

DEGREE DAYS
 HEATING
  YESTERDAY        0                         4     -4        0
  MONTH TO DATE   38                        61    -23       48
  SINCE DEC 1    273                       428   -155      454
  SINCE JUL 1    307                       488   -181      583

 COOLING
  YESTERDAY        4                         3      1        1
  MONTH TO DATE   30                        37     -7       25
  SINCE DEC 1    219                       182     37      125
  SINCE JAN 1     75                        99    -24       42
..................................................................


WIND (MPH)
  HIGHEST WIND SPEED    21   HIGHEST WIND DIRECTION    SE (120)
  HIGHEST GUST SPEED    27   HIGHEST GUST DIRECTION     E (110)
  AVERAGE WIND SPEED    10.4



WEATHER CONDITIONS
 THE FOLLOWING WEATHER WAS RECORDED YESTERDAY.
  FOG
  FOG W/VISIBILITY <= 1/4 MILE


RELATIVE HUMIDITY (PERCENT)
 HIGHEST    97
 LOWEST     34
 AVERAGE    66

..........................................................


THE MCALLEN CLIMATE NORMALS FOR TODAY
                         NORMAL    RECORD    YEAR
 MAXIMUM TEMPERATURE (F)   75        91      1949
                                             2000
 MINIMUM TEMPERATURE (F)   54        30      1963


SUNRISE AND SUNSET
FEBRUARY 14 2016......SUNRISE   710 AM CST   SUNSET   625 PM CST
FEBRUARY 15 2016......SUNRISE   709 AM CST   SUNSET   626 PM CST


-  INDICATES NEGATIVE NUMBERS.
R  INDICATES RECORD WAS SET OR TIED.
MM INDICATES DATA IS MISSING.
T  INDICATES TRACE AMOUNT.




$$
