000
CDUS44 KBRO 290633
CLIMFE


CLIMATE REPORT
NATIONAL WEATHER SERVICE BROWNSVILLE TX
125 AM CDT FRI AUG 29 2014


...................................

...THE MCALLEN CLIMATE SUMMARY FOR AUGUST 28 2014...

CLIMATE NORMAL PERIOD 1981 TO 2010
CLIMATE RECORD PERIOD 1941 TO 2014


WEATHER ITEM   OBSERVED TIME   RECORD YEAR NORMAL DEPARTURE LAST
                VALUE   (LST)  VALUE       VALUE  FROM      YEAR
                                                  NORMAL
..................................................................
TEMPERATURE (F)
 YESTERDAY
  MAXIMUM         98   1230 PM 104    2012  97      1       98
  MINIMUM         80    601 AM  67    1958  76      4       76
  AVERAGE         89                        87      2

PRECIPITATION (IN)
  YESTERDAY        T             3.62 1979   0.11  -0.11     0.00
  MONTH TO DATE    1.11                      1.86  -0.75     0.48
  SINCE JUN 1      2.01                      6.44  -4.43     2.52
  SINCE JAN 1      4.89                     13.22  -8.33     5.94

DEGREE DAYS
 HEATING
  YESTERDAY        0                         0      0        0
  MONTH TO DATE    0                         0      0        0
  SINCE JUN 1      0                         0      0        0
  SINCE JUL 1      0                         0      0        0

 COOLING
  YESTERDAY       24                        22      2       22
  MONTH TO DATE  694                       634     60      648
  SINCE JUN 1   2076                      1936    140     2023
  SINCE JAN 1   3132                      3191    -59     3319
..................................................................


WIND (MPH)
  HIGHEST WIND SPEED    18   HIGHEST WIND DIRECTION     E (70)
  HIGHEST GUST SPEED    22   HIGHEST GUST DIRECTION    NE (60)
  AVERAGE WIND SPEED     8.0



WEATHER CONDITIONS
 THE FOLLOWING WEATHER WAS RECORDED YESTERDAY.
  LIGHT RAIN


RELATIVE HUMIDITY (PERCENT)
 HIGHEST    85
 LOWEST     46
 AVERAGE    66

..........................................................


THE MCALLEN CLIMATE NORMALS FOR TODAY
                         NORMAL    RECORD    YEAR
 MAXIMUM TEMPERATURE (F)   97       107      2012
 MINIMUM TEMPERATURE (F)   76        64      1958


SUNRISE AND SUNSET
AUGUST 29 2014........SUNRISE   712 AM CDT   SUNSET   756 PM CDT
AUGUST 30 2014........SUNRISE   712 AM CDT   SUNSET   754 PM CDT


-  INDICATES NEGATIVE NUMBERS.
R  INDICATES RECORD WAS SET OR TIED.
MM INDICATES DATA IS MISSING.
T  INDICATES TRACE AMOUNT.




$$
