000
CDUS44 KBRO 260641
CLIMFE


CLIMATE REPORT
NATIONAL WEATHER SERVICE BROWNSVILLE TX
141 AM CDT SUN OCT 26 2014


...................................

...THE MCALLEN CLIMATE SUMMARY FOR OCTOBER 25 2014...

CLIMATE NORMAL PERIOD 1981 TO 2010
CLIMATE RECORD PERIOD 1941 TO 2014


WEATHER ITEM   OBSERVED TIME   RECORD YEAR NORMAL DEPARTURE LAST
                VALUE   (LST)  VALUE       VALUE  FROM      YEAR
                                                  NORMAL
..................................................................
TEMPERATURE (F)
 YESTERDAY
  MAXIMUM         87    358 PM  95    2010  86      1       87
                                      1942
  MINIMUM         63    701 AM  48    1979  65     -2       61
  AVERAGE         75                        75      0

PRECIPITATION (IN)
  YESTERDAY        0.00          4.11 1974   0.06  -0.06     0.00
  MONTH TO DATE    0.62                      1.75  -1.13     0.14
  SINCE SEP 1     11.85                      6.22   5.63     6.36
  SINCE JAN 1     18.71                     19.79  -1.08    12.30

SNOWFALL (IN)
  YESTERDAY        0.0
  MONTH TO DATE    0.0
  SINCE SEP 1      0.0
  SINCE JUL 1      0.0

DEGREE DAYS
 HEATING
  YESTERDAY        0                         0      0        0
  MONTH TO DATE    0                         0      0        0
  SINCE SEP 1      0                         0      0        0
  SINCE JUL 1      0                         0      0        0

 COOLING
  YESTERDAY       10                        11     -1        9
  MONTH TO DATE  368                       324     44      332
  SINCE SEP 1    895                       872     23      877
  SINCE JAN 1   4090                      4123    -33     4264
..................................................................


WIND (MPH)
  HIGHEST WIND SPEED    15   HIGHEST WIND DIRECTION     E (90)
  HIGHEST GUST SPEED    18   HIGHEST GUST DIRECTION     E (80)
  AVERAGE WIND SPEED     2.1



WEATHER CONDITIONS
 THE FOLLOWING WEATHER WAS RECORDED YESTERDAY.
  FOG
  HAZE


RELATIVE HUMIDITY (PERCENT)
 HIGHEST   100
 LOWEST     42
 AVERAGE    71

..........................................................


THE MCALLEN CLIMATE NORMALS FOR TODAY
                         NORMAL    RECORD    YEAR
 MAXIMUM TEMPERATURE (F)   86        96      2010
 MINIMUM TEMPERATURE (F)   65        44      1943
                                             1945


SUNRISE AND SUNSET
OCTOBER 26 2014.......SUNRISE   738 AM CDT   SUNSET   655 PM CDT
OCTOBER 27 2014.......SUNRISE   739 AM CDT   SUNSET   655 PM CDT


-  INDICATES NEGATIVE NUMBERS.
R  INDICATES RECORD WAS SET OR TIED.
MM INDICATES DATA IS MISSING.
T  INDICATES TRACE AMOUNT.




$$
