000
CDUS44 KBRO 310631
CLIMFE


CLIMATE REPORT
NATIONAL WEATHER SERVICE BROWNSVILLE TX
131 AM CDT MON AUG 31 2015


...................................

...THE MCALLEN CLIMATE SUMMARY FOR AUGUST 30 2015...

CLIMATE NORMAL PERIOD 1981 TO 2010
CLIMATE RECORD PERIOD 1941 TO 2015


WEATHER ITEM   OBSERVED TIME   RECORD YEAR NORMAL DEPARTURE LAST
                VALUE   (LST)  VALUE       VALUE  FROM      YEAR
                                                  NORMAL
..................................................................
TEMPERATURE (F)
 YESTERDAY
  MAXIMUM         98    143 PM 107    2012  97      1       94
  MINIMUM         78   1137 PM  68    1970  76      2       76
  AVERAGE         88                        86      2

PRECIPITATION (IN)
  YESTERDAY        0.00          2.70 2004   0.11  -0.11     0.44
  MONTH TO DATE    2.65                      2.09   0.56     3.08
  SINCE JUN 1      8.29                      6.67   1.62     3.98
  SINCE JAN 1     19.76                     13.45   6.31     6.86

SNOWFALL (IN)
  YESTERDAY        0.0
  MONTH TO DATE    0.0
  SINCE JUN 1      0.0
  SINCE JUL 1      0.0

DEGREE DAYS
 HEATING
  YESTERDAY        0                         0      0        0
  MONTH TO DATE    0                         0      0        0
  SINCE JUN 1      0                         0      0        0
  SINCE JUL 1      0                         0      0        0

 COOLING
  YESTERDAY       23                        21      2       20
  MONTH TO DATE  766                       677     89      735
  SINCE JUN 1   2160                      1979    181     2117
  SINCE JAN 1   3405                      3234    171     3173
..................................................................


WIND (MPH)
  HIGHEST WIND SPEED    25   HIGHEST WIND DIRECTION    SE (140)
  HIGHEST GUST SPEED    30   HIGHEST GUST DIRECTION    SE (140)
  AVERAGE WIND SPEED     9.3



WEATHER CONDITIONS
 THE FOLLOWING WEATHER WAS RECORDED YESTERDAY.
  NO SIGNIFICANT WEATHER WAS OBSERVED.


RELATIVE HUMIDITY (PERCENT)
 HIGHEST    85
 LOWEST     42
 AVERAGE    64

..........................................................


THE MCALLEN CLIMATE NORMALS FOR TODAY
                         NORMAL    RECORD    YEAR
 MAXIMUM TEMPERATURE (F)   96       103      2012
                                             2005
 MINIMUM TEMPERATURE (F)   76        69      1947
                                             1960


SUNRISE AND SUNSET
AUGUST 31 2015........SUNRISE   712 AM CDT   SUNSET   754 PM CDT
SEPTEMBER  1 2015.....SUNRISE   713 AM CDT   SUNSET   753 PM CDT


-  INDICATES NEGATIVE NUMBERS.
R  INDICATES RECORD WAS SET OR TIED.
MM INDICATES DATA IS MISSING.
T  INDICATES TRACE AMOUNT.




$$
