000
CDUS44 KBRO 262238
CLIMFE


CLIMATE REPORT
NATIONAL WEATHER SERVICE BROWNSVILLE TX
438 PM CST FRI DEC 26 2014


...................................

...THE MCALLEN CLIMATE SUMMARY FOR DECEMBER 26 2014...
VALID TODAY AS OF 0400 PM LOCAL TIME.

CLIMATE NORMAL PERIOD 1981 TO 2010
CLIMATE RECORD PERIOD 1941 TO 2014


WEATHER ITEM   OBSERVED TIME   RECORD YEAR NORMAL DEPARTURE LAST
                VALUE   (LST)  VALUE       VALUE  FROM      YEAR
                                                  NORMAL
..................................................................
TEMPERATURE (F)
 TODAY
  MAXIMUM         83    336 PM  91    1964  70     13       62
  MINIMUM         61   1243 AM  18    1983  51     10       52
  AVERAGE         72                        60     12       57

PRECIPITATION (IN)
  TODAY            0.00          0.78 2013   0.04  -0.04     0.78
  MONTH TO DATE    0.47                      0.98  -0.51     0.96
  SINCE DEC 1      0.47                      0.98  -0.51     0.96
  SINCE JAN 1     19.74                     21.99  -2.25    16.43

SNOWFALL (IN)
  TODAY            0.0
  MONTH TO DATE    0.0
  SINCE DEC 1      0.0
  SINCE JUL 1      0.0
  SNOW DEPTH       0

DEGREE DAYS
 HEATING
  TODAY            0                         7     -7        8
  MONTH TO DATE   59                       143    -84      183
  SINCE DEC 1     59                       143    -84      183
  SINCE JUL 1    188                       203    -15      309

 COOLING
  TODAY            7                         2      5        0
  MONTH TO DATE   83                        72     11       46
  SINCE DEC 1     83                        72     11       46
  SINCE JAN 1   4317                      4441   -124     4581
..................................................................


WIND (MPH)
  HIGHEST WIND SPEED    26   HIGHEST WIND DIRECTION     S (160)
  HIGHEST GUST SPEED    32   HIGHEST GUST DIRECTION     S (160)
  AVERAGE WIND SPEED    11.6



WEATHER CONDITIONS
 THE FOLLOWING WEATHER WAS RECORDED TODAY.
  NO SIGNIFICANT WEATHER WAS OBSERVED.


..........................................................


THE MCALLEN CLIMATE NORMALS FOR TOMORROW
                         NORMAL    RECORD    YEAR
 MAXIMUM TEMPERATURE (F)   70        91      2008
 MINIMUM TEMPERATURE (F)   51        28      1983


SUNRISE AND SUNSET
DECEMBER 26 2014......SUNRISE   718 AM CST   SUNSET   549 PM CST
DECEMBER 27 2014......SUNRISE   719 AM CST   SUNSET   549 PM CST


-  INDICATES NEGATIVE NUMBERS.
R  INDICATES RECORD WAS SET OR TIED.
MM INDICATES DATA IS MISSING.
T  INDICATES TRACE AMOUNT.




$$
