000
CDUS46 KMFR 220836
CLIMFR


CLIMATE REPORT
NATIONAL WEATHER SERVICE MEDFORD, OR
136 AM PDT MON SEP 22 2014


...................................

...THE MEDFORD OR CLIMATE SUMMARY FOR SEPTEMBER 21 2014...

CLIMATE NORMAL PERIOD 1981 TO 2010
CLIMATE RECORD PERIOD 1911 TO 2014


WEATHER ITEM   OBSERVED TIME   RECORD YEAR NORMAL DEPARTURE LAST
                VALUE   (LST)  VALUE       VALUE  FROM      YEAR
                                                  NORMAL
..................................................................
TEMPERATURE (F)
 YESTERDAY
  MAXIMUM         94    245 PM 101    1994  82     12       64
                                      1952
  MINIMUM         61    618 AM  34    1993  49     12       53
                                      1964
                                      1929
  AVERAGE         78                        65     13       59

PRECIPITATION (IN)
  YESTERDAY        0.00          0.28 1945   0.02  -0.02     0.16
  MONTH TO DATE    T                         0.37  -0.37     1.03
  SINCE SEP 1      T                         0.37  -0.37     1.03
  SINCE JAN 1     11.39                     10.51   0.88     5.58

SNOWFALL (IN)
  YESTERDAY        0.0                       0.0    0.0      0.0
  MONTH TO DATE    0.0                       0.0    0.0      0.0
  SINCE JUL 1      0.0                       0.0    0.0      0.0
  SNOW DEPTH       0

DEGREE DAYS
 HEATING
  YESTERDAY        0                         2     -2        6
  MONTH TO DATE    0                        29    -29       16
  SINCE SEP 1      0                        29    -29       16
  SINCE JUL 1      0                        39    -39       16

 COOLING
  YESTERDAY       13                         3     10        0
  MONTH TO DATE  187                        93     94      142
  SINCE SEP 1    187                        93     94      142
  SINCE JAN 1   1201                       800    401     1057
..................................................................


WIND (MPH)
  HIGHEST WIND SPEED    15   HIGHEST WIND DIRECTION    NW (330)
  HIGHEST GUST SPEED    22   HIGHEST GUST DIRECTION    NW (330)
  AVERAGE WIND SPEED     4.7


SKY COVER
  POSSIBLE SUNSHINE  MM
  AVERAGE SKY COVER 0.2


WEATHER CONDITIONS
 THE FOLLOWING WEATHER WAS RECORDED YESTERDAY.
  NO SIGNIFICANT WEATHER WAS OBSERVED.


RELATIVE HUMIDITY (PERCENT)
 HIGHEST    69           600 AM
 LOWEST     18           600 PM
 AVERAGE    44

..........................................................


THE MEDFORD OR CLIMATE NORMALS FOR TODAY
                         NORMAL    RECORD    YEAR
 MAXIMUM TEMPERATURE (F)   82       102      1987
 MINIMUM TEMPERATURE (F)   48        33      1961


SUNRISE AND SUNSET
SEPTEMBER 22 2014.....SUNRISE   659 AM PDT   SUNSET   709 PM PDT
SEPTEMBER 23 2014.....SUNRISE   700 AM PDT   SUNSET   707 PM PDT


-  INDICATES NEGATIVE NUMBERS.
R  INDICATES RECORD WAS SET OR TIED.
MM INDICATES DATA IS MISSING.
T  INDICATES TRACE AMOUNT.




$$
