000
CDUS46 KMFR 161208
CLIMFR

CLIMATE REPORT
NATIONAL WEATHER SERVICE MEDFORD, OR
407 AM PST MON JAN 16 2017


...................................

...THE MEDFORD OR CLIMATE SUMMARY FOR JANUARY 15 2017...

CLIMATE NORMAL PERIOD 1981 TO 2010
CLIMATE RECORD PERIOD 1911 TO 2017


WEATHER ITEM   OBSERVED TIME   RECORD YEAR NORMAL DEPARTURE LAST
                VALUE   (LST)  VALUE       VALUE  FROM      YEAR
                                                  NORMAL
..................................................................
TEMPERATURE (F)
 YESTERDAY
  MAXIMUM         44    430 PM  59    2010  47     -3       41
                                      1996
  MINIMUM         26    423 AM   2    1930  33     -7       35
  AVERAGE         35                        40     -5       38

PRECIPITATION (IN)
  YESTERDAY        T             1.33 1974   0.07  -0.07     0.13
  MONTH TO DATE    3.69                      1.33   2.36     0.98
  SINCE OCT 1     15.38                      8.97   6.41    10.74
  SINCE JAN 1      3.69                      1.33   2.36     0.98

SNOWFALL (IN)
  YESTERDAY        T                         0.1   -0.1      0.0
  MONTH TO DATE   11.4                       0.7   10.7      0.0
  SINCE JUL 1     11.8                       2.4    9.4      0.7
  SNOW DEPTH       0

DEGREE DAYS
 HEATING
  YESTERDAY       30                        25      5       27
  MONTH TO DATE  482                       384     98      363
  SINCE DEC 1   1334                      1181    153     1063
  SINCE JUL 1   2107                      2150    -43     1867

 COOLING
  YESTERDAY        0                         0      0        0
  MONTH TO DATE    0                         0      0        0
  SINCE DEC 1      0                         0      0        0
  SINCE JAN 1      0                         0      0        0
..................................................................


WIND (MPH)
  HIGHEST WIND SPEED     6   HIGHEST WIND DIRECTION     S (190)
  HIGHEST GUST SPEED     7   HIGHEST GUST DIRECTION     S (190)
  AVERAGE WIND SPEED     0.6


SKY COVER
  POSSIBLE SUNSHINE  MM
  AVERAGE SKY COVER 0.5


WEATHER CONDITIONS
 THE FOLLOWING WEATHER WAS RECORDED YESTERDAY.
  LIGHT SNOW
  FOG
  FOG W/VISIBILITY <= 1/4 MILE


RELATIVE HUMIDITY (PERCENT)
 HIGHEST   100          1200 AM
 LOWEST     70           400 PM
 AVERAGE    85

..........................................................


THE MEDFORD OR CLIMATE NORMALS FOR TODAY
                         NORMAL    RECORD    YEAR
 MAXIMUM TEMPERATURE (F)   48        62      1944
 MINIMUM TEMPERATURE (F)   33        15      1987
                                             1949


SUNRISE AND SUNSET
JANUARY 16 2017.......SUNRISE   737 AM PST   SUNSET   506 PM PST
JANUARY 17 2017.......SUNRISE   737 AM PST   SUNSET   507 PM PST


-  INDICATES NEGATIVE NUMBERS.
R  INDICATES RECORD WAS SET OR TIED.
MM INDICATES DATA IS MISSING.
T  INDICATES TRACE AMOUNT.

&&

LOW TEMPERATURE THIS MORNING...27 DEGREES
24-HOUR PRECIPITATION..........NONE

$$
