000
CDUS46 KMFR 301342
CLIMFR

CLIMATE REPORT
NATIONAL WEATHER SERVICE MEDFORD, OR
641 AM PDT TUE JUN 30 2015


...................................

...THE MEDFORD OR CLIMATE SUMMARY FOR JUNE 29 2015...

CLIMATE NORMAL PERIOD 1981 TO 2010
CLIMATE RECORD PERIOD 1911 TO 2015


WEATHER ITEM   OBSERVED TIME   RECORD YEAR NORMAL DEPARTURE LAST
                VALUE   (LST)  VALUE       VALUE  FROM      YEAR
                                                  NORMAL
..................................................................
TEMPERATURE (F)
 YESTERDAY
  MAXIMUM         99    458 PM 106    1924  86     13       86
  MINIMUM         66    511 AM  38    1988  55     11       58
  AVERAGE         83                        70     13       72

PRECIPITATION (IN)
  YESTERDAY        0.00          0.67 1997   0.01  -0.01     0.00
  MONTH TO DATE    0.31                      0.61  -0.30     0.54
  SINCE OCT 1     13.99                     17.09  -3.10    12.34
  SINCE JAN 1      7.14                      9.45  -2.31    10.66

SNOWFALL (IN)
  YESTERDAY        0.0                       0.0    0.0      0.0
  MONTH TO DATE    0.0                       0.0    0.0      0.0
  SINCE JUL 1      T                         4.1   -4.1      3.4
  SNOW DEPTH       0

DEGREE DAYS
 HEATING
  YESTERDAY        0                         1     -1        0
  MONTH TO DATE   10                        54    -44       22
  SINCE JUN 1     10                        54    -44       22
  SINCE JUL 1   3246                      4251  -1005     4179

 COOLING
  YESTERDAY       18                         6     12        7
  MONTH TO DATE  291                       101    190       99
  SINCE JUN 1    291                       101    190       99
  SINCE JAN 1    336                       139    197      155
..................................................................


WIND (MPH)
  HIGHEST WIND SPEED    17   HIGHEST WIND DIRECTION     N (350)
  HIGHEST GUST SPEED    22   HIGHEST GUST DIRECTION     N (340)
  AVERAGE WIND SPEED     5.3


SKY COVER
  POSSIBLE SUNSHINE  MM
  AVERAGE SKY COVER 0.0


WEATHER CONDITIONS
 THE FOLLOWING WEATHER WAS RECORDED YESTERDAY.
  NO SIGNIFICANT WEATHER WAS OBSERVED.


RELATIVE HUMIDITY (PERCENT)
 HIGHEST    73           400 AM
 LOWEST     20           100 PM
 AVERAGE    47

..........................................................


THE MEDFORD OR CLIMATE NORMALS FOR TODAY
                         NORMAL    RECORD    YEAR
 MAXIMUM TEMPERATURE (F)   86       105      1942
 MINIMUM TEMPERATURE (F)   55        40      1919


SUNRISE AND SUNSET
JUNE 30 2015..........SUNRISE   538 AM PDT   SUNSET   852 PM PDT
JULY  1 2015..........SUNRISE   538 AM PDT   SUNSET   852 PM PDT


-  INDICATES NEGATIVE NUMBERS.
R  INDICATES RECORD WAS SET OR TIED.
MM INDICATES DATA IS MISSING.
T  INDICATES TRACE AMOUNT.

&&

LOW TEMPERATURE THIS MORNING...67 DEGREES
24-HOUR PRECIPITATION..........0

$$
