000
CDUS46 KMFR 301709
CLIMFR

CLIMATE REPORT
NATIONAL WEATHER SERVICE MEDFORD, OR
1009 AM PDT FRI SEP 30 2016


...................................

...THE MEDFORD OR CLIMATE SUMMARY FOR SEPTEMBER 29 2016...

CLIMATE NORMAL PERIOD 1981 TO 2010
CLIMATE RECORD PERIOD 1911 TO 2016


WEATHER ITEM   OBSERVED TIME   RECORD YEAR NORMAL DEPARTURE LAST
                VALUE   (LST)  VALUE       VALUE  FROM      YEAR
                                                  NORMAL
..................................................................
TEMPERATURE (F)
 YESTERDAY
  MAXIMUM         82    336 PM  96    1987  79      3       88
  MINIMUM         52    646 AM  31    1961  46      6       49
  AVERAGE         67                        63      4       69

PRECIPITATION (IN)
  YESTERDAY        0.00          0.79 2013   0.03  -0.03     0.00
  MONTH TO DATE    0.01                      0.55  -0.54     0.25
  SINCE OCT 1     19.78                     18.33   1.45    14.57
  SINCE JAN 1     10.02                     10.69  -0.67     7.72

SNOWFALL (IN)
  YESTERDAY        0.0                       0.0    0.0      0.0
  MONTH TO DATE    0.0                       0.0    0.0      0.0
  SINCE JUL 1      0.0                       0.0    0.0      0.0
  SNOW DEPTH       0

DEGREE DAYS
 HEATING
  YESTERDAY        0                         4     -4        0
  MONTH TO DATE   34                        56    -22       40
  SINCE SEP 1     34                        56    -22       40
  SINCE JUL 1     36                        66    -30       40

 COOLING
  YESTERDAY        2                         2      0        4
  MONTH TO DATE  109                       111     -2      128
  SINCE SEP 1    109                       111     -2      128
  SINCE JAN 1   1054                       818    236     1258
..................................................................


WIND (MPH)
  HIGHEST WIND SPEED    14   HIGHEST WIND DIRECTION     N (20)
  HIGHEST GUST SPEED    17   HIGHEST GUST DIRECTION     W (290)
  AVERAGE WIND SPEED     3.5


SKY COVER
  POSSIBLE SUNSHINE  MM
  AVERAGE SKY COVER 0.0


WEATHER CONDITIONS
 THE FOLLOWING WEATHER WAS RECORDED YESTERDAY.
  NO SIGNIFICANT WEATHER WAS OBSERVED.


RELATIVE HUMIDITY (PERCENT)
 HIGHEST    83           400 AM
 LOWEST     21           500 PM
 AVERAGE    52

..........................................................


THE MEDFORD OR CLIMATE NORMALS FOR TODAY
                         NORMAL    RECORD    YEAR
 MAXIMUM TEMPERATURE (F)   79        98      1988
                                             1987
 MINIMUM TEMPERATURE (F)   46        29      1950


SUNRISE AND SUNSET
SEPTEMBER 30 2016.....SUNRISE   708 AM PDT   SUNSET   654 PM PDT
OCTOBER  1 2016.......SUNRISE   709 AM PDT   SUNSET   652 PM PDT


-  INDICATES NEGATIVE NUMBERS.
R  INDICATES RECORD WAS SET OR TIED.
MM INDICATES DATA IS MISSING.
T  INDICATES TRACE AMOUNT.

&&

LOW TEMPERATURE THIS MORNING...48 DEGREES
24-HOUR PRECIPITATION..........0

$$
