000
CDUS46 KMFR 281806
CLIMFR

CLIMATE REPORT
NATIONAL WEATHER SERVICE MEDFORD, OR
1105 AM PDT SAT MAY 28 2016


...................................

...THE MEDFORD OR CLIMATE SUMMARY FOR MAY 27 2016...

CLIMATE NORMAL PERIOD 1981 TO 2010
CLIMATE RECORD PERIOD 1911 TO 2016


WEATHER ITEM   OBSERVED TIME   RECORD YEAR NORMAL DEPARTURE LAST
                VALUE   (LST)  VALUE       VALUE  FROM      YEAR
                                                  NORMAL
..................................................................
TEMPERATURE (F)
 YESTERDAY
  MAXIMUM         73    355 PM  99    1983  76     -3       86
  MINIMUM         43    505 AM  34    1977  48     -5       49
                                      1961
                                      1922
  AVERAGE         58                        62     -4       68

PRECIPITATION (IN)
  YESTERDAY        0.00          0.41 2008   0.04  -0.04     0.00
  MONTH TO DATE    0.33                      1.15  -0.82     0.31
  SINCE OCT 1     18.75                     16.32   2.43    13.66
  SINCE JAN 1      8.99                      8.68   0.31     6.81

SNOWFALL (IN)
  YESTERDAY        0.0                       0.0    0.0      0.0
  MONTH TO DATE    0.0                       0.0    0.0      0.0
  SINCE JUL 1      1.9                       4.1   -2.2       T
  SNOW DEPTH       0

DEGREE DAYS
 HEATING
  YESTERDAY        7                         4      3        0
  MONTH TO DATE   88                       181    -93      107
  SINCE MAR 1    743                      1066   -323      796
  SINCE JUL 1   3417                      4180   -763     3236

 COOLING
  YESTERDAY        0                         2     -2        3
  MONTH TO DATE   31                        30      1        9
  SINCE MAR 1     48                        33     15        9
  SINCE JAN 1     48                        33     15        9
..................................................................


WIND (MPH)
  HIGHEST WIND SPEED    20   HIGHEST WIND DIRECTION     N (360)
  HIGHEST GUST SPEED    24   HIGHEST GUST DIRECTION     N (10)
  AVERAGE WIND SPEED     5.5


SKY COVER
  POSSIBLE SUNSHINE  MM
  AVERAGE SKY COVER 0.1


WEATHER CONDITIONS
 THE FOLLOWING WEATHER WAS RECORDED YESTERDAY.
  NO SIGNIFICANT WEATHER WAS OBSERVED.


RELATIVE HUMIDITY (PERCENT)
 HIGHEST    83           600 AM
 LOWEST     20           400 PM
 AVERAGE    52

..........................................................


THE MEDFORD OR CLIMATE NORMALS FOR TODAY
                         NORMAL    RECORD    YEAR
 MAXIMUM TEMPERATURE (F)   77        99      1983
 MINIMUM TEMPERATURE (F)   49        34      1929
                                             1920


SUNRISE AND SUNSET
MAY 28 2016...........SUNRISE   539 AM PDT   SUNSET   839 PM PDT
MAY 29 2016...........SUNRISE   538 AM PDT   SUNSET   840 PM PDT


-  INDICATES NEGATIVE NUMBERS.
R  INDICATES RECORD WAS SET OR TIED.
MM INDICATES DATA IS MISSING.
T  INDICATES TRACE AMOUNT.

&&

LOW TEMPERATURE THIS MORNING....42 DEGREES
24-HOUR PRECIPITATION...........NONE

$$
