000
CDUS46 KMFR 110837
CLIMFR


CLIMATE REPORT
NATIONAL WEATHER SERVICE MEDFORD, OR
1236 AM PST MON DEC 11 2017


...................................

...THE MEDFORD OR CLIMATE SUMMARY FOR DECEMBER 10 2017...

CLIMATE NORMAL PERIOD 1981 TO 2010
CLIMATE RECORD PERIOD 1911 TO 2017


WEATHER ITEM   OBSERVED TIME   RECORD YEAR NORMAL DEPARTURE LAST
                VALUE   (LST)  VALUE       VALUE  FROM      YEAR
                                                  NORMAL
..................................................................
TEMPERATURE (F)
 YESTERDAY
  MAXIMUM         48    324 PM  69    1993  46      2       50
  MINIMUM         22    644 AM  -6    1972  33    -11       34
  AVERAGE         35                        40     -5       42

PRECIPITATION (IN)
  YESTERDAY        0.00          2.12 1939   0.11  -0.11     0.31
  MONTH TO DATE    0.20                      1.19  -0.99     1.04
  SINCE OCT 1      3.96                      5.34  -1.38     8.17
  SINCE JAN 1     17.48                     16.05   1.43    18.19

SNOWFALL (IN)
  YESTERDAY        0.0                       0.1   -0.1      0.0
  MONTH TO DATE    0.0                       0.3   -0.3      0.4
  SINCE JUL 1      0.0                       0.5   -0.5      0.4
  SNOW DEPTH       0

DEGREE DAYS
 HEATING
  YESTERDAY       30                        25      5       23
  MONTH TO DATE  271                       248     23      250
  SINCE DEC 1    271                       248     23      250
  SINCE JUL 1   1206                      1217    -11     1023

 COOLING
  YESTERDAY        0                         0      0        0
  MONTH TO DATE    0                         0      0        0
  SINCE DEC 1      0                         0      0        0
  SINCE JAN 1   1281                       829    452     1058
..................................................................


WIND (MPH)
  HIGHEST WIND SPEED     7   HIGHEST WIND DIRECTION    SE (150)
  HIGHEST GUST SPEED     9   HIGHEST GUST DIRECTION    SE (150)
  AVERAGE WIND SPEED     0.0


SKY COVER
  POSSIBLE SUNSHINE  MM
  AVERAGE SKY COVER 0.3


WEATHER CONDITIONS
 THE FOLLOWING WEATHER WAS RECORDED YESTERDAY.
  FOG
  FOG W/VISIBILITY <= 1/4 MILE


RELATIVE HUMIDITY (PERCENT)
 HIGHEST   100           500 AM
 LOWEST     58           300 PM
 AVERAGE    79

..........................................................


THE MEDFORD OR CLIMATE NORMALS FOR TODAY
                         NORMAL    RECORD    YEAR
 MAXIMUM TEMPERATURE (F)   46        67      1995
 MINIMUM TEMPERATURE (F)   33        -3      1972


SUNRISE AND SUNSET
DECEMBER 11 2017......SUNRISE   731 AM PST   SUNSET   439 PM PST
DECEMBER 12 2017......SUNRISE   732 AM PST   SUNSET   439 PM PST


-  INDICATES NEGATIVE NUMBERS.
R  INDICATES RECORD WAS SET OR TIED.
MM INDICATES DATA IS MISSING.
T  INDICATES TRACE AMOUNT.




$$
