000
CDUS46 KMFR 070841
CLIMFR


CLIMATE REPORT
NATIONAL WEATHER SERVICE MEDFORD, OR
1241 AM PST WED DEC 7 2016


...................................

...THE MEDFORD OR CLIMATE SUMMARY FOR DECEMBER 6 2016...

CLIMATE NORMAL PERIOD 1981 TO 2010
CLIMATE RECORD PERIOD 1911 TO 2016


WEATHER ITEM   OBSERVED TIME   RECORD YEAR NORMAL DEPARTURE LAST
                VALUE   (LST)  VALUE       VALUE  FROM      YEAR
                                                  NORMAL
..................................................................
TEMPERATURE (F)
 YESTERDAY
  MAXIMUM         44    315 PM  62    1981  47     -3       53
  MINIMUM         29   1159 PM  18    1959  33     -4       42
                                      1929
  AVERAGE         37                        40     -3       48

PRECIPITATION (IN)
  YESTERDAY        0.06          1.24 1952   0.12  -0.06     0.36
  MONTH TO DATE    0.27                      0.74  -0.47     0.94
  SINCE OCT 1      7.40                      4.89   2.51     2.97
  SINCE JAN 1     17.42                     15.60   1.82    10.69

SNOWFALL (IN)
  YESTERDAY        0.4                       0.0    0.4      0.0
  MONTH TO DATE    0.4                       0.1    0.3      0.0
  SINCE JUL 1      0.4                       0.3    0.1      0.0
  SNOW DEPTH       T

DEGREE DAYS
 HEATING
  YESTERDAY       28                        25      3       17
  MONTH TO DATE  154                       148      6      112
  SINCE DEC 1    154                       148      6      112
  SINCE JUL 1    927                      1117   -190      916

 COOLING
  YESTERDAY        0                         0      0        0
  MONTH TO DATE    0                         0      0        0
  SINCE DEC 1      0                         0      0        0
  SINCE JAN 1   1058                       829    229     1297
..................................................................


WIND (MPH)
  HIGHEST WIND SPEED    14   HIGHEST WIND DIRECTION     W (270)
  HIGHEST GUST SPEED    20   HIGHEST GUST DIRECTION     W (280)
  AVERAGE WIND SPEED     2.4


SKY COVER
  POSSIBLE SUNSHINE  MM
  AVERAGE SKY COVER 0.8


WEATHER CONDITIONS
 THE FOLLOWING WEATHER WAS RECORDED YESTERDAY.
  LIGHT RAIN
  LIGHT SNOW
  FOG
  HAZE


RELATIVE HUMIDITY (PERCENT)
 HIGHEST   100          1200 AM
 LOWEST     70           100 PM
 AVERAGE    85

..........................................................


THE MEDFORD OR CLIMATE NORMALS FOR TODAY
                         NORMAL    RECORD    YEAR
 MAXIMUM TEMPERATURE (F)   46        63      2010
                                             1934
 MINIMUM TEMPERATURE (F)   33         1      1972


SUNRISE AND SUNSET
DECEMBER  7 2016......SUNRISE   728 AM PST   SUNSET   439 PM PST
DECEMBER  8 2016......SUNRISE   728 AM PST   SUNSET   439 PM PST


-  INDICATES NEGATIVE NUMBERS.
R  INDICATES RECORD WAS SET OR TIED.
MM INDICATES DATA IS MISSING.
T  INDICATES TRACE AMOUNT.




$$
