390
CDUS46 KMFR 090837
CLIMFR


CLIMATE REPORT
NATIONAL WEATHER SERVICE MEDFORD, OR
1237 AM PST TUE FEB 9 2016


...................................

...THE MEDFORD OR CLIMATE SUMMARY FOR FEBRUARY 8 2016...

CLIMATE NORMAL PERIOD 1981 TO 2010
CLIMATE RECORD PERIOD 1911 TO 2016


WEATHER ITEM   OBSERVED TIME   RECORD YEAR NORMAL DEPARTURE LAST
                VALUE   (LST)  VALUE       VALUE  FROM      YEAR
                                                  NORMAL
..................................................................
TEMPERATURE (F)
 YESTERDAY
  MAXIMUM         79R   303 PM  70    1996  53     26       65
  MINIMUM         38    742 AM  14    1929  34      4       43
  AVERAGE         59                        43     16       54

PRECIPITATION (IN)
  YESTERDAY        0.00          1.45 1960   0.07  -0.07      T
  MONTH TO DATE    0.25                      0.57  -0.32     2.60
  SINCE OCT 1     14.23                     10.64   3.59    10.70
  SINCE JAN 1      4.47                      3.00   1.47     3.85

SNOWFALL (IN)
  YESTERDAY        0.0                       0.0    0.0      0.0
  MONTH TO DATE    1.2                       0.2    1.0      0.0
  SINCE JUL 1      1.9                       3.2   -1.3       T
  SNOW DEPTH       0

DEGREE DAYS
 HEATING
  YESTERDAY        6                        22    -16       11
  MONTH TO DATE  154                       178    -24      111
  SINCE DEC 1   1527                      1741   -214     1406
  SINCE JUL 1   2331                      2710   -379     2080

 COOLING
  YESTERDAY        0                         0      0        0
  MONTH TO DATE    0                         0      0        0
  SINCE DEC 1      0                         0      0        0
  SINCE JAN 1      0                         0      0        0
..................................................................


WIND (MPH)
  HIGHEST WIND SPEED    23   HIGHEST WIND DIRECTION    SE (150)
  HIGHEST GUST SPEED    27   HIGHEST GUST DIRECTION    SE (150)
  AVERAGE WIND SPEED     4.0


SKY COVER
  POSSIBLE SUNSHINE  MM
  AVERAGE SKY COVER 0.0


WEATHER CONDITIONS
 THE FOLLOWING WEATHER WAS RECORDED YESTERDAY.
  NO SIGNIFICANT WEATHER WAS OBSERVED.


RELATIVE HUMIDITY (PERCENT)
 HIGHEST    93           300 AM
 LOWEST     22           400 PM
 AVERAGE    58

..........................................................


THE MEDFORD OR CLIMATE NORMALS FOR TODAY
                         NORMAL    RECORD    YEAR
 MAXIMUM TEMPERATURE (F)   53        70      2006
 MINIMUM TEMPERATURE (F)   34        16      1923


SUNRISE AND SUNSET
FEBRUARY  9 2016......SUNRISE   716 AM PST   SUNSET   536 PM PST
FEBRUARY 10 2016......SUNRISE   715 AM PST   SUNSET   537 PM PST


-  INDICATES NEGATIVE NUMBERS.
R  INDICATES RECORD WAS SET OR TIED.
MM INDICATES DATA IS MISSING.
T  INDICATES TRACE AMOUNT.




$$
