000
CDUS44 KBMX 110711
CLIMGM


CLIMATE REPORT
NATIONAL WEATHER SERVICE BIRMINGHAM, AL
109 AM CST THU FEB 11 2016


...................................

...THE MONTGOMERY CLIMATE SUMMARY FOR FEBRUARY 10 2016...

CLIMATE NORMAL PERIOD 1981 TO 2010
CLIMATE RECORD PERIOD 1872 TO 2016


WEATHER ITEM   OBSERVED TIME   RECORD YEAR NORMAL DEPARTURE LAST
                VALUE   (LST)  VALUE       VALUE  FROM      YEAR
                                                  NORMAL
..................................................................
TEMPERATURE (F)
 YESTERDAY
  MAXIMUM         47    305 PM  82    1939  61    -14       55
  MINIMUM         24    658 AM  16    1971  38    -14       35
  AVERAGE         36                        49    -13       45

PRECIPITATION (IN)
  YESTERDAY        0.00          4.06 1981   0.17  -0.17     0.00
  MONTH TO DATE    1.45                      1.86  -0.41     1.32
  SINCE DEC 1     20.83                     11.37   9.46     9.03
  SINCE JAN 1      6.70                      6.51   0.19     4.14

SNOWFALL (IN)
  YESTERDAY        0.0                       0.0    0.0      0.0
  MONTH TO DATE    0.0                       0.0    0.0      0.0
  SINCE DEC 1      T                         0.1   -0.1      0.0
  SINCE JUL 1      T                         0.1   -0.1      0.0
  SNOW DEPTH       0

DEGREE DAYS
 HEATING
  YESTERDAY       29                        16     13       20
  MONTH TO DATE  159                       166     -7      173
  SINCE DEC 1    947                      1257   -310     1118
  SINCE JUL 1   1134                      1628   -494     1581
..................................................................


WIND (MPH)
  HIGHEST WIND SPEED    21   HIGHEST WIND DIRECTION     W (270)
  HIGHEST GUST SPEED    28   HIGHEST GUST DIRECTION     W (250)
  AVERAGE WIND SPEED     7.3


SKY COVER
  AVERAGE SKY COVER 0.0


WEATHER CONDITIONS
 THE FOLLOWING WEATHER WAS RECORDED YESTERDAY.
  NO SIGNIFICANT WEATHER WAS OBSERVED.


RELATIVE HUMIDITY (PERCENT)
 HIGHEST    68           700 AM
 LOWEST     23           300 PM
 AVERAGE    46

..........................................................


THE MONTGOMERY CLIMATE NORMALS FOR TODAY
                         NORMAL    RECORD    YEAR
 MAXIMUM TEMPERATURE (F)   61        82      1999
 MINIMUM TEMPERATURE (F)   38        16      1885


SUNRISE AND SUNSET
FEBRUARY 11 2016......SUNRISE   632 AM CST   SUNSET   528 PM CST
FEBRUARY 12 2016......SUNRISE   631 AM CST   SUNSET   529 PM CST


-  INDICATES NEGATIVE NUMBERS.
R  INDICATES RECORD WAS SET OR TIED.
MM INDICATES DATA IS MISSING.
T  INDICATES TRACE AMOUNT.




$$
