000
CDUS44 KBMX 220932
CLIMGM


CLIMATE REPORT
NATIONAL WEATHER SERVICE BIRMINGHAM, AL
432 AM CDT TUE JUL 22 2014


...................................

...THE MONTGOMERY CLIMATE SUMMARY FOR JULY 21 2014...

CLIMATE NORMAL PERIOD 1981 TO 2010
CLIMATE RECORD PERIOD 1872 TO 2014


WEATHER ITEM   OBSERVED TIME   RECORD YEAR NORMAL DEPARTURE LAST
                VALUE   (LST)  VALUE       VALUE  FROM      YEAR
                                                  NORMAL
..................................................................
TEMPERATURE (F)
 YESTERDAY
  MAXIMUM         88   1233 PM 102    1952  92     -4       89
  MINIMUM         75    505 AM  61    2009  72      3       73
  AVERAGE         82                        82      0       81

PRECIPITATION (IN)
  YESTERDAY        T             5.10 1899   0.17  -0.17     0.03
  MONTH TO DATE    2.27                      3.71  -1.44     2.91
  SINCE JUN 1      7.44                      7.78  -0.34     6.76
  SINCE JAN 1     36.33                     31.22   5.11    32.47

DEGREE DAYS
 COOLING
  YESTERDAY       17                        17      0       16
  MONTH TO DATE  343                       351     -8      318
  SINCE JUN 1    815                       770     45      809
  SINCE JAN 1   1181                      1109     72     1168
..................................................................


WIND (MPH)
  HIGHEST WIND SPEED    13   HIGHEST WIND DIRECTION    SE (120)
  HIGHEST GUST SPEED    18   HIGHEST GUST DIRECTION    SE (150)
  AVERAGE WIND SPEED     4.2


SKY COVER
  AVERAGE SKY COVER 0.6


WEATHER CONDITIONS
 THE FOLLOWING WEATHER WAS RECORDED YESTERDAY.
  LIGHT RAIN
  FOG


RELATIVE HUMIDITY (PERCENT)
 HIGHEST    94           100 AM
 LOWEST     63          1200 PM
 AVERAGE    79

..........................................................


THE MONTGOMERY CLIMATE NORMALS FOR TODAY
                         NORMAL    RECORD    YEAR
 MAXIMUM TEMPERATURE (F)   92       100      2006
                                             1993
                                             1878
 MINIMUM TEMPERATURE (F)   72        63      1971


SUNRISE AND SUNSET
JULY 22 2014..........SUNRISE   554 AM CDT   SUNSET   750 PM CDT
JULY 23 2014..........SUNRISE   554 AM CDT   SUNSET   749 PM CDT


-  INDICATES NEGATIVE NUMBERS.
R  INDICATES RECORD WAS SET OR TIED.
MM INDICATES DATA IS MISSING.
T  INDICATES TRACE AMOUNT.




$$
