000
CDUS44 KBMX 292225
CLIMGM


CLIMATE REPORT
NATIONAL WEATHER SERVICE BIRMINGHAM, AL
524 PM CDT WED JUL 29 2015


...................................

...THE MONTGOMERY CLIMATE SUMMARY FOR JULY 29 2015...
VALID AS OF 0400 PM LOCAL TIME.

CLIMATE NORMAL PERIOD 1981 TO 2010
CLIMATE RECORD PERIOD 1994 TO 2015


WEATHER ITEM   OBSERVED TIME   RECORD YEAR NORMAL DEPARTURE LAST
                VALUE   (LST)  VALUE       VALUE  FROM      YEAR
                                                  NORMAL
..................................................................
TEMPERATURE (F)
 TODAY
  MAXIMUM         96   1101 AM 100    2012  92      4       90
                                      1987
                                      1959
  MINIMUM         76    418 AM  65    2014  72      4       65
                                      1994
                                      1911
  AVERAGE         86                        82      4       78

PRECIPITATION (IN)
  TODAY            0.35          2.11 1977   0.15   0.20     0.00
  MONTH TO DATE    4.85                      4.95  -0.10     2.28
  SINCE JUN 1      8.84                      9.02  -0.18     7.45
  SINCE JAN 1     29.34                     32.46  -3.12    36.34

DEGREE DAYS
 COOLING
  TODAY           21                        17      4       13
  MONTH TO DATE  573                       487     86      487
  SINCE JUN 1   1070                       906    164      959
  SINCE JAN 1   1608                      1245    363     1325
..................................................................


WIND (MPH)
  HIGHEST WIND SPEED    33   HIGHEST WIND DIRECTION     N (360)
  HIGHEST GUST SPEED    42   HIGHEST GUST DIRECTION     N (360)
  AVERAGE WIND SPEED     3.3


SKY COVER
  AVERAGE SKY COVER 0.2


WEATHER CONDITIONS
 THE FOLLOWING WEATHER WAS RECORDED TODAY.
  THUNDERSTORM
  RAIN
  LIGHT RAIN
  FOG


RELATIVE HUMIDITY (PERCENT)
 HIGHEST    91          1200 AM
 LOWEST     51          1100 AM
 AVERAGE    71

..........................................................


THE MONTGOMERY CLIMATE NORMALS FOR TOMORROW
                         NORMAL    RECORD    YEAR
 MAXIMUM TEMPERATURE (F)   92       102      2012
 MINIMUM TEMPERATURE (F)   72        59      2014


SUNRISE AND SUNSET
JULY 29 2015..........SUNRISE   558 AM CDT   SUNSET   746 PM CDT
JULY 30 2015..........SUNRISE   559 AM CDT   SUNSET   745 PM CDT


-  INDICATES NEGATIVE NUMBERS.
R  INDICATES RECORD WAS SET OR TIED.
MM INDICATES DATA IS MISSING.
T  INDICATES TRACE AMOUNT.




$$
