000
CDUS44 KBMX 310709
CLIMGM


CLIMATE REPORT
NATIONAL WEATHER SERVICE BIRMINGHAM, AL
208 AM CDT MON AUG 31 2015


...................................

...THE MONTGOMERY CLIMATE SUMMARY FOR AUGUST 30 2015...

CLIMATE NORMAL PERIOD 1981 TO 2010
CLIMATE RECORD PERIOD 1994 TO 2015


WEATHER ITEM   OBSERVED TIME   RECORD YEAR NORMAL DEPARTURE LAST
                VALUE   (LST)  VALUE       VALUE  FROM      YEAR
                                                  NORMAL
..................................................................
TEMPERATURE (F)
 YESTERDAY
  MAXIMUM         89    108 PM 103    1948  91     -2       94
  MINIMUM         72   1159 PM  57    1968  70      2       74
  AVERAGE         81                        80      1       84

PRECIPITATION (IN)
  YESTERDAY        T             2.30 1888   0.13  -0.13     0.12
  MONTH TO DATE    1.64                      3.84  -2.20     3.41
  SINCE JUN 1     10.60                     13.15  -2.55    10.86
  SINCE JAN 1     31.10                     36.59  -5.49    39.75

DEGREE DAYS
 COOLING
  YESTERDAY       16                        15      1       19
  MONTH TO DATE  551                       496     55      533
  SINCE JUN 1   1666                      1436    230     1513
  SINCE JAN 1   2204                      1775    429     1879
..................................................................


WIND (MPH)
  HIGHEST WIND SPEED    14   HIGHEST WIND DIRECTION     W (290)
  HIGHEST GUST SPEED    18   HIGHEST GUST DIRECTION    NW (300)
  AVERAGE WIND SPEED     4.3


SKY COVER
  AVERAGE SKY COVER 0.5


WEATHER CONDITIONS
 THE FOLLOWING WEATHER WAS RECORDED YESTERDAY.
  LIGHT RAIN


RELATIVE HUMIDITY (PERCENT)
 HIGHEST    87           200 AM
 LOWEST     46           300 PM
 AVERAGE    67

..........................................................


THE MONTGOMERY CLIMATE NORMALS FOR TODAY
                         NORMAL    RECORD    YEAR
 MAXIMUM TEMPERATURE (F)   91        98      1951
                                             1948
                                             1907
 MINIMUM TEMPERATURE (F)   70        59      1887


SUNRISE AND SUNSET
AUGUST 31 2015........SUNRISE   620 AM CDT   SUNSET   711 PM CDT
SEPTEMBER  1 2015.....SUNRISE   621 AM CDT   SUNSET   710 PM CDT


-  INDICATES NEGATIVE NUMBERS.
R  INDICATES RECORD WAS SET OR TIED.
MM INDICATES DATA IS MISSING.
T  INDICATES TRACE AMOUNT.




$$
