000
CDUS44 KBMX 130838
CLIMGM


CLIMATE REPORT
NATIONAL WEATHER SERVICE BIRMINGHAM, AL
237 AM CST WED DEC 13 2017


...................................

...THE MONTGOMERY CLIMATE SUMMARY FOR DECEMBER 12 2017...

CLIMATE NORMAL PERIOD 1981 TO 2010
CLIMATE RECORD PERIOD 1872 TO 2017


WEATHER ITEM   OBSERVED TIME   RECORD YEAR NORMAL DEPARTURE LAST
                VALUE   (LST)  VALUE       VALUE  FROM      YEAR
                                                  NORMAL
..................................................................
TEMPERATURE (F)
 YESTERDAY
  MAXIMUM         58    137 PM  82    1971  60     -2       74
  MINIMUM         40   1155 PM   9    1962  38      2       51
  AVERAGE         49                        49      0       63

PRECIPITATION (IN)
  YESTERDAY        0.00          2.28 1961   0.15  -0.15     0.23
  MONTH TO DATE    1.94                      1.97  -0.03     2.13
  SINCE DEC 1      1.94                      1.97  -0.03     2.13
  SINCE JAN 1     69.58                     50.18  19.40    39.52

SNOWFALL (IN)
  YESTERDAY        0.0                       0.0    0.0      0.0
  MONTH TO DATE    T                         0.0    0.0      0.0
  SINCE DEC 1      T                         0.0    0.0      0.0
  SINCE JUL 1      T                         0.0    0.0      0.0
  SNOW DEPTH       0

DEGREE DAYS
 HEATING
  YESTERDAY       16                        16      0        2
  MONTH TO DATE  188                       180      8      160
  SINCE DEC 1    188                       180      8      160
  SINCE JUL 1    523                       551    -28      335
..................................................................


WIND (MPH)
  HIGHEST WIND SPEED    22   HIGHEST WIND DIRECTION     W (280)
  HIGHEST GUST SPEED    31   HIGHEST GUST DIRECTION    NW (330)
  AVERAGE WIND SPEED    11.0


SKY COVER
  AVERAGE SKY COVER 0.0


WEATHER CONDITIONS
 THE FOLLOWING WEATHER WAS RECORDED YESTERDAY.
  NO SIGNIFICANT WEATHER WAS OBSERVED.


RELATIVE HUMIDITY (PERCENT)
 HIGHEST    76           100 AM
 LOWEST     38           300 PM
 AVERAGE    57

..........................................................


THE MONTGOMERY CLIMATE NORMALS FOR TODAY
                         NORMAL    RECORD    YEAR
 MAXIMUM TEMPERATURE (F)   60        80      2015
                                             1931
                                             1926
 MINIMUM TEMPERATURE (F)   38         5      1962


SUNRISE AND SUNSET
DECEMBER 13 2017......SUNRISE   638 AM CST   SUNSET   442 PM CST
DECEMBER 14 2017......SUNRISE   639 AM CST   SUNSET   442 PM CST


-  INDICATES NEGATIVE NUMBERS.
R  INDICATES RECORD WAS SET OR TIED.
MM INDICATES DATA IS MISSING.
T  INDICATES TRACE AMOUNT.




$$
