000
CDUS44 KBMX 050839
CLIMGM


CLIMATE REPORT
NATIONAL WEATHER SERVICE BIRMINGHAM, AL
339 AM CDT THU MAY 5 2016


...................................

...THE MONTGOMERY CLIMATE SUMMARY FOR MAY 4 2016...

CLIMATE NORMAL PERIOD 1981 TO 2010
CLIMATE RECORD PERIOD 1872 TO 2016


WEATHER ITEM   OBSERVED TIME   RECORD YEAR NORMAL DEPARTURE LAST
                VALUE   (LST)  VALUE       VALUE  FROM      YEAR
                                                  NORMAL
..................................................................
TEMPERATURE (F)
 YESTERDAY
  MAXIMUM         76    439 PM  93    1902  81     -5       85
  MINIMUM         54    514 AM  40    1971  57     -3       57
  AVERAGE         65                        69     -4       71

PRECIPITATION (IN)
  YESTERDAY        T             2.59 1967   0.12  -0.12     0.00
  MONTH TO DATE    0.12                      0.45  -0.33     0.00
  SINCE MAR 1     10.96                     10.42   0.54     8.50
  SINCE JAN 1     21.62                     20.35   1.27    16.16

DEGREE DAYS
 COOLING
  YESTERDAY        0                         5     -5        6
  MONTH TO DATE   25                        18      7        9
  SINCE MAR 1    198                       113     85      230
  SINCE JAN 1    211                       119     92      230
..................................................................


WIND (MPH)
  HIGHEST WIND SPEED    21   HIGHEST WIND DIRECTION     W (280)
  HIGHEST GUST SPEED    27   HIGHEST GUST DIRECTION    NW (300)
  AVERAGE WIND SPEED     6.5


SKY COVER
  AVERAGE SKY COVER 0.1


WEATHER CONDITIONS
 THE FOLLOWING WEATHER WAS RECORDED YESTERDAY.
  LIGHT RAIN


RELATIVE HUMIDITY (PERCENT)
 HIGHEST    93           500 AM
 LOWEST     33           200 PM
 AVERAGE    63

..........................................................


THE MONTGOMERY CLIMATE NORMALS FOR TODAY
                         NORMAL    RECORD    YEAR
 MAXIMUM TEMPERATURE (F)   81        92      1959
                                             1955
                                             1952
 MINIMUM TEMPERATURE (F)   57        42      2013
                                             1997


SUNRISE AND SUNSET
MAY  5 2016...........SUNRISE   555 AM CDT   SUNSET   730 PM CDT
MAY  6 2016...........SUNRISE   554 AM CDT   SUNSET   731 PM CDT


-  INDICATES NEGATIVE NUMBERS.
R  INDICATES RECORD WAS SET OR TIED.
MM INDICATES DATA IS MISSING.
T  INDICATES TRACE AMOUNT.




$$
