000
CDUS44 KBMX 170751
CLIMGM


CLIMATE REPORT
NATIONAL WEATHER SERVICE BIRMINGHAM, AL
250 AM CDT TUE OCT 17 2017


...................................

...THE MONTGOMERY CLIMATE SUMMARY FOR OCTOBER 16 2017...

CLIMATE NORMAL PERIOD 1981 TO 2010
CLIMATE RECORD PERIOD 1872 TO 2017


WEATHER ITEM   OBSERVED TIME   RECORD YEAR NORMAL DEPARTURE LAST
                VALUE   (LST)  VALUE       VALUE  FROM      YEAR
                                                  NORMAL
..................................................................
TEMPERATURE (F)
 YESTERDAY
  MAXIMUM         75    223 PM  92    1990  78     -3       80
  MINIMUM         56   1159 PM  38    1987  53      3       65
  AVERAGE         66                        66      0       73

PRECIPITATION (IN)
  YESTERDAY        0.18          2.32 1879   0.09   0.09     0.12
  MONTH TO DATE    3.14                      1.51   1.63     0.12
  SINCE SEP 1      5.39                      5.48  -0.09     2.36
  SINCE JAN 1     63.99                     42.19  21.80    35.40

SNOWFALL (IN)
  YESTERDAY        0.0                       0.0    0.0      0.0
  MONTH TO DATE    0.0                       0.0    0.0      0.0
  SINCE SEP 1      0.0                       0.0    0.0      0.0
  SINCE JUL 1      0.0                       0.0    0.0      0.0
  SNOW DEPTH       0

DEGREE DAYS
 HEATING
  YESTERDAY        0                         3     -3        0
  MONTH TO DATE    0                        25    -25        0
  SINCE SEP 1      1                        29    -28        0
  SINCE JUL 1      1                        29    -28        0

 COOLING
  YESTERDAY        1                         3     -2        8
  MONTH TO DATE  204                        79    125      132
  SINCE SEP 1    598                       420    178      651
  SINCE JAN 1   2766                      2209    557     2880
..................................................................


WIND (MPH)
  HIGHEST WIND SPEED    16   HIGHEST WIND DIRECTION     N (350)
  HIGHEST GUST SPEED    21   HIGHEST GUST DIRECTION     N (350)
  AVERAGE WIND SPEED     8.5


SKY COVER
  AVERAGE SKY COVER 0.5


WEATHER CONDITIONS
 THE FOLLOWING WEATHER WAS RECORDED YESTERDAY.
  RAIN
  LIGHT RAIN
  FOG


RELATIVE HUMIDITY (PERCENT)
 HIGHEST    87          1200 AM
 LOWEST     38           200 PM
 AVERAGE    63

..........................................................


THE MONTGOMERY CLIMATE NORMALS FOR TODAY
                         NORMAL    RECORD    YEAR
 MAXIMUM TEMPERATURE (F)   78        92      2007
 MINIMUM TEMPERATURE (F)   53        35      1991


SUNRISE AND SUNSET
OCTOBER 17 2017.......SUNRISE   651 AM CDT   SUNSET   610 PM CDT
OCTOBER 18 2017.......SUNRISE   652 AM CDT   SUNSET   609 PM CDT


-  INDICATES NEGATIVE NUMBERS.
R  INDICATES RECORD WAS SET OR TIED.
MM INDICATES DATA IS MISSING.
T  INDICATES TRACE AMOUNT.




$$
