000
CDUS44 KBMX 260045
CLIMGM


CLIMATE REPORT
NATIONAL WEATHER SERVICE BIRMINGHAM, AL
745 PM CDT MON JUL 25 2016


...................................

...THE MONTGOMERY CLIMATE SUMMARY FOR JULY 25 2016...
VALID TODAY AS OF 0700 PM LOCAL TIME.

CLIMATE NORMAL PERIOD 1981 TO 2010
CLIMATE RECORD PERIOD 1872 TO 2016


WEATHER ITEM   OBSERVED TIME   RECORD YEAR NORMAL DEPARTURE LAST
                VALUE   (LST)  VALUE       VALUE  FROM      YEAR
                                                  NORMAL
..................................................................
TEMPERATURE (F)
 TODAY
  MAXIMUM         96    356 PM 105    1952  92      4       96
  MINIMUM         75    438 AM  64    1882  72      3       76
  AVERAGE         86                        82      4       86

PRECIPITATION (IN)
  TODAY            0.00          2.39 1975   0.15  -0.15     0.00
  MONTH TO DATE    5.07                      4.36   0.71     4.50
  SINCE JUN 1      7.80                      8.43  -0.63     8.49
  SINCE JAN 1     30.03                     31.87  -1.84    28.99

DEGREE DAYS
 COOLING
  TODAY           21                        17      4       21
  MONTH TO DATE  501                       419     82      488
  SINCE JUN 1   1019                       838    181      985
  SINCE JAN 1   1480                      1177    303     1523
..................................................................


WIND (MPH)
  HIGHEST WIND SPEED    12   HIGHEST WIND DIRECTION     S (160)
  HIGHEST GUST SPEED    17   HIGHEST GUST DIRECTION    SE (130)
  AVERAGE WIND SPEED     3.4


SKY COVER
  AVERAGE SKY COVER 0.1


WEATHER CONDITIONS
 THE FOLLOWING WEATHER WAS RECORDED TODAY.
  NO SIGNIFICANT WEATHER WAS OBSERVED.


RELATIVE HUMIDITY (PERCENT)
 HIGHEST    88           100 AM
 LOWEST     42           300 PM
 AVERAGE    65

..........................................................


THE MONTGOMERY CLIMATE NORMALS FOR TOMORROW
                         NORMAL    RECORD    YEAR
 MAXIMUM TEMPERATURE (F)   92       100      1987
 MINIMUM TEMPERATURE (F)   72        63      1911


SUNRISE AND SUNSET
JULY 25 2016..........SUNRISE   556 AM CDT   SUNSET   748 PM CDT
JULY 26 2016..........SUNRISE   557 AM CDT   SUNSET   747 PM CDT


-  INDICATES NEGATIVE NUMBERS.
R  INDICATES RECORD WAS SET OR TIED.
MM INDICATES DATA IS MISSING.
T  INDICATES TRACE AMOUNT.




$$
