282
CDUS44 KBMX 230745
CLIMGM


CLIMATE REPORT
NATIONAL WEATHER SERVICE BIRMINGHAM, AL
244 AM CDT SUN APR 23 2017


...................................

...THE MONTGOMERY CLIMATE SUMMARY FOR APRIL 22 2017...

CLIMATE NORMAL PERIOD 1981 TO 2010
CLIMATE RECORD PERIOD 1872 TO 2017


WEATHER ITEM   OBSERVED TIME   RECORD YEAR NORMAL DEPARTURE LAST
                VALUE   (LST)  VALUE       VALUE  FROM      YEAR
                                                  NORMAL
..................................................................
TEMPERATURE (F)
 YESTERDAY
  MAXIMUM         86    228 PM  91    1987  78      8       81
  MINIMUM         60    331 AM  38    1993  53      7       62
  AVERAGE         73                        66      7       72

PRECIPITATION (IN)
  YESTERDAY        0.01          3.36 1928   0.12  -0.11     0.58
  MONTH TO DATE    1.45                      3.14  -1.69     5.31
  SINCE MAR 1      5.17                      9.09  -3.92     9.53
  SINCE JAN 1     19.87                     19.02   0.85    20.19

SNOWFALL (IN)
  YESTERDAY        0.0                       0.0    0.0      0.0
  MONTH TO DATE    0.0                       0.0    0.0      0.0
  SINCE MAR 1      0.0                       0.3   -0.3      0.0
  SINCE JUL 1      0.0                       0.4   -0.4       T
  SNOW DEPTH       0

DEGREE DAYS
 HEATING
  YESTERDAY        0                         2     -2        0
  MONTH TO DATE   23                        85    -62       37
  SINCE MAR 1    192                       340   -148      159
  SINCE JUL 1   1189                      2212  -1023     1484

 COOLING
  YESTERDAY        8                         3      5        7
  MONTH TO DATE  124                        44     80       32
  SINCE MAR 1    205                        67    138      105
  SINCE JAN 1    251                        73    178      118
..................................................................


WIND (MPH)
  HIGHEST WIND SPEED    21   HIGHEST WIND DIRECTION    NW (310)
  HIGHEST GUST SPEED    26   HIGHEST GUST DIRECTION    NW (320)
  AVERAGE WIND SPEED     5.5


SKY COVER
  AVERAGE SKY COVER 0.4


WEATHER CONDITIONS
 THE FOLLOWING WEATHER WAS RECORDED YESTERDAY.
  LIGHT RAIN
  FOG
  HAZE


RELATIVE HUMIDITY (PERCENT)
 HIGHEST    87           500 AM
 LOWEST     43           400 PM
 AVERAGE    65

..........................................................


THE MONTGOMERY CLIMATE NORMALS FOR TODAY
                         NORMAL    RECORD    YEAR
 MAXIMUM TEMPERATURE (F)   78        90      1896
 MINIMUM TEMPERATURE (F)   54        36      1993


SUNRISE AND SUNSET
APRIL 23 2017.........SUNRISE   607 AM CDT   SUNSET   721 PM CDT
APRIL 24 2017.........SUNRISE   606 AM CDT   SUNSET   722 PM CDT


-  INDICATES NEGATIVE NUMBERS.
R  INDICATES RECORD WAS SET OR TIED.
MM INDICATES DATA IS MISSING.
T  INDICATES TRACE AMOUNT.




$$
