000
CDUS41 KPBZ 071323
CLIMGW


CLIMATE REPORT
NATIONAL WEATHER SERVICE PITTSBURGH PA
823 AM EST WED DEC 7 2016


...................................

...THE MORGANTOWN WV CLIMATE SUMMARY FOR DECEMBER 7 2016...
VALID AS OF 0800 AM LOCAL TIME.

CLIMATE NORMAL PERIOD 1981 TO 2010
CLIMATE RECORD PERIOD 1948 TO 2016


WEATHER ITEM   OBSERVED TIME   RECORD YEAR NORMAL DEPARTURE LAST
                VALUE   (LST)  VALUE       VALUE  FROM      YEAR
                                                  NORMAL
..................................................................
TEMPERATURE (F)
 TODAY
  MAXIMUM         46   1247 AM  76    1951
  MINIMUM         38    659 AM   5    1977  29      9       28

PRECIPITATION (IN)
  TODAY            0.01         MM      MM   0.10  -0.09     0.01
  MONTH TO DATE    0.65                      0.72  -0.07     1.34
  SINCE JUN 1     26.01                     22.45   3.56    21.10
  SINCE JAN 1     42.05                     39.64   2.41    38.35

DEGREE DAYS
 HEATING
  TODAY           23

 COOLING
  TODAY            0
..................................................................





WEATHER CONDITIONS
 THE FOLLOWING WEATHER WAS RECORDED TODAY.
  LIGHT RAIN
  FOG
  HAZE


RELATIVE HUMIDITY (PERCENT)
 HIGHEST    89          1200 AM

..........................................................


THE MORGANTOWN WV CLIMATE NORMALS FOR TOMORROW
                         NORMAL    RECORD    YEAR
 MAXIMUM TEMPERATURE (F)   44        74      1966
 MINIMUM TEMPERATURE (F)   29        10      1977


SUNRISE AND SUNSET
DECEMBER  7 2016......SUNRISE   727 AM EST   SUNSET   455 PM EST
DECEMBER  8 2016......SUNRISE   728 AM EST   SUNSET   455 PM EST


-  INDICATES NEGATIVE NUMBERS.
R  INDICATES RECORD WAS SET OR TIED.
MM INDICATES DATA IS MISSING.
T  INDICATES TRACE AMOUNT.




$$
