000
CDUS41 KPBZ 221323
CLIMGW


CLIMATE REPORT
NATIONAL WEATHER SERVICE PITTSBURGH PA
823 AM EST WED NOV 22 2017


...................................

...THE MORGANTOWN WV CLIMATE SUMMARY FOR NOVEMBER 22 2017...
VALID AS OF 0800 AM LOCAL TIME.

CLIMATE NORMAL PERIOD 1981 TO 2010
CLIMATE RECORD PERIOD 1872 TO 2017


WEATHER ITEM   OBSERVED TIME   RECORD YEAR NORMAL DEPARTURE LAST
                VALUE   (LST)  VALUE       VALUE  FROM      YEAR
                                                  NORMAL
..................................................................
TEMPERATURE (F)
 TODAY
  MAXIMUM         50   1258 AM  76    1953
  MINIMUM         37    659 AM   8    1880  34      3       23

PRECIPITATION (IN)
  TODAY            0.02          2.53 1991   0.12  -0.10     0.00
  MONTH TO DATE    2.99                      2.53   0.46     0.91
  SINCE JUN 1     24.72                     20.80   3.92    24.50
  SINCE JAN 1     47.81                     37.99   9.82    40.54

DEGREE DAYS
 HEATING
  TODAY           21

 COOLING
  TODAY            0
..................................................................





WEATHER CONDITIONS
 THE FOLLOWING WEATHER WAS RECORDED TODAY.
  LIGHT RAIN


RELATIVE HUMIDITY (PERCENT)
 HIGHEST    85           600 AM

..........................................................


THE MORGANTOWN WV CLIMATE NORMALS FOR TOMORROW
                         NORMAL    RECORD    YEAR
 MAXIMUM TEMPERATURE (F)   50        78      1979
 MINIMUM TEMPERATURE (F)   34         9      1880


SUNRISE AND SUNSET
NOVEMBER 22 2017......SUNRISE   712 AM EST   SUNSET   459 PM EST
NOVEMBER 23 2017......SUNRISE   713 AM EST   SUNSET   459 PM EST


-  INDICATES NEGATIVE NUMBERS.
R  INDICATES RECORD WAS SET OR TIED.
MM INDICATES DATA IS MISSING.
T  INDICATES TRACE AMOUNT.




$$
