000
CDUS41 KPBZ 210730
CLIMGW


CLIMATE REPORT
NATIONAL WEATHER SERVICE PITTSBURGH PA
330 AM EDT SUN SEP 21 2014


...................................

...THE MORGANTOWN WV CLIMATE SUMMARY FOR SEPTEMBER 20 2014...

CLIMATE NORMAL PERIOD 1981 TO 2010
CLIMATE RECORD PERIOD 1948 TO 2014


WEATHER ITEM   OBSERVED TIME   RECORD YEAR NORMAL DEPARTURE LAST
                VALUE   (LST)  VALUE       VALUE  FROM      YEAR
                                                  NORMAL
..................................................................
TEMPERATURE (F)
 YESTERDAY
  MAXIMUM         81    347 PM  89    1965  74      7       78
  MINIMUM         58    642 AM  36    1956  53      5       61
  AVERAGE         70                        64      6       70

PRECIPITATION (IN)
  YESTERDAY        0.00         MM      MM   0.11  -0.11     0.00
  MONTH TO DATE    1.44                      2.12  -0.68     0.74
  SINCE JUN 1     16.42                     14.40   2.02    17.29
  SINCE JAN 1     31.91                     31.59   0.32    29.93

DEGREE DAYS
 HEATING
  YESTERDAY        0                         4     -4        0
  MONTH TO DATE   38                        36      2       35
  SINCE SEP 1     38                        36      2       35
  SINCE JUL 1     44                        47     -3       44

 COOLING
  YESTERDAY        5                         2      3        5
  MONTH TO DATE  113                        76     37       84
  SINCE SEP 1    113                        76     37       84
  SINCE JAN 1    946                       785    161      870
..................................................................


WIND (MPH)
  HIGHEST WIND SPEED    12   HIGHEST WIND DIRECTION     S (160)
  HIGHEST GUST SPEED    17   HIGHEST GUST DIRECTION     S (200)
  AVERAGE WIND SPEED     3.8


SKY COVER
  POSSIBLE SUNSHINE  MM
  AVERAGE SKY COVER 0.2


WEATHER CONDITIONS
 THE FOLLOWING WEATHER WAS RECORDED YESTERDAY.
  NO SIGNIFICANT WEATHER WAS OBSERVED.


RELATIVE HUMIDITY (PERCENT)
 HIGHEST    81          1000 PM
 LOWEST     45           400 PM
 AVERAGE    63

..........................................................


THE MORGANTOWN WV CLIMATE NORMALS FOR TODAY
                         NORMAL    RECORD    YEAR
 MAXIMUM TEMPERATURE (F)   74        90      1965
 MINIMUM TEMPERATURE (F)   53        31      1956


SUNRISE AND SUNSET
SEPTEMBER 21 2014.....SUNRISE   706 AM EDT   SUNSET   718 PM EDT
SEPTEMBER 22 2014.....SUNRISE   707 AM EDT   SUNSET   717 PM EDT


-  INDICATES NEGATIVE NUMBERS.
R  INDICATES RECORD WAS SET OR TIED.
MM INDICATES DATA IS MISSING.
T  INDICATES TRACE AMOUNT.




$$
