000
CDUS41 KPBZ 212136
CLIMGW


CLIMATE REPORT
NATIONAL WEATHER SERVICE PITTSBURGH PA
536 PM EDT THU AUG 21 2014


...................................

...THE MORGANTOWN WV CLIMATE SUMMARY FOR AUGUST 21 2014...
VALID TODAY AS OF 0500 PM LOCAL TIME.

CLIMATE NORMAL PERIOD 1981 TO 2010
CLIMATE RECORD PERIOD 1948 TO 2014


WEATHER ITEM   OBSERVED TIME   RECORD YEAR NORMAL DEPARTURE LAST
                VALUE   (LST)  VALUE       VALUE  FROM      YEAR
                                                  NORMAL
..................................................................
TEMPERATURE (F)
 TODAY
  MAXIMUM         79   1052 AM  93    1983  82     -3       84
  MINIMUM         69    538 AM  45    1950  61      8       59
  AVERAGE         74                        72      2       72

PRECIPITATION (IN)
  TODAY            0.09         MM      MM   0.11  -0.02     0.06
  MONTH TO DATE    4.04                      2.46   1.58     3.28
  SINCE JUN 1     14.00                     11.19   2.81    14.70
  SINCE JAN 1     29.49                     28.38   1.11    27.34

DEGREE DAYS
 HEATING
  TODAY            0                         0      0        0
  MONTH TO DATE    3                         0      3        8
  SINCE JUN 1      8                        34    -26       20
  SINCE JUL 1      6                         3      3        9

 COOLING
  TODAY            9                         7      2        7
  MONTH TO DATE  153                       161     -8      112
  SINCE JUN 1    631                       578     53      560
  SINCE JAN 1    740                       645     95      706
..................................................................


WIND (MPH)
  RESULTANT WIND SPEED   3   RESULTANT WIND DIRECTION  SE (150)
  HIGHEST WIND SPEED    10   HIGHEST WIND DIRECTION    SW (230)
  HIGHEST GUST SPEED    15   HIGHEST GUST DIRECTION    SW (210)
  AVERAGE WIND SPEED     4.2


SKY COVER
  POSSIBLE SUNSHINE  MM
  AVERAGE SKY COVER 0.7


WEATHER CONDITIONS
 THE FOLLOWING WEATHER WAS RECORDED TODAY.
  RAIN
  LIGHT RAIN
  FOG
  HAZE


RELATIVE HUMIDITY (PERCENT)
 HIGHEST    90          1200 AM
 LOWEST     62          1100 AM
 AVERAGE    76

..........................................................


THE MORGANTOWN WV CLIMATE NORMALS FOR TOMORROW
                         NORMAL    RECORD    YEAR
 MAXIMUM TEMPERATURE (F)   82        97      1983
 MINIMUM TEMPERATURE (F)   61        42      1982


SUNRISE AND SUNSET
AUGUST 21 2014........SUNRISE   638 AM EDT   SUNSET   807 PM EDT
AUGUST 22 2014........SUNRISE   638 AM EDT   SUNSET   806 PM EDT


-  INDICATES NEGATIVE NUMBERS.
R  INDICATES RECORD WAS SET OR TIED.
MM INDICATES DATA IS MISSING.
T  INDICATES TRACE AMOUNT.




$$
