000
CDUS41 KPBZ 252111
CLIMGW


CLIMATE REPORT
NATIONAL WEATHER SERVICE PITTSBURGH PA
510 PM EDT MON SEP 25 2017


...................................

...THE MORGANTOWN WV CLIMATE SUMMARY FOR SEPTEMBER 25 2017...
VALID TODAY AS OF 0500 PM LOCAL TIME.

CLIMATE NORMAL PERIOD 1981 TO 2010
CLIMATE RECORD PERIOD 1872 TO 2017


WEATHER ITEM   OBSERVED TIME   RECORD YEAR NORMAL DEPARTURE LAST
                VALUE   (LST)  VALUE       VALUE  FROM      YEAR
                                                  NORMAL
..................................................................
TEMPERATURE (F)
 TODAY
  MAXIMUM         86    254 PM  93    1930  72     14       81
  MINIMUM         63    546 AM  34    1937  51     12       54
  AVERAGE         75                        62     13       68

PRECIPITATION (IN)
  TODAY            0.00          2.35 1926   0.11  -0.11     0.00
  MONTH TO DATE    1.80                      2.67  -0.87     0.75
  SINCE JUN 1     17.32                     14.95   2.37    16.15
  SINCE JAN 1     40.41                     32.14   8.27    32.19

DEGREE DAYS
 HEATING
  TODAY            0                         5     -5        0
  MONTH TO DATE   49                        58     -9        0
  SINCE SEP 1     49                        58     -9        0
  SINCE JUL 1     51                        69    -18        0

 COOLING
  TODAY           10                         2      8        3
  MONTH TO DATE   91                        86      5      212
  SINCE SEP 1     91                        86      5      212
  SINCE JAN 1    844                       795     49     1223
..................................................................


WIND (MPH)
  RESULTANT WIND SPEED   1   RESULTANT WIND DIRECTION  NE (50)
  HIGHEST WIND SPEED     6   HIGHEST WIND DIRECTION    NE (50)
  HIGHEST GUST SPEED     8   HIGHEST GUST DIRECTION    NW (300)
  AVERAGE WIND SPEED     0.7


SKY COVER
  POSSIBLE SUNSHINE  MM
  AVERAGE SKY COVER 0.0


WEATHER CONDITIONS
 THE FOLLOWING WEATHER WAS RECORDED TODAY.
  FOG


RELATIVE HUMIDITY (PERCENT)
 HIGHEST    93           300 AM
 LOWEST     48           200 PM
 AVERAGE    71

..........................................................


THE MORGANTOWN WV CLIMATE NORMALS FOR TOMORROW
                         NORMAL    RECORD    YEAR
 MAXIMUM TEMPERATURE (F)   72        91      1908
                                             1900
 MINIMUM TEMPERATURE (F)   51        32      1928


SUNRISE AND SUNSET
SEPTEMBER 25 2017.....SUNRISE   710 AM EDT   SUNSET   711 PM EDT
SEPTEMBER 26 2017.....SUNRISE   711 AM EDT   SUNSET   710 PM EDT


-  INDICATES NEGATIVE NUMBERS.
R  INDICATES RECORD WAS SET OR TIED.
MM INDICATES DATA IS MISSING.
T  INDICATES TRACE AMOUNT.




$$
