000
CDUS41 KPBZ 292140
CLIMGW


CLIMATE REPORT
NATIONAL WEATHER SERVICE PITTSBURGH PA
540 PM EDT TUE JUL 29 2014


...................................

...THE MORGANTOWN WV CLIMATE SUMMARY FOR JULY 29 2014...
VALID TODAY AS OF 0500 PM LOCAL TIME.

CLIMATE NORMAL PERIOD 1981 TO 2010
CLIMATE RECORD PERIOD 1948 TO 2014


WEATHER ITEM   OBSERVED TIME   RECORD YEAR NORMAL DEPARTURE LAST
                VALUE   (LST)  VALUE       VALUE  FROM      YEAR
                                                  NORMAL
..................................................................
TEMPERATURE (F)
 TODAY
  MAXIMUM         71    208 PM  94    1953  83    -12       75
  MINIMUM         55    530 AM  50    1965  63     -8       52
  AVERAGE         63                        73    -10       64

PRECIPITATION (IN)
  TODAY            0.00         MM      MM   0.13  -0.13     0.00
  MONTH TO DATE    5.43                      4.36   1.07     6.61
  SINCE JUN 1      9.95                      8.47   1.48    11.39
  SINCE JAN 1     25.44                     25.66  -0.22    24.03

DEGREE DAYS
 HEATING
  TODAY            2                         0      2        1
  MONTH TO DATE    2                         0      2        1
  SINCE JUN 1      4                        31    -27       12
  SINCE JUL 1      2                         0      2        1

 COOLING
  TODAY            0                         8     -8        0
  MONTH TO DATE  233                       232      1      274
  SINCE JUN 1    473                       394     79      443
  SINCE JAN 1    582                       461    121      589
..................................................................


WIND (MPH)
  RESULTANT WIND SPEED   1   RESULTANT WIND DIRECTION   N (20)
  HIGHEST WIND SPEED     9   HIGHEST WIND DIRECTION     W (270)
  HIGHEST GUST SPEED    14   HIGHEST GUST DIRECTION    NW (300)
  AVERAGE WIND SPEED     2.8


SKY COVER
  POSSIBLE SUNSHINE  MM
  AVERAGE SKY COVER 0.8


WEATHER CONDITIONS
 THE FOLLOWING WEATHER WAS RECORDED TODAY.
  NO SIGNIFICANT WEATHER WAS OBSERVED.


RELATIVE HUMIDITY (PERCENT)
 HIGHEST    86          1200 AM
 LOWEST     40           300 PM
 AVERAGE    63

..........................................................


THE MORGANTOWN WV CLIMATE NORMALS FOR TOMORROW
                         NORMAL    RECORD    YEAR
 MAXIMUM TEMPERATURE (F)   83        95      1995
 MINIMUM TEMPERATURE (F)   63        50      1965


SUNRISE AND SUNSET
JULY 29 2014..........SUNRISE   616 AM EDT   SUNSET   836 PM EDT
JULY 30 2014..........SUNRISE   617 AM EDT   SUNSET   835 PM EDT


-  INDICATES NEGATIVE NUMBERS.
R  INDICATES RECORD WAS SET OR TIED.
MM INDICATES DATA IS MISSING.
T  INDICATES TRACE AMOUNT.




$$
