000
CDUS41 KPBZ 232118
CLIMGW


CLIMATE REPORT
NATIONAL WEATHER SERVICE PITTSBURGH PA
518 PM EDT MON MAY 23 2016


...................................

...THE MORGANTOWN WV CLIMATE SUMMARY FOR MAY 23 2016...
VALID TODAY AS OF 0500 PM LOCAL TIME.

CLIMATE NORMAL PERIOD 1981 TO 2010
CLIMATE RECORD PERIOD 1948 TO 2016


WEATHER ITEM   OBSERVED TIME   RECORD YEAR NORMAL DEPARTURE LAST
                VALUE   (LST)  VALUE       VALUE  FROM      YEAR
                                                  NORMAL
..................................................................
TEMPERATURE (F)
 TODAY
  MAXIMUM         75    336 PM  91    1966  74      1       74
  MINIMUM         52    433 AM  34    2006  52      0       39
  AVERAGE         64                        63      1       57

PRECIPITATION (IN)
  TODAY            0.00         MM      MM   0.16  -0.16     0.00
  MONTH TO DATE    5.20                      3.37   1.83     0.99
  SINCE JUN 1     39.57                     40.59  -1.02    43.25
  SINCE JAN 1     16.03                     15.95   0.08    17.02

DEGREE DAYS
 HEATING
  TODAY            1                         4     -3        8
  MONTH TO DATE  171                       142     29       83
  SINCE MAR 1    942                      1236   -294     1157
  SINCE JUL 1   4036                      5125  -1089     5281

 COOLING
  TODAY            0                         2     -2        0
  MONTH TO DATE    9                        32    -23      107
  SINCE MAR 1     15                        48    -33      115
  SINCE JAN 1     15                        48    -33      115
..................................................................


WIND (MPH)
  RESULTANT WIND SPEED   3   RESULTANT WIND DIRECTION  NE (30)
  HIGHEST WIND SPEED    14   HIGHEST WIND DIRECTION     N (360)
  HIGHEST GUST SPEED    17   HIGHEST GUST DIRECTION     N (350)
  AVERAGE WIND SPEED     3.5


SKY COVER
  POSSIBLE SUNSHINE  MM
  AVERAGE SKY COVER 0.7


WEATHER CONDITIONS
 THE FOLLOWING WEATHER WAS RECORDED TODAY.
  THUNDERSTORM
  FOG
  FOG W/VISIBILITY <= 1/4 MILE
  HAZE


RELATIVE HUMIDITY (PERCENT)
 HIGHEST    89           700 AM
 LOWEST     41           200 PM
 AVERAGE    65

..........................................................


THE MORGANTOWN WV CLIMATE NORMALS FOR TOMORROW
                         NORMAL    RECORD    YEAR
 MAXIMUM TEMPERATURE (F)   74        87      1952
 MINIMUM TEMPERATURE (F)   52        33      1956


SUNRISE AND SUNSET
MAY 23 2016...........SUNRISE   559 AM EDT   SUNSET   835 PM EDT
MAY 24 2016...........SUNRISE   558 AM EDT   SUNSET   836 PM EDT


-  INDICATES NEGATIVE NUMBERS.
R  INDICATES RECORD WAS SET OR TIED.
MM INDICATES DATA IS MISSING.
T  INDICATES TRACE AMOUNT.




$$
