000
CDUS41 KPBZ 060716
CLIMGW


CLIMATE REPORT
NATIONAL WEATHER SERVICE PITTSBURGH PA
316 AM EDT FRI MAY 6 2016


...................................

...THE MORGANTOWN WV CLIMATE SUMMARY FOR MAY 5 2016...

CLIMATE NORMAL PERIOD 1981 TO 2010
CLIMATE RECORD PERIOD 1948 TO 2016


WEATHER ITEM   OBSERVED TIME   RECORD YEAR NORMAL DEPARTURE LAST
                VALUE   (LST)  VALUE       VALUE  FROM      YEAR
                                                  NORMAL
..................................................................
TEMPERATURE (F)
 YESTERDAY
  MAXIMUM         62        MM  89    1949  70     -8       82
  MINIMUM         49        MM  32    1987  47      2       62
  AVERAGE         56                        58     -2       72

PRECIPITATION (IN)
  YESTERDAY        0.17         MM      MM   0.14   0.03     0.02
  MONTH TO DATE    1.87                      0.67   1.20     0.03
  SINCE JUN 1     36.24                     37.89  -1.65    42.29
  SINCE JAN 1     12.70                     13.25  -0.55    16.06

DEGREE DAYS
 HEATING
  YESTERDAY        9                         7      2        0
  MONTH TO DATE   26                        39    -13       19
  SINCE MAR 1    797                      1133   -336     1093
  SINCE JUL 1   3891                      5022  -1131     5217

 COOLING
  YESTERDAY        0                         1     -1        7
  MONTH TO DATE    3                         5     -2        7
  SINCE MAR 1      9                        21    -12       15
  SINCE JAN 1      9                        21    -12       15
..................................................................


WIND (MPH)
  HIGHEST WIND SPEED     8   HIGHEST WIND DIRECTION     N (360)
  HIGHEST GUST SPEED    MM   HIGHEST GUST DIRECTION    MM
  AVERAGE WIND SPEED     2.5


SKY COVER
  POSSIBLE SUNSHINE  MM
  AVERAGE SKY COVER 1.0


WEATHER CONDITIONS
 THE FOLLOWING WEATHER WAS RECORDED YESTERDAY.
  THUNDERSTORM
  HEAVY RAIN
  LIGHT RAIN
  FOG
  HAZE


RELATIVE HUMIDITY (PERCENT)
 HIGHEST    86          1200 AM
 LOWEST     67           300 PM
 AVERAGE    77

..........................................................


THE MORGANTOWN WV CLIMATE NORMALS FOR TODAY
                         NORMAL    RECORD    YEAR
 MAXIMUM TEMPERATURE (F)   70        90      1949
 MINIMUM TEMPERATURE (F)   47        30      1968


SUNRISE AND SUNSET
MAY  6 2016...........SUNRISE   614 AM EDT   SUNSET   819 PM EDT
MAY  7 2016...........SUNRISE   613 AM EDT   SUNSET   820 PM EDT


-  INDICATES NEGATIVE NUMBERS.
R  INDICATES RECORD WAS SET OR TIED.
MM INDICATES DATA IS MISSING.
T  INDICATES TRACE AMOUNT.




$$
