000
CDUS43 KFSD 230624
CLIMHE


CLIMATE REPORT
NATIONAL WEATHER SERVICE SIOUX FALLS SD
1224 AM CST THU NOV 23 2017


...................................

...THE MITCHELL SD CLIMATE SUMMARY FOR NOVEMBER 22 2017...

CLIMATE NORMAL PERIOD 1981 TO 2010
CLIMATE RECORD PERIOD 1893 TO 2017


WEATHER ITEM   OBSERVED TIME   RECORD YEAR NORMAL DEPARTURE LAST
                VALUE   (LST)  VALUE       VALUE  FROM      YEAR
                                                  NORMAL
..................................................................
TEMPERATURE (F)
 YESTERDAY
  MAXIMUM         47    328 PM  67    2006  40      7       37
  MINIMUM         12    509 AM  -7    1929  20     -8       35
                                      1898
  AVERAGE         30                        30      0       36

PRECIPITATION (IN)
  YESTERDAY        0.00          0.75 1963   0.02  -0.02      T
  MONTH TO DATE    0.10                      0.64  -0.54     0.52
  SINCE SEP 1      5.78                      4.58   1.20     4.62
  SINCE JAN 1     19.60                     20.93  -1.33    24.03

SNOWFALL (IN)
  YESTERDAY        0.0           6.0  1909  MM     MM        0.0
  MONTH TO DATE    1.2                      MM     MM        4.2
  SINCE SEP 1      1.2                      MM     MM        4.2
  SINCE JUL 1      1.2                      MM     MM        4.2
  SNOW DEPTH       0

DEGREE DAYS
 HEATING
  YESTERDAY       35                        35      0       29
  MONTH TO DATE  680                       628     52      411
  SINCE SEP 1   1218                      1252    -34      854
  SINCE JUL 1   1220                      1269    -49      862

 COOLING
  YESTERDAY        0                         0      0        0
  MONTH TO DATE    0                         0      0        0
  SINCE SEP 1    120                        79     41      104
  SINCE JAN 1    890                       824     66     1036
..................................................................


WIND (MPH)
  HIGHEST WIND SPEED    21   HIGHEST WIND DIRECTION     S (170)
  HIGHEST GUST SPEED    25   HIGHEST GUST DIRECTION     S (170)
  AVERAGE WIND SPEED     9.3


SKY COVER
  POSSIBLE SUNSHINE  MM
  AVERAGE SKY COVER 0.0


WEATHER CONDITIONS
 THE FOLLOWING WEATHER WAS RECORDED YESTERDAY.
  NO SIGNIFICANT WEATHER WAS OBSERVED.


RELATIVE HUMIDITY (PERCENT)
 HIGHEST    88           700 AM
 LOWEST     41           300 PM
 AVERAGE    65

..........................................................


THE MITCHELL SD CLIMATE NORMALS FOR TODAY
                         NORMAL    RECORD    YEAR
 MAXIMUM TEMPERATURE (F)   39        72      1974
 MINIMUM TEMPERATURE (F)   20       -13      1898


SUNRISE AND SUNSET
NOVEMBER 23 2017......SUNRISE   737 AM CST   SUNSET   500 PM CST
NOVEMBER 24 2017......SUNRISE   738 AM CST   SUNSET   459 PM CST


-  INDICATES NEGATIVE NUMBERS.
R  INDICATES RECORD WAS SET OR TIED.
MM INDICATES DATA IS MISSING.
T  INDICATES TRACE AMOUNT.




$$
