000
CDUS43 KTOP 312135
CLIMHK


CLIMATE REPORT
NATIONAL WEATHER SERVICE TOPEKA KS
434 PM CDT FRI OCT 31 2014


...................................

...THE MANHATTAN KS CLIMATE SUMMARY FOR OCTOBER 31 2014...
VALID TODAY AS OF 0400 PM LOCAL TIME.

CLIMATE NORMAL PERIOD 1981 TO 2010
CLIMATE RECORD PERIOD 9999 TO 9999


WEATHER ITEM   OBSERVED NORMAL DEPARTURE LAST
                VALUE   VALUE  FROM      YEAR
                               NORMAL
...............................................
TEMPERATURE (F)
 TODAY
  MAXIMUM         49     62    -13       64
  MINIMUM         33     37     -4       40
  AVERAGE         41     49     -8       52

PRECIPITATION (IN)
  TODAY            0.00   0.06  -0.06     0.12
  MONTH TO DATE    2.45   2.22   0.23     3.74
  SINCE SEP 1      3.72   5.39  -1.67     6.84
  SINCE JAN 1     20.62  29.93  -9.31    28.06

DEGREE DAYS
 HEATING
  TODAY           24     16      8       13
  MONTH TO DATE  240    328    -88      332
  SINCE SEP 1    296    396   -100      349
  SINCE JUL 1    297    399   -102      352

 COOLING
  TODAY            0      0      0        0
  MONTH TO DATE   28     24      4       33
  SINCE SEP 1    203    178     25      285
  SINCE JAN 1   1581   1361    220     1513
...............................................


WIND (MPH)
  HIGHEST WIND SPEED    20   HIGHEST WIND DIRECTION    NE (30)
  HIGHEST GUST SPEED    28   HIGHEST GUST DIRECTION    NE (30)
  AVERAGE WIND SPEED    12.7



WEATHER CONDITIONS
 THE FOLLOWING WEATHER WAS RECORDED TODAY.
  NO SIGNIFICANT WEATHER WAS OBSERVED.


RELATIVE HUMIDITY (PERCENT)
 HIGHEST    76
 LOWEST     29
 AVERAGE    53

..........................................................


THE MANHATTAN KS CLIMATE NORMALS FOR TOMORROW
                         NORMAL
 MAXIMUM TEMPERATURE (F)   62
 MINIMUM TEMPERATURE (F)   36


SUNRISE AND SUNSET
OCTOBER 31 2014.......SUNRISE   753 AM CDT   SUNSET   627 PM CDT
NOVEMBER  1 2014......SUNRISE   754 AM CDT   SUNSET   626 PM CDT


-  INDICATES NEGATIVE NUMBERS.
R  INDICATES RECORD WAS SET OR TIED.
MM INDICATES DATA IS MISSING.
T  INDICATES TRACE AMOUNT.




$$
