995
CDUS43 KTOP 240636
CLIMHK


CLIMATE REPORT
NATIONAL WEATHER SERVICE TOPEKA KS
136 AM CDT TUE MAY 24 2016


...................................

...THE MANHATTAN KS CLIMATE SUMMARY FOR MAY 23 2016...

CLIMATE NORMAL PERIOD 1981 TO 2010
CLIMATE RECORD PERIOD 9999 TO 9999


WEATHER ITEM   OBSERVED NORMAL DEPARTURE LAST
                VALUE   VALUE  FROM      YEAR
                               NORMAL
...............................................
TEMPERATURE (F)
 YESTERDAY
  MAXIMUM         75     78     -3       65
  MINIMUM         67     54     13       57
  AVERAGE         71     66      5       61

PRECIPITATION (IN)
  YESTERDAY        0.10   0.18  -0.08     0.79
  MONTH TO DATE    1.31   3.11  -1.80     8.46
  SINCE MAR 1      9.73   8.11   1.62    11.24
  SINCE JAN 1     10.71   9.83   0.88    12.70

DEGREE DAYS
 HEATING
  YESTERDAY        0      3     -3        4
  MONTH TO DATE  114    110      4      101
  SINCE MAR 1    818   1131   -313      926
  SINCE JUL 1   4115   5291  -1176     5120

 COOLING
  YESTERDAY        6      4      2        0
  MONTH TO DATE   32     48    -16       53
  SINCE MAR 1     60     65     -5       61
  SINCE JAN 1     60     65     -5       61
...............................................


WIND (MPH)
  HIGHEST WIND SPEED    23   HIGHEST WIND DIRECTION     E (110)
  HIGHEST GUST SPEED    31   HIGHEST GUST DIRECTION    SE (130)
  AVERAGE WIND SPEED     8.2


SKY COVER
  AVERAGE SKY COVER 0.3


WEATHER CONDITIONS
 THE FOLLOWING WEATHER WAS RECORDED YESTERDAY.
  LIGHT RAIN
  FOG


RELATIVE HUMIDITY (PERCENT)
 HIGHEST    78
 LOWEST     60
 AVERAGE    69

..........................................................


THE MANHATTAN KS CLIMATE NORMALS FOR TODAY
                         NORMAL
 MAXIMUM TEMPERATURE (F)   79
 MINIMUM TEMPERATURE (F)   54


SUNRISE AND SUNSET
MAY 24 2016...........SUNRISE   606 AM CDT   SUNSET   841 PM CDT
MAY 25 2016...........SUNRISE   606 AM CDT   SUNSET   842 PM CDT


-  INDICATES NEGATIVE NUMBERS.
R  INDICATES RECORD WAS SET OR TIED.
MM INDICATES DATA IS MISSING.
T  INDICATES TRACE AMOUNT.




$$
