589
CDUS43 KTOP 180638
CLIMHK


CLIMATE REPORT
NATIONAL WEATHER SERVICE TOPEKA KS
1236 AM CST MON DEC 18 2017


...................................

...THE MANHATTAN KS CLIMATE SUMMARY FOR DECEMBER 17 2017...

CLIMATE NORMAL PERIOD 1981 TO 2010
CLIMATE RECORD PERIOD 9999 TO 9999


WEATHER ITEM   OBSERVED NORMAL DEPARTURE LAST
                VALUE   VALUE  FROM      YEAR
                               NORMAL
...............................................
TEMPERATURE (F)
 YESTERDAY
  MAXIMUM         55     41     14       30
  MINIMUM         41     19     22        1
  AVERAGE         48     30     18       16

PRECIPITATION (IN)
  YESTERDAY        0.05   0.03   0.02     0.07
  MONTH TO DATE    0.05   0.61  -0.56     0.72
  SINCE DEC 1      0.05   0.61  -0.56     0.72
  SINCE JAN 1     27.99  32.14  -4.15    34.24

DEGREE DAYS
 HEATING
  YESTERDAY       17     35    -18       49
  MONTH TO DATE  422    557   -135      622
  SINCE DEC 1    422    557   -135      622
  SINCE JUL 1   1304   1632   -328     1232

 COOLING
  YESTERDAY        0      0      0        0
  MONTH TO DATE    0      0      0        0
  SINCE DEC 1      0      0      0        0
  SINCE JAN 1   1566   1362    204     1749
...............................................


WIND (MPH)
  HIGHEST WIND SPEED    18   HIGHEST WIND DIRECTION    SW (210)
  HIGHEST GUST SPEED    24   HIGHEST GUST DIRECTION    SW (210)
  AVERAGE WIND SPEED     4.4


SKY COVER
  AVERAGE SKY COVER 0.8


WEATHER CONDITIONS
 THE FOLLOWING WEATHER WAS RECORDED YESTERDAY.
  LIGHT RAIN
  FOG


RELATIVE HUMIDITY (PERCENT)
 HIGHEST    96
 LOWEST     42
 AVERAGE    69

..........................................................


THE MANHATTAN KS CLIMATE NORMALS FOR TODAY
                         NORMAL
 MAXIMUM TEMPERATURE (F)   41
 MINIMUM TEMPERATURE (F)   19


SUNRISE AND SUNSET
DECEMBER 18 2017......SUNRISE   741 AM CST   SUNSET   506 PM CST
DECEMBER 19 2017......SUNRISE   741 AM CST   SUNSET   506 PM CST


-  INDICATES NEGATIVE NUMBERS.
R  INDICATES RECORD WAS SET OR TIED.
MM INDICATES DATA IS MISSING.
T  INDICATES TRACE AMOUNT.




$$
