000
CDUS43 KTOP 220634
CLIMHK


CLIMATE REPORT
NATIONAL WEATHER SERVICE TOPEKA KS
133 AM CDT SUN OCT 22 2017


...................................

...THE MANHATTAN KS CLIMATE SUMMARY FOR OCTOBER 21 2017...

CLIMATE NORMAL PERIOD 1981 TO 2010
CLIMATE RECORD PERIOD 9999 TO 9999


WEATHER ITEM   OBSERVED NORMAL DEPARTURE LAST
                VALUE   VALUE  FROM      YEAR
                               NORMAL
...............................................
TEMPERATURE (F)
 YESTERDAY
  MAXIMUM         77     66     11       68
  MINIMUM         55     40     15       34
  AVERAGE         66     53     13       51

PRECIPITATION (IN)
  YESTERDAY        0.13   0.07   0.06     0.00
  MONTH TO DATE    3.37   1.61   1.76     1.64
  SINCE SEP 1      4.24   4.78  -0.54     5.26
  SINCE JAN 1     27.80  29.32  -1.52    32.42

DEGREE DAYS
 HEATING
  YESTERDAY        0     12    -12       14
  MONTH TO DATE   87    188   -101      110
  SINCE SEP 1    106    255   -149      135
  SINCE JUL 1    106    258   -152      135

 COOLING
  YESTERDAY        1      0      1        0
  MONTH TO DATE   56     21     35       29
  SINCE SEP 1    310    175    135      272
  SINCE JAN 1   1565   1358    207     1728
...............................................


WIND (MPH)
  HIGHEST WIND SPEED    32   HIGHEST WIND DIRECTION     S (200)
  HIGHEST GUST SPEED    44   HIGHEST GUST DIRECTION    SW (210)
  AVERAGE WIND SPEED    13.6


SKY COVER
  AVERAGE SKY COVER 0.7


WEATHER CONDITIONS
 THE FOLLOWING WEATHER WAS RECORDED YESTERDAY.
  HEAVY RAIN
  LIGHT RAIN


RELATIVE HUMIDITY (PERCENT)
 HIGHEST    81
 LOWEST     48
 AVERAGE    65

..........................................................


THE MANHATTAN KS CLIMATE NORMALS FOR TODAY
                         NORMAL
 MAXIMUM TEMPERATURE (F)   66
 MINIMUM TEMPERATURE (F)   40


SUNRISE AND SUNSET
OCTOBER 22 2017.......SUNRISE   744 AM CDT   SUNSET   638 PM CDT
OCTOBER 23 2017.......SUNRISE   745 AM CDT   SUNSET   636 PM CDT


-  INDICATES NEGATIVE NUMBERS.
R  INDICATES RECORD WAS SET OR TIED.
MM INDICATES DATA IS MISSING.
T  INDICATES TRACE AMOUNT.




$$
