129
CDUS43 KTOP 110639
CLIMHK


CLIMATE REPORT
NATIONAL WEATHER SERVICE TOPEKA KS
1234 AM CST THU FEB 11 2016


...................................

...THE MANHATTAN KS CLIMATE SUMMARY FOR FEBRUARY 10 2016...

CLIMATE NORMAL PERIOD 1981 TO 2010
CLIMATE RECORD PERIOD 9999 TO 9999


WEATHER ITEM   OBSERVED NORMAL DEPARTURE LAST
                VALUE   VALUE  FROM      YEAR
                               NORMAL
...............................................
TEMPERATURE (F)
 YESTERDAY
  MAXIMUM         63     44     19       50
  MINIMUM         17     20     -3       29
  AVERAGE         40     32      8       40

PRECIPITATION (IN)
  YESTERDAY        0.00   0.04  -0.04     0.00
  MONTH TO DATE    0.39   0.35   0.04     0.22
  SINCE DEC 1      4.04   2.02   2.02     3.36
  SINCE JAN 1      0.95   1.00  -0.05     1.14

DEGREE DAYS
 HEATING
  YESTERDAY       25     33     -8       25
  MONTH TO DATE  303    341    -38      310
  SINCE DEC 1   2125   2532   -407     2320
  SINCE JUL 1   2864   3607   -743     3457

 COOLING
  YESTERDAY        0      0      0        0
  MONTH TO DATE    0      0      0        0
  SINCE DEC 1      0      0      0        0
  SINCE JAN 1      0      0      0        0
...............................................


WIND (MPH)
  HIGHEST WIND SPEED    22   HIGHEST WIND DIRECTION    SW (230)
  HIGHEST GUST SPEED    27   HIGHEST GUST DIRECTION    SW (210)
  AVERAGE WIND SPEED     8.7


SKY COVER
  AVERAGE SKY COVER 0.2


WEATHER CONDITIONS
 THE FOLLOWING WEATHER WAS RECORDED YESTERDAY.
  NO SIGNIFICANT WEATHER WAS OBSERVED.


RELATIVE HUMIDITY (PERCENT)
 HIGHEST    80
 LOWEST     29
 AVERAGE    55

..........................................................


THE MANHATTAN KS CLIMATE NORMALS FOR TODAY
                         NORMAL
 MAXIMUM TEMPERATURE (F)   44
 MINIMUM TEMPERATURE (F)   20


SUNRISE AND SUNSET
FEBRUARY 11 2016......SUNRISE   724 AM CST   SUNSET   559 PM CST
FEBRUARY 12 2016......SUNRISE   722 AM CST   SUNSET   600 PM CST


-  INDICATES NEGATIVE NUMBERS.
R  INDICATES RECORD WAS SET OR TIED.
MM INDICATES DATA IS MISSING.
T  INDICATES TRACE AMOUNT.




$$
