000
CDUS43 KTOP 230633
CLIMHK


CLIMATE REPORT
NATIONAL WEATHER SERVICE TOPEKA KS
132 AM CDT SAT AUG 23 2014


...................................

...THE MANHATTAN KS CLIMATE SUMMARY FOR AUGUST 22 2014...

CLIMATE NORMAL PERIOD 1981 TO 2010
CLIMATE RECORD PERIOD 9999 TO 9999


WEATHER ITEM   OBSERVED NORMAL DEPARTURE LAST
                VALUE   VALUE  FROM      YEAR
                               NORMAL
...............................................
TEMPERATURE (F)
 YESTERDAY
  MAXIMUM         97     89      8       91
  MINIMUM         78     64     14       70
  AVERAGE         88     76     12       81

PRECIPITATION (IN)
  YESTERDAY        0.03   0.17  -0.14     0.00
  MONTH TO DATE    1.90   2.84  -0.94     4.10
  SINCE JUN 1      9.57  11.90  -2.33    11.61
  SINCE JAN 1     15.42  23.10  -7.68    21.22

DEGREE DAYS
 HEATING
  YESTERDAY        0      0      0        0
  MONTH TO DATE    0      0      0        0
  SINCE JUN 1      1     12    -11       12
  SINCE JUL 1      1      1      0        3

 COOLING
  YESTERDAY       23     11     12       16
  MONTH TO DATE  319    286     33      215
  SINCE JUN 1   1012    992     20      926
  SINCE JAN 1   1215   1092    123     1062
...............................................


WIND (MPH)
  HIGHEST WIND SPEED    18   HIGHEST WIND DIRECTION    SW (210)
  HIGHEST GUST SPEED    27   HIGHEST GUST DIRECTION    SW (220)
  AVERAGE WIND SPEED     6.7


SKY COVER
  AVERAGE SKY COVER 0.2


WEATHER CONDITIONS
 THE FOLLOWING WEATHER WAS RECORDED YESTERDAY.
  THUNDERSTORM
  RAIN
  LIGHT RAIN


RELATIVE HUMIDITY (PERCENT)
 HIGHEST    85
 LOWEST     42
 AVERAGE    64

..........................................................


THE MANHATTAN KS CLIMATE NORMALS FOR TODAY
                         NORMAL
 MAXIMUM TEMPERATURE (F)   88
 MINIMUM TEMPERATURE (F)   64


SUNRISE AND SUNSET
AUGUST 23 2014........SUNRISE   647 AM CDT   SUNSET   811 PM CDT
AUGUST 24 2014........SUNRISE   648 AM CDT   SUNSET   809 PM CDT


-  INDICATES NEGATIVE NUMBERS.
R  INDICATES RECORD WAS SET OR TIED.
MM INDICATES DATA IS MISSING.
T  INDICATES TRACE AMOUNT.




$$
