000
CDUS43 KTOP 020633
CLIMHK


CLIMATE REPORT
NATIONAL WEATHER SERVICE TOPEKA KS
1232 AM CST MON MAR 2 2015


...................................

...THE MANHATTAN KS CLIMATE SUMMARY FOR MARCH 1 2015...

CLIMATE NORMAL PERIOD 1981 TO 2010
CLIMATE RECORD PERIOD 9999 TO 9999


WEATHER ITEM   OBSERVED NORMAL DEPARTURE LAST
                VALUE   VALUE  FROM      YEAR
                               NORMAL
...............................................
TEMPERATURE (F)
 YESTERDAY
  MAXIMUM         36     50    -14       27
  MINIMUM         15     25    -10        5
  AVERAGE         26     37    -11       16

PRECIPITATION (IN)
  YESTERDAY        0.00   0.07  -0.07     0.06
  MONTH TO DATE    0.00   0.07  -0.07     0.06
  SINCE MAR 1      0.00   0.07  -0.07     0.06
  SINCE JAN 1      1.46   1.79  -0.33     1.28

DEGREE DAYS
 HEATING
  YESTERDAY       39     28     11       49
  MONTH TO DATE   39     28     11       49
  SINCE MAR 1     39     28     11       49
  SINCE JUL 1   4233   4188     45     4580

 COOLING
  YESTERDAY        0      0      0        0
  MONTH TO DATE    0      0      0        0
  SINCE MAR 1      0      0      0        0
  SINCE JAN 1      0      0      0        0
...............................................


WIND (MPH)
  HIGHEST WIND SPEED     9   HIGHEST WIND DIRECTION     N (360)
  HIGHEST GUST SPEED    14   HIGHEST GUST DIRECTION     W (280)
  AVERAGE WIND SPEED     2.0


SKY COVER
  AVERAGE SKY COVER 0.3


WEATHER CONDITIONS
 THE FOLLOWING WEATHER WAS RECORDED YESTERDAY.
  FOG


RELATIVE HUMIDITY (PERCENT)
 HIGHEST    92
 LOWEST     52
 AVERAGE    72

..........................................................


THE MANHATTAN KS CLIMATE NORMALS FOR TODAY
                         NORMAL
 MAXIMUM TEMPERATURE (F)   51
 MINIMUM TEMPERATURE (F)   25


SUNRISE AND SUNSET
MARCH  2 2015.........SUNRISE   658 AM CST   SUNSET   620 PM CST
MARCH  3 2015.........SUNRISE   657 AM CST   SUNSET   621 PM CST


-  INDICATES NEGATIVE NUMBERS.
R  INDICATES RECORD WAS SET OR TIED.
MM INDICATES DATA IS MISSING.
T  INDICATES TRACE AMOUNT.




$$
