000
CDUS43 KTOP 042134
CLIMHK


CLIMATE REPORT
NATIONAL WEATHER SERVICE TOPEKA KS
432 PM CDT FRI SEP 4 2015


...................................

...THE MANHATTAN KS CLIMATE SUMMARY FOR SEPTEMBER 4 2015...
VALID TODAY AS OF 430 PM LOCAL TIME.

CLIMATE NORMAL PERIOD 1981 TO 2010
CLIMATE RECORD PERIOD 9999 TO 9999


WEATHER ITEM   OBSERVED NORMAL DEPARTURE LAST
                VALUE   VALUE  FROM      YEAR
                               NORMAL
...............................................
TEMPERATURE (F)
 TODAY
  MAXIMUM         96     86     10       96
  MINIMUM         72     60     12       78
  AVERAGE         84     73     11       87

PRECIPITATION (IN)
  TODAY            0.00   0.15  -0.15     0.00
  MONTH TO DATE    0.00   0.61  -0.61     0.16
  SINCE SEP 1      0.00   0.61  -0.61     0.16
  SINCE JAN 1     24.96  25.15  -0.19    17.06

DEGREE DAYS
 HEATING
  TODAY            0      0      0        0
  MONTH TO DATE    0      0      0        0
  SINCE SEP 1      0      0      0        0
  SINCE JUL 1      0      3     -3        1

 COOLING
  TODAY           19      8     11       22
  MONTH TO DATE   77     34     43       57
  SINCE SEP 1     77     34     43       57
  SINCE JAN 1   1335   1217    118     1435
...............................................


WIND (MPH)
  HIGHEST WIND SPEED    24   HIGHEST WIND DIRECTION    SW (210)
  HIGHEST GUST SPEED    31   HIGHEST GUST DIRECTION     S (180)
  AVERAGE WIND SPEED    11.2



WEATHER CONDITIONS
 THE FOLLOWING WEATHER WAS RECORDED TODAY.
  NO SIGNIFICANT WEATHER WAS OBSERVED.


RELATIVE HUMIDITY (PERCENT)
 HIGHEST    79
 LOWEST     34
 AVERAGE    57

..........................................................


THE MANHATTAN KS CLIMATE NORMALS FOR TOMORROW
                         NORMAL
 MAXIMUM TEMPERATURE (F)   85
 MINIMUM TEMPERATURE (F)   59


SUNRISE AND SUNSET
SEPTEMBER  4 2015.....SUNRISE   658 AM CDT   SUNSET   753 PM CDT
SEPTEMBER  5 2015.....SUNRISE   659 AM CDT   SUNSET   751 PM CDT


-  INDICATES NEGATIVE NUMBERS.
R  INDICATES RECORD WAS SET OR TIED.
MM INDICATES DATA IS MISSING.
T  INDICATES TRACE AMOUNT.




$$
