000
CDUS46 KMFR 190836
CLIMHS


CLIMATE REPORT
NATIONAL WEATHER SERVICE MEDFORD, OR
1236 AM PST THU JAN 19 2017


...................................

...THE MT SHASTA CITY CA CLIMATE SUMMARY FOR JANUARY 18 2017...

CLIMATE NORMAL PERIOD 1981 TO 2010
CLIMATE RECORD PERIOD 1908 TO 2017


WEATHER ITEM   OBSERVED TIME   RECORD YEAR NORMAL DEPARTURE LAST
                VALUE   (LST)  VALUE       VALUE  FROM      YEAR
                                                  NORMAL
..................................................................
TEMPERATURE (F)
 YESTERDAY
  MAXIMUM         38    121 AM  64    1920  46     -8       47
                                      1994
  MINIMUM         33   1159 PM   2    1943  27      6       33
  AVERAGE         36                        36      0       40

PRECIPITATION (IN)
  YESTERDAY        1.26          2.69 2010   0.22   1.04     0.21
  MONTH TO DATE    8.37                      4.27   4.10     7.17
  SINCE OCT 1     29.53                     19.48  10.05    16.66
  SINCE JAN 1      8.37                      4.27   4.10     7.17

SNOWFALL (IN)
  YESTERDAY       MM                         0.6   MM       MM
  MONTH TO DATE   MM                        13.1   MM       MM
  SINCE JUL 1     MM                        45.8   MM       MM
  SNOW DEPTH      MM

DEGREE DAYS
 HEATING
  YESTERDAY       29                        29      0       25
  MONTH TO DATE  587                       532     55      532
  SINCE DEC 1   1569                      1457    112     1447
  SINCE JUL 1   2754                      2854   -100     2579

 COOLING
  YESTERDAY        0                         0      0        0
  MONTH TO DATE    0                         0      0        0
  SINCE DEC 1      0                         0      0        0
  SINCE JAN 1      0                         0      0        0
..................................................................


WIND (MPH)
  HIGHEST WIND SPEED    14   HIGHEST WIND DIRECTION     E (100)
  HIGHEST GUST SPEED    27   HIGHEST GUST DIRECTION     E (90)
  AVERAGE WIND SPEED     4.4


SKY COVER
  POSSIBLE SUNSHINE  MM
  AVERAGE SKY COVER 1.0


WEATHER CONDITIONS
 THE FOLLOWING WEATHER WAS RECORDED YESTERDAY.
  HEAVY SNOW
  SNOW
  LIGHT SNOW
  FOG
  FOG W/VISIBILITY <= 1/4 MILE
  HAZE


RELATIVE HUMIDITY (PERCENT)
 HIGHEST    96           600 AM
 LOWEST     70           100 AM

..........................................................


THE MT SHASTA CITY CA CLIMATE NORMALS FOR TODAY
                         NORMAL    RECORD    YEAR
 MAXIMUM TEMPERATURE (F)   46        66      1920
 MINIMUM TEMPERATURE (F)   27        -5      1922


SUNRISE AND SUNSET
JANUARY 19 2017.......SUNRISE   731 AM PST   SUNSET   510 PM PST
JANUARY 20 2017.......SUNRISE   730 AM PST   SUNSET   511 PM PST


-  INDICATES NEGATIVE NUMBERS.
R  INDICATES RECORD WAS SET OR TIED.
MM INDICATES DATA IS MISSING.
T  INDICATES TRACE AMOUNT.




$$
