000
CDUS46 KMFR 190902
CLIMHS


CLIMATE REPORT
NATIONAL WEATHER SERVICE MEDFORD, OR
102 AM PST FRI DEC 19 2014


...................................

...THE MT SHASTA CITY CA CLIMATE SUMMARY FOR DECEMBER 18 2014...

CLIMATE NORMAL PERIOD 1981 TO 2010
CLIMATE RECORD PERIOD 1908 TO 2014


WEATHER ITEM   OBSERVED TIME   RECORD YEAR NORMAL DEPARTURE LAST
                VALUE   (LST)  VALUE       VALUE  FROM      YEAR
                                                  NORMAL
..................................................................
TEMPERATURE (F)
 YESTERDAY
  MAXIMUM         44    231 PM  65    1958  44      0       51
  MINIMUM         36    447 AM   6    1928  26     10       26
  AVERAGE         40                        35      5       39

PRECIPITATION (IN)
  YESTERDAY        0.32          2.84 1955   0.27   0.05     0.00
  MONTH TO DATE   11.57                      4.39   7.18     0.23
  SINCE SEP 1     20.82                     12.42   8.40     2.81
  SINCE JAN 1     33.10                     39.75  -6.65     9.99

SNOWFALL (IN)
  YESTERDAY       MM                         1.0   MM       MM
  MONTH TO DATE   MM                        12.5   MM       MM
  SINCE JUL 1     MM                        20.3   MM        0.0
  SNOW DEPTH      MM

DEGREE DAYS
 HEATING
  YESTERDAY       25                        30     -5       26
  MONTH TO DATE  389                       532   -143      616
  SINCE DEC 1    389                       532   -143      616
  SINCE JUL 1   1399                      1929   -530     1853

 COOLING
  YESTERDAY        0                         0      0        0
  MONTH TO DATE    0                         0      0        0
  SINCE DEC 1      0                         0      0        0
  SINCE JAN 1    547                       288    259      474
..................................................................


WIND (MPH)
  HIGHEST WIND SPEED     8   HIGHEST WIND DIRECTION    SE (140)
  HIGHEST GUST SPEED    16   HIGHEST GUST DIRECTION     E (80)
  AVERAGE WIND SPEED     3.0


SKY COVER
  POSSIBLE SUNSHINE  MM
  AVERAGE SKY COVER 1.0


WEATHER CONDITIONS
 THE FOLLOWING WEATHER WAS RECORDED YESTERDAY.
  RAIN
  LIGHT RAIN
  FOG


RELATIVE HUMIDITY (PERCENT)
 HIGHEST    93           800 PM
 LOWEST     76          1200 PM

..........................................................


THE MT SHASTA CITY CA CLIMATE NORMALS FOR TODAY
                         NORMAL    RECORD    YEAR
 MAXIMUM TEMPERATURE (F)   44        61      1959
 MINIMUM TEMPERATURE (F)   26         1      1924


SUNRISE AND SUNSET
DECEMBER 19 2014......SUNRISE   731 AM PST   SUNSET   442 PM PST
DECEMBER 20 2014......SUNRISE   731 AM PST   SUNSET   443 PM PST


-  INDICATES NEGATIVE NUMBERS.
R  INDICATES RECORD WAS SET OR TIED.
MM INDICATES DATA IS MISSING.
T  INDICATES TRACE AMOUNT.




$$
