000
CDUS46 KMFR 310036
CLIMHS


CLIMATE REPORT
NATIONAL WEATHER SERVICE MEDFORD, OR
536 PM PDT THU OCT 30 2014


...................................

...THE MT SHASTA CITY CA CLIMATE SUMMARY FOR OCTOBER 30 2014...
VALID TODAY AS OF 0500 PM LOCAL TIME.

CLIMATE NORMAL PERIOD 1981 TO 2010
CLIMATE RECORD PERIOD 1908 TO 2014


WEATHER ITEM   OBSERVED TIME   RECORD YEAR NORMAL DEPARTURE LAST
                VALUE   (LST)  VALUE       VALUE  FROM      YEAR
                                                  NORMAL
..................................................................
TEMPERATURE (F)
 TODAY
  MAXIMUM         68   1201 PM  78    1915  59      9       58
  MINIMUM         39    658 AM  18    1926  33      6       29
  AVERAGE         54                        46      8       44

PRECIPITATION (IN)
  TODAY            0.00          1.77 1945   0.13  -0.13     0.00
  MONTH TO DATE    3.73                      2.15   1.58     0.65
  SINCE SEP 1      6.29                      2.82   3.47     2.36
  SINCE JAN 1     18.57                     30.15 -11.58     9.54

SNOWFALL (IN)
  TODAY           MM                         0.1   MM       MM
  MONTH TO DATE   MM                         0.2   MM       MM
  SINCE JUL 1     MM                         0.2   MM       MM
  SNOW DEPTH      MM

DEGREE DAYS
 HEATING
  TODAY           11                        19     -8       21
  MONTH TO DATE  310                       408    -98      446
  SINCE SEP 1    385                       570   -185      611
  SINCE JUL 1    390                       645   -255      623

 COOLING
  TODAY            0                         0      0        0
  MONTH TO DATE    0                         0      0        0
  SINCE SEP 1     49                        27     22       47
  SINCE JAN 1    547                       287    260      474
..................................................................


WIND (MPH)
  HIGHEST WIND SPEED     5   HIGHEST WIND DIRECTION    SE (150)
  HIGHEST GUST SPEED    11   HIGHEST GUST DIRECTION    SE (120)
  AVERAGE WIND SPEED     0.5


SKY COVER
  POSSIBLE SUNSHINE  MM
  AVERAGE SKY COVER 0.2


WEATHER CONDITIONS
 THE FOLLOWING WEATHER WAS RECORDED TODAY.
  FOG


RELATIVE HUMIDITY (PERCENT)
 HIGHEST    96           300 AM
 LOWEST     45          1200 PM

..........................................................


THE MT SHASTA CITY CA CLIMATE NORMALS FOR TOMORROW
                         NORMAL    RECORD    YEAR
 MAXIMUM TEMPERATURE (F)   58        79      1949
 MINIMUM TEMPERATURE (F)   33        18      1919


SUNRISE AND SUNSET
OCTOBER 30 2014.......SUNRISE   738 AM PDT   SUNSET   607 PM PDT
OCTOBER 31 2014.......SUNRISE   740 AM PDT   SUNSET   606 PM PDT


-  INDICATES NEGATIVE NUMBERS.
R  INDICATES RECORD WAS SET OR TIED.
MM INDICATES DATA IS MISSING.
T  INDICATES TRACE AMOUNT.




$$
