000
CDUS46 KMFR 280037
CLIMHS


CLIMATE REPORT
NATIONAL WEATHER SERVICE MEDFORD, OR
536 PM PDT WED AUG 27 2014


...................................

...THE MT SHASTA CITY CA CLIMATE SUMMARY FOR AUGUST 27 2014...
VALID TODAY AS OF 0500 PM LOCAL TIME.

CLIMATE NORMAL PERIOD 1981 TO 2010
CLIMATE RECORD PERIOD 1908 TO 2014


WEATHER ITEM   OBSERVED TIME   RECORD YEAR NORMAL DEPARTURE LAST
                VALUE   (LST)  VALUE       VALUE  FROM      YEAR
                                                  NORMAL
..................................................................
TEMPERATURE (F)
 TODAY
  MAXIMUM         92    232 PM  97    1931  83      9       84
  MINIMUM         49    545 AM  35    1928  46      3       42
  AVERAGE         71                        65      6       63

PRECIPITATION (IN)
  TODAY            0.00          1.09 1954   0.01  -0.01     0.00
  MONTH TO DATE    0.21                      0.28  -0.07      T
  SINCE SEP 1     15.10                     43.15 -28.05    27.88
  SINCE JAN 1     12.28                     27.27 -14.99     7.18

SNOWFALL (IN)
  TODAY           MM                         0.0   MM       MM
  MONTH TO DATE   MM                         0.0   MM       MM
  SINCE JUL 1     MM                         0.0   MM       MM
  SNOW DEPTH      MM

DEGREE DAYS
 HEATING
  TODAY            0                         2     -2        2
  MONTH TO DATE    1                        34    -33       12
  SINCE JUN 1     58                       209   -151       99
  SINCE JUL 1      2                        67    -65       12

 COOLING
  TODAY            6                         2      4        0
  MONTH TO DATE  129                        83     46       85
  SINCE JUN 1    477                       243    234      407
  SINCE JAN 1    486                       251    235      416
..................................................................


WIND (MPH)
  HIGHEST WIND SPEED     6   HIGHEST WIND DIRECTION     E (100)
  HIGHEST GUST SPEED    13   HIGHEST GUST DIRECTION    SE (150)
  AVERAGE WIND SPEED     0.4


SKY COVER
  POSSIBLE SUNSHINE  MM
  AVERAGE SKY COVER 0.0


WEATHER CONDITIONS
 THE FOLLOWING WEATHER WAS RECORDED TODAY.
  NO SIGNIFICANT WEATHER WAS OBSERVED.


RELATIVE HUMIDITY (PERCENT)
 HIGHEST    68           500 AM
 LOWEST     21           200 PM

..........................................................


THE MT SHASTA CITY CA CLIMATE NORMALS FOR TOMORROW
                         NORMAL    RECORD    YEAR
 MAXIMUM TEMPERATURE (F)   83        98      1931
 MINIMUM TEMPERATURE (F)   46        34      1929


SUNRISE AND SUNSET
AUGUST 27 2014........SUNRISE   631 AM PDT   SUNSET   750 PM PDT
AUGUST 28 2014........SUNRISE   632 AM PDT   SUNSET   748 PM PDT


-  INDICATES NEGATIVE NUMBERS.
R  INDICATES RECORD WAS SET OR TIED.
MM INDICATES DATA IS MISSING.
T  INDICATES TRACE AMOUNT.




$$
