000
CDUS46 KMFR 180835
CLIMHS


CLIMATE REPORT
NATIONAL WEATHER SERVICE MEDFORD, OR
135 AM PDT WED OCT 18 2017


...................................

...THE MT SHASTA CITY CA CLIMATE SUMMARY FOR OCTOBER 17 2017...

CLIMATE NORMAL PERIOD 1981 TO 2010
CLIMATE RECORD PERIOD 1908 TO 2017


WEATHER ITEM   OBSERVED TIME   RECORD YEAR NORMAL DEPARTURE LAST
                VALUE   (LST)  VALUE       VALUE  FROM      YEAR
                                                  NORMAL
..................................................................
TEMPERATURE (F)
 YESTERDAY
  MAXIMUM         76    240 PM  84    1955  66     10       52
  MINIMUM         36    631 AM  25    1996  36      0       42
  AVERAGE         56                        51      5       47

PRECIPITATION (IN)
  YESTERDAY        0.00          0.68 2004   0.08  -0.08     0.10
  MONTH TO DATE    0.00                      0.83  -0.83     4.36
  SINCE OCT 1      0.00                      0.83  -0.83     4.36
  SINCE JAN 1     38.99                     28.83  10.16    37.26

SNOWFALL (IN)
  YESTERDAY       MM                         0.0   MM       MM
  MONTH TO DATE   MM                         0.0   MM       MM
  SINCE JUL 1     MM                         0.0   MM       MM
  SNOW DEPTH      MM

DEGREE DAYS
 HEATING
  YESTERDAY        9                        14     -5       18
  MONTH TO DATE  249                       191     58      228
  SINCE SEP 1    404                       353     51      332
  SINCE JUL 1    404                       428    -24      347

 COOLING
  YESTERDAY        0                         0      0        0
  MONTH TO DATE    0                         0      0        0
  SINCE SEP 1    100                        27     73       35
  SINCE JAN 1    700                       287    413      513
..................................................................


WIND (MPH)
  HIGHEST WIND SPEED     6   HIGHEST WIND DIRECTION    NW (300)
  HIGHEST GUST SPEED    11   HIGHEST GUST DIRECTION     W (280)
  AVERAGE WIND SPEED     0.8


SKY COVER
  POSSIBLE SUNSHINE  MM
  AVERAGE SKY COVER 0.0


WEATHER CONDITIONS
 THE FOLLOWING WEATHER WAS RECORDED YESTERDAY.
  HAZE


RELATIVE HUMIDITY (PERCENT)
 HIGHEST    70           600 AM
 LOWEST     15           200 PM

..........................................................


THE MT SHASTA CITY CA CLIMATE NORMALS FOR TODAY
                         NORMAL    RECORD    YEAR
 MAXIMUM TEMPERATURE (F)   65        84      1974
 MINIMUM TEMPERATURE (F)   36        25      1946
                                             1993


SUNRISE AND SUNSET
OCTOBER 18 2017.......SUNRISE   725 AM PDT   SUNSET   623 PM PDT
OCTOBER 19 2017.......SUNRISE   726 AM PDT   SUNSET   622 PM PDT


-  INDICATES NEGATIVE NUMBERS.
R  INDICATES RECORD WAS SET OR TIED.
MM INDICATES DATA IS MISSING.
T  INDICATES TRACE AMOUNT.




$$
