475
CDUS42 KMFL 240823
CLIMIA


CLIMATE REPORT
NATIONAL WEATHER SERVICE MIAMI, FL
422 AM EDT SAT JUN 24 2017


...................................

...THE MIAMI CLIMATE SUMMARY FOR JUNE 23 2017...

CLIMATE NORMAL PERIOD 1981 TO 2010
CLIMATE RECORD PERIOD 1895 TO 2017


WEATHER ITEM   OBSERVED TIME   RECORD YEAR NORMAL DEPARTURE LAST
                VALUE   (LST)  VALUE       VALUE  FROM      YEAR
                                                  NORMAL
..................................................................
TEMPERATURE (F)
 YESTERDAY
  MAXIMUM         90    313 PM  94    1996  90      0       90
                                      1939
  MINIMUM         82    602 AM  68    1939  76      6       79
  AVERAGE         86                        83      3       85

PRECIPITATION (IN)
  YESTERDAY        0.00          2.95 1936   0.33  -0.33     0.03
  MONTH TO DATE   13.30                      7.40   5.90     6.64
  SINCE JUN 1     13.30                      7.40   5.90     6.64
  SINCE JAN 1     26.78                     22.75   4.03    27.03

SNOWFALL (IN)
  YESTERDAY        0.0
  MONTH TO DATE    0.0
  SINCE JUN 1      0.0
  SINCE JUL 1      0.0
  SNOW DEPTH       0

DEGREE DAYS
 HEATING
  YESTERDAY        0                         0      0        0
  MONTH TO DATE    0                         0      0        0
  SINCE JUN 1      0                         0      0        0
  SINCE JUL 1     17                       128   -111       67

 COOLING
  YESTERDAY       21                        18      3       20
  MONTH TO DATE  423                       405     18      428
  SINCE JUN 1    423                       405     18      428
  SINCE JAN 1   2127                      1761    366     1890
..................................................................


WIND (MPH)
  HIGHEST WIND SPEED    17   HIGHEST WIND DIRECTION     E (110)
  HIGHEST GUST SPEED    27   HIGHEST GUST DIRECTION    SE (130)
  AVERAGE WIND SPEED    11.2


SKY COVER
  POSSIBLE SUNSHINE  76 PERCENT
  AVERAGE SKY COVER 0.5


WEATHER CONDITIONS
 THE FOLLOWING WEATHER WAS RECORDED YESTERDAY.
  NO SIGNIFICANT WEATHER WAS OBSERVED.


RELATIVE HUMIDITY (PERCENT)
 HIGHEST    74
 LOWEST     56
 AVERAGE    65

..........................................................


THE MIAMI CLIMATE NORMALS FOR TODAY
                         NORMAL    RECORD    YEAR
 MAXIMUM TEMPERATURE (F)   90        98      1944
 MINIMUM TEMPERATURE (F)   76        66      1938


SUNRISE AND SUNSET
JUNE 24 2017..........SUNRISE   631 AM EDT   SUNSET   816 PM EDT
JUNE 25 2017..........SUNRISE   631 AM EDT   SUNSET   816 PM EDT


-  INDICATES NEGATIVE NUMBERS.
R  INDICATES RECORD WAS SET OR TIED.
MM INDICATES DATA IS MISSING.
T  INDICATES TRACE AMOUNT.




$$
