000
CDUS42 KMFL 292016
CLIMIA


CLIMATE REPORT
NATIONAL WEATHER SERVICE MIAMI, FL
415 PM EDT MON AUG 29 2016


...................................

...THE MIAMI CLIMATE SUMMARY FOR AUGUST 29 2016...
VALID TODAY AS OF 0400 PM LOCAL TIME.

CLIMATE NORMAL PERIOD 1981 TO 2010
CLIMATE RECORD PERIOD 1895 TO 2016


WEATHER ITEM   OBSERVED TIME   RECORD YEAR NORMAL DEPARTURE LAST
                VALUE   (LST)  VALUE       VALUE  FROM      YEAR
                                                  NORMAL
..................................................................
TEMPERATURE (F)
 TODAY
  MAXIMUM         86   1245 PM  95    1952  90     -4       93
  MINIMUM         76    718 AM  69    1912  77     -1       80
  AVERAGE         81                        84     -3       87

PRECIPITATION (IN)
  TODAY            0.87          7.26 1932   0.32   0.55     0.14
  MONTH TO DATE   11.99                      8.25   3.74     6.26
  SINCE JUN 1     24.82                     24.42   0.40    15.77
  SINCE JAN 1     45.21                     39.77   5.44    27.27

SNOWFALL (IN)
  TODAY            0.0
  MONTH TO DATE    0.0
  SINCE JUN 1      0.0
  SINCE JUL 1      0.0
  SNOW DEPTH       0

DEGREE DAYS
 HEATING
  TODAY            0                         0      0        0
  MONTH TO DATE    0                         0      0        0
  SINCE JUN 1      0                         0      0        0
  SINCE JUL 1      0                         0      0        0

 COOLING
  TODAY           16                        19     -3       22
  MONTH TO DATE  558                       559     -1      582
  SINCE JUN 1   1739                      1683     56     1766
  SINCE JAN 1   3201                      3039    162     3443
..................................................................


WIND (MPH)
  HIGHEST WIND SPEED    16   HIGHEST WIND DIRECTION     S (180)
  HIGHEST GUST SPEED    22   HIGHEST GUST DIRECTION     S (180)
  AVERAGE WIND SPEED     7.2


SKY COVER
  AVERAGE SKY COVER 0.8


WEATHER CONDITIONS
 THE FOLLOWING WEATHER WAS RECORDED TODAY.
  HEAVY RAIN
  RAIN
  LIGHT RAIN
  FOG


RELATIVE HUMIDITY (PERCENT)
 HIGHEST   100
 LOWEST     74
 AVERAGE    87

..........................................................


THE MIAMI CLIMATE NORMALS FOR TOMORROW
                         NORMAL    RECORD    YEAR
 MAXIMUM TEMPERATURE (F)   90        95      1981
                                             1951
 MINIMUM TEMPERATURE (F)   77        68      1942


SUNRISE AND SUNSET
AUGUST 29 2016........SUNRISE   700 AM EDT   SUNSET   743 PM EDT
AUGUST 30 2016........SUNRISE   701 AM EDT   SUNSET   742 PM EDT


-  INDICATES NEGATIVE NUMBERS.
R  INDICATES RECORD WAS SET OR TIED.
MM INDICATES DATA IS MISSING.
T  INDICATES TRACE AMOUNT.




$$
