000
CDUS42 KMFL 140820
CLIMIA


CLIMATE REPORT
NATIONAL WEATHER SERVICE MIAMI, FL
420 AM EDT MON JUL 14 2014


...................................

...THE MIAMI CLIMATE SUMMARY FOR JULY 13 2014...

CLIMATE NORMAL PERIOD 1981 TO 2010
CLIMATE RECORD PERIOD 1839 TO 2014


WEATHER ITEM   OBSERVED TIME   RECORD YEAR NORMAL DEPARTURE LAST
                VALUE   (LST)  VALUE       VALUE  FROM      YEAR
                                                  NORMAL
..................................................................
TEMPERATURE (F)
 YESTERDAY
  MAXIMUM         89    322 PM  96    1987  91     -2       89
  MINIMUM         78    137 AM  66    1936  77      1       72
  AVERAGE         84                        84      0       81

PRECIPITATION (IN)
  YESTERDAY        T             4.37 1939   0.20  -0.20     1.51
  MONTH TO DATE    3.25                      3.06   0.19     4.68
  SINCE JUN 1     22.87                     12.73  10.14    10.86
  SINCE JAN 1     33.02                     28.08   4.94    30.23

SNOWFALL (IN)
  YESTERDAY        0.0
  MONTH TO DATE    0.0
  SINCE JUN 1      0.0
  SINCE JUL 1      0.0
  SNOW DEPTH       0

DEGREE DAYS
 HEATING
  YESTERDAY        0                         0      0
  MONTH TO DATE    0                         0      0
  SINCE JUN 1      0                         0      0
  SINCE JUL 1      0                         0      0

 COOLING
  YESTERDAY       19                        19      0
  MONTH TO DATE  242                       246     -4
  SINCE JUN 1    744                       778    -34
  SINCE JAN 1   2318                      2134    184
..................................................................


WIND (MPH)
  HIGHEST WIND SPEED    15   HIGHEST WIND DIRECTION    SE (140)
  HIGHEST GUST SPEED    21   HIGHEST GUST DIRECTION    SE (120)
  AVERAGE WIND SPEED     8.1


SKY COVER
  POSSIBLE SUNSHINE  77 PERCENT
  AVERAGE SKY COVER 0.6


WEATHER CONDITIONS
 THE FOLLOWING WEATHER WAS RECORDED YESTERDAY.
  LIGHT RAIN


RELATIVE HUMIDITY (PERCENT)
 HIGHEST    91
 LOWEST     59
 AVERAGE    75

..........................................................


THE MIAMI CLIMATE NORMALS FOR TODAY
                         NORMAL    RECORD    YEAR
 MAXIMUM TEMPERATURE (F)   91        95      1987
 MINIMUM TEMPERATURE (F)   77        69      1937
                                             1918


SUNRISE AND SUNSET
JULY 14 2014..........SUNRISE   639 AM EDT   SUNSET   815 PM EDT
JULY 15 2014..........SUNRISE   639 AM EDT   SUNSET   815 PM EDT


-  INDICATES NEGATIVE NUMBERS.
R  INDICATES RECORD WAS SET OR TIED.
MM INDICATES DATA IS MISSING.
T  INDICATES TRACE AMOUNT.




$$
