000
CDUS42 KMFL 251016
CLIMIA


CLIMATE REPORT
NATIONAL WEATHER SERVICE MIAMI, FL
516 AM EST SAT FEB 25 2017


...................................

...THE MIAMI CLIMATE SUMMARY FOR FEBRUARY 24 2017...

CLIMATE NORMAL PERIOD 1981 TO 2010
CLIMATE RECORD PERIOD 1895 TO 2017


WEATHER ITEM   OBSERVED TIME   RECORD YEAR NORMAL DEPARTURE LAST
                VALUE   (LST)  VALUE       VALUE  FROM      YEAR
                                                  NORMAL
..................................................................
TEMPERATURE (F)
 YESTERDAY
  MAXIMUM         83    409 PM  89    2008  79      4       86
  MINIMUM         62    245 AM  37    1989  63     -1       70
  AVERAGE         73                        71      2       78

PRECIPITATION (IN)
  YESTERDAY        0.00          0.72 1942   0.09  -0.09     0.29
  MONTH TO DATE    1.30                      1.92  -0.62     2.84
  SINCE NOV 1      7.97                      8.85  -0.88    27.78
  SINCE JAN 1      4.70                      3.54   1.16    10.41

SNOWFALL (IN)
  YESTERDAY        0.0
  MONTH TO DATE    0.0
  SINCE DEC 1      0.0
  SINCE JUL 1      0.0
  SNOW DEPTH       0

DEGREE DAYS
 HEATING
  YESTERDAY        0                         1     -1        0
  MONTH TO DATE    0                        24    -24       22
  SINCE DEC 1     14                       111    -97       62
  SINCE JUL 1     14                       114   -100       62

 COOLING
  YESTERDAY        8                         7      1       13
  MONTH TO DATE  187                       143     44      129
  SINCE DEC 1    816                       497    319      638
  SINCE JAN 1    445                       294    151      250
..................................................................


WIND (MPH)
  HIGHEST WIND SPEED    10   HIGHEST WIND DIRECTION     E (110)
  HIGHEST GUST SPEED    14   HIGHEST GUST DIRECTION     E (110)
  AVERAGE WIND SPEED     4.9


SKY COVER
  POSSIBLE SUNSHINE  56 PERCENT
  AVERAGE SKY COVER 0.5


WEATHER CONDITIONS
 THE FOLLOWING WEATHER WAS RECORDED YESTERDAY.
  FOG


RELATIVE HUMIDITY (PERCENT)
 HIGHEST   100
 LOWEST     51
 AVERAGE    76

..........................................................


THE MIAMI CLIMATE NORMALS FOR TODAY
                         NORMAL    RECORD    YEAR
 MAXIMUM TEMPERATURE (F)   79        89      1994
 MINIMUM TEMPERATURE (F)   63        37      1989


SUNRISE AND SUNSET
FEBRUARY 25 2017......SUNRISE   648 AM EST   SUNSET   621 PM EST
FEBRUARY 26 2017......SUNRISE   647 AM EST   SUNSET   621 PM EST


-  INDICATES NEGATIVE NUMBERS.
R  INDICATES RECORD WAS SET OR TIED.
MM INDICATES DATA IS MISSING.
T  INDICATES TRACE AMOUNT.




$$
