000
CDUS42 KMFL 160922
CLIMIA


CLIMATE REPORT
NATIONAL WEATHER SERVICE MIAMI, FL
422 AM EST MON JAN 16 2017


...................................

...THE MIAMI CLIMATE SUMMARY FOR JANUARY 15 2017...

CLIMATE NORMAL PERIOD 1981 TO 2010
CLIMATE RECORD PERIOD 1895 TO 2017


WEATHER ITEM   OBSERVED TIME   RECORD YEAR NORMAL DEPARTURE LAST
                VALUE   (LST)  VALUE       VALUE  FROM      YEAR
                                                  NORMAL
..................................................................
TEMPERATURE (F)
 YESTERDAY
  MAXIMUM         83R   105 PM  83    1993  76      7       75
                                      1971
                                      1957
  MINIMUM         69    510 AM  34    1948  60      9       65
  AVERAGE         76                        68      8       70

PRECIPITATION (IN)
  YESTERDAY        T             1.48 2016   0.04  -0.04     1.48
  MONTH TO DATE    1.54                      0.75   0.79     3.76
  SINCE NOV 1      4.81                      6.06  -1.25    21.13
  SINCE JAN 1      1.54                      0.75   0.79     3.76

SNOWFALL (IN)
  YESTERDAY        0.0
  MONTH TO DATE    0.0
  SINCE DEC 1      0.0
  SINCE JUL 1      0.0
  SNOW DEPTH       0

DEGREE DAYS
 HEATING
  YESTERDAY        0                         2     -2        0
  MONTH TO DATE    6                        30    -24        3
  SINCE DEC 1      6                        64    -58        3
  SINCE JUL 1      6                        67    -61        3

 COOLING
  YESTERDAY       11                         5      6        5
  MONTH TO DATE  136                        75     61       81
  SINCE DEC 1    507                       278    229      469
  SINCE JAN 1    136                        75     61       81
..................................................................


WIND (MPH)
  HIGHEST WIND SPEED    20   HIGHEST WIND DIRECTION     E (90)
  HIGHEST GUST SPEED    24   HIGHEST GUST DIRECTION     E (90)
  AVERAGE WIND SPEED    10.1


SKY COVER
  POSSIBLE SUNSHINE  20 PERCENT
  AVERAGE SKY COVER 0.8


WEATHER CONDITIONS
 THE FOLLOWING WEATHER WAS RECORDED YESTERDAY.
  LIGHT RAIN


RELATIVE HUMIDITY (PERCENT)
 HIGHEST    78
 LOWEST     43
 AVERAGE    61

..........................................................


THE MIAMI CLIMATE NORMALS FOR TODAY
                         NORMAL    RECORD    YEAR
 MAXIMUM TEMPERATURE (F)   76        86      1946
 MINIMUM TEMPERATURE (F)   60        39      1927


SUNRISE AND SUNSET
JANUARY 16 2017.......SUNRISE   709 AM EST   SUNSET   553 PM EST
JANUARY 17 2017.......SUNRISE   709 AM EST   SUNSET   554 PM EST


-  INDICATES NEGATIVE NUMBERS.
R  INDICATES RECORD WAS SET OR TIED.
MM INDICATES DATA IS MISSING.
T  INDICATES TRACE AMOUNT.




$$
