736
CDUS42 KMFL 262017
CLIMIA


CLIMATE REPORT
NATIONAL WEATHER SERVICE MIAMI, FL
416 PM EDT MON SEP 26 2016


...................................

...THE MIAMI CLIMATE SUMMARY FOR SEPTEMBER 26 2016...
VALID TODAY AS OF 0400 PM LOCAL TIME.

CLIMATE NORMAL PERIOD 1981 TO 2010
CLIMATE RECORD PERIOD 1895 TO 2016


WEATHER ITEM   OBSERVED TIME   RECORD YEAR NORMAL DEPARTURE LAST
                VALUE   (LST)  VALUE       VALUE  FROM      YEAR
                                                  NORMAL
..................................................................
TEMPERATURE (F)
 TODAY
  MAXIMUM         88    244 PM  94    1952  89     -1       89
  MINIMUM         76   1250 PM  69    1983  76      0       76
  AVERAGE         82                        82      0       83

PRECIPITATION (IN)
  TODAY            0.00          2.49 1968   0.32  -0.32     0.00
  MONTH TO DATE    4.74                      8.59  -3.85     9.46
  SINCE JUN 1     31.34                     33.64  -2.30    27.99
  SINCE JAN 1     51.73                     48.99   2.74    39.49

SNOWFALL (IN)
  TODAY            0.0
  MONTH TO DATE    0.0
  SINCE SEP 1      0.0
  SINCE JUL 1      0.0
  SNOW DEPTH       0

DEGREE DAYS
 HEATING
  TODAY            0                         0      0        0
  MONTH TO DATE    0                         0      0        0
  SINCE SEP 1      0                         0      0        0
  SINCE JUL 1      0                         0      0        0

 COOLING
  TODAY           17                        17      0       18
  MONTH TO DATE  492                       468     24      486
  SINCE SEP 1    492                       468     24      486
  SINCE JAN 1   3724                      3543    181     3964
..................................................................


WIND (MPH)
  HIGHEST WIND SPEED    13   HIGHEST WIND DIRECTION    SE (150)
  HIGHEST GUST SPEED    17   HIGHEST GUST DIRECTION    SE (150)
  AVERAGE WIND SPEED     3.2


SKY COVER
  AVERAGE SKY COVER 0.8


WEATHER CONDITIONS
 THE FOLLOWING WEATHER WAS RECORDED TODAY.
  THUNDERSTORM


RELATIVE HUMIDITY (PERCENT)
 HIGHEST    91
 LOWEST     63
 AVERAGE    77

..........................................................


THE MIAMI CLIMATE NORMALS FOR TOMORROW
                         NORMAL    RECORD    YEAR
 MAXIMUM TEMPERATURE (F)   89        93      1901
 MINIMUM TEMPERATURE (F)   76        68      1937
                                             1901


SUNRISE AND SUNSET
SEPTEMBER 26 2016.....SUNRISE   712 AM EDT   SUNSET   713 PM EDT
SEPTEMBER 27 2016.....SUNRISE   712 AM EDT   SUNSET   711 PM EDT


-  INDICATES NEGATIVE NUMBERS.
R  INDICATES RECORD WAS SET OR TIED.
MM INDICATES DATA IS MISSING.
T  INDICATES TRACE AMOUNT.




$$
