000
CDUS42 KMFL 070841
CLIMIA


CLIMATE REPORT
NATIONAL WEATHER SERVICE MIAMI, FL
437 AM EDT TUE JUL 7 2015


...................................

...THE MIAMI CLIMATE SUMMARY FOR JULY 6 2015...

CLIMATE NORMAL PERIOD 1981 TO 2010
CLIMATE RECORD PERIOD 1895 TO 2015


WEATHER ITEM   OBSERVED TIME   RECORD YEAR NORMAL DEPARTURE LAST
                VALUE   (LST)  VALUE       VALUE  FROM      YEAR
                                                  NORMAL
..................................................................
TEMPERATURE (F)
 YESTERDAY
  MAXIMUM         91    305 PM  95    2009  91      0       88
                                      1992
  MINIMUM         74    204 AM  70    1922  77     -3       78
                                      1907
  AVERAGE         83                        84     -1       83

PRECIPITATION (IN)
  YESTERDAY        0.52          1.84 1959   0.24   0.28      T
  MONTH TO DATE    0.86                      1.55  -0.69     1.48
  SINCE JUN 1      4.46                     11.22  -6.76    21.10
  SINCE JAN 1     15.96                     26.57 -10.61    31.25

SNOWFALL (IN)
  YESTERDAY        0.0
  MONTH TO DATE    0.0
  SINCE JUN 1      0.0
  SINCE JUL 1      0.0
  SNOW DEPTH       0

DEGREE DAYS
 HEATING
  YESTERDAY        0                         0      0        0
  MONTH TO DATE    0                         0      0        0
  SINCE JUN 1      0                         0      0        0
  SINCE JUL 1      0                         0      0        0

 COOLING
  YESTERDAY       18                        19     -1       18
  MONTH TO DATE  119                       113      6      113
  SINCE JUN 1    684                       645     39      615
  SINCE JAN 1   2361                      2001    360     2189
..................................................................


WIND (MPH)
  HIGHEST WIND SPEED    16   HIGHEST WIND DIRECTION    SE (130)
  HIGHEST GUST SPEED    22   HIGHEST GUST DIRECTION     N (340)
  AVERAGE WIND SPEED     8.7


SKY COVER
  POSSIBLE SUNSHINE  71 PERCENT
  AVERAGE SKY COVER 0.7


WEATHER CONDITIONS
 THE FOLLOWING WEATHER WAS RECORDED YESTERDAY.
  THUNDERSTORM
  HEAVY RAIN
  RAIN
  LIGHT RAIN
  HAZE


RELATIVE HUMIDITY (PERCENT)
 HIGHEST    87
 LOWEST     56
 AVERAGE    72

..........................................................


THE MIAMI CLIMATE NORMALS FOR TODAY
                         NORMAL    RECORD    YEAR
 MAXIMUM TEMPERATURE (F)   91        95      2009
                                             2004
                                             1963
 MINIMUM TEMPERATURE (F)   77        70      1937
                                             1916


SUNRISE AND SUNSET
JULY  7 2015..........SUNRISE   635 AM EDT   SUNSET   816 PM EDT
JULY  8 2015..........SUNRISE   636 AM EDT   SUNSET   816 PM EDT


-  INDICATES NEGATIVE NUMBERS.
R  INDICATES RECORD WAS SET OR TIED.
MM INDICATES DATA IS MISSING.
T  INDICATES TRACE AMOUNT.




$$
