000
CDUS43 KIND 260542
CLIMIE


CLIMATE REPORT
NATIONAL WEATHER SERVICE INDIANAPOLIS IN
141 AM EDT THU MAR 26 2015


...................................

...THE MUNCIE IN CLIMATE SUMMARY FOR MARCH 25 2015...

CLIMATE NORMAL PERIOD 1981 TO 2010
CLIMATE RECORD PERIOD 9999 TO 9999


WEATHER ITEM   OBSERVED TIME   NORMAL DEPARTURE LAST
                VALUE   (LST)  VALUE  FROM      YEAR
                                      NORMAL
......................................................
TEMPERATURE (F)
 YESTERDAY
  MAXIMUM         51    340 PM  53     -2       32
  MINIMUM         40   1102 PM  33      7       18
  AVERAGE         46            43      3       25

PRECIPITATION (IN)
  YESTERDAY        0.60          0.10   0.50      T
  MONTH TO DATE    2.50          2.30   0.20     1.08
  SINCE MAR 1      2.50          2.30   0.20     1.08
  SINCE JAN 1      5.44          6.84  -1.40     4.04

DEGREE DAYS
 HEATING
  YESTERDAY       19            22     -3       40
  MONTH TO DATE  699           663     36      799
  SINCE MAR 1    699           663     36      799
  SINCE JUL 1   5564          5046    518     5709

 COOLING
  YESTERDAY        0             0      0        0
  MONTH TO DATE    0             0      0        0
  SINCE MAR 1      0             0      0        0
  SINCE JAN 1      0             0      0        0
......................................................


WIND (MPH)
  HIGHEST WIND SPEED    23   HIGHEST WIND DIRECTION     W (250)
  HIGHEST GUST SPEED    30   HIGHEST GUST DIRECTION    SW (240)
  AVERAGE WIND SPEED    10.2


SKY COVER
  AVERAGE SKY COVER 0.7


WEATHER CONDITIONS
 THE FOLLOWING WEATHER WAS RECORDED YESTERDAY.
  THUNDERSTORM
  HEAVY RAIN
  RAIN
  LIGHT RAIN
  FOG
  HAZE


RELATIVE HUMIDITY (PERCENT)
 HIGHEST   100          1100 PM
 LOWEST     70           100 AM
 AVERAGE    85

..........................................................


THE MUNCIE IN CLIMATE NORMALS FOR TODAY
                         NORMAL
 MAXIMUM TEMPERATURE (F)   53
 MINIMUM TEMPERATURE (F)   34


SUNRISE AND SUNSET
MARCH 26 2015.........SUNRISE   736 AM EDT   SUNSET   800 PM EDT
MARCH 27 2015.........SUNRISE   734 AM EDT   SUNSET   801 PM EDT


-  INDICATES NEGATIVE NUMBERS.
R  INDICATES RECORD WAS SET OR TIED.
MM INDICATES DATA IS MISSING.
T  INDICATES TRACE AMOUNT.




$$
