000
CDUS43 KIND 170533
CLIMIE


CLIMATE REPORT
NATIONAL WEATHER SERVICE INDIANAPOLIS IN
132 AM EDT WED SEP 17 2014


...................................

...THE MUNCIE IN CLIMATE SUMMARY FOR SEPTEMBER 16 2014...

CLIMATE NORMAL PERIOD 1981 TO 2010
CLIMATE RECORD PERIOD 9999 TO 9999


WEATHER ITEM   OBSERVED TIME   NORMAL DEPARTURE LAST
                VALUE   (LST)  VALUE  FROM      YEAR
                                      NORMAL
......................................................
TEMPERATURE (F)
 YESTERDAY
  MAXIMUM         64    443 PM  77    -13       63
  MINIMUM         46   1158 PM  54     -8       48
  AVERAGE         55            66    -11       56

PRECIPITATION (IN)
  YESTERDAY        0.00          0.09  -0.09      T
  MONTH TO DATE    3.27          1.67   1.60     1.18
  SINCE SEP 1      3.27          1.67   1.60     1.18
  SINCE JAN 1     31.69         29.58   2.11    26.06

DEGREE DAYS
 HEATING
  YESTERDAY       10             3      7        9
  MONTH TO DATE   51            24     27       35
  SINCE SEP 1     51            24     27       35
  SINCE JUL 1     77            34     43       61

 COOLING
  YESTERDAY        0             3     -3        0
  MONTH TO DATE   59            75    -16      101
  SINCE SEP 1     59            75    -16      101
  SINCE JAN 1    814           909    -95      916
......................................................


WIND (MPH)
  HIGHEST WIND SPEED    12   HIGHEST WIND DIRECTION     N (20)
  HIGHEST GUST SPEED    15   HIGHEST GUST DIRECTION     N (10)
  AVERAGE WIND SPEED     3.9


SKY COVER
  AVERAGE SKY COVER 0.7


WEATHER CONDITIONS
 THE FOLLOWING WEATHER WAS RECORDED YESTERDAY.
  FOG
  HAZE


RELATIVE HUMIDITY (PERCENT)
 HIGHEST    96           500 AM
 LOWEST     56           500 PM
 AVERAGE    76

..........................................................


THE MUNCIE IN CLIMATE NORMALS FOR TODAY
                         NORMAL
 MAXIMUM TEMPERATURE (F)   77
 MINIMUM TEMPERATURE (F)   54


SUNRISE AND SUNSET
SEPTEMBER 17 2014.....SUNRISE   724 AM EDT   SUNSET   747 PM EDT
SEPTEMBER 18 2014.....SUNRISE   725 AM EDT   SUNSET   745 PM EDT


-  INDICATES NEGATIVE NUMBERS.
R  INDICATES RECORD WAS SET OR TIED.
MM INDICATES DATA IS MISSING.
T  INDICATES TRACE AMOUNT.




$$
