000
CDUS43 KIND 260536
CLIMIE


CLIMATE REPORT
NATIONAL WEATHER SERVICE INDIANAPOLIS IN
135 AM EDT SUN MAR 26 2017


...................................

...THE MUNCIE IN CLIMATE SUMMARY FOR MARCH 25 2017...

CLIMATE NORMAL PERIOD 1981 TO 2010
CLIMATE RECORD PERIOD 9999 TO 9999


WEATHER ITEM   OBSERVED TIME   NORMAL DEPARTURE LAST
                VALUE   (LST)  VALUE  FROM      YEAR
                                      NORMAL
......................................................
TEMPERATURE (F)
 YESTERDAY
  MAXIMUM         77    139 PM  53     24       44
  MINIMUM         55   1159 PM  33     22       33
  AVERAGE         66            43     23       39

PRECIPITATION (IN)
  YESTERDAY        0.03          0.10  -0.07     0.00
  MONTH TO DATE    2.76          2.30   0.46     3.79
  SINCE MAR 1      2.76          2.30   0.46     3.79
  SINCE JAN 1      8.47          6.84   1.63     6.90

DEGREE DAYS
 HEATING
  YESTERDAY        0            22    -22       26
  MONTH TO DATE  621           663    -42      417
  SINCE MAR 1    621           663    -42      417
  SINCE JUL 1   3909          5046  -1137     4008

 COOLING
  YESTERDAY        1             0      1        0
  MONTH TO DATE    2             0      2        0
  SINCE MAR 1      2             0      2        0
  SINCE JAN 1      2             0      2        0
......................................................


WIND (MPH)
  HIGHEST WIND SPEED    24   HIGHEST WIND DIRECTION     S (200)
  HIGHEST GUST SPEED    33   HIGHEST GUST DIRECTION     S (200)
  AVERAGE WIND SPEED    11.7


SKY COVER
  AVERAGE SKY COVER 0.3


WEATHER CONDITIONS
 THE FOLLOWING WEATHER WAS RECORDED YESTERDAY.
  LIGHT RAIN
  FOG


RELATIVE HUMIDITY (PERCENT)
 HIGHEST    84          1000 PM
 LOWEST     43           300 PM
 AVERAGE    64

..........................................................


THE MUNCIE IN CLIMATE NORMALS FOR TODAY
                         NORMAL
 MAXIMUM TEMPERATURE (F)   53
 MINIMUM TEMPERATURE (F)   34


SUNRISE AND SUNSET
MARCH 26 2017.........SUNRISE   735 AM EDT   SUNSET   800 PM EDT
MARCH 27 2017.........SUNRISE   733 AM EDT   SUNSET   801 PM EDT


-  INDICATES NEGATIVE NUMBERS.
R  INDICATES RECORD WAS SET OR TIED.
MM INDICATES DATA IS MISSING.
T  INDICATES TRACE AMOUNT.




$$
