000
CDUS43 KIND 190538
CLIMIE


CLIMATE REPORT
NATIONAL WEATHER SERVICE INDIANAPOLIS IN
137 AM EDT THU OCT 19 2017


...................................

...THE MUNCIE IN CLIMATE SUMMARY FOR OCTOBER 18 2017...

CLIMATE NORMAL PERIOD 1981 TO 2010
CLIMATE RECORD PERIOD 9999 TO 9999


WEATHER ITEM   OBSERVED TIME   NORMAL DEPARTURE LAST
                VALUE   (LST)  VALUE  FROM      YEAR
                                      NORMAL
......................................................
TEMPERATURE (F)
 YESTERDAY
  MAXIMUM         71    410 PM  64      7       77
  MINIMUM         40    502 AM  43     -3       65
  AVERAGE         56            53      3       71

PRECIPITATION (IN)
  YESTERDAY        0.00          0.09  -0.09     0.01
  MONTH TO DATE    3.01          1.75   1.26     0.34
  SINCE SEP 1      4.85          4.71   0.14     5.04
  SINCE JAN 1     39.74         32.62   7.12    34.32

DEGREE DAYS
 HEATING
  YESTERDAY        9            12     -3        0
  MONTH TO DATE   48           178   -130       58
  SINCE SEP 1    103           269   -166       68
  SINCE JUL 1    106           279   -173       71

 COOLING
  YESTERDAY        0             0      0        6
  MONTH TO DATE   50            13     37       51
  SINCE SEP 1    205           118     87      239
  SINCE JAN 1   1083           952    131     1339
......................................................


WIND (MPH)
  HIGHEST WIND SPEED    15   HIGHEST WIND DIRECTION     S (190)
  HIGHEST GUST SPEED    20   HIGHEST GUST DIRECTION     S (190)
  AVERAGE WIND SPEED     6.4


SKY COVER
  AVERAGE SKY COVER 0.0


WEATHER CONDITIONS
 THE FOLLOWING WEATHER WAS RECORDED YESTERDAY.
  NO SIGNIFICANT WEATHER WAS OBSERVED.


RELATIVE HUMIDITY (PERCENT)
 HIGHEST    92           500 AM
 LOWEST     29           400 PM
 AVERAGE    61

..........................................................


THE MUNCIE IN CLIMATE NORMALS FOR TODAY
                         NORMAL
 MAXIMUM TEMPERATURE (F)   63
 MINIMUM TEMPERATURE (F)   42


SUNRISE AND SUNSET
OCTOBER 19 2017.......SUNRISE   757 AM EDT   SUNSET   655 PM EDT
OCTOBER 20 2017.......SUNRISE   758 AM EDT   SUNSET   654 PM EDT


-  INDICATES NEGATIVE NUMBERS.
R  INDICATES RECORD WAS SET OR TIED.
MM INDICATES DATA IS MISSING.
T  INDICATES TRACE AMOUNT.




$$
