000
CDUS43 KIND 040545
CLIMIE


CLIMATE REPORT
NATIONAL WEATHER SERVICE INDIANAPOLIS IN
144 AM EDT SAT JUL 4 2015


...................................

...THE MUNCIE IN CLIMATE SUMMARY FOR JULY 3 2015...

CLIMATE NORMAL PERIOD 1981 TO 2010
CLIMATE RECORD PERIOD 9999 TO 9999


WEATHER ITEM   OBSERVED TIME   NORMAL DEPARTURE LAST
                VALUE   (LST)  VALUE  FROM      YEAR
                                      NORMAL
......................................................
TEMPERATURE (F)
 YESTERDAY
  MAXIMUM         78    245 PM  85     -7       73
  MINIMUM         61    640 AM  65     -4       55
  AVERAGE         70            75     -5       64

PRECIPITATION (IN)
  YESTERDAY        0.00          0.13  -0.13     0.02
  MONTH TO DATE    0.00          0.42  -0.42     0.27
  SINCE JUN 1      7.69          5.08   2.61     5.73
  SINCE JAN 1     22.49         20.65   1.84    20.50

DEGREE DAYS
 HEATING
  YESTERDAY        0             0      0        1
  MONTH TO DATE    0             0      0        1
  SINCE JUN 1     28            24      4        9
  SINCE JUL 1      0             0      0        1

 COOLING
  YESTERDAY        5            10     -5        0
  MONTH TO DATE   13            30    -17       18
  SINCE JUN 1    233           246    -13      263
  SINCE JAN 1    377           329     48      378
......................................................


WIND (MPH)
  HIGHEST WIND SPEED    13   HIGHEST WIND DIRECTION    NE (40)
  HIGHEST GUST SPEED    16   HIGHEST GUST DIRECTION     E (90)
  AVERAGE WIND SPEED     7.4


SKY COVER
  AVERAGE SKY COVER 0.5


WEATHER CONDITIONS
 THE FOLLOWING WEATHER WAS RECORDED YESTERDAY.
  HAZE


RELATIVE HUMIDITY (PERCENT)
 HIGHEST    81          1100 PM
 LOWEST     60           200 PM
 AVERAGE    71

..........................................................


THE MUNCIE IN CLIMATE NORMALS FOR TODAY
                         NORMAL
 MAXIMUM TEMPERATURE (F)   85
 MINIMUM TEMPERATURE (F)   65


SUNRISE AND SUNSET
JULY  4 2015..........SUNRISE   617 AM EDT   SUNSET   915 PM EDT
JULY  5 2015..........SUNRISE   618 AM EDT   SUNSET   914 PM EDT


-  INDICATES NEGATIVE NUMBERS.
R  INDICATES RECORD WAS SET OR TIED.
MM INDICATES DATA IS MISSING.
T  INDICATES TRACE AMOUNT.




$$
