000
CDUS43 KIND 290533
CLIMIE


CLIMATE REPORT
NATIONAL WEATHER SERVICE INDIANAPOLIS IN
131 AM EDT SAT APR 29 2017


...................................

...THE MUNCIE IN CLIMATE SUMMARY FOR APRIL 28 2017...

CLIMATE NORMAL PERIOD 1981 TO 2010
CLIMATE RECORD PERIOD 9999 TO 9999


WEATHER ITEM   OBSERVED TIME   NORMAL DEPARTURE LAST
                VALUE   (LST)  VALUE  FROM      YEAR
                                      NORMAL
......................................................
TEMPERATURE (F)
 YESTERDAY
  MAXIMUM         62    352 PM  66     -4       65
  MINIMUM         43    428 AM  46     -3       46
  AVERAGE         53            56     -3       56

PRECIPITATION (IN)
  YESTERDAY        0.83          0.12   0.71     0.44
  MONTH TO DATE    2.85          3.42  -0.57     2.58
  SINCE MAR 1      7.69          6.37   1.32     7.65
  SINCE JAN 1     13.40         10.91   2.49    10.76

DEGREE DAYS
 HEATING
  YESTERDAY       12            10      2        9
  MONTH TO DATE  221           403   -182      357
  SINCE MAR 1    907          1190   -283      861
  SINCE JUL 1   4195          5573  -1378     4452

 COOLING
  YESTERDAY        0             1     -1        0
  MONTH TO DATE   32            11     21       10
  SINCE MAR 1     34            12     22       10
  SINCE JAN 1     34            12     22       10
......................................................


WIND (MPH)
  HIGHEST WIND SPEED    31   HIGHEST WIND DIRECTION    SE (120)
  HIGHEST GUST SPEED    36   HIGHEST GUST DIRECTION    SE (130)
  AVERAGE WIND SPEED     7.2


SKY COVER
  AVERAGE SKY COVER 0.5


WEATHER CONDITIONS
 THE FOLLOWING WEATHER WAS RECORDED YESTERDAY.
  THUNDERSTORM
  HEAVY RAIN
  RAIN
  LIGHT RAIN
  FOG


RELATIVE HUMIDITY (PERCENT)
 HIGHEST    93          1100 PM
 LOWEST     66          1100 AM
 AVERAGE    80

..........................................................


THE MUNCIE IN CLIMATE NORMALS FOR TODAY
                         NORMAL
 MAXIMUM TEMPERATURE (F)   67
 MINIMUM TEMPERATURE (F)   46


SUNRISE AND SUNSET
APRIL 29 2017.........SUNRISE   643 AM EDT   SUNSET   835 PM EDT
APRIL 30 2017.........SUNRISE   642 AM EDT   SUNSET   836 PM EDT


-  INDICATES NEGATIVE NUMBERS.
R  INDICATES RECORD WAS SET OR TIED.
MM INDICATES DATA IS MISSING.
T  INDICATES TRACE AMOUNT.




$$
