000
CDUS43 KMKX 240705
CLIMKE


CLIMATE REPORT
NATIONAL WEATHER SERVICE IN MILWAUKEE
103 AM CST WED JAN 24 2018


...................................

...THE MILWAUKEE WI CLIMATE SUMMARY FOR JANUARY 23 2018...

CLIMATE NORMAL PERIOD 1981 TO 2010
CLIMATE RECORD PERIOD 1871 TO 2018


WEATHER ITEM   OBSERVED TIME   RECORD YEAR NORMAL DEPARTURE LAST
                VALUE   (LST)  VALUE       VALUE  FROM      YEAR
                                                  NORMAL
..................................................................
TEMPERATURE (F)
 YESTERDAY
  MAXIMUM         34    206 AM  52    1909  29      5       44
  MINIMUM         28   1159 PM -23    1883  15     13       38
  AVERAGE         31                        22      9       41

PRECIPITATION (IN)
  YESTERDAY        0.26          0.92 1898   0.05   0.21     0.00
  MONTH TO DATE    1.59                      1.33   0.26     1.73
  SINCE DEC 1      2.05                      3.37  -1.32     3.66
  SINCE JAN 1      1.59                      1.33   0.26     1.73

SNOWFALL (IN)
  YESTERDAY        2.6          10.9  1898   0.4    2.2      0.0
  MONTH TO DATE   10.7                      11.1   -0.4      1.0
  SINCE DEC 1     15.3                      21.7   -6.4     19.8
  SINCE JUL 1     15.5                      24.4   -8.9     19.8
  SNOW DEPTH       2

DEGREE DAYS
 HEATING
  YESTERDAY       34                        43     -9       24
  MONTH TO DATE  975                       984     -9      865
  SINCE DEC 1   2181                      2179      2     2072
  SINCE JUL 1   3286                      3544   -258     2902

 COOLING
  YESTERDAY        0                         0      0        0
  MONTH TO DATE    0                         0      0        0
  SINCE DEC 1      0                         0      0        0
  SINCE JAN 1      0                         0      0        0
..................................................................


WIND (MPH)
  HIGHEST WIND SPEED    20   HIGHEST WIND DIRECTION    NW (330)
  HIGHEST GUST SPEED    27   HIGHEST GUST DIRECTION    NW (320)
  AVERAGE WIND SPEED    10.9


SKY COVER
  POSSIBLE SUNSHINE  MM
  AVERAGE SKY COVER 1.0


WEATHER CONDITIONS
 THE FOLLOWING WEATHER WAS RECORDED YESTERDAY.
  LIGHT SNOW
  FOG


RELATIVE HUMIDITY (PERCENT)
 HIGHEST   100           100 AM
 LOWEST     69           600 PM
 AVERAGE    85

..........................................................


THE MILWAUKEE WI CLIMATE NORMALS FOR TODAY
                         NORMAL    RECORD    YEAR
 MAXIMUM TEMPERATURE (F)   29        60      1950
 MINIMUM TEMPERATURE (F)   15       -20      1904


SUNRISE AND SUNSET
JANUARY 24 2018.......SUNRISE   714 AM CST   SUNSET   454 PM CST
JANUARY 25 2018.......SUNRISE   713 AM CST   SUNSET   455 PM CST


-  INDICATES NEGATIVE NUMBERS.
R  INDICATES RECORD WAS SET OR TIED.
MM INDICATES DATA IS MISSING.
T  INDICATES TRACE AMOUNT.




$$
