000
CDUS43 KMKX 290649
CLIMKE


CLIMATE REPORT
NATIONAL WEATHER SERVICE IN MILWAUKEE
147 AM CDT THU JUN 29 2017


...................................

...THE MILWAUKEE WI CLIMATE SUMMARY FOR JUNE 28 2017...

CLIMATE NORMAL PERIOD 1981 TO 2010
CLIMATE RECORD PERIOD 1871 TO 2017


WEATHER ITEM   OBSERVED TIME   RECORD YEAR NORMAL DEPARTURE LAST
                VALUE   (LST)  VALUE       VALUE  FROM      YEAR
                                                  NORMAL
..................................................................
TEMPERATURE (F)
 YESTERDAY
  MAXIMUM         75    300 PM  99    1931  79     -4       66
  MINIMUM         57    156 AM  49    1925  61     -4       57
                                      1875
  AVERAGE         66                        70     -4       62

PRECIPITATION (IN)
  YESTERDAY        1.67          1.70 1967   0.14   1.53     0.00
  MONTH TO DATE    5.02                      3.64   1.38     2.63
  SINCE JUN 1      5.02                      3.64   1.38     2.63
  SINCE JAN 1     21.81                     16.28   5.53    11.45

SNOWFALL (IN)
  YESTERDAY        0.0           0.0    MM   0.0    0.0      0.0
  MONTH TO DATE    0.0                       0.0    0.0      0.0
  SINCE JUN 1      0.0                       0.0    0.0      0.0
  SINCE JUL 1     37.6                      46.9   -9.3     39.1
  SNOW DEPTH       0

DEGREE DAYS
 HEATING
  YESTERDAY        0                         1     -1        3
  MONTH TO DATE   14                        82    -68       28
  SINCE JUN 1     14                        82    -68       28
  SINCE JUL 1   5634                      6892  -1258     5908

 COOLING
  YESTERDAY        1                         6     -5        0
  MONTH TO DATE  164                       107     57      145
  SINCE JUN 1    164                       107     57      145
  SINCE JAN 1    185                       137     48      190
..................................................................


WIND (MPH)
  HIGHEST WIND SPEED    25   HIGHEST WIND DIRECTION    NW (300)
  HIGHEST GUST SPEED    35   HIGHEST GUST DIRECTION    NW (310)
  AVERAGE WIND SPEED    11.7


SKY COVER
  POSSIBLE SUNSHINE  MM
  AVERAGE SKY COVER 0.8


WEATHER CONDITIONS
 THE FOLLOWING WEATHER WAS RECORDED YESTERDAY.
  THUNDERSTORM
  HEAVY RAIN
  RAIN
  LIGHT RAIN
  FOG


RELATIVE HUMIDITY (PERCENT)
 HIGHEST    93           900 PM
 LOWEST     58           700 AM
 AVERAGE    76

..........................................................


THE MILWAUKEE WI CLIMATE NORMALS FOR TODAY
                         NORMAL    RECORD    YEAR
 MAXIMUM TEMPERATURE (F)   79       100      1931
 MINIMUM TEMPERATURE (F)   62        46      1943
                                             1885


SUNRISE AND SUNSET
JUNE 29 2017..........SUNRISE   516 AM CDT   SUNSET   835 PM CDT
JUNE 30 2017..........SUNRISE   516 AM CDT   SUNSET   834 PM CDT


-  INDICATES NEGATIVE NUMBERS.
R  INDICATES RECORD WAS SET OR TIED.
MM INDICATES DATA IS MISSING.
T  INDICATES TRACE AMOUNT.




$$
