000
CDUS43 KMKX 230706
CLIMKE


CLIMATE REPORT
NATIONAL WEATHER SERVICE IN MILWAUKEE
101 AM CST MON JAN 23 2017


...................................

...THE MILWAUKEE WI CLIMATE SUMMARY FOR JANUARY 22 2017...

CLIMATE NORMAL PERIOD 1981 TO 2010
CLIMATE RECORD PERIOD 1871 TO 2017


WEATHER ITEM   OBSERVED TIME   RECORD YEAR NORMAL DEPARTURE LAST
                VALUE   (LST)  VALUE       VALUE  FROM      YEAR
                                                  NORMAL
..................................................................
TEMPERATURE (F)
 YESTERDAY
  MAXIMUM         46    204 PM  53    1964  29     17       28
  MINIMUM         38   1159 PM -22    1885  15     23       23
                                      1883
  AVERAGE         42                        22     20       26

PRECIPITATION (IN)
  YESTERDAY        0.00          1.13 1887   0.05  -0.05      T
  MONTH TO DATE    1.73                      1.28   0.45     0.37
  SINCE DEC 1      3.66                      3.32   0.34     4.19
  SINCE JAN 1      1.73                      1.28   0.45     0.37

SNOWFALL (IN)
  YESTERDAY        0.0           9.0  2005   0.5   -0.5       T
  MONTH TO DATE    1.0                      10.7   -9.7      4.3
  SINCE DEC 1     19.8                      21.3   -1.5     13.9
  SINCE JUL 1     19.8                      24.0   -4.2     20.8
  SNOW DEPTH       0

DEGREE DAYS
 HEATING
  YESTERDAY       23                        43    -20       39
  MONTH TO DATE  841                       941   -100      989
  SINCE DEC 1   2048                      2136    -88     1828
  SINCE JUL 1   2878                      3501   -623     2867

 COOLING
  YESTERDAY        0                         0      0        0
  MONTH TO DATE    0                         0      0        0
  SINCE DEC 1      0                         0      0        0
  SINCE JAN 1      0                         0      0        0
..................................................................


WIND (MPH)
  HIGHEST WIND SPEED    12   HIGHEST WIND DIRECTION     N (360)
  HIGHEST GUST SPEED    15   HIGHEST GUST DIRECTION     N (10)
  AVERAGE WIND SPEED     3.6


SKY COVER
  POSSIBLE SUNSHINE  MM
  AVERAGE SKY COVER 1.0


WEATHER CONDITIONS
 THE FOLLOWING WEATHER WAS RECORDED YESTERDAY.
  FOG


RELATIVE HUMIDITY (PERCENT)
 HIGHEST    93           600 AM
 LOWEST     76          1200 PM
 AVERAGE    85

..........................................................


THE MILWAUKEE WI CLIMATE NORMALS FOR TODAY
                         NORMAL    RECORD    YEAR
 MAXIMUM TEMPERATURE (F)   29        52      1909
 MINIMUM TEMPERATURE (F)   15       -23      1883


SUNRISE AND SUNSET
JANUARY 23 2017.......SUNRISE   715 AM CST   SUNSET   453 PM CST
JANUARY 24 2017.......SUNRISE   714 AM CST   SUNSET   454 PM CST


-  INDICATES NEGATIVE NUMBERS.
R  INDICATES RECORD WAS SET OR TIED.
MM INDICATES DATA IS MISSING.
T  INDICATES TRACE AMOUNT.




$$
