168
CDUS43 KMKX 090643
CLIMKE


CLIMATE REPORT
NATIONAL WEATHER SERVICE IN MILWAUKEE
1242 AM CST TUE FEB 9 2016


...................................

...THE MILWAUKEE WI CLIMATE SUMMARY FOR FEBRUARY 8 2016...

CLIMATE NORMAL PERIOD 1981 TO 2010
CLIMATE RECORD PERIOD 1871 TO 2016


WEATHER ITEM   OBSERVED TIME   RECORD YEAR NORMAL DEPARTURE LAST
                VALUE   (LST)  VALUE       VALUE  FROM      YEAR
                                                  NORMAL
..................................................................
TEMPERATURE (F)
 YESTERDAY
  MAXIMUM         34    640 AM  55    1990  31      3       37
                                      1925
                                      1900
  MINIMUM         19   1159 PM -18    1899  18      1       23
  AVERAGE         27                        24      3       30

PRECIPITATION (IN)
  YESTERDAY        0.17          1.47 1900   0.06   0.11      T
  MONTH TO DATE    0.47                      0.43   0.04     0.57
  SINCE DEC 1      4.98                      4.23   0.75     2.51
  SINCE JAN 1      1.16                      2.19  -1.03     1.48

SNOWFALL (IN)
  YESTERDAY        4.0           5.4  1905   0.4    3.6       T
  MONTH TO DATE    4.0                       3.0    1.0     12.4
  SINCE DEC 1     18.5                      28.3   -9.8     26.1
  SINCE JUL 1     25.4                      31.0   -5.6     30.9
  SNOW DEPTH       0

DEGREE DAYS
 HEATING
  YESTERDAY       38                        41     -3       35
  MONTH TO DATE  267                       332    -65      371
  SINCE DEC 1   2404                      2852   -448     2718
  SINCE JUL 1   3443                      4217   -774     4289

 COOLING
  YESTERDAY        0                         0      0        0
  MONTH TO DATE    0                         0      0        0
  SINCE DEC 1      0                         0      0        0
  SINCE JAN 1      0                         0      0        0
..................................................................


WIND (MPH)
  HIGHEST WIND SPEED    20   HIGHEST WIND DIRECTION    NW (310)
  HIGHEST GUST SPEED    25   HIGHEST GUST DIRECTION    NW (310)
  AVERAGE WIND SPEED    11.3


SKY COVER
  POSSIBLE SUNSHINE  MM
  AVERAGE SKY COVER 0.9


WEATHER CONDITIONS
 THE FOLLOWING WEATHER WAS RECORDED YESTERDAY.
  SNOW
  LIGHT SNOW
  FOG


RELATIVE HUMIDITY (PERCENT)
 HIGHEST    92           700 AM
 LOWEST     75           200 PM
 AVERAGE    84

..........................................................


THE MILWAUKEE WI CLIMATE NORMALS FOR TODAY
                         NORMAL    RECORD    YEAR
 MAXIMUM TEMPERATURE (F)   31        51      1938
                                             1925
 MINIMUM TEMPERATURE (F)   18       -22      1933
                                             1899


SUNRISE AND SUNSET
FEBRUARY  9 2016......SUNRISE   658 AM CST   SUNSET   514 PM CST
FEBRUARY 10 2016......SUNRISE   656 AM CST   SUNSET   516 PM CST


-  INDICATES NEGATIVE NUMBERS.
R  INDICATES RECORD WAS SET OR TIED.
MM INDICATES DATA IS MISSING.
T  INDICATES TRACE AMOUNT.




$$
