000
CDUS43 KGRR 241435
CLIMKG


CLIMATE REPORT
NATIONAL WEATHER SERVICE GRAND RAPIDS, MI
935 AM EST TUE JAN 24 2017


...................................

...THE MUSKEGON MI CLIMATE SUMMARY FOR JANUARY 24 2017...
VALID AS OF 0900 AM LOCAL TIME.

CLIMATE NORMAL PERIOD 1981 TO 2010
CLIMATE RECORD PERIOD 1896 TO 2017


WEATHER ITEM   OBSERVED TIME   RECORD YEAR NORMAL DEPARTURE LAST
                VALUE   (LST)  VALUE       VALUE  FROM      YEAR
                                                  NORMAL
..................................................................
TEMPERATURE (F)
 TODAY
  MAXIMUM         39    445 AM  59    1967  30      9       33
                                      1950
  MINIMUM         37    628 AM  -5    1970  20     17       27
                                      1948
                                      1904
  AVERAGE         38                        25     13       30

PRECIPITATION (IN)
  TODAY            0.00          1.83 1938   0.06  -0.06      T
  MONTH TO DATE    2.53                      1.61   0.92     2.15
  SINCE DEC 1      4.75                      4.16   0.59     7.05
  SINCE JAN 1      2.53                      1.61   0.92     2.15

SNOWFALL (IN)
  TODAY            0.0          12.0  1918   1.0   -1.0       T
  MONTH TO DATE   11.8                      21.7   -9.9     35.9
  SINCE DEC 1     32.2                      50.6  -18.4     40.8
  SINCE JUL 1     33.2                      56.8  -23.6     44.7
  SNOW DEPTH       0

DEGREE DAYS
 HEATING
  TODAY           27                        40    -13       35
  MONTH TO DATE  838                       947   -109      949
  SINCE DEC 1   1898                      2026   -128     1722
  SINCE JUL 1   2803                      3393   -590     2789

 COOLING
  TODAY            0                         0      0        0
  MONTH TO DATE    0                         0      0        0
  SINCE DEC 1      0                         0      0        0
  SINCE JAN 1      0                         0      0        0
..................................................................


WIND (MPH)
  RESULTANT WIND SPEED   6   RESULTANT WIND DIRECTION  NW (320)
  HIGHEST WIND SPEED    13   HIGHEST WIND DIRECTION    NW (320)
  HIGHEST GUST SPEED    16   HIGHEST GUST DIRECTION    NW (320)
  AVERAGE WIND SPEED     6.3


SKY COVER
  AVERAGE SKY COVER 1.0


WEATHER CONDITIONS
 THE FOLLOWING WEATHER WAS RECORDED TODAY.
  NO SIGNIFICANT WEATHER WAS OBSERVED.


RELATIVE HUMIDITY (PERCENT)
 HIGHEST    92          1200 AM
 LOWEST     85           400 AM
 AVERAGE    89

..........................................................


THE MUSKEGON MI CLIMATE NORMALS FOR TOMORROW
                         NORMAL    RECORD    YEAR
 MAXIMUM TEMPERATURE (F)   30        63      1950
 MINIMUM TEMPERATURE (F)   20        -8      1948


SUNRISE AND SUNSET
JANUARY 24 2017.......SUNRISE   808 AM EST   SUNSET   547 PM EST
JANUARY 25 2017.......SUNRISE   807 AM EST   SUNSET   548 PM EST


-  INDICATES NEGATIVE NUMBERS.
R  INDICATES RECORD WAS SET OR TIED.
MM INDICATES DATA IS MISSING.
T  INDICATES TRACE AMOUNT.




$$
