000
CDUS44 KMEG 280637
CLIMKL


CLIMATE REPORT
NATIONAL WEATHER SERVICE MEMPHIS TN
135 AM CDT SUN MAY 28 2017


...................................

...THE JACKSON CLIMATE SUMMARY FOR MAY 27 2017...

CLIMATE NORMAL PERIOD 1981 TO 2010
CLIMATE RECORD PERIOD 1948 TO 2017


WEATHER ITEM   OBSERVED TIME   RECORD YEAR NORMAL DEPARTURE LAST
                VALUE   (LST)  VALUE       VALUE  FROM      YEAR
                                                  NORMAL
..................................................................
TEMPERATURE (F)
 YESTERDAY
  MAXIMUM         89    310 PM  96    1964  83      6       82
  MINIMUM         64   1159 PM  39    1961  60      4       67
  AVERAGE         77                        72      5       75

PRECIPITATION (IN)
  YESTERDAY        1.29          1.88 1973   0.18   1.11     0.00
  MONTH TO DATE    3.21                      4.95  -1.74     3.77
  SINCE MAR 1     16.66                     14.56   2.10    19.62
  SINCE JAN 1     21.49                     22.80  -1.31    25.24

DEGREE DAYS
 HEATING
  YESTERDAY        0                         1     -1        0
  MONTH TO DATE   42                        46     -4       64
  SINCE MAR 1    480                       688   -208      511
  SINCE JUL 1   2520                      3572  -1052     2879

 COOLING
  YESTERDAY       12                         7      5       10
  MONTH TO DATE  128                       127      1       94
  SINCE MAR 1    230                       185     45      138
  SINCE JAN 1    232                       186     46      138
..................................................................


WIND (MPH)
  HIGHEST WIND SPEED    28   HIGHEST WIND DIRECTION     N (20)
  HIGHEST GUST SPEED    34   HIGHEST GUST DIRECTION    NE (30)
  AVERAGE WIND SPEED     9.6


SKY COVER
  POSSIBLE SUNSHINE  MM
  AVERAGE SKY COVER 0.6


WEATHER CONDITIONS
 THE FOLLOWING WEATHER WAS RECORDED YESTERDAY.
  THUNDERSTORM
  HEAVY RAIN
  LIGHT RAIN
  FOG
  HAZE


RELATIVE HUMIDITY (PERCENT)
 HIGHEST    93           500 AM
 LOWEST     63           200 PM
 AVERAGE    78

..........................................................


THE JACKSON CLIMATE NORMALS FOR TODAY
                         NORMAL    RECORD    YEAR
 MAXIMUM TEMPERATURE (F)   83        94      2012
                                             1962
 MINIMUM TEMPERATURE (F)   61        41      1961


SUNRISE AND SUNSET
MAY 28 2017...........SUNRISE   543 AM CDT   SUNSET   804 PM CDT
MAY 29 2017...........SUNRISE   542 AM CDT   SUNSET   804 PM CDT


-  INDICATES NEGATIVE NUMBERS.
R  INDICATES RECORD WAS SET OR TIED.
MM INDICATES DATA IS MISSING.
T  INDICATES TRACE AMOUNT.




$$
