000
CDUS44 KMEG 242157
CLIMKL


CLIMATE REPORT
NATIONAL WEATHER SERVICE MEMPHIS TN
456 PM CDT FRI MAR 24 2017


...................................

...THE JACKSON CLIMATE SUMMARY FOR MARCH 24 2017...
VALID TODAY AS OF 0400 PM LOCAL TIME.

CLIMATE NORMAL PERIOD 1981 TO 2010
CLIMATE RECORD PERIOD 1948 TO 2017


WEATHER ITEM   OBSERVED TIME   RECORD YEAR NORMAL DEPARTURE LAST
                VALUE   (LST)  VALUE       VALUE  FROM      YEAR
                                                  NORMAL
..................................................................
TEMPERATURE (F)
 TODAY
  MAXIMUM         75    333 PM  84    2007  65     10       69
  MINIMUM         63    557 AM  15    1968  41     22       47
  AVERAGE         69                        53     16       58

PRECIPITATION (IN)
  TODAY            0.00          2.11 1994   0.15  -0.15     0.22
  MONTH TO DATE    6.52                      3.59   2.93     9.06
  SINCE MAR 1      6.52                      3.59   2.93     9.06
  SINCE JAN 1     11.35                     11.83  -0.48    14.68

DEGREE DAYS
 HEATING
  TODAY            0                        12    -12        7
  MONTH TO DATE  346                       367    -21      255
  SINCE MAR 1    346                       367    -21      255
  SINCE JUL 1   2386                      3251   -865     2623

 COOLING
  TODAY            4                         0      4        0
  MONTH TO DATE    7                         0      7        6
  SINCE MAR 1      7                         0      7        6
  SINCE JAN 1      9                         1      8        6
..................................................................


WIND (MPH)
  HIGHEST WIND SPEED    21   HIGHEST WIND DIRECTION     S (200)
  HIGHEST GUST SPEED    29   HIGHEST GUST DIRECTION     S (190)
  AVERAGE WIND SPEED    12.3


SKY COVER
  POSSIBLE SUNSHINE  MM
  AVERAGE SKY COVER 0.5


WEATHER CONDITIONS
 THE FOLLOWING WEATHER WAS RECORDED TODAY.
  NO SIGNIFICANT WEATHER WAS OBSERVED.


RELATIVE HUMIDITY (PERCENT)
 HIGHEST    78           400 AM
 LOWEST     57          1200 AM
 AVERAGE    68

..........................................................


THE JACKSON CLIMATE NORMALS FOR TOMORROW
                         NORMAL    RECORD    YEAR
 MAXIMUM TEMPERATURE (F)   66        84      2007
 MINIMUM TEMPERATURE (F)   42        23      2014


SUNRISE AND SUNSET
MARCH 24 2017.........SUNRISE   653 AM CDT   SUNSET   711 PM CDT
MARCH 25 2017.........SUNRISE   652 AM CDT   SUNSET   712 PM CDT


-  INDICATES NEGATIVE NUMBERS.
R  INDICATES RECORD WAS SET OR TIED.
MM INDICATES DATA IS MISSING.
T  INDICATES TRACE AMOUNT.




$$
