000
CDUS44 KMEG 260742
CLIMKL


CLIMATE REPORT
NATIONAL WEATHER SERVICE MEMPHIS TN
142 AM CST WED NOV 26 2014


...................................

...THE JACKSON CLIMATE SUMMARY FOR NOVEMBER 25 2014...

CLIMATE NORMAL PERIOD 1981 TO 2010
CLIMATE RECORD PERIOD 1948 TO 2014


WEATHER ITEM   OBSERVED TIME   RECORD YEAR NORMAL DEPARTURE LAST
                VALUE   (LST)  VALUE       VALUE  FROM      YEAR
                                                  NORMAL
..................................................................
TEMPERATURE (F)
 YESTERDAY
  MAXIMUM         48   1242 PM  75    1965  57     -9       39
                                      1958
  MINIMUM         26   1156 PM   1    1950  36    -10       31
  AVERAGE         37                        46     -9       35

PRECIPITATION (IN)
  YESTERDAY        0.00          2.04 2010   0.18  -0.18     0.13
  MONTH TO DATE    2.17                      3.96  -1.79     1.77
  SINCE SEP 1     11.51                     11.11   0.40     8.42
  SINCE JAN 1     55.17                     46.98   8.19    53.51

SNOWFALL (IN)
  YESTERDAY        0.0           T    2013   0.0    0.0       T
                                      2010
                                      1956
  MONTH TO DATE    0.1                       0.1    0.0       T
  SINCE SEP 1      0.1                       0.1    0.0       T
  SINCE JUL 1      0.1                       0.1    0.0       T
  SNOW DEPTH       0

DEGREE DAYS
 HEATING
  YESTERDAY       28                        19      9       30
  MONTH TO DATE  525                       354    171      431
  SINCE SEP 1    694                       568    126      636
  SINCE JUL 1    694                       568    126      636

 COOLING
  YESTERDAY        0                         0      0        0
  MONTH TO DATE    0                         2     -2        0
  SINCE SEP 1    291                       270     21      308
  SINCE JAN 1   1608                      1693    -85     1592
..................................................................


WIND (MPH)
  HIGHEST WIND SPEED    10   HIGHEST WIND DIRECTION    NW (310)
  HIGHEST GUST SPEED    15   HIGHEST GUST DIRECTION    NW (320)
  AVERAGE WIND SPEED     4.4


SKY COVER
  POSSIBLE SUNSHINE  MM
  AVERAGE SKY COVER 0.0


WEATHER CONDITIONS
 THE FOLLOWING WEATHER WAS RECORDED YESTERDAY.
  NO SIGNIFICANT WEATHER WAS OBSERVED.


RELATIVE HUMIDITY (PERCENT)
 HIGHEST    89           800 AM
 LOWEST     42           200 PM
 AVERAGE    66

..........................................................


THE JACKSON CLIMATE NORMALS FOR TODAY
                         NORMAL    RECORD    YEAR
 MAXIMUM TEMPERATURE (F)   57        82      1965
 MINIMUM TEMPERATURE (F)   36        19      1977


SUNRISE AND SUNSET
NOVEMBER 26 2014......SUNRISE   642 AM CST   SUNSET   444 PM CST
NOVEMBER 27 2014......SUNRISE   643 AM CST   SUNSET   443 PM CST


-  INDICATES NEGATIVE NUMBERS.
R  INDICATES RECORD WAS SET OR TIED.
MM INDICATES DATA IS MISSING.
T  INDICATES TRACE AMOUNT.




$$
