000
CDUS44 KMEG 250637
CLIMKL


CLIMATE REPORT
NATIONAL WEATHER SERVICE MEMPHIS TN
137 AM CDT MON SEP 25 2017


...................................

...THE JACKSON CLIMATE SUMMARY FOR SEPTEMBER 24 2017...

CLIMATE NORMAL PERIOD 1981 TO 2010
CLIMATE RECORD PERIOD 1948 TO 2017


WEATHER ITEM   OBSERVED TIME   RECORD YEAR NORMAL DEPARTURE LAST
                VALUE   (LST)  VALUE       VALUE  FROM      YEAR
                                                  NORMAL
..................................................................
TEMPERATURE (F)
 YESTERDAY
  MAXIMUM         89    145 PM  95    2010  81      8       94
  MINIMUM         66    935 PM  38    1990  56     10       66
                                      1983
  AVERAGE         78                        68     10       80

PRECIPITATION (IN)
  YESTERDAY        0.00          2.62 1977   0.12  -0.12     0.00
  MONTH TO DATE    1.86                      2.59  -0.73     1.53
  SINCE SEP 1      1.86                      2.59  -0.73     1.53
  SINCE JAN 1     36.89                     38.46  -1.57    35.40

DEGREE DAYS
 HEATING
  YESTERDAY        0                         2     -2        0
  MONTH TO DATE    7                        11     -4        0
  SINCE SEP 1      7                        11     -4        0
  SINCE JUL 1      7                        11     -4        0

 COOLING
  YESTERDAY       13                         5      8       15
  MONTH TO DATE  170                       195    -25      302
  SINCE SEP 1    170                       195    -25      302
  SINCE JAN 1   1650                      1618     32     1931
..................................................................


WIND (MPH)
  HIGHEST WIND SPEED     9   HIGHEST WIND DIRECTION    NW (300)
  HIGHEST GUST SPEED    14   HIGHEST GUST DIRECTION     S (170)
  AVERAGE WIND SPEED     1.8


SKY COVER
  POSSIBLE SUNSHINE  MM
  AVERAGE SKY COVER 0.1


WEATHER CONDITIONS
 THE FOLLOWING WEATHER WAS RECORDED YESTERDAY.
  THUNDERSTORM
  FOG


RELATIVE HUMIDITY (PERCENT)
 HIGHEST   100           100 AM
 LOWEST     53           400 PM
 AVERAGE    77

..........................................................


THE JACKSON CLIMATE NORMALS FOR TODAY
                         NORMAL    RECORD    YEAR
 MAXIMUM TEMPERATURE (F)   81        95      2016
 MINIMUM TEMPERATURE (F)   55        38      1965


SUNRISE AND SUNSET
SEPTEMBER 25 2017.....SUNRISE   646 AM CDT   SUNSET   648 PM CDT
SEPTEMBER 26 2017.....SUNRISE   647 AM CDT   SUNSET   646 PM CDT


-  INDICATES NEGATIVE NUMBERS.
R  INDICATES RECORD WAS SET OR TIED.
MM INDICATES DATA IS MISSING.
T  INDICATES TRACE AMOUNT.




$$
