426
CDUS44 KMEG 212149
CLIMKL


CLIMATE REPORT
NATIONAL WEATHER SERVICE MEMPHIS TN
447 PM CDT FRI JUL 21 2017


...................................

...THE JACKSON CLIMATE SUMMARY FOR JULY 21 2017...
VALID TODAY AS OF 0400 PM LOCAL TIME.

CLIMATE NORMAL PERIOD 1981 TO 2010
CLIMATE RECORD PERIOD 1948 TO 2017


WEATHER ITEM   OBSERVED TIME   RECORD YEAR NORMAL DEPARTURE LAST
                VALUE   (LST)  VALUE       VALUE  FROM      YEAR
                                                  NORMAL
..................................................................
TEMPERATURE (F)
 TODAY
  MAXIMUM         97    323 PM 100    2006  91      6       97
                                      1983
  MINIMUM         72    510 AM  58    1971  69      3       72
  AVERAGE         85                        80      5       85

PRECIPITATION (IN)
  TODAY            0.00          1.15 2013   0.15  -0.15     0.00
  MONTH TO DATE    2.66                      3.09  -0.43     0.79
  SINCE JUN 1      4.70                      7.93  -3.23     3.09
  SINCE JAN 1     27.35                     31.47  -4.12    28.33

DEGREE DAYS
 HEATING
  TODAY            0                         0      0        0
  MONTH TO DATE    0                         0      0        0
  SINCE JUN 1      0                         2     -2        0
  SINCE JUL 1      0                         0      0        0

 COOLING
  TODAY           20                        15      5       20
  MONTH TO DATE  336                       308     28      353
  SINCE JUN 1    681                       647     34      776
  SINCE JAN 1    949                       862     87      960
..................................................................


WIND (MPH)
  HIGHEST WIND SPEED     9   HIGHEST WIND DIRECTION     W (270)
  HIGHEST GUST SPEED    12   HIGHEST GUST DIRECTION     W (280)
  AVERAGE WIND SPEED     2.2


SKY COVER
  POSSIBLE SUNSHINE  MM
  AVERAGE SKY COVER 0.2


WEATHER CONDITIONS
 THE FOLLOWING WEATHER WAS RECORDED TODAY.
  FOG


RELATIVE HUMIDITY (PERCENT)
 HIGHEST   100          1200 AM
 LOWEST     48           100 PM
 AVERAGE    74

..........................................................


THE JACKSON CLIMATE NORMALS FOR TOMORROW
                         NORMAL    RECORD    YEAR
 MAXIMUM TEMPERATURE (F)   91       101      1952
 MINIMUM TEMPERATURE (F)   69        57      2007


SUNRISE AND SUNSET
JULY 21 2017..........SUNRISE   556 AM CDT   SUNSET   808 PM CDT
JULY 22 2017..........SUNRISE   557 AM CDT   SUNSET   807 PM CDT


-  INDICATES NEGATIVE NUMBERS.
R  INDICATES RECORD WAS SET OR TIED.
MM INDICATES DATA IS MISSING.
T  INDICATES TRACE AMOUNT.




$$
