000
CDUS44 KMEG 210639
CLIMKL


CLIMATE REPORT
NATIONAL WEATHER SERVICE MEMPHIS TN
139 AM CDT SUN SEP 21 2014


...................................

...THE JACKSON CLIMATE SUMMARY FOR SEPTEMBER 20 2014...

CLIMATE NORMAL PERIOD 1981 TO 2010
CLIMATE RECORD PERIOD 1948 TO 2014


WEATHER ITEM   OBSERVED TIME   RECORD YEAR NORMAL DEPARTURE LAST
                VALUE   (LST)  VALUE       VALUE  FROM      YEAR
                                                  NORMAL
..................................................................
TEMPERATURE (F)
 YESTERDAY
  MAXIMUM         87    330 PM  98    1954  82      5       83
  MINIMUM         63    127 AM  43    1991  57      6       70
  AVERAGE         75                        70      5       77

PRECIPITATION (IN)
  YESTERDAY        0.00          1.73 2013   0.12  -0.12     1.72
  MONTH TO DATE    4.83                      2.10   2.73     1.96
  SINCE SEP 1      4.83                      2.10   2.73     1.96
  SINCE JAN 1     48.49                     37.97  10.52    47.05

SNOWFALL (IN)
  YESTERDAY        0.0           0.0  2002   0.0    0.0      0.0
                                      2001
  MONTH TO DATE    0.0                       0.0    0.0      0.0
  SINCE SEP 1      0.0                       0.0    0.0      0.0
  SINCE JUL 1      0.0                       0.0    0.0      0.0
  SNOW DEPTH       0

DEGREE DAYS
 HEATING
  YESTERDAY        0                         1     -1        0
  MONTH TO DATE    7                         5      2        3
  SINCE SEP 1      7                         5      2        3
  SINCE JUL 1      7                         5      2        3

 COOLING
  YESTERDAY       10                         6      4       12
  MONTH TO DATE  167                       174     -7      209
  SINCE SEP 1    167                       174     -7      209
  SINCE JAN 1   1484                      1597   -113     1493
..................................................................


WIND (MPH)
  HIGHEST WIND SPEED    12   HIGHEST WIND DIRECTION     S (170)
  HIGHEST GUST SPEED    17   HIGHEST GUST DIRECTION     S (190)
  AVERAGE WIND SPEED     3.9


SKY COVER
  POSSIBLE SUNSHINE  MM
  AVERAGE SKY COVER 0.1


WEATHER CONDITIONS
 THE FOLLOWING WEATHER WAS RECORDED YESTERDAY.
  FOG


RELATIVE HUMIDITY (PERCENT)
 HIGHEST    93          1200 AM
 LOWEST     51           200 PM
 AVERAGE    72

..........................................................


THE JACKSON CLIMATE NORMALS FOR TODAY
                         NORMAL    RECORD    YEAR
 MAXIMUM TEMPERATURE (F)   82        98      2010
                                             1955
 MINIMUM TEMPERATURE (F)   57        40      1983


SUNRISE AND SUNSET
SEPTEMBER 21 2014.....SUNRISE   643 AM CDT   SUNSET   654 PM CDT
SEPTEMBER 22 2014.....SUNRISE   644 AM CDT   SUNSET   652 PM CDT


-  INDICATES NEGATIVE NUMBERS.
R  INDICATES RECORD WAS SET OR TIED.
MM INDICATES DATA IS MISSING.
T  INDICATES TRACE AMOUNT.




$$
