000
CDUS44 KMEG 240733
CLIMKL


CLIMATE REPORT
NATIONAL WEATHER SERVICE MEMPHIS TN
132 AM CST FRI NOV 24 2017


...................................

...THE JACKSON CLIMATE SUMMARY FOR NOVEMBER 23 2017...

CLIMATE NORMAL PERIOD 1981 TO 2010
CLIMATE RECORD PERIOD 1948 TO 2017


WEATHER ITEM   OBSERVED TIME   RECORD YEAR NORMAL DEPARTURE LAST
                VALUE   (LST)  VALUE       VALUE  FROM      YEAR
                                                  NORMAL
..................................................................
TEMPERATURE (F)
 YESTERDAY
  MAXIMUM         54    319 PM  74    1973  58     -4       60
  MINIMUM         22    710 AM  16    1964  36    -14       49
  AVERAGE         38                        47     -9       55

PRECIPITATION (IN)
  YESTERDAY        0.00          3.09 2010   0.17  -0.17     0.37
  MONTH TO DATE    2.59                      3.61  -1.02     1.26
  SINCE SEP 1      7.72                     10.76  -3.04     4.12
  SINCE JAN 1     42.75                     46.63  -3.88    37.99

DEGREE DAYS
 HEATING
  YESTERDAY       27                        18      9       10
  MONTH TO DATE  303                       317    -14      225
  SINCE SEP 1    494                       531    -37      274
  SINCE JUL 1    494                       531    -37      274

 COOLING
  YESTERDAY        0                         0      0        0
  MONTH TO DATE   21                         2     19       18
  SINCE SEP 1    332                       270     62      463
  SINCE JAN 1   1812                      1693    119     2092
..................................................................


WIND (MPH)
  HIGHEST WIND SPEED     8   HIGHEST WIND DIRECTION    NW (310)
  HIGHEST GUST SPEED    10   HIGHEST GUST DIRECTION    NW (310)
  AVERAGE WIND SPEED     0.7


SKY COVER
  POSSIBLE SUNSHINE  MM
  AVERAGE SKY COVER 0.0


WEATHER CONDITIONS
 THE FOLLOWING WEATHER WAS RECORDED YESTERDAY.
  HAZE


RELATIVE HUMIDITY (PERCENT)
 HIGHEST    96           400 AM
 LOWEST     26           200 PM
 AVERAGE    61

..........................................................


THE JACKSON CLIMATE NORMALS FOR TODAY
                         NORMAL    RECORD    YEAR
 MAXIMUM TEMPERATURE (F)   58        79      1973
 MINIMUM TEMPERATURE (F)   36         5      1950


SUNRISE AND SUNSET
NOVEMBER 24 2017......SUNRISE   640 AM CST   SUNSET   444 PM CST
NOVEMBER 25 2017......SUNRISE   641 AM CST   SUNSET   444 PM CST


-  INDICATES NEGATIVE NUMBERS.
R  INDICATES RECORD WAS SET OR TIED.
MM INDICATES DATA IS MISSING.
T  INDICATES TRACE AMOUNT.




$$
