000
CDUS44 KMEG 252248
CLIMKL


CLIMATE REPORT
NATIONAL WEATHER SERVICE MEMPHIS TN
448 PM CST SUN FEB 25 2018


...................................

...THE JACKSON CLIMATE SUMMARY FOR FEBRUARY 25 2018...
VALID TODAY AS OF 0400 PM LOCAL TIME.

CLIMATE NORMAL PERIOD 1981 TO 2010
CLIMATE RECORD PERIOD 1948 TO 2018


WEATHER ITEM   OBSERVED TIME   RECORD YEAR NORMAL DEPARTURE LAST
                VALUE   (LST)  VALUE       VALUE  FROM      YEAR
                                                  NORMAL
..................................................................
TEMPERATURE (F)
 TODAY
  MAXIMUM         57    239 AM  79    1981  56      1       51
  MINIMUM         47    734 AM   9    1967  34     13       27
  AVERAGE         52                        45      7       39

PRECIPITATION (IN)
  TODAY            0.01          0.62 1992   0.14  -0.13     0.00
  MONTH TO DATE   11.02                      3.73   7.29     1.53
  SINCE DEC 1     21.80                     13.15   8.65    11.63
  SINCE JAN 1     15.19                      7.80   7.39     4.45

DEGREE DAYS
 HEATING
  TODAY           13                        20     -7       26
  MONTH TO DATE  428                       577   -149      333
  SINCE DEC 1   2109                      2159    -50     1623
  SINCE JUL 1   2710                      2826   -116     2007

 COOLING
  TODAY            0                         0      0        0
  MONTH TO DATE   18                         0     18        2
  SINCE DEC 1     18                         1     17        4
  SINCE JAN 1     18                         0     18        2
..................................................................


WIND (MPH)
  HIGHEST WIND SPEED    21   HIGHEST WIND DIRECTION    NW (320)
  HIGHEST GUST SPEED    26   HIGHEST GUST DIRECTION    NW (320)
  AVERAGE WIND SPEED     6.0


SKY COVER
  POSSIBLE SUNSHINE  MM
  AVERAGE SKY COVER 0.3


WEATHER CONDITIONS
 THE FOLLOWING WEATHER WAS RECORDED TODAY.
  LIGHT RAIN


RELATIVE HUMIDITY (PERCENT)
 HIGHEST    93          1200 AM
 LOWEST     50           200 PM
 AVERAGE    72

..........................................................


THE JACKSON CLIMATE NORMALS FOR TOMORROW
                         NORMAL    RECORD    YEAR
 MAXIMUM TEMPERATURE (F)   56        76      1981
                                             1977
 MINIMUM TEMPERATURE (F)   35        14      1963


SUNRISE AND SUNSET
FEBRUARY 25 2018......SUNRISE   631 AM CST   SUNSET   547 PM CST
FEBRUARY 26 2018......SUNRISE   629 AM CST   SUNSET   548 PM CST


-  INDICATES NEGATIVE NUMBERS.
R  INDICATES RECORD WAS SET OR TIED.
MM INDICATES DATA IS MISSING.
T  INDICATES TRACE AMOUNT.




$$
