000
CDUS44 KMEG 272249
CLIMKL


CLIMATE REPORT
NATIONAL WEATHER SERVICE MEMPHIS TN
448 PM CST TUE JAN 27 2015


...................................

...THE JACKSON CLIMATE SUMMARY FOR JANUARY 27 2015...
VALID TODAY AS OF 0400 PM LOCAL TIME.

CLIMATE NORMAL PERIOD 1981 TO 2010
CLIMATE RECORD PERIOD 1948 TO 2015


WEATHER ITEM   OBSERVED TIME   RECORD YEAR NORMAL DEPARTURE LAST
                VALUE   (LST)  VALUE       VALUE  FROM      YEAR
                                                  NORMAL
..................................................................
TEMPERATURE (F)
 TODAY
  MAXIMUM         52    143 PM  72    1975  49      3       51
  MINIMUM         25    149 AM   1    1963  28     -3       19
  AVERAGE         39                        39      0       35

PRECIPITATION (IN)
  TODAY            0.00          2.45 1994   0.13  -0.13     0.00
  MONTH TO DATE    0.74                      3.49  -2.75     3.01
  SINCE DEC 1      3.82                      8.84  -5.02     7.81
  SINCE JAN 1      0.74                      3.49  -2.75     3.01

SNOWFALL (IN)
  TODAY            0.0

DEGREE DAYS
 HEATING
  TODAY           26                        26      0       30
  MONTH TO DATE  748                       728     20      837
  SINCE DEC 1   1403                      1479    -76     1604
  SINCE JUL 1   2195                      2146     49     2394

 COOLING
  TODAY            0                         0      0        0
  MONTH TO DATE    0                         0      0        0
  SINCE DEC 1      0                         1     -1        8
  SINCE JAN 1      0                         0      0        0
..................................................................


WIND (MPH)
  HIGHEST WIND SPEED    17   HIGHEST WIND DIRECTION     N (10)
  HIGHEST GUST SPEED    22   HIGHEST GUST DIRECTION     N (10)
  AVERAGE WIND SPEED     7.6


SKY COVER
  POSSIBLE SUNSHINE  MM
  AVERAGE SKY COVER 0.1


WEATHER CONDITIONS
 THE FOLLOWING WEATHER WAS RECORDED TODAY.
  NO SIGNIFICANT WEATHER WAS OBSERVED.


RELATIVE HUMIDITY (PERCENT)
 HIGHEST    92           200 AM
 LOWEST     48           100 PM
 AVERAGE    70

..........................................................


THE JACKSON CLIMATE NORMALS FOR TOMORROW
                         NORMAL    RECORD    YEAR
 MAXIMUM TEMPERATURE (F)   49        73      1975
 MINIMUM TEMPERATURE (F)   29         1      1963


SUNRISE AND SUNSET
JANUARY 27 2015.......SUNRISE   659 AM CST   SUNSET   518 PM CST
JANUARY 28 2015.......SUNRISE   659 AM CST   SUNSET   519 PM CST


-  INDICATES NEGATIVE NUMBERS.
R  INDICATES RECORD WAS SET OR TIED.
MM INDICATES DATA IS MISSING.
T  INDICATES TRACE AMOUNT.




$$
