000
CDUS44 KMEG 270739
CLIMKL


CLIMATE REPORT
NATIONAL WEATHER SERVICE MEMPHIS TN
138 AM CST MON FEB 27 2017


...................................

...THE JACKSON CLIMATE SUMMARY FOR FEBRUARY 26 2017...

CLIMATE NORMAL PERIOD 1981 TO 2010
CLIMATE RECORD PERIOD 1948 TO 2017


WEATHER ITEM   OBSERVED TIME   RECORD YEAR NORMAL DEPARTURE LAST
                VALUE   (LST)  VALUE       VALUE  FROM      YEAR
                                                  NORMAL
..................................................................
TEMPERATURE (F)
 YESTERDAY
  MAXIMUM         60    419 PM  76    1981  56      4       48
                                      1977
  MINIMUM         23    502 AM  14    1963  35    -12       26
  AVERAGE         42                        46     -4       37

PRECIPITATION (IN)
  YESTERDAY        0.01          1.78 1987   0.15  -0.14     0.00
  MONTH TO DATE    1.54                      3.88  -2.34     3.58
  SINCE DEC 1     11.64                     13.30  -1.66    10.77
  SINCE JAN 1      4.46                      7.95  -3.49     5.62

DEGREE DAYS
 HEATING
  YESTERDAY       23                        20      3       28
  MONTH TO DATE  356                       597   -241      564
  SINCE DEC 1   1646                      2179   -533     1854
  SINCE JUL 1   2030                      2846   -816     2329

 COOLING
  YESTERDAY        0                         0      0        0
  MONTH TO DATE    2                         0      2        0
  SINCE DEC 1      4                         1      3        9
  SINCE JAN 1      2                         0      2        0
..................................................................


WIND (MPH)
  HIGHEST WIND SPEED    21   HIGHEST WIND DIRECTION     S (200)
  HIGHEST GUST SPEED    30   HIGHEST GUST DIRECTION     S (200)
  AVERAGE WIND SPEED     4.2


SKY COVER
  POSSIBLE SUNSHINE  MM
  AVERAGE SKY COVER 0.3


WEATHER CONDITIONS
 THE FOLLOWING WEATHER WAS RECORDED YESTERDAY.
  LIGHT RAIN


RELATIVE HUMIDITY (PERCENT)
 HIGHEST    92          1200 AM
 LOWEST     21           300 PM
 AVERAGE    57

..........................................................


THE JACKSON CLIMATE NORMALS FOR TODAY
                         NORMAL    RECORD    YEAR
 MAXIMUM TEMPERATURE (F)   57        80      1981
 MINIMUM TEMPERATURE (F)   35        14      2014
                                             1963


SUNRISE AND SUNSET
FEBRUARY 27 2017......SUNRISE   628 AM CST   SUNSET   549 PM CST
FEBRUARY 28 2017......SUNRISE   626 AM CST   SUNSET   550 PM CST


-  INDICATES NEGATIVE NUMBERS.
R  INDICATES RECORD WAS SET OR TIED.
MM INDICATES DATA IS MISSING.
T  INDICATES TRACE AMOUNT.




$$
