000
CDUS42 KMLB 290627
CLIMLB


CLIMATE REPORT
NATIONAL WEATHER SERVICE MELBOURNE FL
227 AM EDT FRI AUG 29 2014


...................................

...THE MELBOURNE CLIMATE SUMMARY FOR AUGUST 28 2014...

CLIMATE NORMAL PERIOD 1981 TO 2010
CLIMATE RECORD PERIOD 1939 TO 2014


WEATHER ITEM   OBSERVED TIME   RECORD YEAR NORMAL DEPARTURE LAST
                VALUE   (LST)  VALUE       VALUE  FROM      YEAR
                                                  NORMAL
..................................................................
TEMPERATURE (F)
 YESTERDAY
  MAXIMUM         89    321 PM  97    1938  90     -1       88
  MINIMUM         74    557 AM  67    1997  73      1       73
  AVERAGE         82                        82      0       81

PRECIPITATION (IN)
  YESTERDAY        0.00          5.17 1964   0.24  -0.24     0.00
  MONTH TO DATE    3.73                      6.94  -3.21     1.77
  SINCE JUN 1     20.99                     19.61   1.38    15.42
  SINCE JAN 1     37.21                     33.11   4.10    30.75

SNOWFALL (IN)
  YESTERDAY        0.0
  MONTH TO DATE    0.0
  SINCE JUL 1      0.0

DEGREE DAYS
 HEATING
  YESTERDAY        0                         0      0        0
  MONTH TO DATE    0                         0      0        0
  SINCE JUN 1      0                         0      0        0
  SINCE JUL 1      0                         0      0        0

 COOLING
  YESTERDAY       17                        17      0       16
  MONTH TO DATE  531                       476     55      508
  SINCE JUN 1   1542                      1454     88     1536
  SINCE JAN 1   2435                      2180    255     2397
..................................................................


WIND (MPH)
  HIGHEST WIND SPEED    18   HIGHEST WIND DIRECTION     S (160)
  HIGHEST GUST SPEED    24   HIGHEST GUST DIRECTION    SE (150)
  AVERAGE WIND SPEED     6.9


SKY COVER
  AVERAGE SKY COVER 0.3


WEATHER CONDITIONS
 THE FOLLOWING WEATHER WAS RECORDED YESTERDAY.
  NO SIGNIFICANT WEATHER WAS OBSERVED.


RELATIVE HUMIDITY (PERCENT)
 HIGHEST    94           200 AM
 LOWEST     63           200 PM
 AVERAGE    79

..........................................................


THE MELBOURNE CLIMATE NORMALS FOR TODAY
                         NORMAL    RECORD    YEAR
 MAXIMUM TEMPERATURE (F)   90        97      1938
 MINIMUM TEMPERATURE (F)   73        67      1994
                                             1965


SUNRISE AND SUNSET
AUGUST 29 2014........SUNRISE   700 AM EDT   SUNSET   747 PM EDT
AUGUST 30 2014........SUNRISE   700 AM EDT   SUNSET   746 PM EDT


-  INDICATES NEGATIVE NUMBERS.
R  INDICATES RECORD WAS SET OR TIED.
MM INDICATES DATA IS MISSING.
T  INDICATES TRACE AMOUNT.




$$
