000
CDUS42 KMLB 160635
CLIMLB


CLIMATE REPORT
NATIONAL WEATHER SERVICE MELBOURNE
235 AM EDT WED APR 16 2014


...................................

...THE MELBOURNE CLIMATE SUMMARY FOR APRIL 15 2014...

CLIMATE NORMAL PERIOD 1981 TO 2010
CLIMATE RECORD PERIOD 1939 TO 2014


WEATHER ITEM   OBSERVED TIME   RECORD YEAR NORMAL DEPARTURE LAST
                VALUE   (LST)  VALUE       VALUE  FROM      YEAR
                                                  NORMAL
..................................................................
TEMPERATURE (F)
 YESTERDAY
  MAXIMUM         89    111 PM  97    1999  81      8       83
  MINIMUM         69   1159 PM  45    2008  60      9       66
                                      2004
  AVERAGE         79                        70      9       75

PRECIPITATION (IN)
  YESTERDAY        0.67          1.03 1989   0.06   0.61      T
  MONTH TO DATE    1.61                      1.15   0.46     4.58
  SINCE MAR 1      3.63                      4.43  -0.80     5.16
  SINCE JAN 1     10.69                      9.23   1.46     7.82

SNOWFALL (IN)
  YESTERDAY        0.0
  MONTH TO DATE    0.0
  SINCE JUL 1      0.0

DEGREE DAYS
 HEATING
  YESTERDAY        0                         1     -1        0
  MONTH TO DATE    3                        15    -12        0
  SINCE MAR 1     52                        86    -34      179
  SINCE JUL 1    358                       575   -217      463

 COOLING
  YESTERDAY       14                         6      8       10
  MONTH TO DATE  108                        73     35      134
  SINCE MAR 1    219                       172     47      186
  SINCE JAN 1    387                       270    117      392
..................................................................


WIND (MPH)
  HIGHEST WIND SPEED    33   HIGHEST WIND DIRECTION     W (260)
  HIGHEST GUST SPEED    45   HIGHEST GUST DIRECTION     W (260)
  AVERAGE WIND SPEED    10.9


SKY COVER
  AVERAGE SKY COVER 0.3


WEATHER CONDITIONS
 THE FOLLOWING WEATHER WAS RECORDED YESTERDAY.
  THUNDERSTORM
  HEAVY RAIN
  RAIN
  LIGHT RAIN
  FOG
  HAZE


RELATIVE HUMIDITY (PERCENT)
 HIGHEST    93          1200 AM
 LOWEST     50           100 PM
 AVERAGE    72

..........................................................


THE MELBOURNE CLIMATE NORMALS FOR TODAY
                         NORMAL    RECORD    YEAR
 MAXIMUM TEMPERATURE (F)   81        93      1979
                                             1972
 MINIMUM TEMPERATURE (F)   60        46      2007
                                             1968
                                             1952


SUNRISE AND SUNSET
APRIL 16 2014.........SUNRISE   657 AM EDT   SUNSET   749 PM EDT
APRIL 17 2014.........SUNRISE   656 AM EDT   SUNSET   749 PM EDT


-  INDICATES NEGATIVE NUMBERS.
R  INDICATES RECORD WAS SET OR TIED.
MM INDICATES DATA IS MISSING.
T  INDICATES TRACE AMOUNT.




$$
