000
CDUS42 KMLB 281137
CLIMLB


CLIMATE REPORT
NATIONAL WEATHER SERVICE MELBOURNE FL
736 AM EDT FRI APR 28 2017


...................................

...THE MELBOURNE CLIMATE SUMMARY FOR APRIL 27 2017...

CLIMATE NORMAL PERIOD 1981 TO 2010
CLIMATE RECORD PERIOD 1939 TO 2017


WEATHER ITEM   OBSERVED TIME   RECORD YEAR NORMAL DEPARTURE LAST
                VALUE   (LST)  VALUE       VALUE  FROM      YEAR
                                                  NORMAL
..................................................................
TEMPERATURE (F)
 YESTERDAY
  MAXIMUM         89   1128 AM  93    1961  83      6       83
  MINIMUM         70    302 AM  47    1978  62      8       65
  AVERAGE         80                        72      8       74

PRECIPITATION (IN)
  YESTERDAY        0.00          0.56 2005   0.07  -0.07     0.00
  MONTH TO DATE    0.22                      1.94  -1.72     1.34
  SINCE MAR 1      0.63                      5.22  -4.59     4.42
  SINCE JAN 1      5.52                     10.02  -4.50    14.28

SNOWFALL (IN)
  YESTERDAY        0.0
  MONTH TO DATE    0.0
  SINCE JUL 1      0.0

DEGREE DAYS
 HEATING
  YESTERDAY        0                         0      0        0
  MONTH TO DATE    3                        15    -12        3
  SINCE MAR 1     42                        86    -44       20
  SINCE JUL 1    220                       575   -355      341

 COOLING
  YESTERDAY       15                         8      7        9
  MONTH TO DATE  287                       153    134      197
  SINCE MAR 1    472                       252    220      433
  SINCE JAN 1    650                       350    300      523
..................................................................


WIND (MPH)
  HIGHEST WIND SPEED    23   HIGHEST WIND DIRECTION    SE (150)
  HIGHEST GUST SPEED    31   HIGHEST GUST DIRECTION    SE (140)
  AVERAGE WIND SPEED    11.5


SKY COVER
  AVERAGE SKY COVER 0.1


WEATHER CONDITIONS
 THE FOLLOWING WEATHER WAS RECORDED YESTERDAY.
  NO SIGNIFICANT WEATHER WAS OBSERVED.


RELATIVE HUMIDITY (PERCENT)
 HIGHEST    93           600 AM
 LOWEST     55          1000 AM
 AVERAGE    74

..........................................................


THE MELBOURNE CLIMATE NORMALS FOR TODAY
                         NORMAL    RECORD    YEAR
 MAXIMUM TEMPERATURE (F)   83        93      1971
 MINIMUM TEMPERATURE (F)   63        48      1983


SUNRISE AND SUNSET
APRIL 28 2017.........SUNRISE   645 AM EDT   SUNSET   756 PM EDT
APRIL 29 2017.........SUNRISE   644 AM EDT   SUNSET   756 PM EDT


-  INDICATES NEGATIVE NUMBERS.
R  INDICATES RECORD WAS SET OR TIED.
MM INDICATES DATA IS MISSING.
T  INDICATES TRACE AMOUNT.




$$
