000
CDUS42 KMLB 290642
CLIMLB


CLIMATE REPORT
NATIONAL WEATHER SERVICE MELBOURNE FL
131 AM EST MON DEC 29 2014


...................................

...THE MELBOURNE CLIMATE SUMMARY FOR DECEMBER 28 2014...

CLIMATE NORMAL PERIOD 1981 TO 2010
CLIMATE RECORD PERIOD 1939 TO 2014


WEATHER ITEM   OBSERVED TIME   RECORD YEAR NORMAL DEPARTURE LAST
                VALUE   (LST)  VALUE       VALUE  FROM      YEAR
                                                  NORMAL
..................................................................
TEMPERATURE (F)
 YESTERDAY
  MAXIMUM         84    222 PM  87    1981  72     12       77
  MINIMUM         67    606 AM  28    2010  50     17       68
  AVERAGE         76                        61     15       73

PRECIPITATION (IN)
  YESTERDAY        0.00          2.64 1978   0.07  -0.07     0.05
  MONTH TO DATE    1.38                      2.36  -0.98     1.51
  SINCE DEC 1      1.38                      2.36  -0.98     1.51
  SINCE JAN 1     56.64                     51.79   4.85    42.19

SNOWFALL (IN)
  YESTERDAY        0.0
  MONTH TO DATE    0.0
  SINCE JUL 1      0.0

DEGREE DAYS
 HEATING
  YESTERDAY        0                         6     -6        0
  MONTH TO DATE   82                       120    -38       25
  SINCE DEC 1     82                       120    -38       25
  SINCE JUL 1    147                       162    -15       39

 COOLING
  YESTERDAY       11                         2      9        8
  MONTH TO DATE  108                        69     39      143
  SINCE DEC 1    108                        69     39      143
  SINCE JAN 1   3551                      3264    287     3740
..................................................................


WIND (MPH)
  HIGHEST WIND SPEED    14   HIGHEST WIND DIRECTION    SW (210)
  HIGHEST GUST SPEED    18   HIGHEST GUST DIRECTION    SW (220)
  AVERAGE WIND SPEED     5.4


SKY COVER
  AVERAGE SKY COVER 0.3


WEATHER CONDITIONS
 THE FOLLOWING WEATHER WAS RECORDED YESTERDAY.
  FOG
  FOG W/VISIBILITY <= 1/4 MILE
  HAZE


RELATIVE HUMIDITY (PERCENT)
 HIGHEST   100           100 AM
 LOWEST     51           100 PM
 AVERAGE    76

..........................................................


THE MELBOURNE CLIMATE NORMALS FOR TODAY
                         NORMAL    RECORD    YEAR
 MAXIMUM TEMPERATURE (F)   72        84      1973
                                             1946
                                             1942
 MINIMUM TEMPERATURE (F)   50        30      2010


SUNRISE AND SUNSET
DECEMBER 29 2014......SUNRISE   713 AM EST   SUNSET   536 PM EST
DECEMBER 30 2014......SUNRISE   714 AM EST   SUNSET   537 PM EST


-  INDICATES NEGATIVE NUMBERS.
R  INDICATES RECORD WAS SET OR TIED.
MM INDICATES DATA IS MISSING.
T  INDICATES TRACE AMOUNT.




$$
