000
CDUS42 KMLB 302035
CLIMLB


CLIMATE REPORT
NATIONAL WEATHER SERVICE MELBOURNE FL
434 PM EDT TUE SEP 30 2014


...................................

...THE MELBOURNE CLIMATE SUMMARY FOR SEPTEMBER 30 2014...
VALID TODAY AS OF 0400 PM LOCAL TIME.

CLIMATE NORMAL PERIOD 1981 TO 2010
CLIMATE RECORD PERIOD 1939 TO 2014


WEATHER ITEM   OBSERVED TIME   RECORD YEAR NORMAL DEPARTURE LAST
                VALUE   (LST)  VALUE       VALUE  FROM      YEAR
                                                  NORMAL
..................................................................
TEMPERATURE (F)
 TODAY
  MAXIMUM         89    123 PM  93    1980  87      2       86
  MINIMUM         74    648 AM  62    1963  72      2       68
  AVERAGE         82                        79      3       77

PRECIPITATION (IN)
  TODAY            0.01          2.14 1960   0.25  -0.24     0.00
  MONTH TO DATE   12.52                      7.64   4.88     4.54
  SINCE SEP 1     12.52                      7.64   4.88     4.54
  SINCE JAN 1     50.35                     41.49   8.86    35.73

SNOWFALL (IN)
  TODAY            0.0
  MONTH TO DATE    0.0
  SINCE JUL 1      0.0

DEGREE DAYS
 HEATING
  TODAY            0                         0      0        0
  MONTH TO DATE    0                         0      0        0
  SINCE SEP 1      0                         0      0        0
  SINCE JUL 1      0                         0      0        0

 COOLING
  TODAY           17                        14      3       12
  MONTH TO DATE  479                       466     13      497
  SINCE SEP 1    479                       466     13      497
  SINCE JAN 1   2966                      2692    274     2946
..................................................................


WIND (MPH)
  HIGHEST WIND SPEED    21   HIGHEST WIND DIRECTION    SW (230)
  HIGHEST GUST SPEED    27   HIGHEST GUST DIRECTION    SW (240)
  AVERAGE WIND SPEED     7.1


SKY COVER
  AVERAGE SKY COVER 0.3


WEATHER CONDITIONS
 THE FOLLOWING WEATHER WAS RECORDED TODAY.
  THUNDERSTORM
  LIGHT RAIN


RELATIVE HUMIDITY (PERCENT)
 HIGHEST   100           100 AM
 LOWEST     63          1200 PM
 AVERAGE    82

..........................................................


THE MELBOURNE CLIMATE NORMALS FOR TOMORROW
                         NORMAL    RECORD    YEAR
 MAXIMUM TEMPERATURE (F)   87        95      1958
 MINIMUM TEMPERATURE (F)   72        60      1938


SUNRISE AND SUNSET
SEPTEMBER 30 2014.....SUNRISE   715 AM EDT   SUNSET   710 PM EDT
OCTOBER  1 2014.......SUNRISE   715 AM EDT   SUNSET   709 PM EDT


-  INDICATES NEGATIVE NUMBERS.
R  INDICATES RECORD WAS SET OR TIED.
MM INDICATES DATA IS MISSING.
T  INDICATES TRACE AMOUNT.




$$
