000
CDUS42 KMLB 250627
CLIMLB


CLIMATE REPORT
NATIONAL WEATHER SERVICE MELBOURNE FL
127 AM EST SUN FEB 25 2018


...................................

...THE MELBOURNE CLIMATE SUMMARY FOR FEBRUARY 24 2018...

CLIMATE NORMAL PERIOD 1981 TO 2010
CLIMATE RECORD PERIOD 1939 TO 2018


WEATHER ITEM   OBSERVED TIME   RECORD YEAR NORMAL DEPARTURE LAST
                VALUE   (LST)  VALUE       VALUE  FROM      YEAR
                                                  NORMAL
..................................................................
TEMPERATURE (F)
 YESTERDAY
  MAXIMUM         83   1259 PM  92    1962  75      8       80
  MINIMUM         72   1159 PM  29    1989  53     19       65
  AVERAGE         78                        64     14       73

PRECIPITATION (IN)
  YESTERDAY        T             1.20 1960   0.09  -0.09     0.00
  MONTH TO DATE    0.24                      2.13  -1.89     3.43
  SINCE DEC 1      4.24                      6.97  -2.73     5.21
  SINCE JAN 1      3.17                      4.40  -1.23     4.89

SNOWFALL (IN)
  YESTERDAY        0.0
  MONTH TO DATE    0.0
  SINCE JUL 1      0.0

DEGREE DAYS
 HEATING
  YESTERDAY        0                         4     -4        0
  MONTH TO DATE    4                       108   -104       30
  SINCE DEC 1    240                       435   -195      159
  SINCE JUL 1    253                       477   -224      178

 COOLING
  YESTERDAY       13                         2     11        8
  MONTH TO DATE  211                        48    163       71
  SINCE DEC 1    433                       168    265      325
  SINCE JAN 1    290                        92    198      149
..................................................................


WIND (MPH)
  HIGHEST WIND SPEED    18   HIGHEST WIND DIRECTION    SE (140)
  HIGHEST GUST SPEED    22   HIGHEST GUST DIRECTION    SE (130)
  AVERAGE WIND SPEED    11.5


SKY COVER
  AVERAGE SKY COVER 0.4


WEATHER CONDITIONS
 THE FOLLOWING WEATHER WAS RECORDED YESTERDAY.
  NO SIGNIFICANT WEATHER WAS OBSERVED.


RELATIVE HUMIDITY (PERCENT)
 HIGHEST    84          1100 PM
 LOWEST     58           100 PM
 AVERAGE    71

..........................................................


THE MELBOURNE CLIMATE NORMALS FOR TODAY
                         NORMAL    RECORD    YEAR
 MAXIMUM TEMPERATURE (F)   75        87      2013
 MINIMUM TEMPERATURE (F)   53        32      1989


SUNRISE AND SUNSET
FEBRUARY 25 2018......SUNRISE   651 AM EST   SUNSET   620 PM EST
FEBRUARY 26 2018......SUNRISE   650 AM EST   SUNSET   621 PM EST


-  INDICATES NEGATIVE NUMBERS.
R  INDICATES RECORD WAS SET OR TIED.
MM INDICATES DATA IS MISSING.
T  INDICATES TRACE AMOUNT.




$$
