000
CDUS43 KDVN 211001
CLIMLI


CLIMATE REPORT
NATIONAL WEATHER SERVICE QUAD CITIES IA IL
400 AM CST SAT JAN 21 2017


...................................

...THE MOLINE IL CLIMATE SUMMARY FOR JANUARY 20 2017...

CLIMATE NORMAL PERIOD 1981 TO 2010
CLIMATE RECORD PERIOD 1872 TO 2017


WEATHER ITEM   OBSERVED TIME   RECORD YEAR NORMAL DEPARTURE LAST
                VALUE   (LST)  VALUE       VALUE  FROM      YEAR
                                                  NORMAL
..................................................................
TEMPERATURE (F)
 YESTERDAY
  MAXIMUM         46    406 PM  63    1906  31     15       24
  MINIMUM         36    718 AM -21    1985  14     22        4
  AVERAGE         41                        22     19       14

PRECIPITATION (IN)
  YESTERDAY        0.00          1.83 1904   0.05  -0.05      T
  MONTH TO DATE    1.35                      0.99   0.36     0.29
  SINCE DEC 1      2.97                      3.17  -0.20     4.49
  SINCE JAN 1      1.35                      0.99   0.36     0.29

SNOWFALL (IN)
  YESTERDAY        0.0          MM      MM   0.3   -0.3      0.2
  MONTH TO DATE    T                         6.1   -6.1      1.5
  SINCE DEC 1     13.8                      15.4   -1.6      5.0
  SINCE JUL 1     13.8                      16.6   -2.8     14.9
  SNOW DEPTH       0

DEGREE DAYS
 HEATING
  YESTERDAY       24                        43    -19       51
  MONTH TO DATE  779                       849    -70      869
  SINCE DEC 1   1955                      2039    -84     1679
  SINCE JUL 1   2736                      3270   -534     2642

 COOLING
  YESTERDAY        0                         0      0        0
  MONTH TO DATE    0                         0      0        0
  SINCE DEC 1      0                         0      0        0
  SINCE JAN 1      0                         0      0        0
..................................................................


WIND (MPH)
  HIGHEST WIND SPEED    10   HIGHEST WIND DIRECTION     E (70)
  HIGHEST GUST SPEED    12   HIGHEST GUST DIRECTION    NE (60)
  AVERAGE WIND SPEED     4.7


SKY COVER
  POSSIBLE SUNSHINE  MM
  AVERAGE SKY COVER 1.0


WEATHER CONDITIONS
 THE FOLLOWING WEATHER WAS RECORDED YESTERDAY.
  LIGHT RAIN
  FOG
  FOG W/VISIBILITY <= 1/4 MILE
  HAZE


RELATIVE HUMIDITY (PERCENT)
 HIGHEST   100           900 AM
 LOWEST     85          1000 AM
 AVERAGE    93

..........................................................


THE MOLINE IL CLIMATE NORMALS FOR TODAY
                         NORMAL    RECORD    YEAR
 MAXIMUM TEMPERATURE (F)   31        64      1957
 MINIMUM TEMPERATURE (F)   14       -21      1970


SUNRISE AND SUNSET
JANUARY 21 2017.......SUNRISE   723 AM CST   SUNSET   505 PM CST
JANUARY 22 2017.......SUNRISE   722 AM CST   SUNSET   506 PM CST


-  INDICATES NEGATIVE NUMBERS.
R  INDICATES RECORD WAS SET OR TIED.
MM INDICATES DATA IS MISSING.
T  INDICATES TRACE AMOUNT.




$$
