000
CDUS43 KDVN 211023
CLIMLI


CLIMATE REPORT
NATIONAL WEATHER SERVICE QUAD CITIES IA IL
421 AM CST WED FEB 21 2018


...................................

...THE MOLINE IL CLIMATE SUMMARY FOR FEBRUARY 20 2018...

CLIMATE NORMAL PERIOD 1981 TO 2010
CLIMATE RECORD PERIOD 1872 TO 2018


WEATHER ITEM   OBSERVED TIME   RECORD YEAR NORMAL DEPARTURE LAST
                VALUE   (LST)  VALUE       VALUE  FROM      YEAR
                                                  NORMAL
..................................................................
TEMPERATURE (F)
 YESTERDAY
  MAXIMUM         41    508 AM  73    2017  37      4       73
  MINIMUM         25   1159 PM -11    1929  20      5       48
  AVERAGE         33                        29      4       61

PRECIPITATION (IN)
  YESTERDAY        1.36R         1.33 1953   0.07   1.29     0.20
  MONTH TO DATE    2.95                      1.03   1.92     0.46
  SINCE DEC 1      3.88                      4.70  -0.82     3.58
  SINCE JAN 1      3.36                      2.52   0.84     1.96

SNOWFALL (IN)
  YESTERDAY        0.0          MM      MM   0.2   -0.2      0.0
  MONTH TO DATE   16.3                       5.2   11.1      1.3
  SINCE DEC 1     28.1                      23.9    4.2     15.5
  SINCE JUL 1     28.1                      25.1    3.0     15.5
  SNOW DEPTH       0

DEGREE DAYS
 HEATING
  YESTERDAY       32                        36     -4        4
  MONTH TO DATE  873                       788     85      577
  SINCE DEC 1   3346                      3291     55     2868
  SINCE JUL 1   4419                      4522   -103     3649

 COOLING
  YESTERDAY        0                         0      0        0
  MONTH TO DATE    0                         0      0        0
  SINCE DEC 1      0                         0      0        0
  SINCE JAN 1      0                         0      0        0
..................................................................


WIND (MPH)
  HIGHEST WIND SPEED    24   HIGHEST WIND DIRECTION    NW (310)
  HIGHEST GUST SPEED    29   HIGHEST GUST DIRECTION    NW (310)
  AVERAGE WIND SPEED    10.4


SKY COVER
  POSSIBLE SUNSHINE  MM
  AVERAGE SKY COVER 0.9


WEATHER CONDITIONS
 THE FOLLOWING WEATHER WAS RECORDED YESTERDAY.
  HEAVY RAIN
  RAIN
  LIGHT RAIN
  FOG


RELATIVE HUMIDITY (PERCENT)
 HIGHEST   100           100 AM
 LOWEST     75           900 PM
 AVERAGE    88

..........................................................


THE MOLINE IL CLIMATE NORMALS FOR TODAY
                         NORMAL    RECORD    YEAR
 MAXIMUM TEMPERATURE (F)   38        69      2017
 MINIMUM TEMPERATURE (F)   20        -8      1963


SUNRISE AND SUNSET
FEBRUARY 21 2018......SUNRISE   649 AM CST   SUNSET   543 PM CST
FEBRUARY 22 2018......SUNRISE   647 AM CST   SUNSET   544 PM CST


-  INDICATES NEGATIVE NUMBERS.
R  INDICATES RECORD WAS SET OR TIED.
MM INDICATES DATA IS MISSING.
T  INDICATES TRACE AMOUNT.




$$
