000
CDUS43 KDVN 280911
CLIMLI


CLIMATE REPORT
NATIONAL WEATHER SERVICE QUAD CITIES IA IL
410 AM CDT SUN AUG 28 2016


...................................

...THE MOLINE IL CLIMATE SUMMARY FOR AUGUST 27 2016...

CLIMATE NORMAL PERIOD 1981 TO 2010
CLIMATE RECORD PERIOD 1872 TO 2016


WEATHER ITEM   OBSERVED TIME   RECORD YEAR NORMAL DEPARTURE LAST
                VALUE   (LST)  VALUE       VALUE  FROM      YEAR
                                                  NORMAL
..................................................................
TEMPERATURE (F)
 YESTERDAY
  MAXIMUM         85    425 PM  97    1976  83      2       75
  MINIMUM         68   1230 AM  46    1915  62      6       52
  AVERAGE         77                        72      5       64

PRECIPITATION (IN)
  YESTERDAY        0.18          2.00 1903   0.14   0.04     0.00
  MONTH TO DATE    7.13                      3.96   3.17     3.76
  SINCE JUN 1     18.48                     12.74   5.74    19.45
  SINCE JAN 1     28.48                     26.60   1.88    28.39

SNOWFALL (IN)
  YESTERDAY        0.0          MM      MM   0.0    0.0      0.0
  MONTH TO DATE    0.0                       0.0    0.0       T
  SINCE JUN 1      0.0                       0.0    0.0       T
  SINCE JUL 1      0.0                       0.0    0.0       T
  SNOW DEPTH       0

DEGREE DAYS
 HEATING
  YESTERDAY        0                         0      0        1
  MONTH TO DATE    0                         0      0        3
  SINCE JUN 1      2                        21    -19       14
  SINCE JUL 1      1                         2     -1        7

 COOLING
  YESTERDAY       12                         7      5        0
  MONTH TO DATE  279                       242     37      195
  SINCE JUN 1    925                       780    145      688
  SINCE JAN 1   1027                       856    171      769
..................................................................


WIND (MPH)
  HIGHEST WIND SPEED    16   HIGHEST WIND DIRECTION    SW (240)
  HIGHEST GUST SPEED    20   HIGHEST GUST DIRECTION     W (250)
  AVERAGE WIND SPEED     5.8


SKY COVER
  POSSIBLE SUNSHINE  MM
  AVERAGE SKY COVER 0.4


WEATHER CONDITIONS
 THE FOLLOWING WEATHER WAS RECORDED YESTERDAY.
  THUNDERSTORM
  HEAVY RAIN
  RAIN
  LIGHT RAIN
  FOG


RELATIVE HUMIDITY (PERCENT)
 HIGHEST    97           500 AM
 LOWEST     61           200 PM
 AVERAGE    79

..........................................................


THE MOLINE IL CLIMATE NORMALS FOR TODAY
                         NORMAL    RECORD    YEAR
 MAXIMUM TEMPERATURE (F)   83        97      2013
 MINIMUM TEMPERATURE (F)   61        40      1986


SUNRISE AND SUNSET
AUGUST 28 2016........SUNRISE   625 AM CDT   SUNSET   741 PM CDT
AUGUST 29 2016........SUNRISE   626 AM CDT   SUNSET   739 PM CDT


-  INDICATES NEGATIVE NUMBERS.
R  INDICATES RECORD WAS SET OR TIED.
MM INDICATES DATA IS MISSING.
T  INDICATES TRACE AMOUNT.




$$
