879
CDUS43 KDVN 230910
CLIMLI


CLIMATE REPORT
NATIONAL WEATHER SERVICE QUAD CITIES IA IL
409 AM CDT SUN APR 23 2017


...................................

...THE MOLINE IL CLIMATE SUMMARY FOR APRIL 22 2017...

CLIMATE NORMAL PERIOD 1981 TO 2010
CLIMATE RECORD PERIOD 1872 TO 2017


WEATHER ITEM   OBSERVED TIME   RECORD YEAR NORMAL DEPARTURE LAST
                VALUE   (LST)  VALUE       VALUE  FROM      YEAR
                                                  NORMAL
..................................................................
TEMPERATURE (F)
 YESTERDAY
  MAXIMUM         65    408 PM  92    1980  65      0       65
  MINIMUM         40   1159 PM  28    1986  43     -3       44
                                      1959
  AVERAGE         53                        54     -1       55

PRECIPITATION (IN)
  YESTERDAY        0.00          1.26 1999   0.12  -0.12     0.00
  MONTH TO DATE    3.20                      2.55   0.65     1.21
  SINCE MAR 1      6.69                      5.41   1.28     4.12
  SINCE JAN 1      9.10                      8.50   0.60     5.45

SNOWFALL (IN)
  YESTERDAY        0.0          MM      MM   0.0    0.0      0.0
  MONTH TO DATE    0.0                       0.9   -0.9       T
  SINCE MAR 1      5.9                       4.9    1.0      2.9
  SINCE JUL 1     22.4                      31.6   -9.2     24.1
  SNOW DEPTH       0

DEGREE DAYS
 HEATING
  YESTERDAY       12                        12      0       10
  MONTH TO DATE  212                       340   -128      336
  SINCE MAR 1    958                      1144   -186      935
  SINCE JUL 1   4761                      5942  -1181     4924

 COOLING
  YESTERDAY        0                         1     -1        0
  MONTH TO DATE   14                         6      8        0
  SINCE MAR 1     14                         7      7        3
  SINCE JAN 1     14                         7      7        3
..................................................................


WIND (MPH)
  HIGHEST WIND SPEED    18   HIGHEST WIND DIRECTION    NE (50)
  HIGHEST GUST SPEED    22   HIGHEST GUST DIRECTION    NE (50)
  AVERAGE WIND SPEED     7.8


SKY COVER
  POSSIBLE SUNSHINE  MM
  AVERAGE SKY COVER 0.0


WEATHER CONDITIONS
 THE FOLLOWING WEATHER WAS RECORDED YESTERDAY.
  NO SIGNIFICANT WEATHER WAS OBSERVED.


RELATIVE HUMIDITY (PERCENT)
 HIGHEST    86           100 AM
 LOWEST     26           500 PM
 AVERAGE    56

..........................................................


THE MOLINE IL CLIMATE NORMALS FOR TODAY
                         NORMAL    RECORD    YEAR
 MAXIMUM TEMPERATURE (F)   65        86      1960
 MINIMUM TEMPERATURE (F)   43        22      1910


SUNRISE AND SUNSET
APRIL 23 2017.........SUNRISE   610 AM CDT   SUNSET   751 PM CDT
APRIL 24 2017.........SUNRISE   608 AM CDT   SUNSET   753 PM CDT


-  INDICATES NEGATIVE NUMBERS.
R  INDICATES RECORD WAS SET OR TIED.
MM INDICATES DATA IS MISSING.
T  INDICATES TRACE AMOUNT.




$$
