000
CDUS43 KDVN 230924
CLIMLI


CLIMATE REPORT
NATIONAL WEATHER SERVICE QUAD CITIES IA IL
424 AM CDT SUN JUL 23 2017


...................................

...THE MOLINE IL CLIMATE SUMMARY FOR JULY 22 2017...

CLIMATE NORMAL PERIOD 1981 TO 2010
CLIMATE RECORD PERIOD 1872 TO 2017


WEATHER ITEM   OBSERVED TIME   RECORD YEAR NORMAL DEPARTURE LAST
                VALUE   (LST)  VALUE       VALUE  FROM      YEAR
                                                  NORMAL
..................................................................
TEMPERATURE (F)
 YESTERDAY
  MAXIMUM         86    438 PM 104    1934  86      0       90
  MINIMUM         69    549 AM  46    1947  65      4       71
  AVERAGE         78                        75      3       81

PRECIPITATION (IN)
  YESTERDAY        3.11R         2.12 1957   0.13   2.98     0.13
  MONTH TO DATE    6.69                      3.19   3.50     7.41
  SINCE JUN 1     10.84                      7.68   3.16    11.21
  SINCE JAN 1     25.19                     21.54   3.65    21.21

SNOWFALL (IN)
  YESTERDAY        0.0          MM      MM   0.0    0.0      0.0
  MONTH TO DATE    0.0                       0.0    0.0      0.0
  SINCE JUN 1      0.0                       0.0    0.0      0.0
  SINCE JUL 1      0.0                       0.0    0.0      0.0
  SNOW DEPTH       0

DEGREE DAYS
 HEATING
  YESTERDAY        0                         0      0        0
  MONTH TO DATE    0                         0      0        1
  SINCE JUN 1      9                        19    -10        2
  SINCE JUL 1      0                         0      0        1

 COOLING
  YESTERDAY       13                        10      3       16
  MONTH TO DATE  257                       236     21      225
  SINCE JUN 1    523                       450     73      527
  SINCE JAN 1    584                       526     58      629
..................................................................


WIND (MPH)
  HIGHEST WIND SPEED    23   HIGHEST WIND DIRECTION    NE (50)
  HIGHEST GUST SPEED    28   HIGHEST GUST DIRECTION    NE (50)
  AVERAGE WIND SPEED     6.5


SKY COVER
  POSSIBLE SUNSHINE  MM
  AVERAGE SKY COVER 0.7


WEATHER CONDITIONS
 THE FOLLOWING WEATHER WAS RECORDED YESTERDAY.
  THUNDERSTORM
  HEAVY RAIN
  RAIN
  LIGHT RAIN
  FOG


RELATIVE HUMIDITY (PERCENT)
 HIGHEST    94          1000 PM
 LOWEST     69          1000 AM
 AVERAGE    82

..........................................................


THE MOLINE IL CLIMATE NORMALS FOR TODAY
                         NORMAL    RECORD    YEAR
 MAXIMUM TEMPERATURE (F)   86       105      1901
 MINIMUM TEMPERATURE (F)   65        49      1947


SUNRISE AND SUNSET
JULY 23 2017..........SUNRISE   549 AM CDT   SUNSET   828 PM CDT
JULY 24 2017..........SUNRISE   550 AM CDT   SUNSET   827 PM CDT


-  INDICATES NEGATIVE NUMBERS.
R  INDICATES RECORD WAS SET OR TIED.
MM INDICATES DATA IS MISSING.
T  INDICATES TRACE AMOUNT.




$$
