000
CDUS45 KBYZ 210950
CLIMLS


CLIMATE REPORT
NATIONAL WEATHER SERVICE BILLINGS MT
348 AM MDT THU AUG 21 2014


...................................

...THE MILES CITY MT CLIMATE SUMMARY FOR AUGUST 20 2014...

CLIMATE NORMAL PERIOD 1981 TO 2010
CLIMATE RECORD PERIOD 1937 TO 2014


WEATHER ITEM   OBSERVED TIME   RECORD YEAR NORMAL DEPARTURE LAST
                VALUE   (LST)  VALUE       VALUE  FROM      YEAR
                                                  NORMAL
..................................................................
TEMPERATURE (F)
 YESTERDAY
  MAXIMUM         83    329 PM 100    1969  87     -4       94
  MINIMUM         58   1151 PM  44    1950  57      1       59
                                      1939
  AVERAGE         71                        72     -1       77

PRECIPITATION (IN)
  YESTERDAY        0.06          0.67 1974   0.02   0.04     0.00
  MONTH TO DATE    0.60                      0.63  -0.03     1.58
  SINCE OCT 1     12.05                     11.08   0.97    15.23
  SINCE JAN 1     10.37                      9.48   0.89    13.70

SNOWFALL (IN)
  YESTERDAY       MM
  MONTH TO DATE   MM
  SINCE JUN 1     MM
  SINCE JUL 1     MM
  SNOW DEPTH      MM

DEGREE DAYS
 HEATING
  YESTERDAY        0                         1     -1        0
  MONTH TO DATE    0                         4     -4        0
  SINCE JUN 1     95                       105    -10       59
  SINCE JUL 1      1                        16    -15        0

 COOLING
  YESTERDAY        6                         8     -2       12
  MONTH TO DATE  217                       191     26      161
  SINCE JUN 1    538                       586    -48      573
  SINCE JAN 1    572                       606    -34      586
..................................................................


WIND (MPH)
  HIGHEST WIND SPEED    23   HIGHEST WIND DIRECTION    NW (330)
  HIGHEST GUST SPEED    28   HIGHEST GUST DIRECTION     N (350)
  AVERAGE WIND SPEED    10.7


SKY COVER
  POSSIBLE SUNSHINE  MM
  AVERAGE SKY COVER 0.4


WEATHER CONDITIONS
 THE FOLLOWING WEATHER WAS RECORDED YESTERDAY.
  LIGHT RAIN


RELATIVE HUMIDITY (PERCENT)
 HIGHEST    73           900 AM
 LOWEST     30           400 PM
 AVERAGE    52

..........................................................


THE MILES CITY MT CLIMATE NORMALS FOR TODAY
                         NORMAL    RECORD    YEAR
 MAXIMUM TEMPERATURE (F)   86       102      2010
                                             1995
 MINIMUM TEMPERATURE (F)   57        41      1966


SUNRISE AND SUNSET
AUGUST 21 2014........SUNRISE   610 AM MDT   SUNSET   803 PM MDT
AUGUST 22 2014........SUNRISE   611 AM MDT   SUNSET   801 PM MDT


-  INDICATES NEGATIVE NUMBERS.
R  INDICATES RECORD WAS SET OR TIED.
MM INDICATES DATA IS MISSING.
T  INDICATES TRACE AMOUNT.





&&

THIS IS AN AUTOMATED...UNATTENDED WEATHER STATION AND MAY
UNDERESTIMATE WINTER PRECIPITATION.

$$
