643
CDUS45 KBYZ 191041
CLIMLS


CLIMATE REPORT
NATIONAL WEATHER SERVICE BILLINGS MT
340 AM MST SUN FEB 19 2017


...................................

...THE MILES CITY MT CLIMATE SUMMARY FOR FEBRUARY 18 2017...

CLIMATE NORMAL PERIOD 1981 TO 2010
CLIMATE RECORD PERIOD 1937 TO 2017


WEATHER ITEM   OBSERVED TIME   RECORD YEAR NORMAL DEPARTURE LAST
                VALUE   (LST)  VALUE       VALUE  FROM      YEAR
                                                  NORMAL
..................................................................
TEMPERATURE (F)
 YESTERDAY
  MAXIMUM         53    303 PM  69    2016  36     17       69
  MINIMUM         34   1159 PM -19    1959  14     20       33
  AVERAGE         44                        25     19       51

PRECIPITATION (IN)
  YESTERDAY        T             0.77 1952   0.01  -0.01     0.17
  MONTH TO DATE    0.02                      0.13  -0.11     0.31
  SINCE OCT 1      1.18                      2.05  -0.87     1.91
  SINCE JAN 1      0.09                      0.45  -0.36     0.65

DEGREE DAYS
 HEATING
  YESTERDAY       21                        40    -19       14
  MONTH TO DATE  724                       756    -32      506
  SINCE DEC 1   3933                      3553    380     2979
  SINCE JUL 1   5248                      5352   -104     4407

 COOLING
  YESTERDAY        0                         0      0        0
  MONTH TO DATE    0                         0      0        0
  SINCE DEC 1      0                         0      0        0
  SINCE JAN 1      0                         0      0        0
..................................................................


WIND (MPH)
  HIGHEST WIND SPEED    14   HIGHEST WIND DIRECTION     S (160)
  HIGHEST GUST SPEED    15   HIGHEST GUST DIRECTION    NE (40)
  AVERAGE WIND SPEED     6.7


SKY COVER
  POSSIBLE SUNSHINE  MM
  AVERAGE SKY COVER 0.3


WEATHER CONDITIONS
 THE FOLLOWING WEATHER WAS RECORDED YESTERDAY.
  LIGHT RAIN


RELATIVE HUMIDITY (PERCENT)
 HIGHEST    82           900 AM
 LOWEST     44           300 PM
 AVERAGE    63

..........................................................


THE MILES CITY MT CLIMATE NORMALS FOR TODAY
                         NORMAL    RECORD    YEAR
 MAXIMUM TEMPERATURE (F)   37        69      1995
 MINIMUM TEMPERATURE (F)   14       -26      1959


SUNRISE AND SUNSET
FEBRUARY 19 2017......SUNRISE   700 AM MST   SUNSET   535 PM MST
FEBRUARY 20 2017......SUNRISE   658 AM MST   SUNSET   537 PM MST


-  INDICATES NEGATIVE NUMBERS.
R  INDICATES RECORD WAS SET OR TIED.
MM INDICATES DATA IS MISSING.
T  INDICATES TRACE AMOUNT.





&&

THIS IS AN AUTOMATED...UNATTENDED WEATHER STATION AND MAY
UNDERESTIMATE WINTER PRECIPITATION.

$$
