000
CDUS45 KBYZ 070932
CLIMLS


CLIMATE REPORT
NATIONAL WEATHER SERVICE BILLINGS MT
331 AM MDT TUE JUL 7 2015


...................................

...THE MILES CITY MT CLIMATE SUMMARY FOR JULY 6 2015...

CLIMATE NORMAL PERIOD 1981 TO 2010
CLIMATE RECORD PERIOD 1937 TO 2015


WEATHER ITEM   OBSERVED TIME   RECORD YEAR NORMAL DEPARTURE LAST
                VALUE   (LST)  VALUE       VALUE  FROM      YEAR
                                                  NORMAL
..................................................................
TEMPERATURE (F)
 YESTERDAY
  MAXIMUM         77    319 PM 106    1937  86     -9       93
  MINIMUM         56    523 AM  44    1958  58     -2       60
  AVERAGE         67                        72     -5       77

PRECIPITATION (IN)
  YESTERDAY        0.04          1.69 1969   0.06  -0.02      T
  MONTH TO DATE    0.08                      0.35  -0.27     0.03
  SINCE OCT 1      6.49                      9.16  -2.67    11.39
  SINCE JAN 1      5.48                      7.56  -2.08     9.71

DEGREE DAYS
 HEATING
  YESTERDAY        0                         1     -1        0
  MONTH TO DATE    0                         6     -6        0
  SINCE JUN 1     25                        95    -70       94
  SINCE JUL 1      0                         6     -6        0

 COOLING
  YESTERDAY        2                         8     -6       12
  MONTH TO DATE   47                        44      3       55
  SINCE JUN 1    209                       151     58       92
  SINCE JAN 1    210                       171     39      126
..................................................................


WIND (MPH)
  HIGHEST WIND SPEED    14   HIGHEST WIND DIRECTION     W (270)
  HIGHEST GUST SPEED    17   HIGHEST GUST DIRECTION     W (260)
  AVERAGE WIND SPEED     5.7


SKY COVER
  POSSIBLE SUNSHINE  MM
  AVERAGE SKY COVER 0.7


WEATHER CONDITIONS
 THE FOLLOWING WEATHER WAS RECORDED YESTERDAY.
  FOG


RELATIVE HUMIDITY (PERCENT)
 HIGHEST    93           500 AM
 LOWEST     35           600 PM
 AVERAGE    64

..........................................................


THE MILES CITY MT CLIMATE NORMALS FOR TODAY
                         NORMAL    RECORD    YEAR
 MAXIMUM TEMPERATURE (F)   87       102      1983
 MINIMUM TEMPERATURE (F)   58        42      1952


SUNRISE AND SUNSET
JULY  7 2015..........SUNRISE   519 AM MDT   SUNSET   858 PM MDT
JULY  8 2015..........SUNRISE   520 AM MDT   SUNSET   857 PM MDT


-  INDICATES NEGATIVE NUMBERS.
R  INDICATES RECORD WAS SET OR TIED.
MM INDICATES DATA IS MISSING.
T  INDICATES TRACE AMOUNT.





&&

THIS IS AN AUTOMATED...UNATTENDED WEATHER STATION AND MAY
UNDERESTIMATE WINTER PRECIPITATION.

$$
