000
CDUS45 KBYZ 260726
CLIMLS


CLIMATE REPORT
NATIONAL WEATHER SERVICE BILLINGS MT
125 AM MDT TUE SEP 26 2017


...................................

...THE MILES CITY MT CLIMATE SUMMARY FOR SEPTEMBER 25 2017...

CLIMATE NORMAL PERIOD 1981 TO 2010
CLIMATE RECORD PERIOD 1937 TO 2017


WEATHER ITEM   OBSERVED TIME   RECORD YEAR NORMAL DEPARTURE LAST
                VALUE   (LST)  VALUE       VALUE  FROM      YEAR
                                                  NORMAL
..................................................................
TEMPERATURE (F)
 YESTERDAY
  MAXIMUM         46   1228 PM  97    2015  69    -23       67
                                      2014
  MINIMUM         35    442 AM  24    1942  42     -7       43
  AVERAGE         41                        56    -15       55

PRECIPITATION (IN)
  YESTERDAY        0.13          0.60 1972   0.04   0.09     0.00
  MONTH TO DATE    1.81                      0.89   0.92     2.80
  SINCE OCT 1      6.23                     12.25  -6.02    14.72
  SINCE JAN 1      5.14                     10.65  -5.51    13.46

DEGREE DAYS
 HEATING
  YESTERDAY       24                        10     14       10
  MONTH TO DATE  195                       146     49      136
  SINCE SEP 1    195                       146     49      136
  SINCE JUL 1    199                       180     19      150

 COOLING
  YESTERDAY        0                         1     -1        0
  MONTH TO DATE   91                        56     35       48
  SINCE SEP 1     91                        56     35       48
  SINCE JAN 1    985                       728    257      859
..................................................................


WIND (MPH)
  HIGHEST WIND SPEED    13   HIGHEST WIND DIRECTION    SE (150)
  HIGHEST GUST SPEED    16   HIGHEST GUST DIRECTION     S (160)
  AVERAGE WIND SPEED     4.8


SKY COVER
  POSSIBLE SUNSHINE  MM
  AVERAGE SKY COVER 0.7


WEATHER CONDITIONS
 THE FOLLOWING WEATHER WAS RECORDED YESTERDAY.
  LIGHT RAIN
  FOG
  FOG W/VISIBILITY <= 1/4 MILE


RELATIVE HUMIDITY (PERCENT)
 HIGHEST   100           600 AM
 LOWEST     83           500 PM
 AVERAGE    92

..........................................................


THE MILES CITY MT CLIMATE NORMALS FOR TODAY
                         NORMAL    RECORD    YEAR
 MAXIMUM TEMPERATURE (F)   69        95      2015
 MINIMUM TEMPERATURE (F)   41        20      1942


SUNRISE AND SUNSET
SEPTEMBER 26 2017.....SUNRISE   656 AM MDT   SUNSET   653 PM MDT
SEPTEMBER 27 2017.....SUNRISE   657 AM MDT   SUNSET   651 PM MDT


-  INDICATES NEGATIVE NUMBERS.
R  INDICATES RECORD WAS SET OR TIED.
MM INDICATES DATA IS MISSING.
T  INDICATES TRACE AMOUNT.




$$
