066
CDUS45 KBYZ 270724
CLIMLS


CLIMATE REPORT
NATIONAL WEATHER SERVICE BILLINGS MT
123 AM MDT THU JUL 27 2017


...................................

...THE MILES CITY MT CLIMATE SUMMARY FOR JULY 26 2017...

CLIMATE NORMAL PERIOD 1981 TO 2010
CLIMATE RECORD PERIOD 1937 TO 2017


WEATHER ITEM   OBSERVED TIME   RECORD YEAR NORMAL DEPARTURE LAST
                VALUE   (LST)  VALUE       VALUE  FROM      YEAR
                                                  NORMAL
..................................................................
TEMPERATURE (F)
 YESTERDAY
  MAXIMUM         95    444 PM 104    1959  90      5       91
                                      1931
                                      1933
  MINIMUM         62    411 AM  47    1971  61      1       66
  AVERAGE         79                        76      3       79

PRECIPITATION (IN)
  YESTERDAY        0.00          0.94 1986   0.05  -0.05     0.09
  MONTH TO DATE    T                         1.41  -1.41     1.26
  SINCE OCT 1      4.27                     10.22  -5.95    11.07
  SINCE JAN 1      3.18                      8.62  -5.44     9.81

DEGREE DAYS
 HEATING
  YESTERDAY        0                         0      0        0
  MONTH TO DATE    0                        10    -10        2
  SINCE JUN 1     19                        99    -80       11
  SINCE JUL 1      0                        10    -10        2

 COOLING
  YESTERDAY       14                        11      3       14
  MONTH TO DATE  431                       236    195      281
  SINCE JUN 1    565                       343    222      480
  SINCE JAN 1    586                       363    223      504
..................................................................


WIND (MPH)
  HIGHEST WIND SPEED    17   HIGHEST WIND DIRECTION    SE (140)
  HIGHEST GUST SPEED    24   HIGHEST GUST DIRECTION    SE (150)
  AVERAGE WIND SPEED     6.7


SKY COVER
  POSSIBLE SUNSHINE  MM
  AVERAGE SKY COVER 0.0


WEATHER CONDITIONS
 THE FOLLOWING WEATHER WAS RECORDED YESTERDAY.
  NO SIGNIFICANT WEATHER WAS OBSERVED.


RELATIVE HUMIDITY (PERCENT)
 HIGHEST    43           400 AM
 LOWEST     17           400 PM
 AVERAGE    30

..........................................................


THE MILES CITY MT CLIMATE NORMALS FOR TODAY
                         NORMAL    RECORD    YEAR
 MAXIMUM TEMPERATURE (F)   90       104      2006
                                             1998
 MINIMUM TEMPERATURE (F)   61        51      1969


SUNRISE AND SUNSET
JULY 27 2017..........SUNRISE   539 AM MDT   SUNSET   840 PM MDT
JULY 28 2017..........SUNRISE   540 AM MDT   SUNSET   839 PM MDT


-  INDICATES NEGATIVE NUMBERS.
R  INDICATES RECORD WAS SET OR TIED.
MM INDICATES DATA IS MISSING.
T  INDICATES TRACE AMOUNT.




$$
