000
CDUS45 KBYZ 181033
CLIMLS


CLIMATE REPORT
NATIONAL WEATHER SERVICE BILLINGS MT
331 AM MST THU DEC 18 2014


...................................

...THE MILES CITY MT CLIMATE SUMMARY FOR DECEMBER 17 2014...

CLIMATE NORMAL PERIOD 1981 TO 2010
CLIMATE RECORD PERIOD 1937 TO 2014


WEATHER ITEM   OBSERVED TIME   RECORD YEAR NORMAL DEPARTURE LAST
                VALUE   (LST)  VALUE       VALUE  FROM      YEAR
                                                  NORMAL
..................................................................
TEMPERATURE (F)
 YESTERDAY
  MAXIMUM         26   1142 PM  64    1998  30     -4       38
  MINIMUM         20    821 AM -29    1964   9     11       13
  AVERAGE         23                        20      3       26

PRECIPITATION (IN)
  YESTERDAY        0.00          0.22        0.01  -0.01     0.00
  MONTH TO DATE    0.06                      0.14  -0.08     0.20
  SINCE OCT 1      0.89                      1.45  -0.56     1.27
  SINCE JAN 1     13.17                     12.29   0.88    16.70

DEGREE DAYS
 HEATING
  YESTERDAY       42                        45     -3       39
  MONTH TO DATE  612                       738   -126      930
  SINCE DEC 1    612                       738   -126      930
  SINCE JUL 1   2442                      2537    -95     2637

 COOLING
  YESTERDAY        0                         0      0        0
  MONTH TO DATE    0                         0      0        0
  SINCE DEC 1      0                         0      0        0
  SINCE JAN 1    648                       730    -82      877
..................................................................


WIND (MPH)
  HIGHEST WIND SPEED    13   HIGHEST WIND DIRECTION    SE (140)
  HIGHEST GUST SPEED    16   HIGHEST GUST DIRECTION    SE (140)
  AVERAGE WIND SPEED     7.4


SKY COVER
  POSSIBLE SUNSHINE  MM
  AVERAGE SKY COVER 1.0


WEATHER CONDITIONS
 THE FOLLOWING WEATHER WAS RECORDED YESTERDAY.
  NO SIGNIFICANT WEATHER WAS OBSERVED.


RELATIVE HUMIDITY (PERCENT)
 HIGHEST    91          1200 AM
 LOWEST     81          1100 AM
 AVERAGE    86

..........................................................


THE MILES CITY MT CLIMATE NORMALS FOR TODAY
                         NORMAL    RECORD    YEAR
 MAXIMUM TEMPERATURE (F)   30        62      1979
 MINIMUM TEMPERATURE (F)    9       -25      1983


SUNRISE AND SUNSET
DECEMBER 18 2014......SUNRISE   742 AM MST   SUNSET   418 PM MST
DECEMBER 19 2014......SUNRISE   743 AM MST   SUNSET   418 PM MST


-  INDICATES NEGATIVE NUMBERS.
R  INDICATES RECORD WAS SET OR TIED.
MM INDICATES DATA IS MISSING.
T  INDICATES TRACE AMOUNT.





&&

THIS IS AN AUTOMATED...UNATTENDED WEATHER STATION AND MAY
UNDERESTIMATE WINTER PRECIPITATION.

$$
