000
CDUS45 KBYZ 101035
CLIMLS


CLIMATE REPORT
NATIONAL WEATHER SERVICE BILLINGS MT
333 AM MST SAT DEC 10 2016


...................................

...THE MILES CITY MT CLIMATE SUMMARY FOR DECEMBER 9 2016...

CLIMATE NORMAL PERIOD 1981 TO 2010
CLIMATE RECORD PERIOD 1937 TO 2016


WEATHER ITEM   OBSERVED TIME   RECORD YEAR NORMAL DEPARTURE LAST
                VALUE   (LST)  VALUE       VALUE  FROM      YEAR
                                                  NORMAL
..................................................................
TEMPERATURE (F)
 YESTERDAY
  MAXIMUM          5   1159 PM  66    1957  32    -27       64
  MINIMUM         -7    443 AM -35    1977  11    -18       37
  AVERAGE         -1                        21    -22       51

PRECIPITATION (IN)
  YESTERDAY        T             0.12 1970   0.01  -0.01     0.00
  MONTH TO DATE    T                         0.07  -0.07      T
  SINCE OCT 1      0.97                      1.38  -0.41     1.24
  SINCE JAN 1     14.43                     12.22   2.21     8.48

DEGREE DAYS
 HEATING
  YESTERDAY       66                        44     22       14
  MONTH TO DATE  440                       381     59      246
  SINCE DEC 1    440                       381     59      246
  SINCE JUL 1   1755                      2180   -425     1674

 COOLING
  YESTERDAY        0                         0      0        0
  MONTH TO DATE    0                         0      0        0
  SINCE DEC 1      0                         0      0        0
  SINCE JAN 1    873                       730    143      837
..................................................................


WIND (MPH)
  HIGHEST WIND SPEED    13   HIGHEST WIND DIRECTION    NE (40)
  HIGHEST GUST SPEED    15   HIGHEST GUST DIRECTION    NE (30)
  AVERAGE WIND SPEED     8.8


SKY COVER
  POSSIBLE SUNSHINE  MM
  AVERAGE SKY COVER 0.7


WEATHER CONDITIONS
 THE FOLLOWING WEATHER WAS RECORDED YESTERDAY.
  LIGHT SNOW
  HAZE


RELATIVE HUMIDITY (PERCENT)
 HIGHEST    82           100 AM
 LOWEST     75           300 AM
 AVERAGE    79

..........................................................


THE MILES CITY MT CLIMATE NORMALS FOR TODAY
                         NORMAL    RECORD    YEAR
 MAXIMUM TEMPERATURE (F)   32        61      1956
 MINIMUM TEMPERATURE (F)   11       -21      2000


SUNRISE AND SUNSET
DECEMBER 10 2016......SUNRISE   737 AM MST   SUNSET   417 PM MST
DECEMBER 11 2016......SUNRISE   737 AM MST   SUNSET   417 PM MST


-  INDICATES NEGATIVE NUMBERS.
R  INDICATES RECORD WAS SET OR TIED.
MM INDICATES DATA IS MISSING.
T  INDICATES TRACE AMOUNT.





&&

THIS IS AN AUTOMATED...UNATTENDED WEATHER STATION AND MAY
UNDERESTIMATE WINTER PRECIPITATION.

$$
