000
CDUS45 KBYZ 220723
CLIMLS


CLIMATE REPORT
NATIONAL WEATHER SERVICE BILLINGS MT
1223 AM MST WED NOV 22 2017


...................................

...THE MILES CITY MT CLIMATE SUMMARY FOR NOVEMBER 21 2017...

CLIMATE NORMAL PERIOD 1981 TO 2010
CLIMATE RECORD PERIOD 1937 TO 2017


WEATHER ITEM   OBSERVED TIME   RECORD YEAR NORMAL DEPARTURE LAST
                VALUE   (LST)  VALUE       VALUE  FROM      YEAR
                                                  NORMAL
..................................................................
TEMPERATURE (F)
 YESTERDAY
  MAXIMUM         30   1148 PM  65    2012  40    -10       56
  MINIMUM         17    823 AM -19    1978  18     -1       30
  AVERAGE         24                        29     -5       43

PRECIPITATION (IN)
  YESTERDAY        T             0.10 1956   0.01  -0.01     0.00
  MONTH TO DATE    0.21                      0.30  -0.09      T
  SINCE OCT 1      0.93                      1.22  -0.29     0.97
  SINCE JAN 1      6.07                     12.06  -5.99    14.43

DEGREE DAYS
 HEATING
  YESTERDAY       41                        36      5       22
  MONTH TO DATE  749                       642    107      396
  SINCE SEP 1   1540                      1419    121     1024
  SINCE JUL 1   1544                      1453     91     1038

 COOLING
  YESTERDAY        0                         0      0        0
  MONTH TO DATE    0                         0      0        0
  SINCE SEP 1     91                        58     33       62
  SINCE JAN 1    985                       730    255      873
..................................................................


WIND (MPH)
  HIGHEST WIND SPEED    18   HIGHEST WIND DIRECTION     N (350)
  HIGHEST GUST SPEED    23   HIGHEST GUST DIRECTION     N (350)
  AVERAGE WIND SPEED     7.1


SKY COVER
  POSSIBLE SUNSHINE  MM
  AVERAGE SKY COVER 0.4


WEATHER CONDITIONS
 THE FOLLOWING WEATHER WAS RECORDED YESTERDAY.
  LIGHT SNOW


RELATIVE HUMIDITY (PERCENT)
 HIGHEST    85          1100 PM
 LOWEST     57          1100 AM
 AVERAGE    71

..........................................................


THE MILES CITY MT CLIMATE NORMALS FOR TODAY
                         NORMAL    RECORD    YEAR
 MAXIMUM TEMPERATURE (F)   39        68      1954
 MINIMUM TEMPERATURE (F)   18       -14      2003


SUNRISE AND SUNSET
NOVEMBER 22 2017......SUNRISE   715 AM MST   SUNSET   424 PM MST
NOVEMBER 23 2017......SUNRISE   717 AM MST   SUNSET   423 PM MST


-  INDICATES NEGATIVE NUMBERS.
R  INDICATES RECORD WAS SET OR TIED.
MM INDICATES DATA IS MISSING.
T  INDICATES TRACE AMOUNT.




$$
