000
CDUS41 KCAR 210527
CLIMLT


CLIMATE REPORT
NATIONAL WEATHER SERVICE CARIBOU, ME
1227 AM EST FRI NOV 21 2014


...................................

...THE MILLINOCKET ME CLIMATE SUMMARY FOR NOVEMBER 20 2014...

CLIMATE NORMAL PERIOD 1981 TO 2010
CLIMATE RECORD PERIOD 1903 TO 2014


WEATHER ITEM   OBSERVED TIME   RECORD YEAR NORMAL DEPARTURE LAST
                VALUE   (LST)  VALUE       VALUE  FROM      YEAR
                                                  NORMAL
..................................................................
TEMPERATURE (F)
 YESTERDAY
  MAXIMUM         34    159 PM  68    1953  40     -6       36
  MINIMUM         17   1223 AM   5    1986  26     -9       23
  AVERAGE         26                        33     -7       30

PRECIPITATION (IN)
  YESTERDAY        T             1.82 1950   0.17  -0.17     0.00
  MONTH TO DATE    1.00                      2.79  -1.79     1.85
  SINCE SEP 1      7.39                     10.58  -3.19     7.99
  SINCE JAN 1     32.53                     37.51  -4.98    33.48

SNOWFALL (IN)
  YESTERDAY       MM            MM      MM  MM     MM       MM
  MONTH TO DATE   MM                        MM     MM       MM
  SINCE SEP 1     MM                        MM     MM       MM
  SINCE JUL 1     MM                        MM     MM       MM
  SNOW DEPTH      MM

DEGREE DAYS
 HEATING
  YESTERDAY       39                        32      7       35
  MONTH TO DATE  519                       567    -48      562
  SINCE SEP 1   1212                      1422   -210     1267
  SINCE JUL 1   1240                      1501   -261     1312

 COOLING
  YESTERDAY        0                         0      0        0
  MONTH TO DATE    0                         0      0        0
  SINCE SEP 1     47                        17     30       28
  SINCE JAN 1    375                       268    107      380
..................................................................


WIND (MPH)
  HIGHEST WIND SPEED    17   HIGHEST WIND DIRECTION     W (290)
  HIGHEST GUST SPEED    25   HIGHEST GUST DIRECTION     W (290)
  AVERAGE WIND SPEED     2.6


SKY COVER
  POSSIBLE SUNSHINE  MM
  AVERAGE SKY COVER 0.6


WEATHER CONDITIONS
 THE FOLLOWING WEATHER WAS RECORDED YESTERDAY.
  HEAVY SNOW
  SNOW
  LIGHT SNOW
  FOG


RELATIVE HUMIDITY (PERCENT)
 HIGHEST    84           100 AM
 LOWEST     51           200 PM
 AVERAGE    68

..........................................................


THE MILLINOCKET ME CLIMATE NORMALS FOR TODAY
                         NORMAL    RECORD    YEAR
 MAXIMUM TEMPERATURE (F)   39        63      1991
 MINIMUM TEMPERATURE (F)   26         6      1933


SUNRISE AND SUNSET
NOVEMBER 21 2014......SUNRISE   642 AM EST   SUNSET   359 PM EST
NOVEMBER 22 2014......SUNRISE   644 AM EST   SUNSET   358 PM EST


-  INDICATES NEGATIVE NUMBERS.
R  INDICATES RECORD WAS SET OR TIED.
MM INDICATES DATA IS MISSING.
T  INDICATES TRACE AMOUNT.




$$
