968
CDUS41 KCAR 110545
CLIMLT


CLIMATE REPORT
NATIONAL WEATHER SERVICE CARIBOU, ME
1245 AM EST SUN DEC 11 2016


...................................

...THE MILLINOCKET ME CLIMATE SUMMARY FOR DECEMBER 10 2016...

CLIMATE NORMAL PERIOD 1981 TO 2010
CLIMATE RECORD PERIOD 1903 TO 2016


WEATHER ITEM   OBSERVED TIME   RECORD YEAR NORMAL DEPARTURE LAST
                VALUE   (LST)  VALUE       VALUE  FROM      YEAR
                                                  NORMAL
..................................................................
TEMPERATURE (F)
 YESTERDAY
  MAXIMUM         16    309 PM  57    1907  32    -16       39
  MINIMUM          9    811 AM -19    1906  17     -8       32
  AVERAGE         13                        25    -12       36

PRECIPITATION (IN)
  YESTERDAY        0.00          1.35 1973   0.14  -0.14     0.09
  MONTH TO DATE    0.74                      1.44  -0.70     1.13
  SINCE DEC 1      0.74                      1.44  -0.70     1.13
  SINCE JAN 1     30.95                     40.59  -9.64    39.82

SNOWFALL (IN)
  YESTERDAY        0.0          MM      MM  MM     MM       MM
  MONTH TO DATE    0.0                      MM     MM       MM
  SINCE DEC 1      0.0                      MM     MM       MM
  SINCE JUL 1      0.0                      MM     MM       MM
  SNOW DEPTH       0

DEGREE DAYS
 HEATING
  YESTERDAY       52                        40     12       29
  MONTH TO DATE  402                       385     17      304
  SINCE DEC 1    402                       385     17      304
  SINCE JUL 1   1952                      2228   -276     1845

 COOLING
  YESTERDAY        0                         0      0        0
  MONTH TO DATE    0                         0      0        0
  SINCE DEC 1      0                         0      0        0
  SINCE JAN 1    350                       268     82      400
..................................................................


WIND (MPH)
  HIGHEST WIND SPEED    21   HIGHEST WIND DIRECTION    NW (300)
  HIGHEST GUST SPEED    31   HIGHEST GUST DIRECTION    NW (320)
  AVERAGE WIND SPEED    12.8


SKY COVER
  POSSIBLE SUNSHINE  MM
  AVERAGE SKY COVER 0.0


WEATHER CONDITIONS
 THE FOLLOWING WEATHER WAS RECORDED YESTERDAY.
  NO SIGNIFICANT WEATHER WAS OBSERVED.


RELATIVE HUMIDITY (PERCENT)
 HIGHEST    69           600 AM
 LOWEST     46           200 PM
 AVERAGE    58

..........................................................


THE MILLINOCKET ME CLIMATE NORMALS FOR TODAY
                         NORMAL    RECORD    YEAR
 MAXIMUM TEMPERATURE (F)   32        62      1907
 MINIMUM TEMPERATURE (F)   17       -16      1906


SUNRISE AND SUNSET
DECEMBER 11 2016......SUNRISE   706 AM EST   SUNSET   351 PM EST
DECEMBER 12 2016......SUNRISE   706 AM EST   SUNSET   351 PM EST


-  INDICATES NEGATIVE NUMBERS.
R  INDICATES RECORD WAS SET OR TIED.
MM INDICATES DATA IS MISSING.
T  INDICATES TRACE AMOUNT.




$$
