000
CDUS41 KCAR 242126
CLIMLT


CLIMATE REPORT
NATIONAL WEATHER SERVICE CARIBOU, ME
426 PM EST FRI NOV 24 2017


...................................

...THE MILLINOCKET ME CLIMATE SUMMARY FOR NOVEMBER 24 2017...
VALID TODAY AS OF 0400 PM LOCAL TIME.

CLIMATE NORMAL PERIOD 1981 TO 2010
CLIMATE RECORD PERIOD 1903 TO 2017


WEATHER ITEM   OBSERVED TIME   RECORD YEAR NORMAL DEPARTURE LAST
                VALUE   (LST)  VALUE       VALUE  FROM      YEAR
                                                  NORMAL
..................................................................
TEMPERATURE (F)
 TODAY
  MAXIMUM         39    137 PM  65    1931  38      1       32
  MINIMUM         26    518 AM  -3    1989  25      1       29
  AVERAGE         33                        31      2       31

PRECIPITATION (IN)
  TODAY            0.00          1.10 1923   0.16  -0.16      T
  MONTH TO DATE    2.31                      3.44  -1.13     1.77
  SINCE SEP 1     12.93                     11.23   1.70     5.73
  SINCE JAN 1     37.57                     38.16  -0.59    28.73

SNOWFALL (IN)
  TODAY           MM            MM      MM  MM     MM       MM
  MONTH TO DATE   MM                        MM     MM       MM
  SINCE SEP 1     MM                        MM     MM       MM
  SINCE JUL 1     MM                        MM     MM       MM
  SNOW DEPTH      MM

DEGREE DAYS
 HEATING
  TODAY           32                        34     -2       34
  MONTH TO DATE  748                       699     49      606
  SINCE SEP 1   1235                      1554   -319     1315
  SINCE JUL 1   1334                      1633   -299     1355

 COOLING
  TODAY            0                         0      0        0
  MONTH TO DATE    0                         0      0        0
  SINCE SEP 1     47                        17     30       43
  SINCE JAN 1    263                       268     -5      350
..................................................................


WIND (MPH)
  HIGHEST WIND SPEED    10   HIGHEST WIND DIRECTION     W (250)
  HIGHEST GUST SPEED    15   HIGHEST GUST DIRECTION     W (260)
  AVERAGE WIND SPEED     2.7


SKY COVER
  POSSIBLE SUNSHINE  MM
  AVERAGE SKY COVER 0.9


WEATHER CONDITIONS
 THE FOLLOWING WEATHER WAS RECORDED TODAY.
  NO SIGNIFICANT WEATHER WAS OBSERVED.


RELATIVE HUMIDITY (PERCENT)
 HIGHEST    81           500 AM
 LOWEST     59          1200 PM
 AVERAGE    70

..........................................................


THE MILLINOCKET ME CLIMATE NORMALS FOR TOMORROW
                         NORMAL    RECORD    YEAR
 MAXIMUM TEMPERATURE (F)   38        62      1953
 MINIMUM TEMPERATURE (F)   24        -5      1989


SUNRISE AND SUNSET
NOVEMBER 24 2017......SUNRISE   647 AM EST   SUNSET   356 PM EST
NOVEMBER 25 2017......SUNRISE   648 AM EST   SUNSET   355 PM EST


-  INDICATES NEGATIVE NUMBERS.
R  INDICATES RECORD WAS SET OR TIED.
MM INDICATES DATA IS MISSING.
T  INDICATES TRACE AMOUNT.




$$
