000
CDUS41 KCAR 240541
CLIMLT


CLIMATE REPORT
NATIONAL WEATHER SERVICE CARIBOU, ME
1240 AM EST FRI FEB 24 2017


...................................

...THE MILLINOCKET ME CLIMATE SUMMARY FOR FEBRUARY 23 2017...

CLIMATE NORMAL PERIOD 1981 TO 2010
CLIMATE RECORD PERIOD 1903 TO 2017


WEATHER ITEM   OBSERVED TIME   RECORD YEAR NORMAL DEPARTURE LAST
                VALUE   (LST)  VALUE       VALUE  FROM      YEAR
                                                  NORMAL
..................................................................
TEMPERATURE (F)
 YESTERDAY
  MAXIMUM         51R   227 PM  49    1915  31     20       29
  MINIMUM         17    629 AM -26    1963  11      6        5
  AVERAGE         34                        21     13       17

PRECIPITATION (IN)
  YESTERDAY        0.00          1.73 1919   0.09  -0.09     0.00
  MONTH TO DATE    1.35                      1.68  -0.33     1.77
  SINCE DEC 1      7.57                      8.14  -0.57     8.24
  SINCE JAN 1      4.26                      4.61  -0.35     3.84

SNOWFALL (IN)
  YESTERDAY       MM            MM      MM  MM     MM       MM
  MONTH TO DATE   MM                        MM     MM       MM
  SINCE DEC 1     MM                        MM     MM       MM
  SINCE JUL 1     MM                        MM     MM       MM
  SNOW DEPTH      MM

DEGREE DAYS
 HEATING
  YESTERDAY       31                        44    -13       48
  MONTH TO DATE 1095                      1093      2      931
  SINCE DEC 1   3800                      3996   -196     3208
  SINCE JUL 1   5350                      5839   -489     4749

 COOLING
  YESTERDAY        0                         0      0        0
  MONTH TO DATE    0                         0      0        0
  SINCE DEC 1      0                         0      0        0
  SINCE JAN 1      0                         0      0        0
..................................................................


WIND (MPH)
  HIGHEST WIND SPEED    14   HIGHEST WIND DIRECTION     S (170)
  HIGHEST GUST SPEED    22   HIGHEST GUST DIRECTION     S (160)
  AVERAGE WIND SPEED     3.4


SKY COVER
  POSSIBLE SUNSHINE  MM
  AVERAGE SKY COVER 0.3


WEATHER CONDITIONS
 THE FOLLOWING WEATHER WAS RECORDED YESTERDAY.
  FOG


RELATIVE HUMIDITY (PERCENT)
 HIGHEST   100           200 AM
 LOWEST     56           100 PM
 AVERAGE    78

..........................................................


THE MILLINOCKET ME CLIMATE NORMALS FOR TODAY
                         NORMAL    RECORD    YEAR
 MAXIMUM TEMPERATURE (F)   32        55      1984
 MINIMUM TEMPERATURE (F)   11       -27      1914


SUNRISE AND SUNSET
FEBRUARY 24 2017......SUNRISE   622 AM EST   SUNSET   515 PM EST
FEBRUARY 25 2017......SUNRISE   620 AM EST   SUNSET   516 PM EST


-  INDICATES NEGATIVE NUMBERS.
R  INDICATES RECORD WAS SET OR TIED.
MM INDICATES DATA IS MISSING.
T  INDICATES TRACE AMOUNT.




$$
