000
CDUS41 KCAR 220527
CLIMLT


CLIMATE REPORT
NATIONAL WEATHER SERVICE CARIBOU, ME
1226 AM EST MON DEC 22 2014


...................................

...THE MILLINOCKET ME CLIMATE SUMMARY FOR DECEMBER 21 2014...

CLIMATE NORMAL PERIOD 1981 TO 2010
CLIMATE RECORD PERIOD 1903 TO 2014


WEATHER ITEM   OBSERVED TIME   RECORD YEAR NORMAL DEPARTURE LAST
                VALUE   (LST)  VALUE       VALUE  FROM      YEAR
                                                  NORMAL
..................................................................
TEMPERATURE (F)
 YESTERDAY
  MAXIMUM         27   1159 PM  57    1957  29     -2       25
  MINIMUM         21    700 AM -20    1906  12      9       16
  AVERAGE         24                        20      4       21

PRECIPITATION (IN)
  YESTERDAY       MM             1.25 1903   0.10  MM        0.06
  MONTH TO DATE    4.45                      2.71   1.74     1.01
  SINCE DEC 1      4.45                      2.71   1.74     1.01
  SINCE JAN 1     37.92                     41.86  -3.94    36.72

SNOWFALL (IN)
  YESTERDAY       MM            MM      MM  MM     MM       MM
  MONTH TO DATE   MM                        MM     MM       MM
  SINCE DEC 1     MM                        MM     MM       MM
  SINCE JUL 1     MM                        MM     MM       MM
  SNOW DEPTH      MM

DEGREE DAYS
 HEATING
  YESTERDAY       41                        45     -4       44
  MONTH TO DATE  827                       856    -29      964
  SINCE DEC 1    827                       856    -29      964
  SINCE JUL 1   2423                      2699   -276     2656

 COOLING
  YESTERDAY        0                         0      0        0
  MONTH TO DATE    0                         0      0        0
  SINCE DEC 1      0                         0      0        0
  SINCE JAN 1    375                       268    107      380
..................................................................


WIND (MPH)
  HIGHEST WIND SPEED     6   HIGHEST WIND DIRECTION    NE (60)
  HIGHEST GUST SPEED     7   HIGHEST GUST DIRECTION    NE (40)
  AVERAGE WIND SPEED     1.5


SKY COVER
  POSSIBLE SUNSHINE  MM
  AVERAGE SKY COVER 1.0


WEATHER CONDITIONS
 THE FOLLOWING WEATHER WAS RECORDED YESTERDAY.
  FOG


RELATIVE HUMIDITY (PERCENT)
 HIGHEST    92           200 AM
 LOWEST     81          1000 AM
 AVERAGE    87

..........................................................


THE MILLINOCKET ME CLIMATE NORMALS FOR TODAY
                         NORMAL    RECORD    YEAR
 MAXIMUM TEMPERATURE (F)   28        61      1957
 MINIMUM TEMPERATURE (F)   12       -18      1970


SUNRISE AND SUNSET
DECEMBER 22 2014......SUNRISE   713 AM EST   SUNSET   354 PM EST
DECEMBER 23 2014......SUNRISE   713 AM EST   SUNSET   354 PM EST


-  INDICATES NEGATIVE NUMBERS.
R  INDICATES RECORD WAS SET OR TIED.
MM INDICATES DATA IS MISSING.
T  INDICATES TRACE AMOUNT.




$$
