000
CDUS41 KCAR 012037
CLIMLT


CLIMATE REPORT
NATIONAL WEATHER SERVICE CARIBOU, ME
437 PM EDT FRI AUG 1 2014


...................................

...THE MILLINOCKET ME CLIMATE SUMMARY FOR AUGUST 1 2014...
VALID TODAY AS OF 0400 PM LOCAL TIME.

CLIMATE NORMAL PERIOD 1981 TO 2010
CLIMATE RECORD PERIOD 1903 TO 2014


WEATHER ITEM   OBSERVED TIME   RECORD YEAR NORMAL DEPARTURE LAST
                VALUE   (LST)  VALUE       VALUE  FROM      YEAR
                                                  NORMAL
..................................................................
TEMPERATURE (F)
 TODAY
  MAXIMUM         80    248 PM  91    1908  78      2       82
  MINIMUM         57    219 AM  42    1961  57      0       55
  AVERAGE         69                        68      1       69

PRECIPITATION (IN)
  TODAY            0.00          2.70 1992   0.13  -0.13     0.00
  MONTH TO DATE    0.00                      0.13  -0.13     0.00
  SINCE JUN 1      8.98                      8.05   0.93     9.30
  SINCE JAN 1     22.88                     23.12  -0.24    20.46

SNOWFALL (IN)
  TODAY           MM            MM      MM  MM     MM       MM
  MONTH TO DATE   MM                        MM     MM       MM
  SINCE JUN 1     MM                        MM     MM       MM
  SINCE JUL 1     MM                        MM     MM       MM
  SNOW DEPTH      MM

DEGREE DAYS
 HEATING
  TODAY            0                         1     -1        0
  MONTH TO DATE    0                         1     -1        0
  SINCE JUN 1     85                       141    -56      111
  SINCE JUL 1      9                        25    -16       10

 COOLING
  TODAY            4                         3      1        4
  MONTH TO DATE    4                         3      1        4
  SINCE JUN 1    236                       169     67      278
  SINCE JAN 1    238                       175     63      286
..................................................................


WIND (MPH)
  HIGHEST WIND SPEED     8   HIGHEST WIND DIRECTION    SW (210)
  HIGHEST GUST SPEED    13   HIGHEST GUST DIRECTION    SW (230)
  AVERAGE WIND SPEED     2.1


SKY COVER
  POSSIBLE SUNSHINE  MM
  AVERAGE SKY COVER 0.6


WEATHER CONDITIONS
 THE FOLLOWING WEATHER WAS RECORDED TODAY.
  FOG
  FOG W/VISIBILITY <= 1/4 MILE


RELATIVE HUMIDITY (PERCENT)
 HIGHEST   100           700 AM
 LOWEST     48           200 PM
 AVERAGE    74

..........................................................


THE MILLINOCKET ME CLIMATE NORMALS FOR TOMORROW
                         NORMAL    RECORD    YEAR
 MAXIMUM TEMPERATURE (F)   78        97      1975
 MINIMUM TEMPERATURE (F)   57        36      1916


SUNRISE AND SUNSET
AUGUST  1 2014........SUNRISE   518 AM EDT   SUNSET   803 PM EDT
AUGUST  2 2014........SUNRISE   519 AM EDT   SUNSET   802 PM EDT


-  INDICATES NEGATIVE NUMBERS.
R  INDICATES RECORD WAS SET OR TIED.
MM INDICATES DATA IS MISSING.
T  INDICATES TRACE AMOUNT.




$$
