000
CDUS41 KCAR 300546
CLIMLT


CLIMATE REPORT
NATIONAL WEATHER SERVICE CARIBOU, ME
132 AM EDT SAT APR 30 2016


...................................

...THE MILLINOCKET ME CLIMATE SUMMARY FOR APRIL 29 2016...

CLIMATE NORMAL PERIOD 1981 TO 2010
CLIMATE RECORD PERIOD 1903 TO 2016


WEATHER ITEM   OBSERVED TIME   RECORD YEAR NORMAL DEPARTURE LAST
                VALUE   (LST)  VALUE       VALUE  FROM      YEAR
                                                  NORMAL
..................................................................
TEMPERATURE (F)
 YESTERDAY
  MAXIMUM         55    339 PM  84    1911  58     -3       53
  MINIMUM         19    419 AM  12    1947  37    -18       42
  AVERAGE         37                        48    -11       48

PRECIPITATION (IN)
  YESTERDAY        0.00          3.71 2008   0.10  -0.10     0.02
  MONTH TO DATE    2.80                      3.45  -0.65     2.13
  SINCE MAR 1      6.02                      6.51  -0.49     3.92
  SINCE JAN 1     11.33                     11.62  -0.29     7.15

SNOWFALL (IN)
  YESTERDAY       MM            MM      MM  MM     MM       MM
  MONTH TO DATE    0.0                      MM     MM       MM
  SINCE MAR 1      0.0                      MM     MM       MM
  SINCE JUL 1      0.0                      MM     MM       MM
  SNOW DEPTH      MM

DEGREE DAYS
 HEATING
  YESTERDAY       28                        18     10       17
  MONTH TO DATE  756                       704     52      733
  SINCE MAR 1   1852                      1851      1     1990
  SINCE JUL 1   6816                      7903  -1087     8035

 COOLING
  YESTERDAY        0                         0      0        0
  MONTH TO DATE    0                         0      0        0
  SINCE MAR 1      0                         0      0        0
  SINCE JAN 1      0                         0      0        0
..................................................................


WIND (MPH)
  HIGHEST WIND SPEED    14   HIGHEST WIND DIRECTION    NW (310)
  HIGHEST GUST SPEED    19   HIGHEST GUST DIRECTION     W (290)
  AVERAGE WIND SPEED     2.4


SKY COVER
  POSSIBLE SUNSHINE  MM
  AVERAGE SKY COVER 0.0


WEATHER CONDITIONS
 THE FOLLOWING WEATHER WAS RECORDED YESTERDAY.
  NO SIGNIFICANT WEATHER WAS OBSERVED.


RELATIVE HUMIDITY (PERCENT)
 HIGHEST    77           400 AM
 LOWEST     16           300 PM
 AVERAGE    47

..........................................................


THE MILLINOCKET ME CLIMATE NORMALS FOR TODAY
                         NORMAL    RECORD    YEAR
 MAXIMUM TEMPERATURE (F)   59        84      2004
                                             1911
 MINIMUM TEMPERATURE (F)   37        20      1909


SUNRISE AND SUNSET
APRIL 30 2016.........SUNRISE   523 AM EDT   SUNSET   741 PM EDT
MAY  1 2016...........SUNRISE   522 AM EDT   SUNSET   742 PM EDT


-  INDICATES NEGATIVE NUMBERS.
R  INDICATES RECORD WAS SET OR TIED.
MM INDICATES DATA IS MISSING.
T  INDICATES TRACE AMOUNT.




$$
