000
CDUS41 KCAR 260530
CLIMLT


CLIMATE REPORT
NATIONAL WEATHER SERVICE CARIBOU, ME
127 AM EDT THU MAY 26 2016


...................................

...THE MILLINOCKET ME CLIMATE SUMMARY FOR MAY 25 2016...

CLIMATE NORMAL PERIOD 1981 TO 2010
CLIMATE RECORD PERIOD 1903 TO 2016


WEATHER ITEM   OBSERVED TIME   RECORD YEAR NORMAL DEPARTURE LAST
                VALUE   (LST)  VALUE       VALUE  FROM      YEAR
                                                  NORMAL
..................................................................
TEMPERATURE (F)
 YESTERDAY
  MAXIMUM         79    250 PM  94    1977  68     11       80
  MINIMUM         55   1200 AM  28    1956  45     10       48
  AVERAGE         67                        56     11       64

PRECIPITATION (IN)
  YESTERDAY        T             1.43 1999   0.11  -0.11     0.07
  MONTH TO DATE    2.05                      2.61  -0.56     2.71
  SINCE MAR 1      8.07                      9.23  -1.16     6.63
  SINCE JAN 1     13.38                     14.34  -0.96     9.86

SNOWFALL (IN)
  YESTERDAY       MM            MM      MM  MM     MM       MM
  MONTH TO DATE   MM                        MM     MM       MM
  SINCE MAR 1     MM                        MM     MM       MM
  SINCE JUL 1     MM                        MM     MM       MM
  SNOW DEPTH      MM

DEGREE DAYS
 HEATING
  YESTERDAY        0                         9     -9        1
  MONTH TO DATE  294                       319    -25      231
  SINCE MAR 1   2168                      2188    -20     2238
  SINCE JUL 1   7132                      8240  -1108     8283

 COOLING
  YESTERDAY        2                         0      2        0
  MONTH TO DATE    2                         0      2        1
  SINCE MAR 1      2                         0      2        1
  SINCE JAN 1      2                         0      2        1
..................................................................


WIND (MPH)
  HIGHEST WIND SPEED    12   HIGHEST WIND DIRECTION     W (250)
  HIGHEST GUST SPEED    19   HIGHEST GUST DIRECTION    SW (240)
  AVERAGE WIND SPEED     5.1


SKY COVER
  POSSIBLE SUNSHINE  MM
  AVERAGE SKY COVER 0.6


WEATHER CONDITIONS
 THE FOLLOWING WEATHER WAS RECORDED YESTERDAY.
  THUNDERSTORM
  LIGHT RAIN


RELATIVE HUMIDITY (PERCENT)
 HIGHEST   100           300 AM
 LOWEST     39           300 PM
 AVERAGE    70

..........................................................


THE MILLINOCKET ME CLIMATE NORMALS FOR TODAY
                         NORMAL    RECORD    YEAR
 MAXIMUM TEMPERATURE (F)   68        88      1977
 MINIMUM TEMPERATURE (F)   45        26      1907


SUNRISE AND SUNSET
MAY 26 2016...........SUNRISE   453 AM EDT   SUNSET   812 PM EDT
MAY 27 2016...........SUNRISE   452 AM EDT   SUNSET   813 PM EDT


-  INDICATES NEGATIVE NUMBERS.
R  INDICATES RECORD WAS SET OR TIED.
MM INDICATES DATA IS MISSING.
T  INDICATES TRACE AMOUNT.




$$
