000
CDUS44 KSHV 212144
CLIMLU


CLIMATE REPORT
NATIONAL WEATHER SERVICE SHREVEPORT, LA
443 PM CDT TUE OCT 21 2014


...................................

...THE MONROE CLIMATE SUMMARY FOR OCTOBER 21 2014...
VALID TODAY AS OF 0400 PM LOCAL TIME.

CLIMATE NORMAL PERIOD 1981 TO 2010
CLIMATE RECORD PERIOD 1930 TO 2014


WEATHER ITEM   OBSERVED TIME   RECORD YEAR NORMAL DEPARTURE LAST
                VALUE   (LST)  VALUE       VALUE  FROM      YEAR
                                                  NORMAL
..................................................................
TEMPERATURE (F)
 TODAY
  MAXIMUM         80    259 PM  94    1934  78      2       74
  MINIMUM         52    313 AM  30    1976  51      1       43
  AVERAGE         66                        64      2       59

PRECIPITATION (IN)
  TODAY            0.00          1.54 1990   0.18  -0.18     0.00
  MONTH TO DATE    3.19                      3.22  -0.03     2.86
  SINCE DEC 1     46.93                     47.62  -0.69    42.18
  SINCE JAN 1     43.67                     42.33   1.34    37.45

SNOWFALL (IN)
  TODAY            0.0
  MONTH TO DATE    0.0
  SINCE SEP 1      0.0
  SINCE JUL 1      0.0
  SNOW DEPTH       0

DEGREE DAYS
 HEATING
  TODAY            0                         3     -3        6
  MONTH TO DATE   22                        40    -18       33
  SINCE SEP 1     22                        46    -24       33
  SINCE JUL 1     22                        46    -24       33

 COOLING
  TODAY            1                         3     -2        0
  MONTH TO DATE  122                        97     25      111
  SINCE SEP 1    514                       454     60      564
  SINCE JAN 1   2265                      2461   -196     2409
..................................................................


WIND (MPH)
  HIGHEST WIND SPEED     9   HIGHEST WIND DIRECTION     N (350)
  HIGHEST GUST SPEED    15   HIGHEST GUST DIRECTION    NW (330)
  AVERAGE WIND SPEED     1.7


SKY COVER
  POSSIBLE SUNSHINE  MM
  AVERAGE SKY COVER 0.3


WEATHER CONDITIONS
 THE FOLLOWING WEATHER WAS RECORDED TODAY.
  FOG
  FOG W/VISIBILITY <= 1/4 MILE


RELATIVE HUMIDITY (PERCENT)
 HIGHEST   100           100 AM
 LOWEST     51           300 PM
 AVERAGE    76

..........................................................


THE MONROE CLIMATE NORMALS FOR TOMORROW
                         NORMAL    RECORD    YEAR
 MAXIMUM TEMPERATURE (F)   77        94      1934
 MINIMUM TEMPERATURE (F)   51        36      1960


SUNRISE AND SUNSET
OCTOBER 21 2014.......SUNRISE   717 AM CDT   SUNSET   628 PM CDT
OCTOBER 22 2014.......SUNRISE   717 AM CDT   SUNSET   627 PM CDT


-  INDICATES NEGATIVE NUMBERS.
R  INDICATES RECORD WAS SET OR TIED.
MM INDICATES DATA IS MISSING.
T  INDICATES TRACE AMOUNT.




$$
