000
CDUS44 KSHV 060752
CLIMLU


CLIMATE REPORT
NATIONAL WEATHER SERVICE SHREVEPORT, LA
237 AM CDT MON JUL 6 2015


...................................

...THE MONROE CLIMATE SUMMARY FOR JULY 5 2015...

CLIMATE NORMAL PERIOD 1981 TO 2010
CLIMATE RECORD PERIOD 1930 TO 2015


WEATHER ITEM   OBSERVED TIME   RECORD YEAR NORMAL DEPARTURE LAST
                VALUE   (LST)  VALUE       VALUE  FROM      YEAR
                                                  NORMAL
..................................................................
TEMPERATURE (F)
 YESTERDAY
  MAXIMUM         81   1052 AM 100    1931  94    -13       89
  MINIMUM         67   1157 PM  62    2013  72     -5       63
  AVERAGE         74                        83     -9       76

PRECIPITATION (IN)
  YESTERDAY        0.59          3.13 1995   0.14   0.45     0.00
  MONTH TO DATE    0.82                      0.71   0.11     0.09
  SINCE DEC 1     35.26                     34.73   0.53    33.19
  SINCE JAN 1     30.78                     29.44   1.34    29.93

SNOWFALL (IN)
  YESTERDAY        0.0
  MONTH TO DATE    0.0
  SINCE JUN 1      0.0
  SINCE JUL 1      0.0
  SNOW DEPTH       0

DEGREE DAYS
 HEATING
  YESTERDAY        0                         0      0        0
  MONTH TO DATE    0                         0      0        0
  SINCE JUN 1      0                         0      0        0
  SINCE JUL 1      0                         0      0        0

 COOLING
  YESTERDAY        9                        18     -9       11
  MONTH TO DATE   76                        90    -14       74
  SINCE JUN 1    552                       556     -4      550
  SINCE JAN 1    974                       991    -17      880
..................................................................


WIND (MPH)
  HIGHEST WIND SPEED    25   HIGHEST WIND DIRECTION    NE (60)
  HIGHEST GUST SPEED    34   HIGHEST GUST DIRECTION    NE (60)
  AVERAGE WIND SPEED     5.5


SKY COVER
  POSSIBLE SUNSHINE  MM
  AVERAGE SKY COVER 0.6


WEATHER CONDITIONS
 THE FOLLOWING WEATHER WAS RECORDED YESTERDAY.
  THUNDERSTORM
  HEAVY RAIN
  RAIN
  LIGHT RAIN
  FOG


RELATIVE HUMIDITY (PERCENT)
 HIGHEST   100           200 AM
 LOWEST     79          1200 PM
 AVERAGE    90

..........................................................


THE MONROE CLIMATE NORMALS FOR TODAY
                         NORMAL    RECORD    YEAR
 MAXIMUM TEMPERATURE (F)   94       103      1954
 MINIMUM TEMPERATURE (F)   72        54      1970


SUNRISE AND SUNSET
JULY  6 2015..........SUNRISE   607 AM CDT   SUNSET   819 PM CDT
JULY  7 2015..........SUNRISE   607 AM CDT   SUNSET   819 PM CDT


-  INDICATES NEGATIVE NUMBERS.
R  INDICATES RECORD WAS SET OR TIED.
MM INDICATES DATA IS MISSING.
T  INDICATES TRACE AMOUNT.




$$
