000
CDUS44 KSHV 300844
CLIMLU


CLIMATE REPORT
NATIONAL WEATHER SERVICE SHREVEPORT, LA
244 AM CST FRI JAN 30 2015


...................................

...THE MONROE CLIMATE SUMMARY FOR JANUARY 29 2015...

CLIMATE NORMAL PERIOD 1981 TO 2010
CLIMATE RECORD PERIOD 1930 TO 2015


WEATHER ITEM   OBSERVED TIME   RECORD YEAR NORMAL DEPARTURE LAST
                VALUE   (LST)  VALUE       VALUE  FROM      YEAR
                                                  NORMAL
..................................................................
TEMPERATURE (F)
 YESTERDAY
  MAXIMUM         74    357 PM  80    1975  58     16       38
  MINIMUM         47   1159 PM  16    2014  36     11       16
  AVERAGE         61                        47     14       27

PRECIPITATION (IN)
  YESTERDAY        0.00          1.61 1972   0.17  -0.17     0.00
  MONTH TO DATE    4.91                      4.66   0.25     0.85
  SINCE DEC 1      9.39                      9.95  -0.56     4.11
  SINCE JAN 1      4.91                      4.66   0.25     0.85

SNOWFALL (IN)
  YESTERDAY        0.0
  MONTH TO DATE    T
  SINCE DEC 1      T
  SINCE JUL 1      T
  SNOW DEPTH       0

DEGREE DAYS
 HEATING
  YESTERDAY        4                        18    -14       38
  MONTH TO DATE  603                       544     59      688
  SINCE DEC 1   1066                      1074     -8     1266
  SINCE JUL 1   1540                      1446     94     1746

 COOLING
  YESTERDAY        0                         0      0        0
  MONTH TO DATE    0                         0      0        0
  SINCE DEC 1      1                         7     -6       11
  SINCE JAN 1      0                         0      0        0
..................................................................


WIND (MPH)
  HIGHEST WIND SPEED    28   HIGHEST WIND DIRECTION     N (20)
  HIGHEST GUST SPEED    33   HIGHEST GUST DIRECTION     N (20)
  AVERAGE WIND SPEED    10.9


SKY COVER
  POSSIBLE SUNSHINE  MM
  AVERAGE SKY COVER 0.2


WEATHER CONDITIONS
 THE FOLLOWING WEATHER WAS RECORDED YESTERDAY.
  FOG


RELATIVE HUMIDITY (PERCENT)
 HIGHEST   100           700 AM
 LOWEST     44           400 PM
 AVERAGE    72

..........................................................


THE MONROE CLIMATE NORMALS FOR TODAY
                         NORMAL    RECORD    YEAR
 MAXIMUM TEMPERATURE (F)   59        78      2002
                                             1962
 MINIMUM TEMPERATURE (F)   36        12      1966


SUNRISE AND SUNSET
JANUARY 30 2015.......SUNRISE   704 AM CST   SUNSET   539 PM CST
JANUARY 31 2015.......SUNRISE   703 AM CST   SUNSET   540 PM CST


-  INDICATES NEGATIVE NUMBERS.
R  INDICATES RECORD WAS SET OR TIED.
MM INDICATES DATA IS MISSING.
T  INDICATES TRACE AMOUNT.




$$
