000
CDUS44 KSHV 300803
CLIMLU


CLIMATE REPORT
NATIONAL WEATHER SERVICE SHREVEPORT, LA
257 AM CDT SUN APR 30 2017


...................................

...THE MONROE CLIMATE SUMMARY FOR APRIL 29 2017...

CLIMATE NORMAL PERIOD 1981 TO 2010
CLIMATE RECORD PERIOD 1930 TO 2017


WEATHER ITEM   OBSERVED TIME   RECORD YEAR NORMAL DEPARTURE LAST
                VALUE   (LST)  VALUE       VALUE  FROM      YEAR
                                                  NORMAL
..................................................................
TEMPERATURE (F)
 YESTERDAY
  MAXIMUM         86   1152 AM  92    1970  81      5       79
  MINIMUM         68    516 PM  41    1965  58     10       69
  AVERAGE         77                        70      7       74

PRECIPITATION (IN)
  YESTERDAY        0.07          2.99 1953   0.14  -0.07     0.84
  MONTH TO DATE    4.14                      4.35  -0.21     9.10
  SINCE DEC 1     22.66                     24.00  -1.34    47.28
  SINCE JAN 1     17.83                     18.71  -0.88    40.89

SNOWFALL (IN)
  YESTERDAY        0.0
  MONTH TO DATE    0.0
  SINCE MAR 1      0.0
  SINCE JUL 1      0.2
  SNOW DEPTH       0

DEGREE DAYS
 HEATING
  YESTERDAY        0                         1     -1        0
  MONTH TO DATE   27                        80    -53       34
  SINCE MAR 1    192                       330   -138      166
  SINCE JUL 1   1388                      2224   -836     1594

 COOLING
  YESTERDAY       12                         5      7        9
  MONTH TO DATE  144                        97     47       91
  SINCE MAR 1    235                       129    106      132
  SINCE JAN 1    294                       140    154      140
..................................................................


WIND (MPH)
  HIGHEST WIND SPEED    26   HIGHEST WIND DIRECTION     W (280)
  HIGHEST GUST SPEED    36   HIGHEST GUST DIRECTION     S (180)
  AVERAGE WIND SPEED    11.2


SKY COVER
  POSSIBLE SUNSHINE  MM
  AVERAGE SKY COVER 0.9


WEATHER CONDITIONS
 THE FOLLOWING WEATHER WAS RECORDED YESTERDAY.
  THUNDERSTORM
  LIGHT RAIN
  FOG
  HAZE


RELATIVE HUMIDITY (PERCENT)
 HIGHEST    90           600 PM
 LOWEST     65          1100 AM
 AVERAGE    78

..........................................................


THE MONROE CLIMATE NORMALS FOR TODAY
                         NORMAL    RECORD    YEAR
 MAXIMUM TEMPERATURE (F)   82        93      1987
 MINIMUM TEMPERATURE (F)   58        41      1965


SUNRISE AND SUNSET
APRIL 30 2017.........SUNRISE   622 AM CDT   SUNSET   749 PM CDT
MAY  1 2017...........SUNRISE   621 AM CDT   SUNSET   750 PM CDT


-  INDICATES NEGATIVE NUMBERS.
R  INDICATES RECORD WAS SET OR TIED.
MM INDICATES DATA IS MISSING.
T  INDICATES TRACE AMOUNT.




$$
