000
CDUS44 KSHV 270739
CLIMLU


CLIMATE REPORT
NATIONAL WEATHER SERVICE SHREVEPORT, LA
234 AM CDT SAT AUG 27 2016


...................................

...THE MONROE CLIMATE SUMMARY FOR AUGUST 26 2016...

CLIMATE NORMAL PERIOD 1981 TO 2010
CLIMATE RECORD PERIOD 1930 TO 2016


WEATHER ITEM   OBSERVED TIME   RECORD YEAR NORMAL DEPARTURE LAST
                VALUE   (LST)  VALUE       VALUE  FROM      YEAR
                                                  NORMAL
..................................................................
TEMPERATURE (F)
 YESTERDAY
  MAXIMUM         93    412 PM 102    2000  94     -1       94
  MINIMUM         74   1159 PM  54    1966  70      4       60
  AVERAGE         84                        82      2       77

PRECIPITATION (IN)
  YESTERDAY        0.00          1.47 1992   0.11  -0.11     0.00
  MONTH TO DATE    5.25                      2.64   2.61     0.41
  SINCE DEC 1     66.54                     40.23  26.31    36.06
  SINCE JAN 1     60.15                     34.94  25.21    31.58

SNOWFALL (IN)
  YESTERDAY        0.0
  MONTH TO DATE    0.0
  SINCE JUN 1      0.0
  SINCE JUL 1      0.0
  SNOW DEPTH       0

DEGREE DAYS
 HEATING
  YESTERDAY        0                         0      0        0
  MONTH TO DATE    0                         0      0        0
  SINCE JUN 1      0                         0      0        0
  SINCE JUL 1      0                         0      0        0

 COOLING
  YESTERDAY       19                        17      2       12
  MONTH TO DATE  485                       463     22      492
  SINCE JUN 1   1575                      1488     87     1582
  SINCE JAN 1   1956                      1923     33     2004
..................................................................


WIND (MPH)
  HIGHEST WIND SPEED     9   HIGHEST WIND DIRECTION    SE (130)
  HIGHEST GUST SPEED    16   HIGHEST GUST DIRECTION    SE (130)
  AVERAGE WIND SPEED     3.0


SKY COVER
  POSSIBLE SUNSHINE  MM
  AVERAGE SKY COVER 0.5


WEATHER CONDITIONS
 THE FOLLOWING WEATHER WAS RECORDED YESTERDAY.
  NO SIGNIFICANT WEATHER WAS OBSERVED.


RELATIVE HUMIDITY (PERCENT)
 HIGHEST   100           100 AM
 LOWEST     52           400 PM
 AVERAGE    76

..........................................................


THE MONROE CLIMATE NORMALS FOR TODAY
                         NORMAL    RECORD    YEAR
 MAXIMUM TEMPERATURE (F)   94       101      2000
 MINIMUM TEMPERATURE (F)   70        58      1966


SUNRISE AND SUNSET
AUGUST 27 2016........SUNRISE   640 AM CDT   SUNSET   738 PM CDT
AUGUST 28 2016........SUNRISE   641 AM CDT   SUNSET   737 PM CDT


-  INDICATES NEGATIVE NUMBERS.
R  INDICATES RECORD WAS SET OR TIED.
MM INDICATES DATA IS MISSING.
T  INDICATES TRACE AMOUNT.




$$
