434
CDUS44 KSHV 302137
CLIMLU


CLIMATE REPORT
NATIONAL WEATHER SERVICE SHREVEPORT, LA
431 PM CDT MON MAY 30 2016


...................................

...THE MONROE CLIMATE SUMMARY FOR MAY 30 2016...
VALID TODAY AS OF 0400 PM LOCAL TIME.

CLIMATE NORMAL PERIOD 1981 TO 2010
CLIMATE RECORD PERIOD 1930 TO 2016


WEATHER ITEM   OBSERVED TIME   RECORD YEAR NORMAL DEPARTURE LAST
                VALUE   (LST)  VALUE       VALUE  FROM      YEAR
                                                  NORMAL
..................................................................
TEMPERATURE (F)
 TODAY
  MAXIMUM         91    200 PM  98    1977  89      2       84
  MINIMUM         67    449 AM  50    1984  67      0       69
  AVERAGE         79                        78      1       77

PRECIPITATION (IN)
  TODAY            0.00          1.62 1968   0.16  -0.16     0.56
  MONTH TO DATE    2.41                      5.03  -2.62     7.89
  SINCE DEC 1     50.11                     29.18  20.93    30.84
  SINCE JAN 1     43.72                     23.89  19.83    26.36

DEGREE DAYS
 HEATING
  TODAY            0                         0      0        0
  MONTH TO DATE    1                         3     -2        3
  SINCE MAR 1    167                       333   -166      311
  SINCE JUL 1   1595                      2227   -632     2515

 COOLING
  TODAY           14                        13      1       12
  MONTH TO DATE  217                       276    -59      267
  SINCE MAR 1    358                       412    -54      411
  SINCE JAN 1    366                       423    -57      411
..................................................................


WIND (MPH)
  HIGHEST WIND SPEED    13   HIGHEST WIND DIRECTION     S (190)
  HIGHEST GUST SPEED    16   HIGHEST GUST DIRECTION     S (190)
  AVERAGE WIND SPEED     3.1


SKY COVER
  POSSIBLE SUNSHINE  MM
  AVERAGE SKY COVER 0.1


WEATHER CONDITIONS
 THE FOLLOWING WEATHER WAS RECORDED TODAY.
  THUNDERSTORM


RELATIVE HUMIDITY (PERCENT)
 HIGHEST    93           400 AM
 LOWEST     52           200 PM
 AVERAGE    73

..........................................................


THE MONROE CLIMATE NORMALS FOR TOMORROW
                         NORMAL    RECORD    YEAR
 MAXIMUM TEMPERATURE (F)   89       104      1998
 MINIMUM TEMPERATURE (F)   67        50      1984


SUNRISE AND SUNSET
MAY 30 2016...........SUNRISE   602 AM CDT   SUNSET   810 PM CDT
MAY 31 2016...........SUNRISE   602 AM CDT   SUNSET   810 PM CDT


-  INDICATES NEGATIVE NUMBERS.
R  INDICATES RECORD WAS SET OR TIED.
MM INDICATES DATA IS MISSING.
T  INDICATES TRACE AMOUNT.




$$
