827
CDUS44 KSHV 260733
CLIMLU


CLIMATE REPORT
NATIONAL WEATHER SERVICE SHREVEPORT, LA
232 AM CDT TUE SEP 26 2017


...................................

...THE MONROE CLIMATE SUMMARY FOR SEPTEMBER 25 2017...

CLIMATE NORMAL PERIOD 1981 TO 2010
CLIMATE RECORD PERIOD 1930 TO 2017


WEATHER ITEM   OBSERVED TIME   RECORD YEAR NORMAL DEPARTURE LAST
                VALUE   (LST)  VALUE       VALUE  FROM      YEAR
                                                  NORMAL
..................................................................
TEMPERATURE (F)
 YESTERDAY
  MAXIMUM         91    336 PM 101    1931  86      5       94
  MINIMUM         66    554 AM  46    1975  61      5       68
  AVERAGE         79                        74      5       81

PRECIPITATION (IN)
  YESTERDAY        0.00          2.14 1985   0.13  -0.13     0.00
  MONTH TO DATE    0.37                      2.97  -2.60     0.28
  SINCE DEC 1     52.36                     43.74   8.62    66.82
  SINCE JAN 1     47.53                     38.45   9.08    60.43

SNOWFALL (IN)
  YESTERDAY        0.0
  MONTH TO DATE    0.0
  SINCE SEP 1      0.0
  SINCE JUL 1      0.0
  SNOW DEPTH       0

DEGREE DAYS
 HEATING
  YESTERDAY        0                         0      0        0
  MONTH TO DATE    0                         0      0        0
  SINCE SEP 1      0                         0      0        0
  SINCE JUL 1      0                         0      0        0

 COOLING
  YESTERDAY       14                         9      5       16
  MONTH TO DATE  292                       319    -27      419
  SINCE SEP 1    292                       319    -27      419
  SINCE JAN 1   2319                      2326     -7     2473
..................................................................


WIND (MPH)
  HIGHEST WIND SPEED    13   HIGHEST WIND DIRECTION     E (70)
  HIGHEST GUST SPEED    18   HIGHEST GUST DIRECTION     E (70)
  AVERAGE WIND SPEED     2.0


SKY COVER
  POSSIBLE SUNSHINE  MM
  AVERAGE SKY COVER 0.1


WEATHER CONDITIONS
 THE FOLLOWING WEATHER WAS RECORDED YESTERDAY.
  FOG
  HAZE


RELATIVE HUMIDITY (PERCENT)
 HIGHEST   100           400 AM
 LOWEST     44           400 PM
 AVERAGE    72

..........................................................


THE MONROE CLIMATE NORMALS FOR TODAY
                         NORMAL    RECORD    YEAR
 MAXIMUM TEMPERATURE (F)   86       100      1910
 MINIMUM TEMPERATURE (F)   60        42      1975


SUNRISE AND SUNSET
SEPTEMBER 26 2017.....SUNRISE   659 AM CDT   SUNSET   659 PM CDT
SEPTEMBER 27 2017.....SUNRISE   700 AM CDT   SUNSET   658 PM CDT


-  INDICATES NEGATIVE NUMBERS.
R  INDICATES RECORD WAS SET OR TIED.
MM INDICATES DATA IS MISSING.
T  INDICATES TRACE AMOUNT.




$$
