000
CDUS44 KSHV 230835
CLIMLU


CLIMATE REPORT
NATIONAL WEATHER SERVICE SHREVEPORT, LA
234 AM CST SUN NOV 23 2014


...................................

...THE MONROE CLIMATE SUMMARY FOR NOVEMBER 22 2014...

CLIMATE NORMAL PERIOD 1981 TO 2010
CLIMATE RECORD PERIOD 1930 TO 2014


WEATHER ITEM   OBSERVED TIME   RECORD YEAR NORMAL DEPARTURE LAST
                VALUE   (LST)  VALUE       VALUE  FROM      YEAR
                                                  NORMAL
..................................................................
TEMPERATURE (F)
 YESTERDAY
  MAXIMUM         71    104 PM  80    2010  66      5       68
                                      1999
  MINIMUM         55    652 AM  24    1964  43     12       50
  AVERAGE         63                        54      9       59

PRECIPITATION (IN)
  YESTERDAY        T             2.65 1979   0.16  -0.16     1.56
  MONTH TO DATE    2.53                      3.44  -0.91     2.62
  SINCE DEC 1     50.18                     52.62  -2.44    49.50
  SINCE JAN 1     46.92                     47.33  -0.41    44.77

SNOWFALL (IN)
  YESTERDAY        0.0
  MONTH TO DATE    0.0
  SINCE SEP 1      0.0
  SINCE JUL 1      0.0
  SNOW DEPTH       0

DEGREE DAYS
 HEATING
  YESTERDAY        2                        11     -9        6
  MONTH TO DATE  329                       181    148      207
  SINCE SEP 1    382                       271    111      273
  SINCE JUL 1    382                       271    111      273

 COOLING
  YESTERDAY        0                         0      0        0
  MONTH TO DATE    2                        22    -20       13
  SINCE SEP 1    529                       499     30      588
  SINCE JAN 1   2280                      2506   -226     2433
..................................................................


WIND (MPH)
  HIGHEST WIND SPEED    15   HIGHEST WIND DIRECTION     S (160)
  HIGHEST GUST SPEED    22   HIGHEST GUST DIRECTION     S (170)
  AVERAGE WIND SPEED     5.9


SKY COVER
  POSSIBLE SUNSHINE  MM
  AVERAGE SKY COVER 0.5


WEATHER CONDITIONS
 THE FOLLOWING WEATHER WAS RECORDED YESTERDAY.
  LIGHT RAIN


RELATIVE HUMIDITY (PERCENT)
 HIGHEST    80           400 AM
 LOWEST     57          1200 PM
 AVERAGE    69

..........................................................


THE MONROE CLIMATE NORMALS FOR TODAY
                         NORMAL    RECORD    YEAR
 MAXIMUM TEMPERATURE (F)   66        84      2010
                                             1973
 MINIMUM TEMPERATURE (F)   42        25      1964


SUNRISE AND SUNSET
NOVEMBER 23 2014......SUNRISE   645 AM CST   SUNSET   504 PM CST
NOVEMBER 24 2014......SUNRISE   646 AM CST   SUNSET   504 PM CST


-  INDICATES NEGATIVE NUMBERS.
R  INDICATES RECORD WAS SET OR TIED.
MM INDICATES DATA IS MISSING.
T  INDICATES TRACE AMOUNT.




$$
