000
CDUS46 KMFR 191142
CLIMMV


CLIMATE REPORT
NATIONAL WEATHER SERVICE PORTLAND OREGON
441 AM PDT SAT APR 19 2014


...................................

...THE MCMINNVILLE OR CLIMATE SUMMARY FOR APRIL 18 2014...

CLIMATE NORMAL PERIOD 1981 TO 2010
CLIMATE RECORD PERIOD 1894 TO 2014


WEATHER ITEM   OBSERVED TIME   RECORD YEAR NORMAL DEPARTURE LAST
                VALUE   (LST)  VALUE       VALUE  FROM      YEAR
                                                  NORMAL
..................................................................
TEMPERATURE (F)
 YESTERDAY
  MAXIMUM         61    413 PM  80    1939  61      0       60
  MINIMUM         34    501 AM  28    1972  39     -5       46
  AVERAGE         48                        50     -2       53

PRECIPITATION (IN)
  YESTERDAY        0.00          0.69 1919   0.09  -0.09      T
  MONTH TO DATE    1.22                      1.93  -0.71     1.58
  SINCE OCT 1     21.79                     32.53 -10.74    27.32
  SINCE JAN 1     16.83                     16.50   0.33     6.18

DEGREE DAYS
 HEATING
  YESTERDAY       17                        15      2       12
  MONTH TO DATE  228                       284    -56      274
  SINCE JUL 1   4159                      4235    -76     3890

 COOLING
  YESTERDAY        0                         0      0        0
  MONTH TO DATE    0                         0      0        0
  SINCE JAN 1      0                         0      0        0
..................................................................


WIND (MPH)
  HIGHEST WIND SPEED    12   HIGHEST WIND DIRECTION    NE (50)
  HIGHEST GUST SPEED    17   HIGHEST GUST DIRECTION    NE (40)
  AVERAGE WIND SPEED     3.9


SKY COVER
  POSSIBLE SUNSHINE  MM
  AVERAGE SKY COVER 0.2


WEATHER CONDITIONS
 THE FOLLOWING WEATHER WAS RECORDED YESTERDAY.
  FOG


RELATIVE HUMIDITY (PERCENT)
 HIGHEST   100          1200 AM
 LOWEST     39           300 PM
 AVERAGE    70

..........................................................


THE MCMINNVILLE OR CLIMATE NORMALS FOR TODAY
                         NORMAL    RECORD    YEAR
 MAXIMUM TEMPERATURE (F)   61        81      1956
 MINIMUM TEMPERATURE (F)   39        27      1977


SUNRISE AND SUNSET
APRIL 19 2014.........SUNRISE   520 AM PST   SUNSET   704 PM PST
APRIL 20 2014.........SUNRISE   519 AM PST   SUNSET   705 PM PST


-  INDICATES NEGATIVE NUMBERS.
R  INDICATES RECORD WAS SET OR TIED.
MM INDICATES DATA IS MISSING.
T  INDICATES TRACE AMOUNT.




$$
