000
CDUS46 KPQR 161141
CLIMMV


CLIMATE REPORT
NATIONAL WEATHER SERVICE PORTLAND OREGON
341 AM PST MON JAN 16 2017


...................................

...THE MCMINNVILLE OR CLIMATE SUMMARY FOR JANUARY 15 2017...

CLIMATE NORMAL PERIOD 1981 TO 2010
CLIMATE RECORD PERIOD 1894 TO 2017


WEATHER ITEM   OBSERVED TIME   RECORD YEAR NORMAL DEPARTURE LAST
                VALUE   (LST)  VALUE       VALUE  FROM      YEAR
                                                  NORMAL
..................................................................
TEMPERATURE (F)
 YESTERDAY
  MAXIMUM         34    254 PM  65    1958  48    -14       51
  MINIMUM         12    651 AM   9    1911  34    -22       38
  AVERAGE         23                        41    -18       45

PRECIPITATION (IN)
  YESTERDAY        0.00          1.43 1937   0.19  -0.19     0.17
  MONTH TO DATE    1.68                      3.20  -1.52     3.43
  SINCE OCT 1     25.49                     19.23   6.26    28.50
  SINCE JAN 1      1.68                      3.20  -1.52     3.43

DEGREE DAYS
 HEATING
  YESTERDAY       42                        24     18       20
  MONTH TO DATE  530                       372    158      383
  SINCE JUL 1   2299                      2377    -78     1998

 COOLING
  YESTERDAY        0                         0      0        0
  MONTH TO DATE    0                         0      0        0
  SINCE JAN 1      0                         0      0        0
..................................................................


WIND (MPH)
  HIGHEST WIND SPEED    10   HIGHEST WIND DIRECTION    SE (140)
  HIGHEST GUST SPEED    11   HIGHEST GUST DIRECTION    SE (130)
  AVERAGE WIND SPEED     0.4


SKY COVER
  POSSIBLE SUNSHINE  MM
  AVERAGE SKY COVER 0.0


WEATHER CONDITIONS
 THE FOLLOWING WEATHER WAS RECORDED YESTERDAY.
  FOG


RELATIVE HUMIDITY (PERCENT)
 HIGHEST    96           600 AM
 LOWEST     56           300 PM
 AVERAGE    76

..........................................................


THE MCMINNVILLE OR CLIMATE NORMALS FOR TODAY
                         NORMAL    RECORD    YEAR
 MAXIMUM TEMPERATURE (F)   48        64      1958
 MINIMUM TEMPERATURE (F)   34        18      1930


SUNRISE AND SUNSET
JANUARY 16 2017.......SUNRISE   747 AM PST   SUNSET   458 PM PST
JANUARY 17 2017.......SUNRISE   746 AM PST   SUNSET   500 PM PST


-  INDICATES NEGATIVE NUMBERS.
R  INDICATES RECORD WAS SET OR TIED.
MM INDICATES DATA IS MISSING.
T  INDICATES TRACE AMOUNT.




$$
