270
CDUS46 KPQR 191142
CLIMMV


CLIMATE REPORT
NATIONAL WEATHER SERVICE PORTLAND OREGON
442 AM PDT TUE SEP 19 2017


...................................

...THE MCMINNVILLE OR CLIMATE SUMMARY FOR SEPTEMBER 18 2017...

CLIMATE NORMAL PERIOD 1981 TO 2010
CLIMATE RECORD PERIOD 1894 TO 2017


WEATHER ITEM   OBSERVED TIME   RECORD YEAR NORMAL DEPARTURE LAST
                VALUE   (LST)  VALUE       VALUE  FROM      YEAR
                                                  NORMAL
..................................................................
TEMPERATURE (F)
 YESTERDAY
  MAXIMUM         62   1057 AM  95    1922  76    -14       75
  MINIMUM         51    734 PM  35    1988  47      4       50
  AVERAGE         57                        61     -4       63

PRECIPITATION (IN)
  YESTERDAY        0.51          1.50 1921   0.04   0.47      T
  MONTH TO DATE    0.67                      0.67   0.00     0.41
  SINCE OCT 1     54.18                     39.03  15.15    50.28
  SINCE JAN 1     30.37                     23.00   7.37    25.21

DEGREE DAYS
 HEATING
  YESTERDAY        8                         4      4        2
  MONTH TO DATE   23                        55    -32       49
  SINCE JUL 1     32                       140   -108       85

 COOLING
  YESTERDAY        0                         1     -1        0
  MONTH TO DATE   97                        26     71        8
  SINCE JAN 1    493                       210    283      357
..................................................................


WIND (MPH)
  HIGHEST WIND SPEED    21   HIGHEST WIND DIRECTION     W (260)
  HIGHEST GUST SPEED    26   HIGHEST GUST DIRECTION    SW (230)
  AVERAGE WIND SPEED     9.3


SKY COVER
  POSSIBLE SUNSHINE  MM
  AVERAGE SKY COVER 0.7


WEATHER CONDITIONS
 THE FOLLOWING WEATHER WAS RECORDED YESTERDAY.
  HEAVY RAIN
  RAIN
  LIGHT RAIN
  FOG


RELATIVE HUMIDITY (PERCENT)
 HIGHEST   100           300 AM
 LOWEST     78           100 PM
 AVERAGE    89

..........................................................


THE MCMINNVILLE OR CLIMATE NORMALS FOR TODAY
                         NORMAL    RECORD    YEAR
 MAXIMUM TEMPERATURE (F)   75        94      1952
 MINIMUM TEMPERATURE (F)   47        31      1904


SUNRISE AND SUNSET
SEPTEMBER 19 2017.....SUNRISE   556 AM PST   SUNSET   615 PM PST
SEPTEMBER 20 2017.....SUNRISE   558 AM PST   SUNSET   613 PM PST


-  INDICATES NEGATIVE NUMBERS.
R  INDICATES RECORD WAS SET OR TIED.
MM INDICATES DATA IS MISSING.
T  INDICATES TRACE AMOUNT.




$$
