000
CDUS46 KPQR 240026
CLIMMV


CLIMATE REPORT
NATIONAL WEATHER SERVICE PORTLAND OREGON
425 PM PST THU NOV 23 2017


...................................

...THE MCMINNVILLE OR CLIMATE SUMMARY FOR NOVEMBER 23 2017...
VALID TODAY AS OF 0400 PM LOCAL TIME.

CLIMATE NORMAL PERIOD 1981 TO 2010
CLIMATE RECORD PERIOD 1894 TO 2017


WEATHER ITEM   OBSERVED TIME   RECORD YEAR NORMAL DEPARTURE LAST
                VALUE   (LST)  VALUE       VALUE  FROM      YEAR
                                                  NORMAL
..................................................................
TEMPERATURE (F)
 TODAY
  MAXIMUM         62   1215 PM  80    1923  50     12       50
  MINIMUM         54    359 PM  18    1985  37     17       44
  AVERAGE         58                        44     14       47

PRECIPITATION (IN)
  TODAY            0.28                      0.25   0.03     0.44
  MONTH TO DATE    7.03                      4.86   2.17     4.18
  SINCE OCT 1     11.16                      8.01   3.15    14.30
  SINCE JAN 1     42.90                     31.72  11.18    39.57

DEGREE DAYS
 HEATING
  TODAY            7                                        18
  MONTH TO DATE  376                                       312
  SINCE SEP 1    809                                       735
  SINCE JUL 1    818                                       771

 COOLING
  TODAY            0                                         0
  MONTH TO DATE    0                                         0
  SINCE SEP 1    111                                        14
  SINCE JAN 1    507                                       363
..................................................................


WIND (MPH)
  HIGHEST WIND SPEED    22   HIGHEST WIND DIRECTION     W (250)
  HIGHEST GUST SPEED    29   HIGHEST GUST DIRECTION     W (270)
  AVERAGE WIND SPEED    11.3


SKY COVER
  POSSIBLE SUNSHINE  MM
  AVERAGE SKY COVER 0.9


WEATHER CONDITIONS
 THE FOLLOWING WEATHER WAS RECORDED TODAY.
  RAIN
  LIGHT RAIN
  FOG


RELATIVE HUMIDITY (PERCENT)
 HIGHEST   100          1200 AM
 LOWEST     78          1200 PM
 AVERAGE    89

..........................................................


THE MCMINNVILLE OR CLIMATE NORMALS FOR TOMORROW
                         NORMAL    RECORD    YEAR
 MAXIMUM TEMPERATURE (F)   50        67      1936
 MINIMUM TEMPERATURE (F)   37        16      1985


SUNRISE AND SUNSET
NOVEMBER 23 2017......SUNRISE   722 AM PST   SUNSET   436 PM PST
NOVEMBER 24 2017......SUNRISE   723 AM PST   SUNSET   435 PM PST


-  INDICATES NEGATIVE NUMBERS.
R  INDICATES RECORD WAS SET OR TIED.
MM INDICATES DATA IS MISSING.
T  INDICATES TRACE AMOUNT.




$$
