000
CDUS46 KPQR 271143
CLIMMV


CLIMATE REPORT
NATIONAL WEATHER SERVICE PORTLAND OREGON
442 AM PDT WED MAY 27 2015


...................................

...THE MCMINNVILLE OR CLIMATE SUMMARY FOR MAY 26 2015...

CLIMATE NORMAL PERIOD 1981 TO 2010
CLIMATE RECORD PERIOD 1894 TO 2015


WEATHER ITEM   OBSERVED TIME   RECORD YEAR NORMAL DEPARTURE LAST
                VALUE   (LST)  VALUE       VALUE  FROM      YEAR
                                                  NORMAL
..................................................................
TEMPERATURE (F)
 YESTERDAY
  MAXIMUM         72    449 PM  91    2005  69      3       69
  MINIMUM         54   1159 PM  32    1940  45      9       49
  AVERAGE         63                        57      6       59

PRECIPITATION (IN)
  YESTERDAY        0.00          0.55 1953   0.08  -0.08     0.00
  MONTH TO DATE    0.89                      1.89  -1.00     1.77
  SINCE OCT 1     31.77                     35.40  -3.63    25.76
  SINCE JAN 1     15.53                     19.37  -3.84    20.80

DEGREE DAYS
 HEATING
  YESTERDAY        2                         8     -6        6
  MONTH TO DATE  182                       264    -82      159
  SINCE JUL 1   3528                      4662  -1134     4478

 COOLING
  YESTERDAY        0                         0      0        0
  MONTH TO DATE    0                         0      0       16
  SINCE JAN 1      0                         0      0       20
..................................................................


WIND (MPH)
  HIGHEST WIND SPEED     9   HIGHEST WIND DIRECTION    NE (40)
  HIGHEST GUST SPEED    12   HIGHEST GUST DIRECTION     N (10)
  AVERAGE WIND SPEED     2.9


SKY COVER
  POSSIBLE SUNSHINE  MM
  AVERAGE SKY COVER 0.8


WEATHER CONDITIONS
 THE FOLLOWING WEATHER WAS RECORDED YESTERDAY.
  NO SIGNIFICANT WEATHER WAS OBSERVED.


RELATIVE HUMIDITY (PERCENT)
 HIGHEST    89           200 AM
 LOWEST     49           500 PM
 AVERAGE    69

..........................................................


THE MCMINNVILLE OR CLIMATE NORMALS FOR TODAY
                         NORMAL    RECORD    YEAR
 MAXIMUM TEMPERATURE (F)   69        91      2005
 MINIMUM TEMPERATURE (F)   45        28      1966


SUNRISE AND SUNSET
MAY 27 2015...........SUNRISE   432 AM PST   SUNSET   748 PM PST
MAY 28 2015...........SUNRISE   431 AM PST   SUNSET   749 PM PST


-  INDICATES NEGATIVE NUMBERS.
R  INDICATES RECORD WAS SET OR TIED.
MM INDICATES DATA IS MISSING.
T  INDICATES TRACE AMOUNT.




$$
