000
CDUS46 KPQR 271146
CLIMMV


CLIMATE REPORT
NATIONAL WEATHER SERVICE PORTLAND OREGON
445 AM PDT THU JUL 27 2017


...................................

...THE MCMINNVILLE OR CLIMATE SUMMARY FOR JULY 26 2017...

CLIMATE NORMAL PERIOD 1981 TO 2010
CLIMATE RECORD PERIOD 1894 TO 2017


WEATHER ITEM   OBSERVED TIME   RECORD YEAR NORMAL DEPARTURE LAST
                VALUE   (LST)  VALUE       VALUE  FROM      YEAR
                                                  NORMAL
..................................................................
TEMPERATURE (F)
 YESTERDAY
  MAXIMUM         89    423 PM 104    1939  83      6       87
  MINIMUM         55    428 AM  39    1969  52      3       54
  AVERAGE         72                        68      4       71

PRECIPITATION (IN)
  YESTERDAY        0.00          0.49 1978   0.01  -0.01     0.00
  MONTH TO DATE    0.01                      0.46  -0.45     0.35
  SINCE OCT 1     53.32                     37.74  15.58    49.54
  SINCE JAN 1     29.51                     21.71   7.80    24.47

DEGREE DAYS
 HEATING
  YESTERDAY        0                         1     -1        0
  MONTH TO DATE    5                        40    -35       17
  SINCE JUL 1      5                        40    -35       17

 COOLING
  YESTERDAY        7                         3      4        6
  MONTH TO DATE   91                        62     29       51
  SINCE JAN 1    171                        84     87      142
..................................................................


WIND (MPH)
  HIGHEST WIND SPEED    15   HIGHEST WIND DIRECTION    SW (240)
  HIGHEST GUST SPEED    19   HIGHEST GUST DIRECTION    SW (240)
  AVERAGE WIND SPEED     5.4


SKY COVER
  POSSIBLE SUNSHINE  MM
  AVERAGE SKY COVER 0.0


WEATHER CONDITIONS
 THE FOLLOWING WEATHER WAS RECORDED YESTERDAY.
  NO SIGNIFICANT WEATHER WAS OBSERVED.


RELATIVE HUMIDITY (PERCENT)
 HIGHEST    86           500 AM
 LOWEST     29           300 PM
 AVERAGE    58

..........................................................


THE MCMINNVILLE OR CLIMATE NORMALS FOR TODAY
                         NORMAL    RECORD    YEAR
 MAXIMUM TEMPERATURE (F)   83       105      1958
 MINIMUM TEMPERATURE (F)   52        35      1956


SUNRISE AND SUNSET
JULY 27 2017..........SUNRISE   452 AM PST   SUNSET   745 PM PST
JULY 28 2017..........SUNRISE   453 AM PST   SUNSET   744 PM PST


-  INDICATES NEGATIVE NUMBERS.
R  INDICATES RECORD WAS SET OR TIED.
MM INDICATES DATA IS MISSING.
T  INDICATES TRACE AMOUNT.




$$
