250
CDUS46 KPQR 281142
CLIMMV


CLIMATE REPORT
NATIONAL WEATHER SERVICE PORTLAND OREGON
441 AM PDT SUN AUG 28 2016


...................................

...THE MCMINNVILLE OR CLIMATE SUMMARY FOR AUGUST 27 2016...

CLIMATE NORMAL PERIOD 1981 TO 2010
CLIMATE RECORD PERIOD 1894 TO 2016


WEATHER ITEM   OBSERVED TIME   RECORD YEAR NORMAL DEPARTURE LAST
                VALUE   (LST)  VALUE       VALUE  FROM      YEAR
                                                  NORMAL
..................................................................
TEMPERATURE (F)
 YESTERDAY
  MAXIMUM         84    307 PM 100    1922  81      3       88
  MINIMUM         57   1159 PM  33    1957  50      7       52
  AVERAGE         71                        65      6       70

PRECIPITATION (IN)
  YESTERDAY        0.00          0.40 1920   0.03  -0.03     0.00
  MONTH TO DATE    0.26                      0.47  -0.21      T
  SINCE OCT 1     49.80                     38.25  11.55    32.44
  SINCE JAN 1     24.73                     22.22   2.51    16.20

DEGREE DAYS
 HEATING
  YESTERDAY        0                         2     -2        0
  MONTH TO DATE   16                        31    -15        0
  SINCE JUL 1     33                        75    -42        5

 COOLING
  YESTERDAY        6                         2      4        5
  MONTH TO DATE  163                        73     90      139
  SINCE JAN 1    343                       173    170      485
..................................................................


WIND (MPH)
  HIGHEST WIND SPEED    21   HIGHEST WIND DIRECTION     W (250)
  HIGHEST GUST SPEED    25   HIGHEST GUST DIRECTION    SW (240)
  AVERAGE WIND SPEED     9.0


SKY COVER
  POSSIBLE SUNSHINE  MM
  AVERAGE SKY COVER 0.0


WEATHER CONDITIONS
 THE FOLLOWING WEATHER WAS RECORDED YESTERDAY.
  NO SIGNIFICANT WEATHER WAS OBSERVED.


RELATIVE HUMIDITY (PERCENT)
 HIGHEST    80          1000 PM
 LOWEST     40           200 PM
 AVERAGE    60

..........................................................


THE MCMINNVILLE OR CLIMATE NORMALS FOR TODAY
                         NORMAL    RECORD    YEAR
 MAXIMUM TEMPERATURE (F)   81       103      1923
 MINIMUM TEMPERATURE (F)   50        36      1957


SUNRISE AND SUNSET
AUGUST 28 2016........SUNRISE   530 AM PST   SUNSET   656 PM PST
AUGUST 29 2016........SUNRISE   531 AM PST   SUNSET   654 PM PST


-  INDICATES NEGATIVE NUMBERS.
R  INDICATES RECORD WAS SET OR TIED.
MM INDICATES DATA IS MISSING.
T  INDICATES TRACE AMOUNT.




$$
