932
CDUS46 KPQR 252320
CLIMMV


CLIMATE REPORT
NATIONAL WEATHER SERVICE PORTLAND OREGON
420 PM PDT THU MAY 25 2017


...................................

...THE MCMINNVILLE OR CLIMATE SUMMARY FOR MAY 25 2017...
VALID TODAY AS OF 0400 PM LOCAL TIME.

CLIMATE NORMAL PERIOD 1981 TO 2010
CLIMATE RECORD PERIOD 1894 TO 2017


WEATHER ITEM   OBSERVED TIME   RECORD YEAR NORMAL DEPARTURE LAST
                VALUE   (LST)  VALUE       VALUE  FROM      YEAR
                                                  NORMAL
..................................................................
TEMPERATURE (F)
 TODAY
  MAXIMUM         73    259 PM  96    1928  69      4       67
  MINIMUM         45    259 AM  31    1975  45      0       50
  AVERAGE         59                        57      2       59

PRECIPITATION (IN)
  TODAY            0.00                      0.08  -0.08     0.00
  MONTH TO DATE    1.94                      1.81   0.13     0.74
  SINCE OCT 1     52.45                     35.32  17.13    47.50
  SINCE JAN 1     28.64                     19.29   9.35    22.43

DEGREE DAYS
 HEATING
  TODAY            6                                         6
  MONTH TO DATE  211                                       136
  SINCE MAR 1   1198                                       905
  SINCE JUL 1   4494                                      3665

 COOLING
  TODAY            0                                         0
  MONTH TO DATE   20                                         5
  SINCE MAR 1     20                                        16
  SINCE JAN 1     20                                        16
..................................................................


WIND (MPH)
  HIGHEST WIND SPEED    16   HIGHEST WIND DIRECTION    NE (30)
  HIGHEST GUST SPEED    20   HIGHEST GUST DIRECTION    NE (30)
  AVERAGE WIND SPEED     3.7


SKY COVER
  POSSIBLE SUNSHINE  MM
  AVERAGE SKY COVER 0.5


WEATHER CONDITIONS
 THE FOLLOWING WEATHER WAS RECORDED TODAY.
  NO SIGNIFICANT WEATHER WAS OBSERVED.


RELATIVE HUMIDITY (PERCENT)
 HIGHEST    92           300 AM
 LOWEST     41           300 PM
 AVERAGE    67

..........................................................


THE MCMINNVILLE OR CLIMATE NORMALS FOR TOMORROW
                         NORMAL    RECORD    YEAR
 MAXIMUM TEMPERATURE (F)   69        91      2005
 MINIMUM TEMPERATURE (F)   45        32      1940


SUNRISE AND SUNSET
MAY 25 2017...........SUNRISE   433 AM PST   SUNSET   747 PM PST
MAY 26 2017...........SUNRISE   432 AM PST   SUNSET   748 PM PST


-  INDICATES NEGATIVE NUMBERS.
R  INDICATES RECORD WAS SET OR TIED.
MM INDICATES DATA IS MISSING.
T  INDICATES TRACE AMOUNT.




$$
