000
CDUS46 KPQR 021143
CLIMMV


CLIMATE REPORT
NATIONAL WEATHER SERVICE PORTLAND OREGON
442 AM PDT THU OCT 2 2014


...................................

...THE MCMINNVILLE OR CLIMATE SUMMARY FOR OCTOBER 1 2014...

CLIMATE NORMAL PERIOD 1981 TO 2010
CLIMATE RECORD PERIOD 1894 TO 2014


WEATHER ITEM   OBSERVED TIME   RECORD YEAR NORMAL DEPARTURE LAST
                VALUE   (LST)  VALUE       VALUE  FROM      YEAR
                                                  NORMAL
..................................................................
TEMPERATURE (F)
 YESTERDAY
  MAXIMUM         69    303 PM  95    1988  70     -1       61
  MINIMUM         42    632 AM  28    1950  44     -2       40
  AVERAGE         56                        57     -1       51

PRECIPITATION (IN)
  YESTERDAY        0.00          1.04 1920   0.06  -0.06     0.42
  MONTH TO DATE    0.00                      0.06  -0.06     0.42
  SINCE OCT 1      0.00                      0.06  -0.06     0.42
  SINCE JAN 1     23.78                     23.77   0.01    17.67

DEGREE DAYS
 HEATING
  YESTERDAY        9                         8      1       14
  MONTH TO DATE    9                         8      1       14
  SINCE JUL 1     49                       224   -175      149

 COOLING
  YESTERDAY        0                         0      0        0
  MONTH TO DATE    0                         0      0        0
  SINCE JAN 1    518                       214    304      405
..................................................................


WIND (MPH)
  HIGHEST WIND SPEED    10   HIGHEST WIND DIRECTION    NE (60)
  HIGHEST GUST SPEED    14   HIGHEST GUST DIRECTION    NE (30)
  AVERAGE WIND SPEED     2.0


SKY COVER
  POSSIBLE SUNSHINE  MM
  AVERAGE SKY COVER 0.3


WEATHER CONDITIONS
 THE FOLLOWING WEATHER WAS RECORDED YESTERDAY.
  FOG
  FOG W/VISIBILITY <= 1/4 MILE


RELATIVE HUMIDITY (PERCENT)
 HIGHEST   100          1200 AM
 LOWEST     48           300 PM
 AVERAGE    74

..........................................................


THE MCMINNVILLE OR CLIMATE NORMALS FOR TODAY
                         NORMAL    RECORD    YEAR
 MAXIMUM TEMPERATURE (F)   69        90      1970
 MINIMUM TEMPERATURE (F)   44        29      1954


SUNRISE AND SUNSET
OCTOBER  2 2014.......SUNRISE   612 AM PST   SUNSET   551 PM PST
OCTOBER  3 2014.......SUNRISE   613 AM PST   SUNSET   549 PM PST


-  INDICATES NEGATIVE NUMBERS.
R  INDICATES RECORD WAS SET OR TIED.
MM INDICATES DATA IS MISSING.
T  INDICATES TRACE AMOUNT.




$$
