000
CDUS46 KPQR 260226
CLIMMV


CLIMATE REPORT
NATIONAL WEATHER SERVICE PORTLAND OREGON
726 PM PDT TUE APR 25 2017


...................................

...THE MCMINNVILLE OR CLIMATE SUMMARY FOR APRIL 25 2017...
VALID TODAY AS OF 0700 PM LOCAL TIME.

CLIMATE NORMAL PERIOD 1981 TO 2010
CLIMATE RECORD PERIOD 1894 TO 2017


WEATHER ITEM   OBSERVED TIME   RECORD YEAR NORMAL DEPARTURE LAST
                VALUE   (LST)  VALUE       VALUE  FROM      YEAR
                                                  NORMAL
..................................................................
TEMPERATURE (F)
 TODAY
  MAXIMUM         53    559 PM  83    1923  63    -10       60
  MINIMUM         44    111 AM  29    1955  40      4       36
  AVERAGE         49                        52     -3       48

PRECIPITATION (IN)
  TODAY            0.16                      0.09   0.07      T
  MONTH TO DATE    3.58                      2.55   1.03     2.62
  SINCE OCT 1     49.69                     33.15  16.54    46.48
  SINCE JAN 1     25.88                     17.12   8.76    21.41

DEGREE DAYS
 HEATING
  TODAY           16                                        17
  MONTH TO DATE  373                                       217
  SINCE MAR 1    910                                       705
  SINCE JUL 1   4206                                      3465

 COOLING
  TODAY            0                                         0
  MONTH TO DATE    0                                        11
  SINCE MAR 1      0                                        11
  SINCE JAN 1      0                                        11
..................................................................


WIND (MPH)
  HIGHEST WIND SPEED    14   HIGHEST WIND DIRECTION     S (160)
  HIGHEST GUST SPEED    19   HIGHEST GUST DIRECTION     S (170)
  AVERAGE WIND SPEED     7.4


SKY COVER
  POSSIBLE SUNSHINE  MM
  AVERAGE SKY COVER 1.0


WEATHER CONDITIONS
 THE FOLLOWING WEATHER WAS RECORDED TODAY.
  LIGHT RAIN
  FOG


RELATIVE HUMIDITY (PERCENT)
 HIGHEST    89           100 AM
 LOWEST     77           900 AM
 AVERAGE    83

..........................................................


THE MCMINNVILLE OR CLIMATE NORMALS FOR TOMORROW
                         NORMAL    RECORD    YEAR
 MAXIMUM TEMPERATURE (F)   63        95      1926
 MINIMUM TEMPERATURE (F)   40        28      1984


SUNRISE AND SUNSET
APRIL 25 2017.........SUNRISE   510 AM PST   SUNSET   712 PM PST
APRIL 26 2017.........SUNRISE   509 AM PST   SUNSET   713 PM PST


-  INDICATES NEGATIVE NUMBERS.
R  INDICATES RECORD WAS SET OR TIED.
MM INDICATES DATA IS MISSING.
T  INDICATES TRACE AMOUNT.




$$
