000
CDUS46 KPQR 241247
CLIMMV


CLIMATE REPORT
NATIONAL WEATHER SERVICE PORTLAND OREGON
447 AM PST MON NOV 24 2014


...................................

...THE MCMINNVILLE OR CLIMATE SUMMARY FOR NOVEMBER 23 2014...

CLIMATE NORMAL PERIOD 1981 TO 2010
CLIMATE RECORD PERIOD 1894 TO 2014


WEATHER ITEM   OBSERVED TIME   RECORD YEAR NORMAL DEPARTURE LAST
                VALUE   (LST)  VALUE       VALUE  FROM      YEAR
                                                  NORMAL
..................................................................
TEMPERATURE (F)
 YESTERDAY
  MAXIMUM         55   1226 PM  80    1923  50      5       55
  MINIMUM         40    533 AM  18    1985  37      3       34
  AVERAGE         48                        44      4       45

PRECIPITATION (IN)
  YESTERDAY        0.19          2.44 1942   0.25  -0.06     0.00
  MONTH TO DATE    2.45                      4.86  -2.41     2.90
  SINCE OCT 1      9.46                      8.01   1.45     3.63
  SINCE JAN 1     33.24                     31.72   1.52    20.88

DEGREE DAYS
 HEATING
  YESTERDAY       17                        21     -4       20
  MONTH TO DATE  444                       442      2      401
  SINCE JUL 1    673                      1065   -392      944

 COOLING
  YESTERDAY        0                         0      0        0
  MONTH TO DATE    0                         0      0        0
  SINCE JAN 1    529                       215    314      405
..................................................................


WIND (MPH)
  HIGHEST WIND SPEED    23   HIGHEST WIND DIRECTION     S (190)
  HIGHEST GUST SPEED    27   HIGHEST GUST DIRECTION     S (200)
  AVERAGE WIND SPEED     6.0


SKY COVER
  POSSIBLE SUNSHINE  MM
  AVERAGE SKY COVER 0.7


WEATHER CONDITIONS
 THE FOLLOWING WEATHER WAS RECORDED YESTERDAY.
  THUNDERSTORM
  RAIN
  LIGHT RAIN
  FOG
  FOG W/VISIBILITY <= 1/4 MILE


RELATIVE HUMIDITY (PERCENT)
 HIGHEST   100          1100 PM
 LOWEST     77          1000 AM
 AVERAGE    89

..........................................................


THE MCMINNVILLE OR CLIMATE NORMALS FOR TODAY
                         NORMAL    RECORD    YEAR
 MAXIMUM TEMPERATURE (F)   50        67      1936
 MINIMUM TEMPERATURE (F)   37        16      1985


SUNRISE AND SUNSET
NOVEMBER 24 2014......SUNRISE   723 AM PST   SUNSET   435 PM PST
NOVEMBER 25 2014......SUNRISE   724 AM PST   SUNSET   435 PM PST


-  INDICATES NEGATIVE NUMBERS.
R  INDICATES RECORD WAS SET OR TIED.
MM INDICATES DATA IS MISSING.
T  INDICATES TRACE AMOUNT.




$$
