000
CDUS46 KPQR 041143
CLIMMV


CLIMATE REPORT
NATIONAL WEATHER SERVICE PORTLAND OREGON
442 AM PDT FRI SEP 4 2015


...................................

...THE MCMINNVILLE OR CLIMATE SUMMARY FOR SEPTEMBER 3 2015...

CLIMATE NORMAL PERIOD 1981 TO 2010
CLIMATE RECORD PERIOD 1894 TO 2015


WEATHER ITEM   OBSERVED TIME   RECORD YEAR NORMAL DEPARTURE LAST
                VALUE   (LST)  VALUE       VALUE  FROM      YEAR
                                                  NORMAL
..................................................................
TEMPERATURE (F)
 YESTERDAY
  MAXIMUM         67   1207 PM 102    1988  80    -13       75
  MINIMUM         46    449 AM  36    1956  49     -3       49
  AVERAGE         57                        64     -7       62

PRECIPITATION (IN)
  YESTERDAY        0.02          0.90 1913   0.05  -0.03     0.00
  MONTH TO DATE    0.02                      0.12  -0.10     0.00
  SINCE OCT 1     33.16                     38.48  -5.32    27.60
  SINCE JAN 1     16.92                     22.45  -5.53    22.64

DEGREE DAYS
 HEATING
  YESTERDAY        8                         2      6        3
  MONTH TO DATE   10                         6      4        3
  SINCE JUL 1     15                        91    -76        9

 COOLING
  YESTERDAY        0                         2     -2        0
  MONTH TO DATE    0                         6     -6        2
  SINCE JAN 1    494                       190    304      447
..................................................................


WIND (MPH)
  HIGHEST WIND SPEED    20   HIGHEST WIND DIRECTION    SW (220)
  HIGHEST GUST SPEED    23   HIGHEST GUST DIRECTION    SW (220)
  AVERAGE WIND SPEED     3.7


SKY COVER
  POSSIBLE SUNSHINE  MM
  AVERAGE SKY COVER 0.5


WEATHER CONDITIONS
 THE FOLLOWING WEATHER WAS RECORDED YESTERDAY.
  LIGHT RAIN


RELATIVE HUMIDITY (PERCENT)
 HIGHEST    93           600 AM
 LOWEST     48           400 PM
 AVERAGE    71

..........................................................


THE MCMINNVILLE OR CLIMATE NORMALS FOR TODAY
                         NORMAL    RECORD    YEAR
 MAXIMUM TEMPERATURE (F)   80        99      1955
 MINIMUM TEMPERATURE (F)   49        34      1970


SUNRISE AND SUNSET
SEPTEMBER  4 2015.....SUNRISE   538 AM PST   SUNSET   645 PM PST
SEPTEMBER  5 2015.....SUNRISE   539 AM PST   SUNSET   643 PM PST


-  INDICATES NEGATIVE NUMBERS.
R  INDICATES RECORD WAS SET OR TIED.
MM INDICATES DATA IS MISSING.
T  INDICATES TRACE AMOUNT.




$$
