000
CDUS46 KPQR 201143
CLIMMV


CLIMATE REPORT
NATIONAL WEATHER SERVICE PORTLAND OREGON
342 AM PST TUE FEB 20 2018


...................................

...THE MCMINNVILLE OR CLIMATE SUMMARY FOR FEBRUARY 19 2018...

CLIMATE NORMAL PERIOD 1981 TO 2010
CLIMATE RECORD PERIOD 1894 TO 2018


WEATHER ITEM   OBSERVED TIME   RECORD YEAR NORMAL DEPARTURE LAST
                VALUE   (LST)  VALUE       VALUE  FROM      YEAR
                                                  NORMAL
..................................................................
TEMPERATURE (F)
 YESTERDAY
  MAXIMUM         41    347 PM  65    1916  51    -10       49
  MINIMUM         30   1156 PM  20    1955  35     -5       40
  AVERAGE         36                        43     -7       45

PRECIPITATION (IN)
  YESTERDAY        0.00          2.90 1968   0.12  -0.12     0.38
  MONTH TO DATE    0.83                      3.10  -2.27     9.77
  SINCE OCT 1     22.64                     25.23  -2.59    37.26
  SINCE JAN 1      7.10                      9.20  -2.10    13.45

DEGREE DAYS
 HEATING
  YESTERDAY       29                        22      7       20
  MONTH TO DATE  385                       432    -47      400
  SINCE JUL 1   2713                      3187   -474     3080

 COOLING
  YESTERDAY        0                         0      0        0
  MONTH TO DATE    0                         0      0        0
  SINCE JAN 1      0                         0      0        0
..................................................................


WIND (MPH)
  HIGHEST WIND SPEED    14   HIGHEST WIND DIRECTION     N (20)
  HIGHEST GUST SPEED    17   HIGHEST GUST DIRECTION     N (20)
  AVERAGE WIND SPEED     5.9


SKY COVER
  POSSIBLE SUNSHINE  MM
  AVERAGE SKY COVER 0.8


WEATHER CONDITIONS
 THE FOLLOWING WEATHER WAS RECORDED YESTERDAY.
  NO SIGNIFICANT WEATHER WAS OBSERVED.


RELATIVE HUMIDITY (PERCENT)
 HIGHEST    82           200 AM
 LOWEST     50           300 PM
 AVERAGE    66

..........................................................


THE MCMINNVILLE OR CLIMATE NORMALS FOR TODAY
                         NORMAL    RECORD    YEAR
 MAXIMUM TEMPERATURE (F)   51        65      1954
 MINIMUM TEMPERATURE (F)   35        21      1955


SUNRISE AND SUNSET
FEBRUARY 20 2018......SUNRISE   706 AM PST   SUNSET   547 PM PST
FEBRUARY 21 2018......SUNRISE   704 AM PST   SUNSET   549 PM PST


-  INDICATES NEGATIVE NUMBERS.
R  INDICATES RECORD WAS SET OR TIED.
MM INDICATES DATA IS MISSING.
T  INDICATES TRACE AMOUNT.




$$
