000
CDUS44 KMOB 170645
CLIMOB


CLIMATE REPORT
NATIONAL WEATHER SERVICE MOBILE AL
145 AM CDT THU AUG 17 2017


...................................

...THE MOBILE CLIMATE SUMMARY FOR AUGUST 16 2017...

CLIMATE NORMAL PERIOD 1981 TO 2010
CLIMATE RECORD PERIOD 1842 TO 2017


WEATHER ITEM   OBSERVED TIME   RECORD YEAR NORMAL DEPARTURE LAST
                VALUE   (LST)  VALUE       VALUE  FROM      YEAR
                                                  NORMAL
..................................................................
TEMPERATURE (F)
 YESTERDAY
  MAXIMUM         90    409 PM 101    1918  91     -1       91
  MINIMUM         74    129 AM  64    2004  73      1       75
                                      1929
  AVERAGE         82                        82      0       83

PRECIPITATION (IN)
  YESTERDAY        0.05          4.91 2008   0.23  -0.18      T
  MONTH TO DATE    6.16                      3.94   2.22     3.65
  SINCE MAR 1     43.62                     33.37  10.25    36.58
  SINCE JAN 1     55.83                     44.14  11.69    46.03

DEGREE DAYS
 COOLING
  YESTERDAY       17                        17      0       18
  MONTH TO DATE  265                       272     -7      273
  SINCE JUN 1   1227                      1238    -11     1316
  SINCE JAN 1   1828                      1683    145     1775
..................................................................


WIND (MPH)
  HIGHEST WIND SPEED    14   HIGHEST WIND DIRECTION     S (190)
  HIGHEST GUST SPEED    17   HIGHEST GUST DIRECTION    SW (220)
  AVERAGE WIND SPEED     3.3


SKY COVER
  POSSIBLE SUNSHINE  MM
  AVERAGE SKY COVER 0.5


WEATHER CONDITIONS
 THE FOLLOWING WEATHER WAS RECORDED YESTERDAY.
  THUNDERSTORM
  LIGHT RAIN
  HAZE


RELATIVE HUMIDITY (PERCENT)
 HIGHEST    94          1200 AM
 LOWEST     56           100 PM
 AVERAGE    75

..........................................................


THE MOBILE CLIMATE NORMALS FOR TODAY
                         NORMAL    RECORD    YEAR
 MAXIMUM TEMPERATURE (F)   91        99      2000
                                             1952
 MINIMUM TEMPERATURE (F)   73        66      2004
                                             1889


SUNRISE AND SUNSET
AUGUST 17 2017........SUNRISE   621 AM CDT   SUNSET   733 PM CDT
AUGUST 18 2017........SUNRISE   621 AM CDT   SUNSET   732 PM CDT


-  INDICATES NEGATIVE NUMBERS.
R  INDICATES RECORD WAS SET OR TIED.
MM INDICATES DATA IS MISSING.
T  INDICATES TRACE AMOUNT.




$$
