000
CDUS44 KMOB 210634
CLIMOB


CLIMATE REPORT
NATIONAL WEATHER SERVICE MOBILE AL
1234 AM CST SUN DEC 21 2014


...................................

...THE MOBILE CLIMATE SUMMARY FOR DECEMBER 20 2014...

CLIMATE NORMAL PERIOD 1981 TO 2010
CLIMATE RECORD PERIOD 1842 TO 2014


WEATHER ITEM   OBSERVED TIME   RECORD YEAR NORMAL DEPARTURE LAST
                VALUE   (LST)  VALUE       VALUE  FROM      YEAR
                                                  NORMAL
..................................................................
TEMPERATURE (F)
 YESTERDAY
  MAXIMUM         49   1159 PM  78    1978  62    -13       76
  MINIMUM         45    755 AM  17    1981  42      3       56
  AVERAGE         47                        52     -5       66

PRECIPITATION (IN)
  YESTERDAY        0.30          2.90 2007   0.16   0.14     0.00
  MONTH TO DATE    1.87                      3.19  -1.32     1.11
  SINCE MAR 1     62.19                     53.51   8.68    48.84
  SINCE JAN 1     69.31                     64.28   5.03    63.02

SNOWFALL (IN)
  YESTERDAY        0.0           0.0  2001   0.0    0.0      0.0
                                      2000
  MONTH TO DATE    0.0                       0.0    0.0      0.0
  SINCE MAR 1      0.0                       0.1   -0.1      0.0
  SINCE JUL 1      0.0                       0.0    0.0      0.0
  SNOW DEPTH       0

DEGREE DAYS
 HEATING
  YESTERDAY       18                        14      4        0
  MONTH TO DATE  203                       245    -42      211
  SINCE DEC 1    203                       245    -42      211
  SINCE JUL 1    596                       503     93      495

 COOLING
  YESTERDAY        0                         0      0        1
  MONTH TO DATE    1                         8     -7       20
  SINCE DEC 1      1                         8     -7       20
  SINCE JAN 1   2305                      2511   -206     2515
..................................................................


WIND (MPH)
  HIGHEST WIND SPEED    16   HIGHEST WIND DIRECTION     N (10)
  HIGHEST GUST SPEED    21   HIGHEST GUST DIRECTION    NE (40)
  AVERAGE WIND SPEED    10.3


SKY COVER
  POSSIBLE SUNSHINE  MM
  AVERAGE SKY COVER 1.0


WEATHER CONDITIONS
 THE FOLLOWING WEATHER WAS RECORDED YESTERDAY.
  HEAVY RAIN
  LIGHT RAIN
  FOG


RELATIVE HUMIDITY (PERCENT)
 HIGHEST   100          1200 AM
 LOWEST     93           400 AM
 AVERAGE    97

..........................................................


THE MOBILE CLIMATE NORMALS FOR TODAY
                         NORMAL    RECORD    YEAR
 MAXIMUM TEMPERATURE (F)   62        79      1998
 MINIMUM TEMPERATURE (F)   41        16      1901


SUNRISE AND SUNSET
DECEMBER 21 2014......SUNRISE   646 AM CST   SUNSET   456 PM CST
DECEMBER 22 2014......SUNRISE   647 AM CST   SUNSET   457 PM CST


-  INDICATES NEGATIVE NUMBERS.
R  INDICATES RECORD WAS SET OR TIED.
MM INDICATES DATA IS MISSING.
T  INDICATES TRACE AMOUNT.




$$
