000
CDUS44 KMOB 190645
CLIMOB


CLIMATE REPORT
NATIONAL WEATHER SERVICE MOBILE AL
145 AM CDT SAT APR 19 2014


...................................

...THE MOBILE CLIMATE SUMMARY FOR APRIL 18 2014...

CLIMATE NORMAL PERIOD 1981 TO 2010
CLIMATE RECORD PERIOD 1842 TO 2014


WEATHER ITEM   OBSERVED TIME   RECORD YEAR NORMAL DEPARTURE LAST
                VALUE   (LST)  VALUE       VALUE  FROM      YEAR
                                                  NORMAL
..................................................................
TEMPERATURE (F)
 YESTERDAY
  MAXIMUM         62    108 PM  90    2006  78    -16       79
  MINIMUM         56   1159 PM  40    1999  56      0       66
                                      1997
                                      1921
  AVERAGE         59                        67     -8       73

PRECIPITATION (IN)
  YESTERDAY        0.37          3.52 1901   0.15   0.22      T
  MONTH TO DATE    6.25                      2.99   3.26     3.81
  SINCE MAR 1     12.75                      9.13   3.62     4.61
  SINCE JAN 1     19.87                     19.90  -0.03    18.79

DEGREE DAYS
 HEATING
  YESTERDAY        6                         2      4        0
  MONTH TO DATE   65                        50     15       39
  SINCE MAR 1    341                       239    102      349
  SINCE JUL 1   2044                      1681    363     1525

 COOLING
  YESTERDAY        0                         4     -4        8
  MONTH TO DATE   30                        48    -18       59
  SINCE MAR 1     31                        87    -56       76
  SINCE JAN 1     43                       103    -60      103
..................................................................


WIND (MPH)
  HIGHEST WIND SPEED    23   HIGHEST WIND DIRECTION     N (20)
  HIGHEST GUST SPEED    28   HIGHEST GUST DIRECTION    NE (30)
  AVERAGE WIND SPEED    13.6


SKY COVER
  POSSIBLE SUNSHINE  MM
  AVERAGE SKY COVER 1.0


WEATHER CONDITIONS
 THE FOLLOWING WEATHER WAS RECORDED YESTERDAY.
  RAIN
  LIGHT RAIN
  FOG


RELATIVE HUMIDITY (PERCENT)
 HIGHEST   100           100 AM
 LOWEST     84           400 PM
 AVERAGE    92

..........................................................


THE MOBILE CLIMATE NORMALS FOR TODAY
                         NORMAL    RECORD    YEAR
 MAXIMUM TEMPERATURE (F)   78        88      1908
 MINIMUM TEMPERATURE (F)   56        37      1983


SUNRISE AND SUNSET
APRIL 19 2014.........SUNRISE   621 AM CDT   SUNSET   724 PM CDT
APRIL 20 2014.........SUNRISE   620 AM CDT   SUNSET   724 PM CDT


-  INDICATES NEGATIVE NUMBERS.
R  INDICATES RECORD WAS SET OR TIED.
MM INDICATES DATA IS MISSING.
T  INDICATES TRACE AMOUNT.




$$
