000
CDUS46 KSTO 180839
CLIMOD


CLIMATE REPORT
NATIONAL WEATHER SERVICE SACRAMENTO, CA
139 AM PDT WED OCT 18 2017


...................................

...THE MODESTO CA CLIMATE SUMMARY FOR OCTOBER 17 2017...

CLIMATE NORMAL PERIOD 1981 TO 2010
CLIMATE RECORD PERIOD 1931 TO 2017


WEATHER ITEM   OBSERVED TIME   RECORD YEAR NORMAL DEPARTURE LAST
                VALUE   (LST)  VALUE       VALUE  FROM      YEAR
                                                  NORMAL
..................................................................
TEMPERATURE (F)
 YESTERDAY
  MAXIMUM         82    138 PM  93    1959  79      3       73
  MINIMUM         49    613 AM  37    1938  52     -3       54
  AVERAGE         66

PRECIPITATION (IN)
  YESTERDAY        0.00          0.28 2004   0.03  -0.03      T
  MONTH TO DATE    0.00                      0.29  -0.29     0.23
  SINCE OCT 1      0.00                      0.29  -0.29     0.23
  SINCE JAN 1     11.90                      9.32   2.58    11.43

SNOWFALL (IN)
  YESTERDAY        0.0           0.0  2002
                                      2001
  MONTH TO DATE    0.0
  SINCE SEP 1      0.0
  SINCE JUL 1      0.0
  SNOW DEPTH       0

DEGREE DAYS
 HEATING
  YESTERDAY        0                         2     -2        1
  MONTH TO DATE   16                        15      1       11
  SINCE SEP 1     19                        18      1       14
  SINCE JUL 1     19                        18      1       14

 COOLING
  YESTERDAY        1                         2     -1        0
  MONTH TO DATE   29                        69    -40       41
  SINCE SEP 1    362                       345     17      336
  SINCE JAN 1   2097                      1681    416     1953
..................................................................


WIND (MPH)
  RESULTANT WIND SPEED   2   RESULTANT WIND DIRECTION  NW (320)
  HIGHEST WIND SPEED    12   HIGHEST WIND DIRECTION    NW (310)
  HIGHEST GUST SPEED    17   HIGHEST GUST DIRECTION    NW (300)


SKY COVER
  POSSIBLE SUNSHINE  MM
  AVERAGE SKY COVER 0.0


WEATHER CONDITIONS
 THE FOLLOWING WEATHER WAS RECORDED YESTERDAY.
  FOG
  HAZE


RELATIVE HUMIDITY (PERCENT)
 HIGHEST    86           200 AM
 LOWEST     21           200 PM
 AVERAGE    54

..........................................................


THE MODESTO CA CLIMATE NORMALS FOR TODAY
                         NORMAL    RECORD    YEAR
 MAXIMUM TEMPERATURE (F)   78        92      1988
 MINIMUM TEMPERATURE (F)   52        38      1938


SUNRISE AND SUNSET
OCTOBER 18 2017.......SUNRISE   715 AM PDT   SUNSET   622 PM PDT
OCTOBER 19 2017.......SUNRISE   716 AM PDT   SUNSET   621 PM PDT


-  INDICATES NEGATIVE NUMBERS.
R  INDICATES RECORD WAS SET OR TIED.
MM INDICATES DATA IS MISSING.
T  INDICATES TRACE AMOUNT.




$$
