000
CDUS46 KSTO 200036
CLIMOD


CLIMATE REPORT
NATIONAL WEATHER SERVICE SACRAMENTO, CA
536 PM PDT FRI SEP 19 2014


...................................

...THE MODESTO CA CLIMATE SUMMARY FOR SEPTEMBER 19 2014...
VALID TODAY AS OF 0500 PM LOCAL TIME.

CLIMATE NORMAL PERIOD 1981 TO 2010
CLIMATE RECORD PERIOD 1931 TO 2014


WEATHER ITEM   OBSERVED TIME   RECORD YEAR NORMAL DEPARTURE LAST
                VALUE   (LST)  VALUE       VALUE  FROM      YEAR
                                                  NORMAL
..................................................................
TEMPERATURE (F)
 TODAY
  MAXIMUM         88    232 PM 102    1995  89     -1       90
  MINIMUM         64    639 AM  44    1965  59      5       51
  AVERAGE         76

PRECIPITATION (IN)
  TODAY            0.00          0.28 1956   0.01  -0.01     0.00
  MONTH TO DATE    0.00                      0.11  -0.11     0.00
  SINCE JUL 1      0.00                      0.13  -0.13     0.00
  SINCE JAN 1      5.51                      8.88  -3.37     3.21

SNOWFALL (IN)
  TODAY            0.0          MM      MM
  MONTH TO DATE    0.0
  SINCE SEP 1      0.0
  SINCE JUL 1      0.0

DEGREE DAYS
 HEATING
  TODAY            0                         0      0        0
  MONTH TO DATE    0                         0      0        0
  SINCE SEP 1      0                         0      0        0
  SINCE JUL 1      0                         0      0        0

 COOLING
  TODAY           11                         9      2        6
  MONTH TO DATE  237                       193     44      212
  SINCE SEP 1    237                       193     44      212
  SINCE JAN 1   1666                      1529    137     1684
..................................................................


WIND (MPH)
  RESULTANT WIND SPEED   6   RESULTANT WIND DIRECTION  NW (330)
  HIGHEST WIND SPEED    14   HIGHEST WIND DIRECTION    NW (320)
  HIGHEST GUST SPEED    16   HIGHEST GUST DIRECTION     W (280)


SKY COVER
  POSSIBLE SUNSHINE  MM
  AVERAGE SKY COVER 0.0


WEATHER CONDITIONS
 THE FOLLOWING WEATHER WAS RECORDED TODAY.
  NO SIGNIFICANT WEATHER WAS OBSERVED.


RELATIVE HUMIDITY (PERCENT)
 HIGHEST    84           300 AM
 LOWEST     32           300 PM
 AVERAGE    58

..........................................................


THE MODESTO CA CLIMATE NORMALS FOR TOMORROW
                         NORMAL    RECORD    YEAR
 MAXIMUM TEMPERATURE (F)   88       104      1939
 MINIMUM TEMPERATURE (F)   59        43      1965


SUNRISE AND SUNSET
SEPTEMBER 19 2014.....SUNRISE   649 AM PDT   SUNSET   705 PM PDT
SEPTEMBER 20 2014.....SUNRISE   650 AM PDT   SUNSET   704 PM PDT


-  INDICATES NEGATIVE NUMBERS.
R  INDICATES RECORD WAS SET OR TIED.
MM INDICATES DATA IS MISSING.
T  INDICATES TRACE AMOUNT.




$$
