000
CDUS46 KSTO 010039
CLIMOD


CLIMATE REPORT
NATIONAL WEATHER SERVICE SACRAMENTO, CA
538 PM PDT TUE SEP 30 2014


...................................

...THE MODESTO CA CLIMATE SUMMARY FOR SEPTEMBER 30 2014...
VALID TODAY AS OF 0500 PM LOCAL TIME.

CLIMATE NORMAL PERIOD 1981 TO 2010
CLIMATE RECORD PERIOD 1931 TO 2014


WEATHER ITEM   OBSERVED TIME   RECORD YEAR NORMAL DEPARTURE LAST
                VALUE   (LST)  VALUE       VALUE  FROM      YEAR
                                                  NORMAL
..................................................................
TEMPERATURE (F)
 TODAY
  MAXIMUM         81    205 PM 100    1988  85     -4       81
  MINIMUM         56    619 AM  43    1959  56      0       57
  AVERAGE         69

PRECIPITATION (IN)
  TODAY            0.00          0.38 1983   0.02  -0.02     0.00
  MONTH TO DATE    0.30                      0.26   0.04     0.13
  SINCE JUL 1      0.30                      0.28   0.02     0.13
  SINCE JAN 1      5.81                      9.03  -3.22     3.34

SNOWFALL (IN)
  TODAY            0.0          MM      MM
  MONTH TO DATE    0.0
  SINCE SEP 1      0.0
  SINCE JUL 1      0.0

DEGREE DAYS
 HEATING
  TODAY            0                         0      0        0
  MONTH TO DATE    1                         0      1        2
  SINCE SEP 1      1                         3     -2        2
  SINCE JUL 1      1                         3     -2        2

 COOLING
  TODAY            4                         6     -2        4
  MONTH TO DATE  299                       276     23      234
  SINCE SEP 1    299                       276     23      234
  SINCE JAN 1   1728                      1612    116     1706
..................................................................


WIND (MPH)
  RESULTANT WIND SPEED   4   RESULTANT WIND DIRECTION  NW (320)
  HIGHEST WIND SPEED    17   HIGHEST WIND DIRECTION    NW (330)
  HIGHEST GUST SPEED    22   HIGHEST GUST DIRECTION    NW (320)


SKY COVER
  POSSIBLE SUNSHINE  MM
  AVERAGE SKY COVER 0.0


WEATHER CONDITIONS
 THE FOLLOWING WEATHER WAS RECORDED TODAY.
  NO SIGNIFICANT WEATHER WAS OBSERVED.


RELATIVE HUMIDITY (PERCENT)
 HIGHEST    87           300 AM
 LOWEST     36           300 PM
 AVERAGE    62

..........................................................


THE MODESTO CA CLIMATE NORMALS FOR TOMORROW
                         NORMAL    RECORD    YEAR
 MAXIMUM TEMPERATURE (F)   85        99      2001
 MINIMUM TEMPERATURE (F)   56        40      1950


SUNRISE AND SUNSET
SEPTEMBER 30 2014.....SUNRISE   659 AM PDT   SUNSET   648 PM PDT
OCTOBER  1 2014.......SUNRISE   659 AM PDT   SUNSET   647 PM PDT


-  INDICATES NEGATIVE NUMBERS.
R  INDICATES RECORD WAS SET OR TIED.
MM INDICATES DATA IS MISSING.
T  INDICATES TRACE AMOUNT.




$$
