761
CDUS46 KSTO 070041
CLIMOD


CLIMATE REPORT
NATIONAL WEATHER SERVICE SACRAMENTO, CA
541 PM PDT FRI MAY 6 2016


...................................

...THE MODESTO CA CLIMATE SUMMARY FOR MAY 6 2016...
VALID TODAY AS OF 0500 PM LOCAL TIME.

CLIMATE NORMAL PERIOD 1981 TO 2010
CLIMATE RECORD PERIOD 1931 TO 2016


WEATHER ITEM   OBSERVED TIME   RECORD YEAR NORMAL DEPARTURE LAST
                VALUE   (LST)  VALUE       VALUE  FROM      YEAR
                                                  NORMAL
..................................................................
TEMPERATURE (F)
 TODAY
  MAXIMUM         64    335 PM 100    1987  81    -17       79
  MINIMUM         58    410 AM  37    1933  53      5       49
  AVERAGE         61

PRECIPITATION (IN)
  TODAY            0.23          0.91 1994   0.03   0.20     0.00
  MONTH TO DATE    0.23                      0.16   0.07     0.00
  SINCE OCT 1     15.59                     12.24   3.35     9.98
  SINCE JAN 1     11.18                      8.16   3.02     2.58

SNOWFALL (IN)
  TODAY            0.0          MM      MM
  MONTH TO DATE    0.0
  SINCE MAR 1      0.0
  SINCE JUL 1      0.0

DEGREE DAYS
 HEATING
  TODAY            4                         2      2        1
  MONTH TO DATE    4                        12     -8        1
  SINCE MAR 1    230                       378   -148      178
  SINCE JUL 1   1822                      2146   -324     1590

 COOLING
  TODAY            0                         4     -4        0
  MONTH TO DATE   26                        19      7       31
  SINCE MAR 1     80                        63     17      114
  SINCE JAN 1     80                        63     17      114
..................................................................


WIND (MPH)
  RESULTANT WIND SPEED   3   RESULTANT WIND DIRECTION  NW (300)
  HIGHEST WIND SPEED    12   HIGHEST WIND DIRECTION    NW (310)
  HIGHEST GUST SPEED    22   HIGHEST GUST DIRECTION     W (260)


SKY COVER
  POSSIBLE SUNSHINE  MM
  AVERAGE SKY COVER 1.0


WEATHER CONDITIONS
 THE FOLLOWING WEATHER WAS RECORDED TODAY.
  RAIN
  LIGHT RAIN
  FOG


RELATIVE HUMIDITY (PERCENT)
 HIGHEST    87          1000 AM
 LOWEST     69           700 AM
 AVERAGE    78

..........................................................


THE MODESTO CA CLIMATE NORMALS FOR TOMORROW
                         NORMAL    RECORD    YEAR
 MAXIMUM TEMPERATURE (F)   81       102      1987
 MINIMUM TEMPERATURE (F)   53        40      1965


SUNRISE AND SUNSET
MAY  6 2016...........SUNRISE   602 AM PDT   SUNSET   759 PM PDT
MAY  7 2016...........SUNRISE   601 AM PDT   SUNSET   800 PM PDT


-  INDICATES NEGATIVE NUMBERS.
R  INDICATES RECORD WAS SET OR TIED.
MM INDICATES DATA IS MISSING.
T  INDICATES TRACE AMOUNT.




$$
