000
CDUS46 KSTO 220837
CLIMOD


CLIMATE REPORT
NATIONAL WEATHER SERVICE SACRAMENTO, CA
136 AM PDT FRI MAY 22 2015


...................................

...THE MODESTO CA CLIMATE SUMMARY FOR MAY 21 2015...

CLIMATE NORMAL PERIOD 1981 TO 2010
CLIMATE RECORD PERIOD 1931 TO 2015


WEATHER ITEM   OBSERVED TIME   RECORD YEAR NORMAL DEPARTURE LAST
                VALUE   (LST)  VALUE       VALUE  FROM      YEAR
                                                  NORMAL
..................................................................
TEMPERATURE (F)
 YESTERDAY
  MAXIMUM         74    337 PM 102    1988  84    -10       82
  MINIMUM         54    529 AM  45    1974  56     -2       53
  AVERAGE         64

PRECIPITATION (IN)
  YESTERDAY        0.00          0.87 2006   0.01  -0.01     0.00
  MONTH TO DATE    0.27                      0.47  -0.20     0.01
  SINCE OCT 1     10.25                     12.55  -2.30     6.87
  SINCE JAN 1      2.85                      8.47  -5.62     5.51

SNOWFALL (IN)
  YESTERDAY        0.0          MM      MM
  MONTH TO DATE    0.0
  SINCE MAR 1      0.0
  SINCE JUL 1      0.0
  SNOW DEPTH       0

DEGREE DAYS
 HEATING
  YESTERDAY        1                         1      0        0
  MONTH TO DATE   23                        28     -5       12
  SINCE MAR 1    200                       394   -194      271
  SINCE JUL 1   1612                      2162   -550     1969

 COOLING
  YESTERDAY        0                         6     -6        3
  MONTH TO DATE   39                        90    -51       96
  SINCE MAR 1    122                       134    -12      157
  SINCE JAN 1    122                       134    -12      157
..................................................................


WIND (MPH)
  RESULTANT WIND SPEED   5   RESULTANT WIND DIRECTION  NW (330)
  HIGHEST WIND SPEED    16   HIGHEST WIND DIRECTION    NW (300)
  HIGHEST GUST SPEED    23   HIGHEST GUST DIRECTION    NE (50)


SKY COVER
  POSSIBLE SUNSHINE  MM
  AVERAGE SKY COVER 0.4


WEATHER CONDITIONS
 THE FOLLOWING WEATHER WAS RECORDED YESTERDAY.
  NO SIGNIFICANT WEATHER WAS OBSERVED.


RELATIVE HUMIDITY (PERCENT)
 HIGHEST    77           400 AM
 LOWEST     38           300 PM
 AVERAGE    58

..........................................................


THE MODESTO CA CLIMATE NORMALS FOR TODAY
                         NORMAL    RECORD    YEAR
 MAXIMUM TEMPERATURE (F)   84       100      1967
 MINIMUM TEMPERATURE (F)   56        41      1960


SUNRISE AND SUNSET
MAY 22 2015...........SUNRISE   549 AM PDT   SUNSET   812 PM PDT
MAY 23 2015...........SUNRISE   549 AM PDT   SUNSET   813 PM PDT


-  INDICATES NEGATIVE NUMBERS.
R  INDICATES RECORD WAS SET OR TIED.
MM INDICATES DATA IS MISSING.
T  INDICATES TRACE AMOUNT.




$$
