000
CDUS43 KBIS 270027
CLIMOT


CLIMATE REPORT
NATIONAL WEATHER SERVICE BISMARCK ND
627 PM CST THU FEB 26 2015


...................................

...THE MINOT ND CLIMATE SUMMARY FOR FEBRUARY 26 2015...
VALID TODAY AS OF 0600 PM LOCAL TIME.

CLIMATE NORMAL PERIOD 1981 TO 2010
CLIMATE RECORD PERIOD 1905 TO 2015


WEATHER ITEM   OBSERVED TIME   RECORD YEAR NORMAL DEPARTURE LAST
                VALUE   (LST)  VALUE       VALUE  FROM      YEAR
                                                  NORMAL
..................................................................
TEMPERATURE (F)
 TODAY
  MAXIMUM          6    309 PM  54    1988  29    -23       14
  MINIMUM        -14    743 AM -34    1919  12    -26       -5
  AVERAGE         -4                        20    -24        5

PRECIPITATION (IN)
  TODAY            0.00          0.66 1958   0.02  -0.02      T
  MONTH TO DATE    0.23                      0.37  -0.14     0.17
  SINCE DEC 1      0.48                      1.26  -0.78     0.54
  SINCE JAN 1      0.47                      0.88  -0.41     0.36

DEGREE DAYS
 HEATING
  TODAY           69                        45     24       60
  MONTH TO DATE 1484                      1257    227     1520
  SINCE DEC 1   4390                      4431    -41     5047
  SINCE JUL 1   6569                      6489     80     7102

 COOLING
  TODAY            0                         0      0        0
  MONTH TO DATE    0                         0      0        0
  SINCE DEC 1      0                         0      0        0
  SINCE JAN 1      0                         0      0        0
..................................................................


WIND (MPH)
  RESULTANT WIND SPEED  14   RESULTANT WIND DIRECTION   W (290)
  HIGHEST WIND SPEED    18   HIGHEST WIND DIRECTION     W (290)
  HIGHEST GUST SPEED    22   HIGHEST GUST DIRECTION    NW (300)
  AVERAGE WIND SPEED    13.8


SKY COVER
  POSSIBLE SUNSHINE  MM
  AVERAGE SKY COVER 0.0


WEATHER CONDITIONS
 THE FOLLOWING WEATHER WAS RECORDED TODAY.
  NO SIGNIFICANT WEATHER WAS OBSERVED.


RELATIVE HUMIDITY (PERCENT)
 HIGHEST    72           100 AM
 LOWEST     59          1200 PM
 AVERAGE    66

..........................................................


THE MINOT ND CLIMATE NORMALS FOR TOMORROW
                         NORMAL    RECORD    YEAR
 MAXIMUM TEMPERATURE (F)   29        65      1988
 MINIMUM TEMPERATURE (F)   13       -31      1919


SUNRISE AND SUNSET
FEBRUARY 26 2015......SUNRISE   732 AM CST   SUNSET   624 PM CST
FEBRUARY 27 2015......SUNRISE   731 AM CST   SUNSET   626 PM CST


-  INDICATES NEGATIVE NUMBERS.
R  INDICATES RECORD WAS SET OR TIED.
MM INDICATES DATA IS MISSING.
T  INDICATES TRACE AMOUNT.




$$
