000
CDUS43 KBIS 020827
CLIMOT


CLIMATE REPORT
NATIONAL WEATHER SERVICE BISMARCK ND
326 AM CDT THU JUL 2 2015


...................................

...THE MINOT ND CLIMATE SUMMARY FOR JULY 1 2015...

CLIMATE NORMAL PERIOD 1981 TO 2010
CLIMATE RECORD PERIOD 1897 TO 2015


WEATHER ITEM   OBSERVED TIME   RECORD YEAR NORMAL DEPARTURE LAST
                VALUE   (LST)  VALUE       VALUE  FROM      YEAR
                                                  NORMAL
..................................................................
TEMPERATURE (F)
 YESTERDAY
  MAXIMUM         74    518 PM  94    2003  79     -5       68
                                      1937
  MINIMUM         60    202 AM  37    1927  57      3       51
  AVERAGE         67                        68     -1       60

PRECIPITATION (IN)
  YESTERDAY        0.00          3.28 1979   0.09  -0.09      T
  MONTH TO DATE    0.00                      0.09  -0.09      T
  SINCE JUN 1      4.03                      3.67   0.36     5.34
  SINCE JAN 1      8.16                      9.06  -0.90     9.15

DEGREE DAYS
 COOLING
  YESTERDAY        2                         4     -2        0
  MONTH TO DATE    2                         4     -2        0
  SINCE JUN 1     76                        77     -1       22
  SINCE JAN 1     83                        93    -10       63
..................................................................


WIND (MPH)
  HIGHEST WIND SPEED     8   HIGHEST WIND DIRECTION    NW (320)
  HIGHEST GUST SPEED    10   HIGHEST GUST DIRECTION    NW (310)
  AVERAGE WIND SPEED     2.9


SKY COVER
  POSSIBLE SUNSHINE  MM
  AVERAGE SKY COVER 0.7


WEATHER CONDITIONS
 THE FOLLOWING WEATHER WAS RECORDED YESTERDAY.
  FOG
  FOG W/VISIBILITY <= 1/4 MILE
  HAZE


RELATIVE HUMIDITY (PERCENT)
 HIGHEST   100           300 AM
 LOWEST     64           300 PM
 AVERAGE    82

..........................................................


THE MINOT ND CLIMATE NORMALS FOR TODAY
                         NORMAL    RECORD    YEAR
 MAXIMUM TEMPERATURE (F)   79        95      1935
 MINIMUM TEMPERATURE (F)   57        34      1917


SUNRISE AND SUNSET
JULY  2 2015..........SUNRISE   549 AM CDT   SUNSET   949 PM CDT
JULY  3 2015..........SUNRISE   550 AM CDT   SUNSET   949 PM CDT


-  INDICATES NEGATIVE NUMBERS.
R  INDICATES RECORD WAS SET OR TIED.
MM INDICATES DATA IS MISSING.
T  INDICATES TRACE AMOUNT.




$$
