252
CDUS43 KBIS 080729
CLIMOT


CLIMATE REPORT
NATIONAL WEATHER SERVICE BISMARCK ND
129 AM CST MON FEB 8 2016


...................................

...THE MINOT ND CLIMATE SUMMARY FOR FEBRUARY 7 2016...

CLIMATE NORMAL PERIOD 1981 TO 2010
CLIMATE RECORD PERIOD 1897 TO 2016


WEATHER ITEM   OBSERVED TIME   RECORD YEAR NORMAL DEPARTURE LAST
                VALUE   (LST)  VALUE       VALUE  FROM      YEAR
                                                  NORMAL
..................................................................
TEMPERATURE (F)
 YESTERDAY
  MAXIMUM         40   1211 AM  59    1963  24     16       45
  MINIMUM         27   1016 PM -36    1914   6     21        9
  AVERAGE         34                        15     19       27

PRECIPITATION (IN)
  YESTERDAY        T             0.18 1966   0.01  -0.01     0.00
  MONTH TO DATE    0.03                      0.09  -0.06     0.01
  SINCE DEC 1      0.55                      0.98  -0.43     0.26
  SINCE JAN 1      0.24                      0.60  -0.36     0.25

DEGREE DAYS
 HEATING
  YESTERDAY       31                        50    -19       38
  MONTH TO DATE  247                       355   -108      383
  SINCE DEC 1   2930                      3529   -599     3289
  SINCE JUL 1   4631                      5587   -956     5468
..................................................................


WIND (MPH)
  HIGHEST WIND SPEED    44   HIGHEST WIND DIRECTION    NW (300)
  HIGHEST GUST SPEED    57   HIGHEST GUST DIRECTION    NW (310)
  AVERAGE WIND SPEED    29.9


SKY COVER
  POSSIBLE SUNSHINE  MM
  AVERAGE SKY COVER 0.8


WEATHER CONDITIONS
 THE FOLLOWING WEATHER WAS RECORDED YESTERDAY.
  LIGHT RAIN
  LIGHT SNOW


RELATIVE HUMIDITY (PERCENT)
 HIGHEST    64           500 AM
 LOWEST     48          1200 AM
 AVERAGE    56

..........................................................


THE MINOT ND CLIMATE NORMALS FOR TODAY
                         NORMAL    RECORD    YEAR
 MAXIMUM TEMPERATURE (F)   24        53      2000
 MINIMUM TEMPERATURE (F)    7       -39      1899


SUNRISE AND SUNSET
FEBRUARY  8 2016......SUNRISE   804 AM CST   SUNSET   555 PM CST
FEBRUARY  9 2016......SUNRISE   802 AM CST   SUNSET   557 PM CST


-  INDICATES NEGATIVE NUMBERS.
R  INDICATES RECORD WAS SET OR TIED.
MM INDICATES DATA IS MISSING.
T  INDICATES TRACE AMOUNT.




$$
