000
CDUS43 KBIS 190720
CLIMOT


CLIMATE REPORT
NATIONAL WEATHER SERVICE BISMARCK ND
219 AM CDT FRI SEP 19 2014


...................................

...THE MINOT ND CLIMATE SUMMARY FOR SEPTEMBER 18 2014...

CLIMATE NORMAL PERIOD 1981 TO 2010
CLIMATE RECORD PERIOD 1905 TO 2014


WEATHER ITEM   OBSERVED TIME   RECORD YEAR NORMAL DEPARTURE LAST
                VALUE   (LST)  VALUE       VALUE  FROM      YEAR
                                                  NORMAL
..................................................................
TEMPERATURE (F)
 YESTERDAY
  MAXIMUM         80    225 PM  96    1933  69     11       73
  MINIMUM         44    643 AM  22    1923  45     -1       58
  AVERAGE         62                        57      5       66

PRECIPITATION (IN)
  YESTERDAY        0.00          1.53 1975   0.05  -0.05     0.02
  MONTH TO DATE    0.29                      0.89  -0.60     1.09
  SINCE SEP 1      0.29                      0.89  -0.60     1.09
  SINCE JAN 1     14.93                     14.33   0.60    21.27

DEGREE DAYS
 HEATING
  YESTERDAY        3                         9     -6        0
  MONTH TO DATE  155                       112     43       32
  SINCE SEP 1    155                       112     43       32
  SINCE JUL 1    223                       183     40      101

 COOLING
  YESTERDAY        0                         1     -1        1
  MONTH TO DATE    0                        27    -27       50
  SINCE SEP 1      0                        27    -27       50
  SINCE JAN 1    305                       438   -133      421
..................................................................


WIND (MPH)
  HIGHEST WIND SPEED    28   HIGHEST WIND DIRECTION     S (170)
  HIGHEST GUST SPEED    34   HIGHEST GUST DIRECTION     S (170)
  AVERAGE WIND SPEED    12.3


SKY COVER
  POSSIBLE SUNSHINE  MM
  AVERAGE SKY COVER 0.0


WEATHER CONDITIONS
 THE FOLLOWING WEATHER WAS RECORDED YESTERDAY.
  NO SIGNIFICANT WEATHER WAS OBSERVED.


RELATIVE HUMIDITY (PERCENT)
 HIGHEST    93          1200 AM
 LOWEST     52           200 PM
 AVERAGE    73

..........................................................


THE MINOT ND CLIMATE NORMALS FOR TODAY
                         NORMAL    RECORD    YEAR
 MAXIMUM TEMPERATURE (F)   68        90      1960
 MINIMUM TEMPERATURE (F)   45        21      1918


SUNRISE AND SUNSET
SEPTEMBER 19 2014.....SUNRISE   728 AM CDT   SUNSET   749 PM CDT
SEPTEMBER 20 2014.....SUNRISE   729 AM CDT   SUNSET   747 PM CDT


-  INDICATES NEGATIVE NUMBERS.
R  INDICATES RECORD WAS SET OR TIED.
MM INDICATES DATA IS MISSING.
T  INDICATES TRACE AMOUNT.




$$
