000
CDUS43 KBIS 300729
CLIMOT


CLIMATE REPORT
NATIONAL WEATHER SERVICE BISMARCK ND
228 AM CDT MON MAY 30 2016


...................................

...THE MINOT ND CLIMATE SUMMARY FOR MAY 29 2016...

CLIMATE NORMAL PERIOD 1981 TO 2010
CLIMATE RECORD PERIOD 1897 TO 2016


WEATHER ITEM   OBSERVED TIME   RECORD YEAR NORMAL DEPARTURE LAST
                VALUE   (LST)  VALUE       VALUE  FROM      YEAR
                                                  NORMAL
..................................................................
TEMPERATURE (F)
 YESTERDAY
  MAXIMUM         79    310 PM  97    1988  70      9       57
  MINIMUM         53    523 AM  24    1930  47      6       38
  AVERAGE         66                        59      7       48

PRECIPITATION (IN)
  YESTERDAY        0.00          0.85 1962   0.10  -0.10     0.00
  MONTH TO DATE    1.22                      2.30  -1.08     2.70
  SINCE MAR 1      3.80                      4.28  -0.48     3.66
  SINCE JAN 1      4.38                      5.19  -0.81     4.13

DEGREE DAYS
 COOLING
  YESTERDAY        1                         1      0        0
  MONTH TO DATE   40                         7     33        7
  SINCE MAR 1     40                         8     32        7
  SINCE JAN 1     40                         8     32        7
..................................................................


WIND (MPH)
  HIGHEST WIND SPEED    18   HIGHEST WIND DIRECTION     W (280)
  HIGHEST GUST SPEED    27   HIGHEST GUST DIRECTION     W (290)
  AVERAGE WIND SPEED     8.3


SKY COVER
  POSSIBLE SUNSHINE  MM
  AVERAGE SKY COVER 0.1


WEATHER CONDITIONS
 THE FOLLOWING WEATHER WAS RECORDED YESTERDAY.
  FOG


RELATIVE HUMIDITY (PERCENT)
 HIGHEST    93          1200 AM
 LOWEST     23           500 PM
 AVERAGE    58

..........................................................


THE MINOT ND CLIMATE NORMALS FOR TODAY
                         NORMAL    RECORD    YEAR
 MAXIMUM TEMPERATURE (F)   71       105      1934
 MINIMUM TEMPERATURE (F)   48        29      1917


SUNRISE AND SUNSET
MAY 30 2016...........SUNRISE   550 AM CDT   SUNSET   936 PM CDT
MAY 31 2016...........SUNRISE   549 AM CDT   SUNSET   937 PM CDT


-  INDICATES NEGATIVE NUMBERS.
R  INDICATES RECORD WAS SET OR TIED.
MM INDICATES DATA IS MISSING.
T  INDICATES TRACE AMOUNT.




$$
