000
CDUS43 KBIS 140019
CLIMOT


CLIMATE REPORT
NATIONAL WEATHER SERVICE BISMARCK ND
719 PM CDT SUN JUL 13 2014


...................................

...THE MINOT ND CLIMATE SUMMARY FOR JULY 13 2014...
VALID TODAY AS OF 0700 PM LOCAL TIME.

CLIMATE NORMAL PERIOD 1981 TO 2010
CLIMATE RECORD PERIOD 1905 TO 2014


WEATHER ITEM   OBSERVED TIME   RECORD YEAR NORMAL DEPARTURE LAST
                VALUE   (LST)  VALUE       VALUE  FROM      YEAR
                                                  NORMAL
..................................................................
TEMPERATURE (F)
 TODAY
  MAXIMUM         72        MM  99    1936  81     -9       87
  MINIMUM         53        MM  43    1967  58     -5       60
  AVERAGE         63                        70     -7       74

PRECIPITATION (IN)
  TODAY            T             1.76 1999   0.08  -0.08     0.02
  MONTH TO DATE    0.47                      1.19  -0.72     2.84
  SINCE JUN 1      5.81                      4.77   1.04     7.44
  SINCE JAN 1      9.62                     10.16  -0.54    15.81

DEGREE DAYS
 HEATING
  TODAY            2                         1      1        0
  MONTH TO DATE   18                        13      5        2
  SINCE JUN 1    109                       119    -10       86
  SINCE JUL 1     18                        13      5        2

 COOLING
  TODAY            0                         5     -5        9
  MONTH TO DATE   45                        62    -17       89
  SINCE JUN 1     67                       135    -68      153
  SINCE JAN 1    108                       151    -43      163
..................................................................


WIND (MPH)
  RESULTANT WIND SPEED  17   RESULTANT WIND DIRECTION   W (290)
  HIGHEST WIND SPEED    27   HIGHEST WIND DIRECTION    NW (300)
  HIGHEST GUST SPEED    39   HIGHEST GUST DIRECTION     W (280)
  AVERAGE WIND SPEED    17.3


SKY COVER
  POSSIBLE SUNSHINE  MM
  AVERAGE SKY COVER 0.1


WEATHER CONDITIONS
 THE FOLLOWING WEATHER WAS RECORDED TODAY.
  NO SIGNIFICANT WEATHER WAS OBSERVED.


RELATIVE HUMIDITY (PERCENT)
 HIGHEST    71           500 AM
 LOWEST     34           200 PM
 AVERAGE    53

..........................................................


THE MINOT ND CLIMATE NORMALS FOR TOMORROW
                         NORMAL    RECORD    YEAR
 MAXIMUM TEMPERATURE (F)   81       104      1910
 MINIMUM TEMPERATURE (F)   58        38      1912


SUNRISE AND SUNSET
JULY 13 2014..........SUNRISE   558 AM CDT   SUNSET   943 PM CDT
JULY 14 2014..........SUNRISE   559 AM CDT   SUNSET   942 PM CDT


-  INDICATES NEGATIVE NUMBERS.
R  INDICATES RECORD WAS SET OR TIED.
MM INDICATES DATA IS MISSING.
T  INDICATES TRACE AMOUNT.




$$
