000
CDUS43 KBIS 260741
CLIMOT


CLIMATE REPORT
NATIONAL WEATHER SERVICE BISMARCK ND
139 AM CST FRI DEC 26 2014


...................................

...THE MINOT ND CLIMATE SUMMARY FOR DECEMBER 25 2014...

CLIMATE NORMAL PERIOD 1981 TO 2010
CLIMATE RECORD PERIOD 1905 TO 2014


WEATHER ITEM   OBSERVED TIME   RECORD YEAR NORMAL DEPARTURE LAST
                VALUE   (LST)  VALUE       VALUE  FROM      YEAR
                                                  NORMAL
..................................................................
TEMPERATURE (F)
 YESTERDAY
  MAXIMUM         28    232 PM  48    1999  21      7       31
  MINIMUM         14   1159 PM -41    1914   5      9       18
  AVERAGE         21                        13      8       25

PRECIPITATION (IN)
  YESTERDAY        T             0.28 1950   0.02  -0.02      T
  MONTH TO DATE    0.01                      0.30  -0.29     0.17
  SINCE DEC 1      0.01                      0.30  -0.29     0.17
  SINCE JAN 1     15.96                     17.11  -1.15    24.98

DEGREE DAYS
 HEATING
  YESTERDAY       44                        52     -8       40
  MONTH TO DATE 1082                      1224   -142     1542
  SINCE DEC 1   1082                      1224   -142     1542
  SINCE JUL 1   3261                      3282    -21     3597
..................................................................


WIND (MPH)
  HIGHEST WIND SPEED    20   HIGHEST WIND DIRECTION    NW (300)
  HIGHEST GUST SPEED    25   HIGHEST GUST DIRECTION    NW (310)
  AVERAGE WIND SPEED    13.3


SKY COVER
  POSSIBLE SUNSHINE  MM
  AVERAGE SKY COVER 0.9


WEATHER CONDITIONS
 THE FOLLOWING WEATHER WAS RECORDED YESTERDAY.
  LIGHT SNOW
  FOG
  HAZE


RELATIVE HUMIDITY (PERCENT)
 HIGHEST    81          1200 AM
 LOWEST     74           500 PM
 AVERAGE    78

..........................................................


THE MINOT ND CLIMATE NORMALS FOR TODAY
                         NORMAL    RECORD    YEAR
 MAXIMUM TEMPERATURE (F)   21        49      2005
 MINIMUM TEMPERATURE (F)    5       -40      1914


SUNRISE AND SUNSET
DECEMBER 26 2014......SUNRISE   835 AM CST   SUNSET   456 PM CST
DECEMBER 27 2014......SUNRISE   835 AM CST   SUNSET   457 PM CST


-  INDICATES NEGATIVE NUMBERS.
R  INDICATES RECORD WAS SET OR TIED.
MM INDICATES DATA IS MISSING.
T  INDICATES TRACE AMOUNT.




$$
