000
CDUS43 KBIS 280745
CLIMOT


CLIMATE REPORT
NATIONAL WEATHER SERVICE BISMARCK ND
243 AM CDT TUE JUL 28 2015


...................................

...THE MINOT ND CLIMATE SUMMARY FOR JULY 27 2015...

CLIMATE NORMAL PERIOD 1981 TO 2010
CLIMATE RECORD PERIOD 1897 TO 2015


WEATHER ITEM   OBSERVED TIME   RECORD YEAR NORMAL DEPARTURE LAST
                VALUE   (LST)  VALUE       VALUE  FROM      YEAR
                                                  NORMAL
..................................................................
TEMPERATURE (F)
 YESTERDAY
  MAXIMUM         92    421 PM 108    1931  83      9       69
  MINIMUM         59    535 AM  40    1925  58      1       54
  AVERAGE         76                        71      5       62

PRECIPITATION (IN)
  YESTERDAY        0.01          1.06 1993   0.06  -0.05     0.00
  MONTH TO DATE    2.03                      2.19  -0.16     1.63
  SINCE JUN 1      6.06                      5.77   0.29     6.97
  SINCE JAN 1     10.19                     11.16  -0.97    10.78

DEGREE DAYS
 COOLING
  YESTERDAY       11                         6      5        0
  MONTH TO DATE  178                       144     34      100
  SINCE JUN 1    252                       217     35      122
  SINCE JAN 1    259                       233     26      163
..................................................................


WIND (MPH)
  HIGHEST WIND SPEED    31   HIGHEST WIND DIRECTION    SW (220)
  HIGHEST GUST SPEED    39   HIGHEST GUST DIRECTION    SW (210)
  AVERAGE WIND SPEED    12.2


SKY COVER
  POSSIBLE SUNSHINE  MM
  AVERAGE SKY COVER 0.1


WEATHER CONDITIONS
 THE FOLLOWING WEATHER WAS RECORDED YESTERDAY.
  LIGHT RAIN


RELATIVE HUMIDITY (PERCENT)
 HIGHEST    97           400 AM
 LOWEST     41           400 PM
 AVERAGE    69

..........................................................


THE MINOT ND CLIMATE NORMALS FOR TODAY
                         NORMAL    RECORD    YEAR
 MAXIMUM TEMPERATURE (F)   83       104      1917
 MINIMUM TEMPERATURE (F)   58        41      1925


SUNRISE AND SUNSET
JULY 28 2015..........SUNRISE   615 AM CDT   SUNSET   927 PM CDT
JULY 29 2015..........SUNRISE   616 AM CDT   SUNSET   926 PM CDT


-  INDICATES NEGATIVE NUMBERS.
R  INDICATES RECORD WAS SET OR TIED.
MM INDICATES DATA IS MISSING.
T  INDICATES TRACE AMOUNT.




$$
