000
CDUS43 KBIS 180037
CLIMOT


CLIMATE REPORT
NATIONAL WEATHER SERVICE BISMARCK ND
737 PM CDT THU AUG 17 2017


...................................

...THE MINOT ND CLIMATE SUMMARY FOR AUGUST 17 2017...
VALID TODAY AS OF 0700 PM LOCAL TIME.

CLIMATE NORMAL PERIOD 1981 TO 2010
CLIMATE RECORD PERIOD 1897 TO 2017


WEATHER ITEM   OBSERVED TIME   RECORD YEAR NORMAL DEPARTURE LAST
                VALUE   (LST)  VALUE       VALUE  FROM      YEAR
                                                  NORMAL
..................................................................
TEMPERATURE (F)
 TODAY
  MAXIMUM         85    501 PM 104    2003  82      3       98
                                      1934
  MINIMUM         59    638 AM  37    1950  56      3       66
  AVERAGE         72                        69      3       82

PRECIPITATION (IN)
  TODAY            0.00          0.99 2005   0.07  -0.07     0.00
  MONTH TO DATE    2.16                      1.14   1.02     0.10
  SINCE JUN 1      3.85                      7.15  -3.30     5.57
  SINCE JAN 1      5.22                     12.54  -7.32    10.72

DEGREE DAYS
 HEATING
  TODAY            0                         1     -1        0
  MONTH TO DATE    9                        17     -8        0
  SINCE JUN 1     60                       147    -87       22
  SINCE JUL 1      9                        41    -32        7

 COOLING
  TODAY            7                         5      2       17
  MONTH TO DATE   38                        98    -60      186
  SINCE JUN 1    441                       340    101      562
  SINCE JAN 1    444                       356     88      602
..................................................................


WIND (MPH)
  RESULTANT WIND SPEED   6   RESULTANT WIND DIRECTION  SE (150)
  HIGHEST WIND SPEED    17   HIGHEST WIND DIRECTION    SE (130)
  HIGHEST GUST SPEED    24   HIGHEST GUST DIRECTION    SE (120)
  AVERAGE WIND SPEED     7.2


SKY COVER
  POSSIBLE SUNSHINE  MM
  AVERAGE SKY COVER 0.1


WEATHER CONDITIONS
 THE FOLLOWING WEATHER WAS RECORDED TODAY.
  NO SIGNIFICANT WEATHER WAS OBSERVED.


RELATIVE HUMIDITY (PERCENT)
 HIGHEST    87           600 AM
 LOWEST     28          1200 PM
 AVERAGE    58

..........................................................


THE MINOT ND CLIMATE NORMALS FOR TOMORROW
                         NORMAL    RECORD    YEAR
 MAXIMUM TEMPERATURE (F)   81        99      1906
 MINIMUM TEMPERATURE (F)   56        35      1910


SUNRISE AND SUNSET
AUGUST 17 2017........SUNRISE   642 AM CDT   SUNSET   855 PM CDT
AUGUST 18 2017........SUNRISE   644 AM CDT   SUNSET   853 PM CDT


-  INDICATES NEGATIVE NUMBERS.
R  INDICATES RECORD WAS SET OR TIED.
MM INDICATES DATA IS MISSING.
T  INDICATES TRACE AMOUNT.




$$
