000
CDUS43 KBIS 270732
CLIMOT


CLIMATE REPORT
NATIONAL WEATHER SERVICE BISMARCK ND
229 AM CDT FRI MAR 27 2015


...................................

...THE MINOT ND CLIMATE SUMMARY FOR MARCH 26 2015...

CLIMATE NORMAL PERIOD 1981 TO 2010
CLIMATE RECORD PERIOD 1905 TO 2015


WEATHER ITEM   OBSERVED TIME   RECORD YEAR NORMAL DEPARTURE LAST
                VALUE   (LST)  VALUE       VALUE  FROM      YEAR
                                                  NORMAL
..................................................................
TEMPERATURE (F)
 YESTERDAY
  MAXIMUM         39    408 PM  73    1946  43     -4       35
  MINIMUM         21    225 AM -15    1964  24     -3       19
  AVERAGE         30                        33     -3       27

PRECIPITATION (IN)
  YESTERDAY        0.00          0.69 1950   0.03  -0.03     0.00
  MONTH TO DATE    0.29                      0.66  -0.37     0.05
  SINCE MAR 1      0.29                      0.66  -0.37     0.05
  SINCE JAN 1      0.76                      1.57  -0.81     0.41

DEGREE DAYS
 HEATING
  YESTERDAY       35                        32      3       38
  MONTH TO DATE  874                       984   -110     1096
  SINCE MAR 1    874                       984   -110     1096
  SINCE JUL 1   7562                      7560      2     8329

 COOLING
  YESTERDAY        0                         0      0        0
  MONTH TO DATE    0                         0      0        0
  SINCE MAR 1      0                         0      0        0
  SINCE JAN 1      0                         0      0        0
..................................................................


WIND (MPH)
  HIGHEST WIND SPEED    13   HIGHEST WIND DIRECTION    SE (130)
  HIGHEST GUST SPEED    15   HIGHEST GUST DIRECTION    SE (120)
  AVERAGE WIND SPEED     4.8


SKY COVER
  POSSIBLE SUNSHINE  MM
  AVERAGE SKY COVER 0.5


WEATHER CONDITIONS
 THE FOLLOWING WEATHER WAS RECORDED YESTERDAY.
  FOG


RELATIVE HUMIDITY (PERCENT)
 HIGHEST    92           200 AM
 LOWEST     48           200 PM
 AVERAGE    70

..........................................................


THE MINOT ND CLIMATE NORMALS FOR TODAY
                         NORMAL    RECORD    YEAR
 MAXIMUM TEMPERATURE (F)   43        78      1946
 MINIMUM TEMPERATURE (F)   24       -17      1921


SUNRISE AND SUNSET
MARCH 27 2015.........SUNRISE   734 AM CDT   SUNSET   808 PM CDT
MARCH 28 2015.........SUNRISE   732 AM CDT   SUNSET   809 PM CDT


-  INDICATES NEGATIVE NUMBERS.
R  INDICATES RECORD WAS SET OR TIED.
MM INDICATES DATA IS MISSING.
T  INDICATES TRACE AMOUNT.




$$
