000
CDUS43 KBIS 250730
CLIMOT


CLIMATE REPORT
NATIONAL WEATHER SERVICE BISMARCK ND
230 AM CDT FRI APR 25 2014


...................................

...THE MINOT ND CLIMATE SUMMARY FOR APRIL 24 2014...

CLIMATE NORMAL PERIOD 1981 TO 2010
CLIMATE RECORD PERIOD 1905 TO 2014


WEATHER ITEM   OBSERVED TIME   RECORD YEAR NORMAL DEPARTURE LAST
                VALUE   (LST)  VALUE       VALUE  FROM      YEAR
                                                  NORMAL
..................................................................
TEMPERATURE (F)
 YESTERDAY
  MAXIMUM         60    322 PM  88    2012  59      1       32
  MINIMUM         38   1155 PM  11    1931  35      3       22
  AVERAGE         49                        47      2       27

PRECIPITATION (IN)
  YESTERDAY        T             2.14 1950   0.05  -0.05      T
  MONTH TO DATE    0.77                      0.82  -0.05     0.47
  SINCE MAR 1      0.82                      1.66  -0.84     1.08
  SINCE JAN 1      1.18                      2.57  -1.39     1.62

DEGREE DAYS
 HEATING
  YESTERDAY       16                        18     -2       38
  MONTH TO DATE  635                       554     81      951
  SINCE MAR 1   1918                      1693    225     2531
  SINCE JUL 1   9151                      8269    882     9261

 COOLING
  YESTERDAY        0                         0      0        0
  MONTH TO DATE    0                         0      0        0
  SINCE MAR 1      0                         0      0        0
  SINCE JAN 1      0                         0      0        0
..................................................................


WIND (MPH)
  HIGHEST WIND SPEED    24   HIGHEST WIND DIRECTION    NW (300)
  HIGHEST GUST SPEED    33   HIGHEST GUST DIRECTION    NW (300)
  AVERAGE WIND SPEED    10.8


SKY COVER
  POSSIBLE SUNSHINE  MM
  AVERAGE SKY COVER 0.2


WEATHER CONDITIONS
 THE FOLLOWING WEATHER WAS RECORDED YESTERDAY.
  THUNDERSTORM
  LIGHT RAIN


RELATIVE HUMIDITY (PERCENT)
 HIGHEST    92          1200 AM
 LOWEST     43           100 PM
 AVERAGE    68

..........................................................


THE MINOT ND CLIMATE NORMALS FOR TODAY
                         NORMAL    RECORD    YEAR
 MAXIMUM TEMPERATURE (F)   60        81      1977
 MINIMUM TEMPERATURE (F)   36        11      1907


SUNRISE AND SUNSET
APRIL 25 2014.........SUNRISE   637 AM CDT   SUNSET   850 PM CDT
APRIL 26 2014.........SUNRISE   635 AM CDT   SUNSET   852 PM CDT


-  INDICATES NEGATIVE NUMBERS.
R  INDICATES RECORD WAS SET OR TIED.
MM INDICATES DATA IS MISSING.
T  INDICATES TRACE AMOUNT.




$$
