131
CDUS43 KBIS 290729
CLIMOT


CLIMATE REPORT
NATIONAL WEATHER SERVICE BISMARCK ND
228 AM CDT FRI APR 29 2016


...................................

...THE MINOT ND CLIMATE SUMMARY FOR APRIL 28 2016...

CLIMATE NORMAL PERIOD 1981 TO 2010
CLIMATE RECORD PERIOD 1897 TO 2016


WEATHER ITEM   OBSERVED TIME   RECORD YEAR NORMAL DEPARTURE LAST
                VALUE   (LST)  VALUE       VALUE  FROM      YEAR
                                                  NORMAL
..................................................................
TEMPERATURE (F)
 YESTERDAY
  MAXIMUM         61    332 PM  92    2001  61      0       67
                                      1952
  MINIMUM         37    559 AM  13    1958  37      0       37
  AVERAGE         49                        49      0       52

PRECIPITATION (IN)
  YESTERDAY        0.00          2.06 1970   0.06  -0.06     0.00
  MONTH TO DATE    2.17                      1.03   1.14     0.58
  SINCE MAR 1      2.58                      1.87   0.71     0.95
  SINCE JAN 1      3.16                      2.78   0.38     1.42

DEGREE DAYS
 HEATING
  YESTERDAY       16                        16      0       13
  MONTH TO DATE  560                       621    -61      608
  SINCE MAR 1   1356                      1760   -404     1569
  SINCE JUL 1   6788                      8336  -1548     8257

 COOLING
  YESTERDAY        0                         0      0        0
  MONTH TO DATE    0                         0      0        0
  SINCE MAR 1      0                         0      0        0
  SINCE JAN 1      0                         0      0        0
..................................................................


WIND (MPH)
  HIGHEST WIND SPEED    18   HIGHEST WIND DIRECTION     E (70)
  HIGHEST GUST SPEED    25   HIGHEST GUST DIRECTION     E (70)
  AVERAGE WIND SPEED     9.4


SKY COVER
  POSSIBLE SUNSHINE  MM
  AVERAGE SKY COVER 0.0


WEATHER CONDITIONS
 THE FOLLOWING WEATHER WAS RECORDED YESTERDAY.
  NO SIGNIFICANT WEATHER WAS OBSERVED.


RELATIVE HUMIDITY (PERCENT)
 HIGHEST    54           300 AM
 LOWEST     14           200 PM
 AVERAGE    34

..........................................................


THE MINOT ND CLIMATE NORMALS FOR TODAY
                         NORMAL    RECORD    YEAR
 MAXIMUM TEMPERATURE (F)   61        87      1949
 MINIMUM TEMPERATURE (F)   37        16      1966
                                             1936


SUNRISE AND SUNSET
APRIL 29 2016.........SUNRISE   629 AM CDT   SUNSET   857 PM CDT
APRIL 30 2016.........SUNRISE   627 AM CDT   SUNSET   858 PM CDT


-  INDICATES NEGATIVE NUMBERS.
R  INDICATES RECORD WAS SET OR TIED.
MM INDICATES DATA IS MISSING.
T  INDICATES TRACE AMOUNT.




$$
