000
CDUS43 KBIS 020726
CLIMOT


CLIMATE REPORT
NATIONAL WEATHER SERVICE BISMARCK ND
225 AM CDT THU OCT 2 2014


...................................

...THE MINOT ND CLIMATE SUMMARY FOR OCTOBER 1 2014...

CLIMATE NORMAL PERIOD 1981 TO 2010
CLIMATE RECORD PERIOD 1905 TO 2014


WEATHER ITEM   OBSERVED TIME   RECORD YEAR NORMAL DEPARTURE LAST
                VALUE   (LST)  VALUE       VALUE  FROM      YEAR
                                                  NORMAL
..................................................................
TEMPERATURE (F)
 YESTERDAY
  MAXIMUM         60    101 PM  92    1992  63     -3       65
  MINIMUM         48    917 PM  14    1936  40      8       45
  AVERAGE         54                        51      3       55

PRECIPITATION (IN)
  YESTERDAY        0.03          0.80 2009   0.04  -0.01     0.00
  MONTH TO DATE    0.03                      0.04  -0.01     0.00
  SINCE SEP 1      0.88                      1.50  -0.62     2.16
  SINCE JAN 1     15.52                     14.94   0.58    22.34

DEGREE DAYS
 HEATING
  YESTERDAY       11                        14     -3       10
  MONTH TO DATE   11                        14     -3       10
  SINCE SEP 1    223                       263    -40      132
  SINCE JUL 1    291                       334    -43      201

 COOLING
  YESTERDAY        0                         0      0        0
  MONTH TO DATE    0                         0      0        0
  SINCE SEP 1     36                        33      3       50
  SINCE JAN 1    341                       444   -103      421
..................................................................


WIND (MPH)
  HIGHEST WIND SPEED    28   HIGHEST WIND DIRECTION     W (280)
  HIGHEST GUST SPEED    34   HIGHEST GUST DIRECTION     W (280)
  AVERAGE WIND SPEED    13.2


SKY COVER
  POSSIBLE SUNSHINE  MM
  AVERAGE SKY COVER 0.8


WEATHER CONDITIONS
 THE FOLLOWING WEATHER WAS RECORDED YESTERDAY.
  LIGHT RAIN
  FOG


RELATIVE HUMIDITY (PERCENT)
 HIGHEST    93           600 AM
 LOWEST     66           500 PM
 AVERAGE    80

..........................................................


THE MINOT ND CLIMATE NORMALS FOR TODAY
                         NORMAL    RECORD    YEAR
 MAXIMUM TEMPERATURE (F)   62        92      1997
 MINIMUM TEMPERATURE (F)   39        15      1918


SUNRISE AND SUNSET
OCTOBER  2 2014.......SUNRISE   746 AM CDT   SUNSET   722 PM CDT
OCTOBER  3 2014.......SUNRISE   747 AM CDT   SUNSET   720 PM CDT


-  INDICATES NEGATIVE NUMBERS.
R  INDICATES RECORD WAS SET OR TIED.
MM INDICATES DATA IS MISSING.
T  INDICATES TRACE AMOUNT.




$$
