000
CDUS43 KBIS 230723
CLIMOT


CLIMATE REPORT
NATIONAL WEATHER SERVICE BISMARCK ND
223 AM CDT TUE AUG 23 2016


...................................

...THE MINOT ND CLIMATE SUMMARY FOR AUGUST 22 2016...

CLIMATE NORMAL PERIOD 1981 TO 2010
CLIMATE RECORD PERIOD 1897 TO 2016


WEATHER ITEM   OBSERVED TIME   RECORD YEAR NORMAL DEPARTURE LAST
                VALUE   (LST)  VALUE       VALUE  FROM      YEAR
                                                  NORMAL
..................................................................
TEMPERATURE (F)
 YESTERDAY
  MAXIMUM         96    211 PM  99    1969  80     16       66
  MINIMUM         65    634 AM  33    1923  55     10       52
  AVERAGE         81                        68     13       59

PRECIPITATION (IN)
  YESTERDAY        0.00          1.05 2015   0.06  -0.06     1.05
  MONTH TO DATE    1.23                      1.46  -0.23     1.26
  SINCE JUN 1      6.70                      7.47  -0.77     7.33
  SINCE JAN 1     11.85                     12.86  -1.01    11.46

DEGREE DAYS
 COOLING
  YESTERDAY       16                         4     12        0
  MONTH TO DATE  213                       121     92      125
  SINCE JUN 1    589                       363    226      394
  SINCE JAN 1    629                       379    250      401
..................................................................


WIND (MPH)
  HIGHEST WIND SPEED    22   HIGHEST WIND DIRECTION     S (180)
  HIGHEST GUST SPEED    33   HIGHEST GUST DIRECTION     S (180)
  AVERAGE WIND SPEED    10.5


SKY COVER
  POSSIBLE SUNSHINE  MM
  AVERAGE SKY COVER 0.0


WEATHER CONDITIONS
 THE FOLLOWING WEATHER WAS RECORDED YESTERDAY.
  NO SIGNIFICANT WEATHER WAS OBSERVED.


RELATIVE HUMIDITY (PERCENT)
 HIGHEST    90          1100 PM
 LOWEST     20           300 PM
 AVERAGE    55

..........................................................


THE MINOT ND CLIMATE NORMALS FOR TODAY
                         NORMAL    RECORD    YEAR
 MAXIMUM TEMPERATURE (F)   80       104      1937
 MINIMUM TEMPERATURE (F)   54        34      1908


SUNRISE AND SUNSET
AUGUST 23 2016........SUNRISE   651 AM CDT   SUNSET   843 PM CDT
AUGUST 24 2016........SUNRISE   652 AM CDT   SUNSET   841 PM CDT


-  INDICATES NEGATIVE NUMBERS.
R  INDICATES RECORD WAS SET OR TIED.
MM INDICATES DATA IS MISSING.
T  INDICATES TRACE AMOUNT.




$$
