000
CDUS43 KBIS 250801
CLIMOT


CLIMATE REPORT
NATIONAL WEATHER SERVICE BISMARCK ND
301 AM CDT TUE APR 25 2017


...................................

...THE MINOT ND CLIMATE SUMMARY FOR APRIL 24 2017...

CLIMATE NORMAL PERIOD 1981 TO 2010
CLIMATE RECORD PERIOD 1897 TO 2017


WEATHER ITEM   OBSERVED TIME   RECORD YEAR NORMAL DEPARTURE LAST
                VALUE   (LST)  VALUE       VALUE  FROM      YEAR
                                                  NORMAL
..................................................................
TEMPERATURE (F)
 YESTERDAY
  MAXIMUM         34    654 PM  88    2012  59    -25       48
  MINIMUM         30    906 AM  11    1931  35     -5       42
  AVERAGE         32                        47    -15       45

PRECIPITATION (IN)
  YESTERDAY        0.06          2.14 1950   0.05   0.01     0.89
  MONTH TO DATE    0.29                      0.82  -0.53     1.99
  SINCE MAR 1      0.60                      1.66  -1.06     2.40
  SINCE JAN 1      0.73                      2.57  -1.84     2.98

DEGREE DAYS
 HEATING
  YESTERDAY       33                        18     15       20
  MONTH TO DATE  487                       554    -67      487
  SINCE MAR 1   1638                      1693    -55     1283
  SINCE JUL 1   7574                      8269   -695     6715

 COOLING
  YESTERDAY        0                         0      0        0
  MONTH TO DATE    0                         0      0        0
  SINCE MAR 1      0                         0      0        0
  SINCE JAN 1      0                         0      0        0
..................................................................


WIND (MPH)
  HIGHEST WIND SPEED    21   HIGHEST WIND DIRECTION     E (70)
  HIGHEST GUST SPEED    25   HIGHEST GUST DIRECTION     E (80)
  AVERAGE WIND SPEED    12.4


SKY COVER
  POSSIBLE SUNSHINE  MM
  AVERAGE SKY COVER 1.0


WEATHER CONDITIONS
 THE FOLLOWING WEATHER WAS RECORDED YESTERDAY.
  LIGHT SNOW
  FOG


RELATIVE HUMIDITY (PERCENT)
 HIGHEST    85          1200 AM
 LOWEST     78          1100 AM
 AVERAGE    82

..........................................................


THE MINOT ND CLIMATE NORMALS FOR TODAY
                         NORMAL    RECORD    YEAR
 MAXIMUM TEMPERATURE (F)   60        81      1977
 MINIMUM TEMPERATURE (F)   36        11      1907


SUNRISE AND SUNSET
APRIL 25 2017.........SUNRISE   636 AM CDT   SUNSET   851 PM CDT
APRIL 26 2017.........SUNRISE   634 AM CDT   SUNSET   852 PM CDT


-  INDICATES NEGATIVE NUMBERS.
R  INDICATES RECORD WAS SET OR TIED.
MM INDICATES DATA IS MISSING.
T  INDICATES TRACE AMOUNT.




$$
