000
CDUS43 KBIS 200725
CLIMOT


CLIMATE REPORT
NATIONAL WEATHER SERVICE BISMARCK ND
224 AM CDT FRI OCT 20 2017


...................................

...THE MINOT ND CLIMATE SUMMARY FOR OCTOBER 19 2017...

CLIMATE NORMAL PERIOD 1981 TO 2010
CLIMATE RECORD PERIOD 1897 TO 2017


WEATHER ITEM   OBSERVED TIME   RECORD YEAR NORMAL DEPARTURE LAST
                VALUE   (LST)  VALUE       VALUE  FROM      YEAR
                                                  NORMAL
..................................................................
TEMPERATURE (F)
 YESTERDAY
  MAXIMUM         80    322 PM  84    2003  54     26       47
  MINIMUM         37    314 AM   5    1917  33      4       38
  AVERAGE         59                        43     16       43

PRECIPITATION (IN)
  YESTERDAY        0.00          0.72 1932   0.04  -0.04     0.00
  MONTH TO DATE    0.04                      0.80  -0.76     1.05
  SINCE SEP 1      2.00                      2.26  -0.26     4.03
  SINCE JAN 1      7.33                     15.70  -8.37    15.89

DEGREE DAYS
 HEATING
  YESTERDAY        6                        22    -16       22
  MONTH TO DATE  283                       339    -56      347
  SINCE SEP 1    471                       588   -117      536
  SINCE JUL 1    481                       659   -178      547

 COOLING
  YESTERDAY        0                         0      0        0
  MONTH TO DATE    0                         0      0        0
  SINCE SEP 1     62                        33     29       29
  SINCE JAN 1    580                       444    136      682
..................................................................


WIND (MPH)
  HIGHEST WIND SPEED    20   HIGHEST WIND DIRECTION     S (200)
  HIGHEST GUST SPEED    22   HIGHEST GUST DIRECTION     S (200)
  AVERAGE WIND SPEED     8.7


SKY COVER
  POSSIBLE SUNSHINE  MM
  AVERAGE SKY COVER 0.0


WEATHER CONDITIONS
 THE FOLLOWING WEATHER WAS RECORDED YESTERDAY.
  NO SIGNIFICANT WEATHER WAS OBSERVED.


RELATIVE HUMIDITY (PERCENT)
 HIGHEST    70           300 AM
 LOWEST     17           300 PM
 AVERAGE    44

..........................................................


THE MINOT ND CLIMATE NORMALS FOR TODAY
                         NORMAL    RECORD    YEAR
 MAXIMUM TEMPERATURE (F)   53        80      1947
 MINIMUM TEMPERATURE (F)   32        11      1905


SUNRISE AND SUNSET
OCTOBER 20 2017.......SUNRISE   813 AM CDT   SUNSET   646 PM CDT
OCTOBER 21 2017.......SUNRISE   814 AM CDT   SUNSET   644 PM CDT


-  INDICATES NEGATIVE NUMBERS.
R  INDICATES RECORD WAS SET OR TIED.
MM INDICATES DATA IS MISSING.
T  INDICATES TRACE AMOUNT.




$$
