151
CDUS43 KBIS 230023
CLIMOT


CLIMATE REPORT
NATIONAL WEATHER SERVICE BISMARCK ND
723 PM CDT MON MAY 22 2017


...................................

...THE MINOT ND CLIMATE SUMMARY FOR MAY 22 2017...
VALID TODAY AS OF 0700 PM LOCAL TIME.

CLIMATE NORMAL PERIOD 1981 TO 2010
CLIMATE RECORD PERIOD 1897 TO 2017


WEATHER ITEM   OBSERVED TIME   RECORD YEAR NORMAL DEPARTURE LAST
                VALUE   (LST)  VALUE       VALUE  FROM      YEAR
                                                  NORMAL
..................................................................
TEMPERATURE (F)
 TODAY
  MAXIMUM         65    236 PM 100    1928  68     -3       86
  MINIMUM         45    526 AM  26    1917  45      0       62
  AVERAGE         55                        57     -2       74

PRECIPITATION (IN)
  TODAY            T             3.00 1903   0.08  -0.08     0.01
  MONTH TO DATE    0.52                      1.66  -1.14     0.34
  SINCE MAR 1      1.12                      3.64  -2.52     2.92
  SINCE JAN 1      1.25                      4.55  -3.30     3.50

DEGREE DAYS
 HEATING
  TODAY           10                         9      1        0
  MONTH TO DATE  193                       263    -70      124
  SINCE MAR 1   1962                      2053    -91     1509
  SINCE JUL 1   7898                      8629   -731     6941

 COOLING
  TODAY            0                         0      0        9
  MONTH TO DATE    3                         0      3       37
  SINCE MAR 1      3                         1      2       37
  SINCE JAN 1      3                         1      2       37
..................................................................


WIND (MPH)
  RESULTANT WIND SPEED   9   RESULTANT WIND DIRECTION   N (340)
  HIGHEST WIND SPEED    26   HIGHEST WIND DIRECTION    NW (310)
  HIGHEST GUST SPEED    35   HIGHEST GUST DIRECTION    NW (310)
  AVERAGE WIND SPEED    10.2


SKY COVER
  POSSIBLE SUNSHINE  MM
  AVERAGE SKY COVER 0.7


WEATHER CONDITIONS
 THE FOLLOWING WEATHER WAS RECORDED TODAY.
  LIGHT RAIN


RELATIVE HUMIDITY (PERCENT)
 HIGHEST    76           300 AM
 LOWEST     34           600 PM
 AVERAGE    55

..........................................................


THE MINOT ND CLIMATE NORMALS FOR TOMORROW
                         NORMAL    RECORD    YEAR
 MAXIMUM TEMPERATURE (F)   69        91      2006
 MINIMUM TEMPERATURE (F)   45        22      1918


SUNRISE AND SUNSET
MAY 22 2017...........SUNRISE   557 AM CDT   SUNSET   927 PM CDT
MAY 23 2017...........SUNRISE   556 AM CDT   SUNSET   928 PM CDT


-  INDICATES NEGATIVE NUMBERS.
R  INDICATES RECORD WAS SET OR TIED.
MM INDICATES DATA IS MISSING.
T  INDICATES TRACE AMOUNT.




$$
