000
CDUS41 KPHI 110554
CLIMPO


CLIMATE REPORT
NATIONAL WEATHER SERVICE MOUNT HOLLY NJ
1253 AM EST MON DEC 11 2017


...................................

...THE MOUNT POCONO PA CLIMATE SUMMARY FOR DECEMBER 10 2017...

CLIMATE NORMAL PERIOD 1981 TO 2010
CLIMATE RECORD PERIOD 1901 TO 2017


WEATHER ITEM   OBSERVED TIME   RECORD YEAR NORMAL DEPARTURE LAST
                VALUE   (LST)  VALUE       VALUE  FROM      YEAR
                                                  NORMAL
..................................................................
TEMPERATURE (F)
 YESTERDAY
  MAXIMUM         29    145 PM  65    1946  36     -7       26
  MINIMUM         16    618 AM  -9    1910  23     -7       16
  AVERAGE         23                        29     -6       21

PRECIPITATION (IN)
  YESTERDAY        T             3.48 1907   0.15  -0.15      T
  MONTH TO DATE    0.49                      1.40  -0.91     0.92
  SINCE DEC 1      0.49                      1.40  -0.91     0.92
  SINCE JAN 1     41.58                     46.31  -4.73    38.82

DEGREE DAYS
 HEATING
  YESTERDAY       42                        36      6       44
  MONTH TO DATE  337                       341     -4      334
  SINCE DEC 1    337                       341     -4      334
  SINCE JUL 1   1775                      1920   -145     1727

 COOLING
  YESTERDAY        0                         0      0        0
  MONTH TO DATE    0                         0      0        0
  SINCE DEC 1      0                         0      0        0
  SINCE JAN 1    287                       314    -27      397
..................................................................


WIND (MPH)
  HIGHEST WIND SPEED    25   HIGHEST WIND DIRECTION     W (270)
  HIGHEST GUST SPEED    31   HIGHEST GUST DIRECTION     W (260)
  AVERAGE WIND SPEED    12.9


SKY COVER
  POSSIBLE SUNSHINE  MM
  AVERAGE SKY COVER 0.6


WEATHER CONDITIONS
 THE FOLLOWING WEATHER WAS RECORDED YESTERDAY.
  LIGHT SNOW


RELATIVE HUMIDITY (PERCENT)
 HIGHEST    92           100 AM
 LOWEST     68           600 PM
 AVERAGE    80

..........................................................


THE MOUNT POCONO PA CLIMATE NORMALS FOR TODAY
                         NORMAL    RECORD    YEAR
 MAXIMUM TEMPERATURE (F)   35        60      1979
 MINIMUM TEMPERATURE (F)   23        -8      1917


SUNRISE AND SUNSET
DECEMBER 11 2017......SUNRISE   717 AM EST   SUNSET   433 PM EST
DECEMBER 12 2017......SUNRISE   718 AM EST   SUNSET   433 PM EST


-  INDICATES NEGATIVE NUMBERS.
R  INDICATES RECORD WAS SET OR TIED.
MM INDICATES DATA IS MISSING.
T  INDICATES TRACE AMOUNT.




$$
