000
CDUS41 KPHI 312129
CLIMPO


CLIMATE REPORT
NATIONAL WEATHER SERVICE MOUNT HOLLY NJ
528 PM EDT WED AUG 31 2016


...................................

...THE MOUNT POCONO PA CLIMATE SUMMARY FOR AUGUST 31 2016...
VALID TODAY AS OF 0500 PM LOCAL TIME.

CLIMATE NORMAL PERIOD 1981 TO 2010
CLIMATE RECORD PERIOD 1901 TO 2016


WEATHER ITEM   OBSERVED TIME   RECORD YEAR NORMAL DEPARTURE LAST
                VALUE   (LST)  VALUE       VALUE  FROM      YEAR
                                                  NORMAL
..................................................................
TEMPERATURE (F)
 TODAY
  MAXIMUM         78    338 PM  92    1953  73      5       82
  MINIMUM         56    512 AM  33    1965  55      1       64
  AVERAGE         67                        64      3       73

PRECIPITATION (IN)
  TODAY            T             4.25 1940   0.11  -0.11     0.04
  MONTH TO DATE    3.93                      4.46  -0.53     5.19
  SINCE JUN 1     12.16                     13.48  -1.32    17.02
  SINCE JAN 1     29.59                     30.98  -1.39    28.02

SNOWFALL (IN)
  TODAY           MM            MM      MM  MM     MM       MM
  MONTH TO DATE   MM                        MM     MM       MM
  SINCE JUN 1     MM                        MM     MM       MM
  SINCE JUL 1     MM                        MM     MM       MM
  SNOW DEPTH      MM

DEGREE DAYS
 HEATING
  TODAY            0                         2     -2        0
  MONTH TO DATE   16                        39    -23       28
  SINCE JUN 1    124                       163    -39      125
  SINCE JUL 1     32                        63    -31       41

 COOLING
  TODAY            2                         2      0        8
  MONTH TO DATE  130                        94     36       89
  SINCE JUN 1    317                       277     40      283
  SINCE JAN 1    346                       296     50      340
..................................................................


WIND (MPH)
  HIGHEST WIND SPEED    12   HIGHEST WIND DIRECTION     W (270)
  HIGHEST GUST SPEED    16   HIGHEST GUST DIRECTION     W (290)
  AVERAGE WIND SPEED     4.8


SKY COVER
  POSSIBLE SUNSHINE  MM
  AVERAGE SKY COVER 0.2


WEATHER CONDITIONS
 THE FOLLOWING WEATHER WAS RECORDED TODAY.
  NO SIGNIFICANT WEATHER WAS OBSERVED.


RELATIVE HUMIDITY (PERCENT)
 HIGHEST    93          1200 AM
 LOWEST     60           400 PM
 AVERAGE    77

..........................................................


THE MOUNT POCONO PA CLIMATE NORMALS FOR TOMORROW
                         NORMAL    RECORD    YEAR
 MAXIMUM TEMPERATURE (F)   73        92      1953
 MINIMUM TEMPERATURE (F)   55        37      1926


SUNRISE AND SUNSET
AUGUST 31 2016........SUNRISE   628 AM EDT   SUNSET   735 PM EDT
SEPTEMBER  1 2016.....SUNRISE   629 AM EDT   SUNSET   733 PM EDT


-  INDICATES NEGATIVE NUMBERS.
R  INDICATES RECORD WAS SET OR TIED.
MM INDICATES DATA IS MISSING.
T  INDICATES TRACE AMOUNT.




$$
