000
CDUS41 KPHI 270627
CLIMPO


CLIMATE REPORT
NATIONAL WEATHER SERVICE MOUNT HOLLY NJ
126 AM EST SAT DEC 27 2014


...................................

...THE MOUNT POCONO PA CLIMATE SUMMARY FOR DECEMBER 26 2014...

CLIMATE NORMAL PERIOD 1981 TO 2010
CLIMATE RECORD PERIOD 1901 TO 2014


WEATHER ITEM   OBSERVED TIME   RECORD YEAR NORMAL DEPARTURE LAST
                VALUE   (LST)  VALUE       VALUE  FROM      YEAR
                                                  NORMAL
..................................................................
TEMPERATURE (F)
 YESTERDAY
  MAXIMUM         43    310 PM  57    1964  32     11       29
  MINIMUM         30    805 AM -10    1983  18     12       16
  AVERAGE         37                        25     12       23

PRECIPITATION (IN)
  YESTERDAY        0.00          2.44 1957   0.10  -0.10     0.02
  MONTH TO DATE    2.75                      3.35  -0.60     1.73
  SINCE DEC 1      2.75                      3.35  -0.60     1.73
  SINCE JAN 1     40.47                     48.26  -7.79    43.31

SNOWFALL (IN)
  YESTERDAY       MM            MM      MM  MM     MM       MM
  MONTH TO DATE   MM                        MM     MM       MM
  SINCE DEC 1     MM                        MM     MM       MM
  SINCE JUL 1     MM                        MM     MM       MM
  SNOW DEPTH      MM

DEGREE DAYS
 HEATING
  YESTERDAY       28                        40    -12       42
  MONTH TO DATE  861                       953    -92      939
  SINCE DEC 1    861                       953    -92      939
  SINCE JUL 1   2428                      2532   -104     2551

 COOLING
  YESTERDAY        0                         0      0        0
  MONTH TO DATE    0                         0      0        0
  SINCE DEC 1      0                         0      0        0
  SINCE JAN 1    253                       314    -61      467
..................................................................


WIND (MPH)
  HIGHEST WIND SPEED    15   HIGHEST WIND DIRECTION    NW (320)
  HIGHEST GUST SPEED    24   HIGHEST GUST DIRECTION    NW (310)
  AVERAGE WIND SPEED     7.1


SKY COVER
  POSSIBLE SUNSHINE  MM
  AVERAGE SKY COVER 0.0


WEATHER CONDITIONS
 THE FOLLOWING WEATHER WAS RECORDED YESTERDAY.
  NO SIGNIFICANT WEATHER WAS OBSERVED.


RELATIVE HUMIDITY (PERCENT)
 HIGHEST    78           600 AM
 LOWEST     49           300 PM
 AVERAGE    64

..........................................................


THE MOUNT POCONO PA CLIMATE NORMALS FOR TODAY
                         NORMAL    RECORD    YEAR
 MAXIMUM TEMPERATURE (F)   32        56      1964
 MINIMUM TEMPERATURE (F)   18        -9      1962


SUNRISE AND SUNSET
DECEMBER 27 2014......SUNRISE   726 AM EST   SUNSET   440 PM EST
DECEMBER 28 2014......SUNRISE   726 AM EST   SUNSET   440 PM EST


-  INDICATES NEGATIVE NUMBERS.
R  INDICATES RECORD WAS SET OR TIED.
MM INDICATES DATA IS MISSING.
T  INDICATES TRACE AMOUNT.




$$
