000
CDUS41 KPHI 230627
CLIMPO


CLIMATE REPORT
NATIONAL WEATHER SERVICE MOUNT HOLLY NJ
226 AM EDT TUE SEP 23 2014


...................................

...THE MOUNT POCONO PA CLIMATE SUMMARY FOR SEPTEMBER 22 2014...

CLIMATE NORMAL PERIOD 1981 TO 2010
CLIMATE RECORD PERIOD 1901 TO 2014


WEATHER ITEM   OBSERVED TIME   RECORD YEAR NORMAL DEPARTURE LAST
                VALUE   (LST)  VALUE       VALUE  FROM      YEAR
                                                  NORMAL
..................................................................
TEMPERATURE (F)
 YESTERDAY
  MAXIMUM         59   1215 AM  88    1931  65     -6       59
  MINIMUM         45   1159 PM  24    1904  47     -2       46
  AVERAGE         52                        56     -4       53

PRECIPITATION (IN)
  YESTERDAY        T             2.36 1979   0.18  -0.18     0.00
  MONTH TO DATE    1.08                      3.73  -2.65     1.73
  SINCE SEP 1      1.08                      3.73  -2.65     1.73
  SINCE JAN 1     29.50                     34.71  -5.21    37.38

SNOWFALL (IN)
  YESTERDAY       MM            MM      MM  MM     MM       MM
  MONTH TO DATE   MM                        MM     MM       MM
  SINCE SEP 1     MM                        MM     MM       MM
  SINCE JUL 1     MM                        MM     MM       MM
  SNOW DEPTH      MM

DEGREE DAYS
 HEATING
  YESTERDAY       13                         9      4       12
  MONTH TO DATE  124                       120      4      157
  SINCE SEP 1    124                       120      4      157
  SINCE JUL 1    200                       183     17      221

 COOLING
  YESTERDAY        0                         0      0        0
  MONTH TO DATE   33                        13     20       40
  SINCE SEP 1     33                        13     20       40
  SINCE JAN 1    251                       309    -58      459
..................................................................


WIND (MPH)
  HIGHEST WIND SPEED    21   HIGHEST WIND DIRECTION    NW (300)
  HIGHEST GUST SPEED    28   HIGHEST GUST DIRECTION    NW (320)
  AVERAGE WIND SPEED    13.7


SKY COVER
  POSSIBLE SUNSHINE  MM
  AVERAGE SKY COVER 0.4


WEATHER CONDITIONS
 THE FOLLOWING WEATHER WAS RECORDED YESTERDAY.
  LIGHT RAIN
  FOG


RELATIVE HUMIDITY (PERCENT)
 HIGHEST    72          1000 AM
 LOWEST     55           300 PM
 AVERAGE    64

..........................................................


THE MOUNT POCONO PA CLIMATE NORMALS FOR TODAY
                         NORMAL    RECORD    YEAR
 MAXIMUM TEMPERATURE (F)   65        88      1908
 MINIMUM TEMPERATURE (F)   47        26      1904


SUNRISE AND SUNSET
SEPTEMBER 23 2014.....SUNRISE   650 AM EDT   SUNSET   657 PM EDT
SEPTEMBER 24 2014.....SUNRISE   651 AM EDT   SUNSET   655 PM EDT


-  INDICATES NEGATIVE NUMBERS.
R  INDICATES RECORD WAS SET OR TIED.
MM INDICATES DATA IS MISSING.
T  INDICATES TRACE AMOUNT.




$$
