000
CDUS41 KPHI 010640
CLIMPO


CLIMATE REPORT
NATIONAL WEATHER SERVICE MOUNT HOLLY NJ
237 AM EDT SAT OCT 1 2016


...................................

...THE MOUNT POCONO PA CLIMATE SUMMARY FOR SEPTEMBER 30 2016...

CLIMATE NORMAL PERIOD 1981 TO 2010
CLIMATE RECORD PERIOD 1901 TO 2016


WEATHER ITEM   OBSERVED TIME   RECORD YEAR NORMAL DEPARTURE LAST
                VALUE   (LST)  VALUE       VALUE  FROM      YEAR
                                                  NORMAL
..................................................................
TEMPERATURE (F)
 YESTERDAY
  MAXIMUM         52    355 PM  82    1905  62    -10       69
  MINIMUM         46    424 AM  26    1951  44      2       51
  AVERAGE         49                        53     -4       60

PRECIPITATION (IN)
  YESTERDAY        1.85          5.74 2010   0.18   1.67      T
  MONTH TO DATE    3.60                      5.36  -1.76     3.71
  SINCE SEP 1      3.60                      5.36  -1.76     3.71
  SINCE JAN 1     33.19                     36.34  -3.15    31.73

SNOWFALL (IN)
  YESTERDAY       MM            MM      MM  MM     MM       MM
  MONTH TO DATE   MM                        MM     MM       MM
  SINCE SEP 1     MM                        MM     MM       MM
  SINCE JUL 1     MM                        MM     MM       MM
  SNOW DEPTH      MM

DEGREE DAYS
 HEATING
  YESTERDAY       16                        12      4        5
  MONTH TO DATE  150                       205    -55       91
  SINCE SEP 1    150                       205    -55       91
  SINCE JUL 1    182                       268    -86      132

 COOLING
  YESTERDAY        0                         0      0        0
  MONTH TO DATE   51                        17     34       63
  SINCE SEP 1     51                        17     34       63
  SINCE JAN 1    397                       313     84      403
..................................................................


WIND (MPH)
  HIGHEST WIND SPEED    24   HIGHEST WIND DIRECTION     E (70)
  HIGHEST GUST SPEED    33   HIGHEST GUST DIRECTION     E (70)
  AVERAGE WIND SPEED    15.7


SKY COVER
  POSSIBLE SUNSHINE  MM
  AVERAGE SKY COVER 0.0


WEATHER CONDITIONS
 THE FOLLOWING WEATHER WAS RECORDED YESTERDAY.
  HEAVY RAIN
  RAIN
  LIGHT RAIN


RELATIVE HUMIDITY (PERCENT)
 HIGHEST    MM
 LOWEST     MM
 AVERAGE    MM

..........................................................


THE MOUNT POCONO PA CLIMATE NORMALS FOR TODAY
                         NORMAL    RECORD    YEAR
 MAXIMUM TEMPERATURE (F)   62        85      1927
 MINIMUM TEMPERATURE (F)   44        22      1916


SUNRISE AND SUNSET
OCTOBER  1 2016.......SUNRISE   659 AM EDT   SUNSET   643 PM EDT
OCTOBER  2 2016.......SUNRISE   700 AM EDT   SUNSET   641 PM EDT


-  INDICATES NEGATIVE NUMBERS.
R  INDICATES RECORD WAS SET OR TIED.
MM INDICATES DATA IS MISSING.
T  INDICATES TRACE AMOUNT.




$$
