000
CDUS41 KPHI 250628
CLIMPO


CLIMATE REPORT
NATIONAL WEATHER SERVICE MOUNT HOLLY NJ
126 AM EST SAT FEB 25 2017


...................................

...THE MOUNT POCONO PA CLIMATE SUMMARY FOR FEBRUARY 24 2017...

CLIMATE NORMAL PERIOD 1981 TO 2010
CLIMATE RECORD PERIOD 1901 TO 2017


WEATHER ITEM   OBSERVED TIME   RECORD YEAR NORMAL DEPARTURE LAST
                VALUE   (LST)  VALUE       VALUE  FROM      YEAR
                                                  NORMAL
..................................................................
TEMPERATURE (F)
 YESTERDAY
  MAXIMUM         67R   313 PM  60    1984  36     31       56
  MINIMUM         48    724 AM -16    2015  20     28       30
  AVERAGE         58                        28     30       43

PRECIPITATION (IN)
  YESTERDAY        T             1.62 1975   0.09  -0.09     1.59
  MONTH TO DATE    1.34                      2.01  -0.67     4.62
  SINCE DEC 1      6.46                      8.73  -2.27    11.68
  SINCE JAN 1      4.27                      4.86  -0.59     7.85

DEGREE DAYS
 HEATING
  YESTERDAY        7                        37    -30       22
  MONTH TO DATE  806                       945   -139      903
  SINCE DEC 1   3107                      3397   -290     2867
  SINCE JUL 1   4500                      4976   -476     4134

 COOLING
  YESTERDAY        0                         0      0        0
  MONTH TO DATE    0                         0      0        0
  SINCE DEC 1      0                         0      0        0
  SINCE JAN 1      0                         0      0        0
..................................................................


WIND (MPH)
  HIGHEST WIND SPEED    20   HIGHEST WIND DIRECTION    SW (220)
  HIGHEST GUST SPEED    28   HIGHEST GUST DIRECTION    SW (210)
  AVERAGE WIND SPEED     8.7


SKY COVER
  POSSIBLE SUNSHINE  MM
  AVERAGE SKY COVER 0.6


WEATHER CONDITIONS
 THE FOLLOWING WEATHER WAS RECORDED YESTERDAY.
  LIGHT RAIN
  FOG


RELATIVE HUMIDITY (PERCENT)
 HIGHEST   100          1200 AM
 LOWEST     56           300 PM
 AVERAGE    78

..........................................................


THE MOUNT POCONO PA CLIMATE NORMALS FOR TODAY
                         NORMAL    RECORD    YEAR
 MAXIMUM TEMPERATURE (F)   36        70      1930
 MINIMUM TEMPERATURE (F)   20       -15      1907


SUNRISE AND SUNSET
FEBRUARY 25 2017......SUNRISE   642 AM EST   SUNSET   548 PM EST
FEBRUARY 26 2017......SUNRISE   640 AM EST   SUNSET   549 PM EST


-  INDICATES NEGATIVE NUMBERS.
R  INDICATES RECORD WAS SET OR TIED.
MM INDICATES DATA IS MISSING.
T  INDICATES TRACE AMOUNT.




$$
