000
CDUS41 KBTV 240523
CLIMPV


CLIMATE REPORT
NATIONAL WEATHER SERVICE BURLINGTON VT
120 AM EDT SAT JUN 24 2017


...................................

...THE MONTPELIER VT CLIMATE SUMMARY FOR JUNE 23 2017...

CLIMATE NORMAL PERIOD 1981 TO 2010
CLIMATE RECORD PERIOD 1948 TO 2017


WEATHER ITEM   OBSERVED TIME   RECORD YEAR NORMAL DEPARTURE LAST
                VALUE   (LST)  VALUE       VALUE  FROM      YEAR
                                                  NORMAL
..................................................................
TEMPERATURE (F)
 YESTERDAY
  MAXIMUM         82    153 PM  90    1975  76      6       74
  MINIMUM         59    540 AM  38    1984  53      6       45
  AVERAGE         71                        65      6       60

PRECIPITATION (IN)
  YESTERDAY        1.25          2.34        0.13   1.12     0.00
  MONTH TO DATE    5.13                      2.94   2.19     2.23
  SINCE JUN 1      5.13                      2.94   2.19     2.23
  SINCE JAN 1     20.33                     15.85   4.48    14.51

DEGREE DAYS
 HEATING
  YESTERDAY        0                         2     -2        5
  MONTH TO DATE  117                       106     11      126
  SINCE JUN 1    117                       106     11      126
  SINCE JUL 1   7576                      8166   -590     7388

 COOLING
  YESTERDAY        6                         2      4        0
  MONTH TO DATE   56                        35     21       13
  SINCE JUN 1     56                        35     21       13
  SINCE JAN 1     73                        45     28       42
..................................................................


WIND (MPH)
  HIGHEST WIND SPEED    16   HIGHEST WIND DIRECTION     S (170)
  HIGHEST GUST SPEED    23   HIGHEST GUST DIRECTION     S (200)
  AVERAGE WIND SPEED     4.7


SKY COVER
  AVERAGE SKY COVER 0.7


WEATHER CONDITIONS
 THE FOLLOWING WEATHER WAS RECORDED YESTERDAY.
  HEAVY RAIN
  RAIN
  LIGHT RAIN
  FOG


RELATIVE HUMIDITY (PERCENT)
 HIGHEST   100           500 AM
 LOWEST     65           200 PM
 AVERAGE    83

..........................................................


THE MONTPELIER VT CLIMATE NORMALS FOR TODAY
                         NORMAL    RECORD    YEAR
 MAXIMUM TEMPERATURE (F)   77        89      2003
                                             1995
 MINIMUM TEMPERATURE (F)   54        39      1988


SUNRISE AND SUNSET
JUNE 24 2017..........SUNRISE   508 AM EDT   SUNSET   838 PM EDT
JUNE 25 2017..........SUNRISE   508 AM EDT   SUNSET   838 PM EDT


-  INDICATES NEGATIVE NUMBERS.
R  INDICATES RECORD WAS SET OR TIED.
MM INDICATES DATA IS MISSING.
T  INDICATES TRACE AMOUNT.




$$
