000
CDUS41 KBTV 300532
CLIMPV


CLIMATE REPORT
NATIONAL WEATHER SERVICE BURLINGTON VT
130 AM EDT SAT MAY 30 2015


...................................

...THE MONTPELIER VT CLIMATE SUMMARY FOR MAY 29 2015...

CLIMATE NORMAL PERIOD 1981 TO 2010
CLIMATE RECORD PERIOD 1948 TO 2015


WEATHER ITEM   OBSERVED TIME   RECORD YEAR NORMAL DEPARTURE LAST
                VALUE   (LST)  VALUE       VALUE  FROM      YEAR
                                                  NORMAL
..................................................................
TEMPERATURE (F)
 YESTERDAY
  MAXIMUM         79    321 PM  87    1978  70      9       67
  MINIMUM         51    311 AM  32    1970  46      5       42
  AVERAGE         65                        58      7       55

PRECIPITATION (IN)
  YESTERDAY        0.00          2.02        0.12  -0.12     0.00
  MONTH TO DATE    2.25                      3.14  -0.89     3.11
  SINCE MAR 1      5.15                      8.19  -3.04     8.26
  SINCE JAN 1      8.02                     12.68  -4.66    12.57

DEGREE DAYS
 HEATING
  YESTERDAY        0                         8     -8       10
  MONTH TO DATE  204                       341   -137      308
  SINCE MAR 1   2278                      2137    141     2487
  SINCE JUL 1   8616                      8045    571     8652

 COOLING
  YESTERDAY        0                         1     -1        0
  MONTH TO DATE   28                         5     23        1
  SINCE MAR 1     28                         6     22        1
  SINCE JAN 1     28                         6     22        1
..................................................................


WIND (MPH)
  HIGHEST WIND SPEED    10   HIGHEST WIND DIRECTION     S (170)
  HIGHEST GUST SPEED    14   HIGHEST GUST DIRECTION     S (180)
  AVERAGE WIND SPEED     3.4


SKY COVER
  AVERAGE SKY COVER 0.3


WEATHER CONDITIONS
 THE FOLLOWING WEATHER WAS RECORDED YESTERDAY.
  FOG
  HAZE


RELATIVE HUMIDITY (PERCENT)
 HIGHEST   100           100 AM
 LOWEST     36           200 PM
 AVERAGE    68

..........................................................


THE MONTPELIER VT CLIMATE NORMALS FOR TODAY
                         NORMAL    RECORD    YEAR
 MAXIMUM TEMPERATURE (F)   70        88      1987
 MINIMUM TEMPERATURE (F)   46        30      1961


SUNRISE AND SUNSET
MAY 30 2015...........SUNRISE   511 AM EDT   SUNSET   825 PM EDT
MAY 31 2015...........SUNRISE   510 AM EDT   SUNSET   826 PM EDT


-  INDICATES NEGATIVE NUMBERS.
R  INDICATES RECORD WAS SET OR TIED.
MM INDICATES DATA IS MISSING.
T  INDICATES TRACE AMOUNT.




$$
