000
CDUS41 KBTV 220543
CLIMPV


CLIMATE REPORT
NATIONAL WEATHER SERVICE BURLINGTON VT
1243 AM EST SUN JAN 22 2017


...................................

...THE MONTPELIER VT CLIMATE SUMMARY FOR JANUARY 21 2017...

CLIMATE NORMAL PERIOD 1981 TO 2010
CLIMATE RECORD PERIOD 1948 TO 2017


WEATHER ITEM   OBSERVED TIME   RECORD YEAR NORMAL DEPARTURE LAST
                VALUE   (LST)  VALUE       VALUE  FROM      YEAR
                                                  NORMAL
..................................................................
TEMPERATURE (F)
 YESTERDAY
  MAXIMUM         38    834 PM  55    2006  26     12       16
  MINIMUM         31    820 AM -19    1971   7     24       10
  AVERAGE         35                        16     19       13

PRECIPITATION (IN)
  YESTERDAY        0.00          1.78        0.08  -0.08      T
  MONTH TO DATE    0.84                      1.58  -0.74     1.17
  SINCE DEC 1      3.43                      4.32  -0.89     4.86
  SINCE JAN 1      0.84                      1.58  -0.74     1.17

DEGREE DAYS
 HEATING
  YESTERDAY       30                        49    -19       52
  MONTH TO DATE  875                      1017   -142      955
  SINCE DEC 1   2170                      2319   -149     1883
  SINCE JUL 1   3759                      4165   -406     3526

 COOLING
  YESTERDAY        0                         0      0        0
  MONTH TO DATE    0                         0      0        0
  SINCE DEC 1      0                         0      0        0
  SINCE JAN 1      0                         0      0        0
..................................................................


WIND (MPH)
  HIGHEST WIND SPEED     8   HIGHEST WIND DIRECTION     S (180)
  HIGHEST GUST SPEED    10   HIGHEST GUST DIRECTION     S (180)
  AVERAGE WIND SPEED     1.1


SKY COVER
  AVERAGE SKY COVER 1.0


WEATHER CONDITIONS
 THE FOLLOWING WEATHER WAS RECORDED YESTERDAY.
  FOG
  FOG W/VISIBILITY <= 1/4 MILE


RELATIVE HUMIDITY (PERCENT)
 HIGHEST   100           500 AM
 LOWEST     85          1200 AM
 AVERAGE    93

..........................................................


THE MONTPELIER VT CLIMATE NORMALS FOR TODAY
                         NORMAL    RECORD    YEAR
 MAXIMUM TEMPERATURE (F)   26        50      1959
 MINIMUM TEMPERATURE (F)    7       -27      1984


SUNRISE AND SUNSET
JANUARY 22 2017.......SUNRISE   718 AM EST   SUNSET   447 PM EST
JANUARY 23 2017.......SUNRISE   717 AM EST   SUNSET   448 PM EST


-  INDICATES NEGATIVE NUMBERS.
R  INDICATES RECORD WAS SET OR TIED.
MM INDICATES DATA IS MISSING.
T  INDICATES TRACE AMOUNT.




$$
