000
CDUS41 KBTV 101248
CLIMPV


CLIMATE REPORT
NATIONAL WEATHER SERVICE BURLINGTON VT
745 AM EST SUN DEC 10 2017


...................................

...THE MONTPELIER VT CLIMATE SUMMARY FOR DECEMBER 9 2017...

CLIMATE NORMAL PERIOD 1981 TO 2010
CLIMATE RECORD PERIOD 1948 TO 2017


WEATHER ITEM   OBSERVED TIME   RECORD YEAR NORMAL DEPARTURE LAST
                VALUE   (LST)  VALUE       VALUE  FROM      YEAR
                                                  NORMAL
..................................................................
TEMPERATURE (F)
 YESTERDAY
  MAXIMUM         30    436 PM  60    1966  34     -4       28
  MINIMUM         20    727 AM -16    1989  17      3       16
  AVERAGE         25                        26     -1       22

PRECIPITATION (IN)
  YESTERDAY        0.07          1.16        0.10  -0.03     0.03
  MONTH TO DATE    0.37                      0.90  -0.53     0.75
  SINCE DEC 1      0.37                      0.90  -0.53     0.75
  SINCE JAN 1     41.30                     35.43   5.87    32.66

DEGREE DAYS
 HEATING
  YESTERDAY       40                        39      1       43
  MONTH TO DATE  298                       339    -41      320
  SINCE DEC 1    298                       339    -41      320
  SINCE JUL 1   1932                      2185   -253     1909

 COOLING
  YESTERDAY        0                         0      0        0
  MONTH TO DATE    0                         0      0        0
  SINCE DEC 1      0                         0      0        0
  SINCE JAN 1    243                       264    -21      300
..................................................................


WIND (MPH)
  HIGHEST WIND SPEED     9   HIGHEST WIND DIRECTION     S (180)
  HIGHEST GUST SPEED    11   HIGHEST GUST DIRECTION     S (180)
  AVERAGE WIND SPEED     0.8


SKY COVER
  AVERAGE SKY COVER 0.5


WEATHER CONDITIONS
 THE FOLLOWING WEATHER WAS RECORDED YESTERDAY.
  LIGHT SNOW
  FOG


RELATIVE HUMIDITY (PERCENT)
 HIGHEST   100           900 PM
 LOWEST     58           200 PM
 AVERAGE    79

..........................................................


THE MONTPELIER VT CLIMATE NORMALS FOR TODAY
                         NORMAL    RECORD    YEAR
 MAXIMUM TEMPERATURE (F)   33        55      2008
                                             1966
 MINIMUM TEMPERATURE (F)   17       -14      1949


SUNRISE AND SUNSET
DECEMBER 10 2017......SUNRISE   715 AM EST   SUNSET   411 PM EST
DECEMBER 11 2017......SUNRISE   716 AM EST   SUNSET   411 PM EST


-  INDICATES NEGATIVE NUMBERS.
R  INDICATES RECORD WAS SET OR TIED.
MM INDICATES DATA IS MISSING.
T  INDICATES TRACE AMOUNT.




$$
