000
CDUS41 KBTV 280535
CLIMPV


CLIMATE REPORT
NATIONAL WEATHER SERVICE BURLINGTON VT
133 AM EDT THU JUL 28 2016


...................................

...THE MONTPELIER VT CLIMATE SUMMARY FOR JULY 27 2016...

CLIMATE NORMAL PERIOD 1981 TO 2010
CLIMATE RECORD PERIOD 1948 TO 2016


WEATHER ITEM   OBSERVED TIME   RECORD YEAR NORMAL DEPARTURE LAST
                VALUE   (LST)  VALUE       VALUE  FROM      YEAR
                                                  NORMAL
..................................................................
TEMPERATURE (F)
 YESTERDAY
  MAXIMUM         85    230 PM  92    1949  78      7       84
  MINIMUM         56    352 AM  40    2001  56      0       63
  AVERAGE         71                        67      4       74

PRECIPITATION (IN)
  YESTERDAY        0.00          1.69        0.14  -0.14     0.00
  MONTH TO DATE    4.04                      3.48   0.56     3.38
  SINCE JUN 1      6.72                      7.28  -0.56    12.43
  SINCE JAN 1     19.00                     20.19  -1.19    23.13

DEGREE DAYS
 HEATING
  YESTERDAY        0                         1     -1        0
  MONTH TO DATE   29                        33     -4       51
  SINCE JUN 1    161                       154      7      213
  SINCE JUL 1     29                        33     -4       51

 COOLING
  YESTERDAY        6                         3      3        9
  MONTH TO DATE   92                        85      7       73
  SINCE JUN 1    124                       138    -14       85
  SINCE JAN 1    153                       148      5      119
..................................................................


WIND (MPH)
  HIGHEST WIND SPEED     9   HIGHEST WIND DIRECTION    SW (230)
  HIGHEST GUST SPEED    14   HIGHEST GUST DIRECTION     W (290)
  AVERAGE WIND SPEED     1.9


SKY COVER
  AVERAGE SKY COVER 0.3


WEATHER CONDITIONS
 THE FOLLOWING WEATHER WAS RECORDED YESTERDAY.
  FOG
  FOG W/VISIBILITY <= 1/4 MILE


RELATIVE HUMIDITY (PERCENT)
 HIGHEST   100           300 AM
 LOWEST     40           200 PM
 AVERAGE    70

..........................................................


THE MONTPELIER VT CLIMATE NORMALS FOR TODAY
                         NORMAL    RECORD    YEAR
 MAXIMUM TEMPERATURE (F)   78        92      1949
 MINIMUM TEMPERATURE (F)   56        39      2001


SUNRISE AND SUNSET
JULY 28 2016..........SUNRISE   534 AM EDT   SUNSET   819 PM EDT
JULY 29 2016..........SUNRISE   535 AM EDT   SUNSET   818 PM EDT


-  INDICATES NEGATIVE NUMBERS.
R  INDICATES RECORD WAS SET OR TIED.
MM INDICATES DATA IS MISSING.
T  INDICATES TRACE AMOUNT.




$$
