000
CDUS41 KBTV 190529
CLIMPV


CLIMATE REPORT
NATIONAL WEATHER SERVICE BURLINGTON VT
127 AM EDT THU OCT 19 2017


...................................

...THE MONTPELIER VT CLIMATE SUMMARY FOR OCTOBER 18 2017...

CLIMATE NORMAL PERIOD 1981 TO 2010
CLIMATE RECORD PERIOD 1948 TO 2017


WEATHER ITEM   OBSERVED TIME   RECORD YEAR NORMAL DEPARTURE LAST
                VALUE   (LST)  VALUE       VALUE  FROM      YEAR
                                                  NORMAL
..................................................................
TEMPERATURE (F)
 YESTERDAY
  MAXIMUM         65    405 PM  78    1968  55     10       74
  MINIMUM         42   1055 PM  19    2015  35      7       54
  AVERAGE         54                        45      9       64

PRECIPITATION (IN)
  YESTERDAY        0.00          1.18        0.11  -0.11      T
  MONTH TO DATE    1.02                      2.09  -1.07     0.17
  SINCE SEP 1      3.51                      5.21  -1.70     1.95
  SINCE JAN 1     35.13                     30.01   5.12    26.51

DEGREE DAYS
 HEATING
  YESTERDAY       11                        20     -9        1
  MONTH TO DATE  191                       310   -119      231
  SINCE SEP 1    349                       557   -208      393
  SINCE JUL 1    495                       665   -170      447

 COOLING
  YESTERDAY        0                         0      0        0
  MONTH TO DATE    0                         0      0        0
  SINCE SEP 1     47                        19     28       28
  SINCE JAN 1    243                       263    -20      300
..................................................................


WIND (MPH)
  HIGHEST WIND SPEED    14   HIGHEST WIND DIRECTION     W (250)
  HIGHEST GUST SPEED    21   HIGHEST GUST DIRECTION    SW (240)
  AVERAGE WIND SPEED     4.0


SKY COVER
  AVERAGE SKY COVER 0.1


WEATHER CONDITIONS
 THE FOLLOWING WEATHER WAS RECORDED YESTERDAY.
  NO SIGNIFICANT WEATHER WAS OBSERVED.


RELATIVE HUMIDITY (PERCENT)
 HIGHEST    96          1100 PM
 LOWEST     37           200 PM
 AVERAGE    67

..........................................................


THE MONTPELIER VT CLIMATE NORMALS FOR TODAY
                         NORMAL    RECORD    YEAR
 MAXIMUM TEMPERATURE (F)   55        78      1950
 MINIMUM TEMPERATURE (F)   34        17      2015


SUNRISE AND SUNSET
OCTOBER 19 2017.......SUNRISE   710 AM EDT   SUNSET   559 PM EDT
OCTOBER 20 2017.......SUNRISE   712 AM EDT   SUNSET   558 PM EDT


-  INDICATES NEGATIVE NUMBERS.
R  INDICATES RECORD WAS SET OR TIED.
MM INDICATES DATA IS MISSING.
T  INDICATES TRACE AMOUNT.




$$
