000
CDUS41 KBTV 300613
CLIMPV


CLIMATE REPORT
NATIONAL WEATHER SERVICE BURLINGTON VT
211 AM EDT SAT AUG 30 2014


...................................

...THE MONTPELIER VT CLIMATE SUMMARY FOR AUGUST 29 2014...

CLIMATE NORMAL PERIOD 1981 TO 2010
CLIMATE RECORD PERIOD 1948 TO 2014


WEATHER ITEM   OBSERVED TIME   RECORD YEAR NORMAL DEPARTURE LAST
                VALUE   (LST)  VALUE       VALUE  FROM      YEAR
                                                  NORMAL
..................................................................
TEMPERATURE (F)
 YESTERDAY
  MAXIMUM         73    230 PM  91    1977  75     -2       76
  MINIMUM         48    527 AM  36    1955  52     -4       58
  AVERAGE         61                        63     -2       67

PRECIPITATION (IN)
  YESTERDAY        0.00          1.83        0.10  -0.10     0.07
  MONTH TO DATE    2.73                      3.81  -1.08     2.14
  SINCE JUN 1     12.43                     11.69   0.74    15.83
  SINCE JAN 1     25.03                     24.60   0.43    25.10

DEGREE DAYS
 HEATING
  YESTERDAY        4                         3      1        0
  MONTH TO DATE   69                        61      8       78
  SINCE JUN 1    212                       222    -10      241
  SINCE JUL 1    112                       101     11       93

 COOLING
  YESTERDAY        0                         2     -2        2
  MONTH TO DATE   31                        74    -43       42
  SINCE JUN 1    162                       232    -70      271
  SINCE JAN 1    163                       242    -79      282
..................................................................


WIND (MPH)
  HIGHEST WIND SPEED     9   HIGHEST WIND DIRECTION    NW (300)
  HIGHEST GUST SPEED    12   HIGHEST GUST DIRECTION     W (290)
  AVERAGE WIND SPEED     1.5


SKY COVER
  AVERAGE SKY COVER 0.3


WEATHER CONDITIONS
 THE FOLLOWING WEATHER WAS RECORDED YESTERDAY.
  FOG


RELATIVE HUMIDITY (PERCENT)
 HIGHEST    96           600 AM
 LOWEST     49           200 PM
 AVERAGE    73

..........................................................


THE MONTPELIER VT CLIMATE NORMALS FOR TODAY
                         NORMAL    RECORD    YEAR
 MAXIMUM TEMPERATURE (F)   75        90      1973
 MINIMUM TEMPERATURE (F)   52        34      1965


SUNRISE AND SUNSET
AUGUST 30 2014........SUNRISE   611 AM EDT   SUNSET   730 PM EDT
AUGUST 31 2014........SUNRISE   612 AM EDT   SUNSET   728 PM EDT


-  INDICATES NEGATIVE NUMBERS.
R  INDICATES RECORD WAS SET OR TIED.
MM INDICATES DATA IS MISSING.
T  INDICATES TRACE AMOUNT.




$$
