000
CDUS41 KBTV 300538
CLIMPV


CLIMATE REPORT
NATIONAL WEATHER SERVICE BURLINGTON VT
137 AM EDT WED JUL 30 2014


...................................

...THE MONTPELIER VT CLIMATE SUMMARY FOR JULY 29 2014...

CLIMATE NORMAL PERIOD 1981 TO 2010
CLIMATE RECORD PERIOD 1948 TO 2014


WEATHER ITEM   OBSERVED TIME   RECORD YEAR NORMAL DEPARTURE LAST
                VALUE   (LST)  VALUE       VALUE  FROM      YEAR
                                                  NORMAL
..................................................................
TEMPERATURE (F)
 YESTERDAY
  MAXIMUM         68    327 PM  92    1949  78    -10       77
  MINIMUM         49   1121 PM  41    1987  56     -7       63
  AVERAGE         59                        67     -8       70

PRECIPITATION (IN)
  YESTERDAY        T             1.74        0.15  -0.15     0.11
  MONTH TO DATE    5.59                      3.78   1.81     5.34
  SINCE JUN 1      9.61                      7.58   2.03    13.69
  SINCE JAN 1     22.21                     20.49   1.72    22.96

DEGREE DAYS
 HEATING
  YESTERDAY        6                         1      5        0
  MONTH TO DATE   35                        35      0       14
  SINCE JUN 1    135                       156    -21      162
  SINCE JUL 1     35                        35      0       14

 COOLING
  YESTERDAY        0                         3     -3        5
  MONTH TO DATE  101                        91     10      161
  SINCE JUN 1    131                       144    -13      229
  SINCE JAN 1    132                       154    -22      240
..................................................................


WIND (MPH)
  HIGHEST WIND SPEED    14   HIGHEST WIND DIRECTION     N (340)
  HIGHEST GUST SPEED    22   HIGHEST GUST DIRECTION    NW (300)
  AVERAGE WIND SPEED     6.3


SKY COVER
  AVERAGE SKY COVER 0.5


WEATHER CONDITIONS
 THE FOLLOWING WEATHER WAS RECORDED YESTERDAY.
  LIGHT RAIN
  FOG
  FOG W/VISIBILITY <= 1/4 MILE


RELATIVE HUMIDITY (PERCENT)
 HIGHEST   100           100 AM
 LOWEST     52           300 PM
 AVERAGE    76

..........................................................


THE MONTPELIER VT CLIMATE NORMALS FOR TODAY
                         NORMAL    RECORD    YEAR
 MAXIMUM TEMPERATURE (F)   78        92      1959
 MINIMUM TEMPERATURE (F)   56        39      1952


SUNRISE AND SUNSET
JULY 30 2014..........SUNRISE   536 AM EDT   SUNSET   817 PM EDT
JULY 31 2014..........SUNRISE   537 AM EDT   SUNSET   816 PM EDT


-  INDICATES NEGATIVE NUMBERS.
R  INDICATES RECORD WAS SET OR TIED.
MM INDICATES DATA IS MISSING.
T  INDICATES TRACE AMOUNT.




$$
