000
CDUS41 KBTV 110540
CLIMPV


CLIMATE REPORT
NATIONAL WEATHER SERVICE BURLINGTON VT
138 AM EDT FRI JUL 11 2014


...................................

...THE MONTPELIER VT CLIMATE SUMMARY FOR JULY 10 2014...

CLIMATE NORMAL PERIOD 1981 TO 2010
CLIMATE RECORD PERIOD 1948 TO 2014


WEATHER ITEM   OBSERVED TIME   RECORD YEAR NORMAL DEPARTURE LAST
                VALUE   (LST)  VALUE       VALUE  FROM      YEAR
                                                  NORMAL
..................................................................
TEMPERATURE (F)
 YESTERDAY
  MAXIMUM         73    403 PM  92    1955  79     -6       75
  MINIMUM         51   1147 PM  41    1954  56     -5       68
  AVERAGE         62                        67     -5       72

PRECIPITATION (IN)
  YESTERDAY        0.00          0.94        0.13  -0.13     0.17
  MONTH TO DATE    0.70                      1.20  -0.50     3.39
  SINCE JUN 1      4.72                      5.00  -0.28    11.74
  SINCE JAN 1     17.32                     17.91  -0.59    21.01

DEGREE DAYS
 COOLING
  YESTERDAY        0                         3     -3        7
  MONTH TO DATE   58                        30     28       71
  SINCE JUN 1     88                        83      5      139
  SINCE JAN 1     89                        93     -4      150
..................................................................


WIND (MPH)
  HIGHEST WIND SPEED    15   HIGHEST WIND DIRECTION    NW (300)
  HIGHEST GUST SPEED    20   HIGHEST GUST DIRECTION    NW (310)
  AVERAGE WIND SPEED     5.6


SKY COVER
  AVERAGE SKY COVER 0.1


WEATHER CONDITIONS
 THE FOLLOWING WEATHER WAS RECORDED YESTERDAY.
  NO SIGNIFICANT WEATHER WAS OBSERVED.


RELATIVE HUMIDITY (PERCENT)
 HIGHEST    93           200 AM
 LOWEST     41           500 PM
 AVERAGE    67

..........................................................


THE MONTPELIER VT CLIMATE NORMALS FOR TODAY
                         NORMAL    RECORD    YEAR
 MAXIMUM TEMPERATURE (F)   79        89      1987
 MINIMUM TEMPERATURE (F)   56        44      1954


SUNRISE AND SUNSET
JULY 11 2014..........SUNRISE   517 AM EDT   SUNSET   834 PM EDT
JULY 12 2014..........SUNRISE   518 AM EDT   SUNSET   833 PM EDT


-  INDICATES NEGATIVE NUMBERS.
R  INDICATES RECORD WAS SET OR TIED.
MM INDICATES DATA IS MISSING.
T  INDICATES TRACE AMOUNT.




$$
