000
CDUS41 KBTV 040559
CLIMPV


CLIMATE REPORT
NATIONAL WEATHER SERVICE BURLINGTON VT
1259 AM EST WED MAR 4 2015


...................................

...THE MONTPELIER VT CLIMATE SUMMARY FOR MARCH 3 2015...

CLIMATE NORMAL PERIOD 1981 TO 2010
CLIMATE RECORD PERIOD 1948 TO 2015


WEATHER ITEM   OBSERVED TIME   RECORD YEAR NORMAL DEPARTURE LAST
                VALUE   (LST)  VALUE       VALUE  FROM      YEAR
                                                  NORMAL
..................................................................
TEMPERATURE (F)
 YESTERDAY
  MAXIMUM         24    339 PM  52    2002  35    -11       11
                                      1964
  MINIMUM          0    703 AM -17    1950  14    -14       -7
  AVERAGE         12                        24    -12        2

PRECIPITATION (IN)
  YESTERDAY        0.01          1.04        0.07  -0.06     0.00
  MONTH TO DATE    0.03                      0.22  -0.19      T
  SINCE MAR 1      0.03                      0.22  -0.19      T
  SINCE JAN 1      2.90                      4.71  -1.81     4.31

DEGREE DAYS
 HEATING
  YESTERDAY       53                        41     12       63
  MONTH TO DATE  155                       124     31      166
  SINCE MAR 1    155                       124     31      166
  SINCE JUL 1   6493                      6032    461     6331

 COOLING
  YESTERDAY        0                         0      0        0
  MONTH TO DATE    0                         0      0        0
  SINCE MAR 1      0                         0      0        0
  SINCE JAN 1      0                         0      0        0
..................................................................


WIND (MPH)
  HIGHEST WIND SPEED    23   HIGHEST WIND DIRECTION     S (170)
  HIGHEST GUST SPEED    31   HIGHEST GUST DIRECTION     S (170)
  AVERAGE WIND SPEED     8.4


SKY COVER
  AVERAGE SKY COVER 0.4


WEATHER CONDITIONS
 THE FOLLOWING WEATHER WAS RECORDED YESTERDAY.
  LIGHT SNOW
  FOG


RELATIVE HUMIDITY (PERCENT)
 HIGHEST    84           800 PM
 LOWEST     34          1200 PM
 AVERAGE    59

..........................................................


THE MONTPELIER VT CLIMATE NORMALS FOR TODAY
                         NORMAL    RECORD    YEAR
 MAXIMUM TEMPERATURE (F)   35        55      1974
 MINIMUM TEMPERATURE (F)   14       -16      2014
                                             2003


SUNRISE AND SUNSET
MARCH  4 2015.........SUNRISE   623 AM EST   SUNSET   542 PM EST
MARCH  5 2015.........SUNRISE   621 AM EST   SUNSET   543 PM EST


-  INDICATES NEGATIVE NUMBERS.
R  INDICATES RECORD WAS SET OR TIED.
MM INDICATES DATA IS MISSING.
T  INDICATES TRACE AMOUNT.




$$
