000
CDUS41 KBTV 050539
CLIMPV


CLIMATE REPORT
NATIONAL WEATHER SERVICE BURLINGTON VT
137 AM EDT THU MAY 5 2016


...................................

...THE MONTPELIER VT CLIMATE SUMMARY FOR MAY 4 2016...

CLIMATE NORMAL PERIOD 1981 TO 2010
CLIMATE RECORD PERIOD 1948 TO 2016


WEATHER ITEM   OBSERVED TIME   RECORD YEAR NORMAL DEPARTURE LAST
                VALUE   (LST)  VALUE       VALUE  FROM      YEAR
                                                  NORMAL
..................................................................
TEMPERATURE (F)
 YESTERDAY
  MAXIMUM         49   1232 PM  83    1949  62    -13       80
  MINIMUM         36    124 AM  26    1967  38     -2       41
  AVERAGE         43                        50     -7       61

PRECIPITATION (IN)
  YESTERDAY        0.10          1.00        0.10   0.00     0.01
  MONTH TO DATE    0.98                      0.40   0.58     0.01
  SINCE MAR 1      5.75                      5.45   0.30     2.91
  SINCE JAN 1     10.92                      9.94   0.98     5.78

DEGREE DAYS
 HEATING
  YESTERDAY       22                        15      7        4
  MONTH TO DATE   88                        62     26       42
  SINCE MAR 1   1849                      1858     -9     2116
  SINCE JUL 1   7003                      7766   -763     8454

 COOLING
  YESTERDAY        0                         0      0        0
  MONTH TO DATE    0                         0      0        0
  SINCE MAR 1      0                         1     -1        0
  SINCE JAN 1      0                         1     -1        0
..................................................................


WIND (MPH)
  HIGHEST WIND SPEED    14   HIGHEST WIND DIRECTION     S (160)
  HIGHEST GUST SPEED    18   HIGHEST GUST DIRECTION     S (160)
  AVERAGE WIND SPEED     3.2


SKY COVER
  AVERAGE SKY COVER 1.0


WEATHER CONDITIONS
 THE FOLLOWING WEATHER WAS RECORDED YESTERDAY.
  LIGHT RAIN
  FOG


RELATIVE HUMIDITY (PERCENT)
 HIGHEST   100           100 AM
 LOWEST     71           900 AM
 AVERAGE    86

..........................................................


THE MONTPELIER VT CLIMATE NORMALS FOR TODAY
                         NORMAL    RECORD    YEAR
 MAXIMUM TEMPERATURE (F)   62        83      1949
 MINIMUM TEMPERATURE (F)   38        24      1952


SUNRISE AND SUNSET
MAY  5 2016...........SUNRISE   535 AM EDT   SUNSET   759 PM EDT
MAY  6 2016...........SUNRISE   534 AM EDT   SUNSET   800 PM EDT


-  INDICATES NEGATIVE NUMBERS.
R  INDICATES RECORD WAS SET OR TIED.
MM INDICATES DATA IS MISSING.
T  INDICATES TRACE AMOUNT.




$$
