000
CDUS43 KMPX 210850
CLIMPX


CLIMATE REPORT
NATIONAL WEATHER SERVICE CHANHASSEN MN
239 AM CST SUN DEC 21 2014


...................................

...THE CHANHASSEN MN CLIMATE SUMMARY FOR DECEMBER 20 2014...

CLIMATE NORMAL PERIOD 1981 TO 2010
CLIMATE RECORD PERIOD 1995 TO 2014


WEATHER ITEM   OBSERVED TIME   RECORD YEAR NORMAL DEPARTURE LAST
                VALUE   (LST)  VALUE       VALUE  FROM      YEAR
                                                  NORMAL
..................................................................
TEMPERATURE (F)
 YESTERDAY
  MAXIMUM         MM        MM  38    2001  24     MM       17
  MINIMUM         MM        MM -11    2008   9     MM       12
  AVERAGE         MM                        16     MM       15

PRECIPITATION (IN)
  YESTERDAY       MM             0.36 2010   0.04  MM        0.02
  MONTH TO DATE    0.40                      0.82  -0.42     1.04
  SINCE DEC 1      0.40                      0.82  -0.42     1.04
  SINCE JAN 1     35.86                     30.73   5.13    34.86

SNOWFALL (IN)
  YESTERDAY       MM             5.9  2010   0.4   MM        0.4
  MONTH TO DATE    1.2                       9.1   -7.9     11.9
  SINCE DEC 1      1.2                       9.1   -7.9     11.9
  SINCE JUL 1      9.3                      14.9   -5.6     13.7
  SNOW DEPTH      MM

DEGREE DAYS
 HEATING
  YESTERDAY       MM                        49     MM       50
  MONTH TO DATE  774                       907   -133     1081
  SINCE DEC 1    774                       907   -133     1081
  SINCE JUL 1   2711                      2614     97     2803

 COOLING
  YESTERDAY       MM                         0     MM        0
  MONTH TO DATE    0                         0      0        0
  SINCE DEC 1      0                         0      0        0
  SINCE JAN 1    514                       605    -91      667
..................................................................


WIND (MPH)
  HIGHEST WIND SPEED    MM   HIGHEST WIND DIRECTION    MM
  HIGHEST GUST SPEED    MM   HIGHEST GUST DIRECTION    MM
  AVERAGE WIND SPEED    MM


SKY COVER
  POSSIBLE SUNSHINE  MM
  AVERAGE SKY COVER  MM


WEATHER CONDITIONS
 THE FOLLOWING WEATHER WAS RECORDED YESTERDAY.
  NO SIGNIFICANT WEATHER WAS OBSERVED.


RELATIVE HUMIDITY (PERCENT)
 HIGHEST    MM
 LOWEST     MM
 AVERAGE    MM

..........................................................


THE CHANHASSEN MN CLIMATE NORMALS FOR TODAY
                         NORMAL    RECORD    YEAR
 MAXIMUM TEMPERATURE (F)   24        38      2003
 MINIMUM TEMPERATURE (F)    8       -13      2008


SUNRISE AND SUNSET
DECEMBER 21 2014......SUNRISE   749 AM CST   SUNSET   436 PM CST
DECEMBER 22 2014......SUNRISE   749 AM CST   SUNSET   437 PM CST


-  INDICATES NEGATIVE NUMBERS.
R  INDICATES RECORD WAS SET OR TIED.
MM INDICATES DATA IS MISSING.
T  INDICATES TRACE AMOUNT.




$$
