000
CDUS43 KMPX 290040
CLIMPX


CLIMATE REPORT
NATIONAL WEATHER SERVICE CHANHASSEN MN
740 PM CDT WED JUN 28 2017


...................................

...THE CHANHASSEN MN CLIMATE SUMMARY FOR JUNE 28 2017...
VALID TODAY AS OF 0700 PM LOCAL TIME.

CLIMATE NORMAL PERIOD 1981 TO 2010
CLIMATE RECORD PERIOD 1995 TO 2017


WEATHER ITEM   OBSERVED TIME   RECORD YEAR NORMAL DEPARTURE LAST
                VALUE   (LST)  VALUE       VALUE  FROM      YEAR
                                                  NORMAL
..................................................................
TEMPERATURE (F)
 TODAY
  MAXIMUM         80        MM  MM      MM  81     -1       74
  MINIMUM         60        MM  MM          61     -1       54
  AVERAGE         70                        71     -1       64

PRECIPITATION (IN)
  TODAY            0.97         MM      MM   0.13   0.84     0.00
  MONTH TO DATE    3.91                      3.76   0.15     4.58
  SINCE JUN 1      3.91                      3.76   0.15     4.58
  SINCE JAN 1     16.33                     14.01   2.32    12.83

SNOWFALL (IN)
  TODAY            0.0          MM      MM   0.0    0.0      0.0
  MONTH TO DATE    T                         0.0    0.0       T
  SINCE JUN 1      T                         0.0    0.0       T
  SINCE JUL 1     38.5                      53.9  -15.4     35.5
  SNOW DEPTH       0

DEGREE DAYS
 HEATING
  TODAY            0                         0      0        1
  MONTH TO DATE   39                        50    -11       21
  SINCE JUN 1     39                        50    -11       21
  SINCE JUL 1   6908                      7915  -1007     6820

 COOLING
  TODAY            5                         6     -1        0
  MONTH TO DATE  110                       113     -3      133
  SINCE JUN 1    110                       113     -3      133
  SINCE JAN 1    123                       146    -23      175
..................................................................


WIND (MPH)
  HIGHEST WIND SPEED    MM   HIGHEST WIND DIRECTION    MM
  HIGHEST GUST SPEED    MM   HIGHEST GUST DIRECTION    MM
  AVERAGE WIND SPEED    MM


SKY COVER
  POSSIBLE SUNSHINE  MM
  AVERAGE SKY COVER  MM


WEATHER CONDITIONS
 THE FOLLOWING WEATHER WAS RECORDED TODAY.
  NO SIGNIFICANT WEATHER WAS OBSERVED.


RELATIVE HUMIDITY (PERCENT)
 HIGHEST    MM
 LOWEST     MM
 AVERAGE    MM

..........................................................


THE CHANHASSEN MN CLIMATE NORMALS FOR TOMORROW
                         NORMAL    RECORD    YEAR
 MAXIMUM TEMPERATURE (F)   81        MM        MM
 MINIMUM TEMPERATURE (F)   61        MM        MM


SUNRISE AND SUNSET
JUNE 28 2017..........SUNRISE   531 AM CDT   SUNSET   904 PM CDT
JUNE 29 2017..........SUNRISE   531 AM CDT   SUNSET   904 PM CDT


-  INDICATES NEGATIVE NUMBERS.
R  INDICATES RECORD WAS SET OR TIED.
MM INDICATES DATA IS MISSING.
T  INDICATES TRACE AMOUNT.




$$
