000
CDUS43 KMPX 140625
CLIMPX


CLIMATE REPORT
NATIONAL WEATHER SERVICE CHANHASSEN MN
1224 AM CST SUN FEB 14 2016


...................................

...THE CHANHASSEN MN CLIMATE SUMMARY FOR FEBRUARY 13 2016...

CLIMATE NORMAL PERIOD 1981 TO 2010
CLIMATE RECORD PERIOD 1995 TO 2016


WEATHER ITEM   OBSERVED TIME   RECORD YEAR NORMAL DEPARTURE LAST
                VALUE   (LST)  VALUE       VALUE  FROM      YEAR
                                                  NORMAL
..................................................................
TEMPERATURE (F)
 YESTERDAY
  MAXIMUM         11        MM  45    2011  27    -16       29
  MINIMUM        -11R       MM   2    2014  10    -21        6
  AVERAGE          0                        18    -18       18

PRECIPITATION (IN)
  YESTERDAY        0.00          T    2001   0.03  -0.03      T
                                      2001
                                      2015
  MONTH TO DATE    0.74                      0.39   0.35     0.27
  SINCE DEC 1      3.02                      2.51   0.51     1.61
  SINCE JAN 1      1.05                      1.26  -0.21     0.64

SNOWFALL (IN)
  YESTERDAY        0.0           T    2015   0.3   -0.3       T
                                      2009
                                      2001
  MONTH TO DATE   11.4                       4.5    6.9      3.2
  SINCE DEC 1     25.4                      28.7   -3.3     14.4
  SINCE JUL 1     28.4                      34.5   -6.1     22.5
  SNOW DEPTH       3

DEGREE DAYS
 HEATING
  YESTERDAY       65                        47     18       47
  MONTH TO DATE  660                       626     34      649
  SINCE DEC 1   3319                      3650   -331     3431
  SINCE JUL 1   4651                      5357   -706     5368

 COOLING
  YESTERDAY        0                         0      0        0
  MONTH TO DATE    0                         0      0        0
  SINCE DEC 1      0                         0      0        0
  SINCE JAN 1      0                         0      0        0
..................................................................


WIND (MPH)
  HIGHEST WIND SPEED    MM   HIGHEST WIND DIRECTION    MM
  HIGHEST GUST SPEED    MM   HIGHEST GUST DIRECTION    MM
  AVERAGE WIND SPEED    MM


SKY COVER
  POSSIBLE SUNSHINE  MM
  AVERAGE SKY COVER  MM


WEATHER CONDITIONS
 THE FOLLOWING WEATHER WAS RECORDED YESTERDAY.
  NO SIGNIFICANT WEATHER WAS OBSERVED.


RELATIVE HUMIDITY (PERCENT)
 HIGHEST    MM
 LOWEST     MM
 AVERAGE    MM

..........................................................


THE CHANHASSEN MN CLIMATE NORMALS FOR TODAY
                         NORMAL    RECORD    YEAR
 MAXIMUM TEMPERATURE (F)   28        46      2002
 MINIMUM TEMPERATURE (F)   10        -4      2015
                                             2007


SUNRISE AND SUNSET
FEBRUARY 14 2016......SUNRISE   717 AM CST   SUNSET   540 PM CST
FEBRUARY 15 2016......SUNRISE   715 AM CST   SUNSET   542 PM CST


-  INDICATES NEGATIVE NUMBERS.
R  INDICATES RECORD WAS SET OR TIED.
MM INDICATES DATA IS MISSING.
T  INDICATES TRACE AMOUNT.




$$
