000
CDUS43 KMPX 110632
CLIMPX


CLIMATE REPORT
NATIONAL WEATHER SERVICE CHANHASSEN MN
1230 AM CST MON DEC 11 2017


...................................

...THE CHANHASSEN MN CLIMATE SUMMARY FOR DECEMBER 10 2017...

CLIMATE NORMAL PERIOD 1981 TO 2010
CLIMATE RECORD PERIOD 1995 TO 2017


WEATHER ITEM   OBSERVED TIME   RECORD YEAR NORMAL DEPARTURE LAST
                VALUE   (LST)  VALUE       VALUE  FROM      YEAR
                                                  NORMAL
..................................................................
TEMPERATURE (F)
 YESTERDAY
  MAXIMUM         29        MM  46    2015  27      2       12
  MINIMUM         17        MM  -8    2000  12      5        1
  AVERAGE         23                        20      3        7

PRECIPITATION (IN)
  YESTERDAY        0.01          0.14 2016   0.04  -0.03     0.14
  MONTH TO DATE    0.38                      0.43  -0.05     0.34
  SINCE DEC 1      0.38                      0.43  -0.05     0.34
  SINCE JAN 1     37.60                     30.34   7.26    38.62

SNOWFALL (IN)
  YESTERDAY        0.2           2.3  2016   0.5   -0.3      2.3
  MONTH TO DATE    3.2                       4.3   -1.1      5.7
  SINCE DEC 1      3.2                       4.3   -1.1      5.7
  SINCE JUL 1      5.0                      10.1   -5.1     10.8
  SNOW DEPTH       2

DEGREE DAYS
 HEATING
  YESTERDAY       42                        45     -3       58
  MONTH TO DATE  382                       434    -52      413
  SINCE DEC 1    382                       434    -52      413
  SINCE JUL 1   1995                      2141   -146     1636

 COOLING
  YESTERDAY        0                         0      0        0
  MONTH TO DATE    0                         0      0        0
  SINCE DEC 1      0                         0      0        0
  SINCE JAN 1    478                       605   -127      631
..................................................................


WIND (MPH)
  HIGHEST WIND SPEED    MM   HIGHEST WIND DIRECTION    MM
  HIGHEST GUST SPEED    MM   HIGHEST GUST DIRECTION    MM
  AVERAGE WIND SPEED    MM


SKY COVER
  POSSIBLE SUNSHINE  MM
  AVERAGE SKY COVER  MM


WEATHER CONDITIONS
 THE FOLLOWING WEATHER WAS RECORDED YESTERDAY.
  NO SIGNIFICANT WEATHER WAS OBSERVED.


RELATIVE HUMIDITY (PERCENT)
 HIGHEST    MM
 LOWEST     MM
 AVERAGE    MM

..........................................................


THE CHANHASSEN MN CLIMATE NORMALS FOR TODAY
                         NORMAL    RECORD    YEAR
 MAXIMUM TEMPERATURE (F)   27        47      2001
 MINIMUM TEMPERATURE (F)   12       -10      2013


SUNRISE AND SUNSET
DECEMBER 11 2017......SUNRISE   742 AM CST   SUNSET   433 PM CST
DECEMBER 12 2017......SUNRISE   743 AM CST   SUNSET   433 PM CST


-  INDICATES NEGATIVE NUMBERS.
R  INDICATES RECORD WAS SET OR TIED.
MM INDICATES DATA IS MISSING.
T  INDICATES TRACE AMOUNT.




$$
