000
CDUS43 KMQT 040527
CLIMQT


CLIMATE REPORT
NATIONAL WEATHER SERVICE MARQUETTE MI
119 AM EDT WED MAY 4 2016


...................................

...THE MARQUETTE MI CLIMATE SUMMARY FOR MAY 3 2016...

CLIMATE NORMAL PERIOD 1981 TO 2010
CLIMATE RECORD PERIOD 1961 TO 2016


WEATHER ITEM   OBSERVED RECORD YEAR NORMAL DEPARTURE LAST
                VALUE   VALUE       VALUE  FROM      YEAR
                                           NORMAL
...........................................................
TEMPERATURE (F)
 YESTERDAY
  MAXIMUM         63     80    2000  57      6       79
  MINIMUM         37     20    1967  36      1       47
  AVERAGE         50                 46      4       63

PRECIPITATION (IN)
  YESTERDAY        0.18   0.71 1981   0.09   0.09     0.71
                               2015
  MONTH TO DATE    0.18               0.27  -0.09     0.71
  SINCE MAR 1      7.35               6.31   1.04     4.47
  SINCE JAN 1     11.97              10.86   1.11     7.39

SNOWFALL (IN)
  YESTERDAY        0.0    3.4  1973   0.1   -0.1       T
  MONTH TO DATE    0.0                0.3   -0.3       T
  SINCE MAR 1     59.7               49.7   10.0     24.4
  SINCE JUL 1    159.8              202.1  -42.3    178.4
  SNOW DEPTH       0

DEGREE DAYS
 HEATING
  YESTERDAY       15                 19     -4        2
  MONTH TO DATE   59                 58      1       25
  SINCE MAR 1   2082               2136    -54     2087
  SINCE JUL 1   7849               8760   -911     9398

 COOLING
  YESTERDAY        0                  0      0        0
  MONTH TO DATE    0                  0      0        0
  SINCE MAR 1      0                  1     -1        0
  SINCE JAN 1      0                  1     -1        0
...........................................................


WIND (MPH)
  RESULTANT WIND SPEED  MM   RESULTANT WIND DIRECTION  MM
  HIGHEST WIND SPEED    MM   HIGHEST WIND DIRECTION    MM
  HIGHEST GUST SPEED    36   HIGHEST GUST DIRECTION     W (270)
  AVERAGE WIND SPEED    MM


SKY COVER
  POSSIBLE SUNSHINE  MM
  AVERAGE SKY COVER  MM


WEATHER CONDITIONS
 THE FOLLOWING WEATHER WAS RECORDED YESTERDAY.
  LIGHT RAIN


RELATIVE HUMIDITY (PERCENT)
 HIGHEST    MM
 LOWEST     MM
 AVERAGE    MM

..........................................................


THE MARQUETTE MI CLIMATE NORMALS FOR TODAY
                         NORMAL    RECORD    YEAR
 MAXIMUM TEMPERATURE (F)   57        85      1980
 MINIMUM TEMPERATURE (F)   36        21      1976
                                             1966


SUNRISE AND SUNSET
MAY  4 2016...........SUNRISE   630 AM EDT   SUNSET   904 PM EDT
MAY  5 2016...........SUNRISE   629 AM EDT   SUNSET   905 PM EDT


-  INDICATES NEGATIVE NUMBERS.
R  INDICATES RECORD WAS SET OR TIED.
MM INDICATES DATA IS MISSING.
T  INDICATES TRACE AMOUNT.




$$
