000
CDUS41 KLWX 270525
CLIMRB


CLIMATE REPORT
NATIONAL WEATHER SERVICE BALTIMORE MD/WASHINGTON DC
124 AM EDT TUE SEP 27 2016


...................................

...THE MARTINSBURG WV CLIMATE SUMMARY FOR SEPTEMBER 26 2016...

CLIMATE NORMAL PERIOD 1981 TO 2010
CLIMATE RECORD PERIOD 1926 TO 2016


WEATHER ITEM   OBSERVED TIME   RECORD YEAR NORMAL DEPARTURE LAST
                VALUE   (LST)  VALUE       VALUE  FROM      YEAR
                                                  NORMAL
..................................................................
TEMPERATURE (F)
 YESTERDAY
  MAXIMUM         69   1252 PM  93    1998  73     -4       70
  MINIMUM         53    145 AM  33    1927  50      3       58
  AVERAGE         61                        61      0       64

PRECIPITATION (IN)
  YESTERDAY        0.05          1.94 2002   0.12  -0.07     0.00
  MONTH TO DATE    1.07                      3.09  -2.02     1.72
  SINCE SEP 1      1.07                      3.09  -2.02     1.72
  SINCE JAN 1     17.92                     29.33 -11.41    20.67

DEGREE DAYS
 HEATING
  YESTERDAY        4                         5     -1        1
  MONTH TO DATE    6                        62    -56       24
  SINCE SEP 1      6                        62    -56       24
  SINCE JUL 1      6                        69    -63       24

 COOLING
  YESTERDAY        0                         1     -1        0
  MONTH TO DATE  199                        89    110      131
  SINCE SEP 1    199                        89    110      131
  SINCE JAN 1   1271                       881    390     1100
..................................................................


WIND (MPH)
  HIGHEST WIND SPEED    16   HIGHEST WIND DIRECTION    SE (150)
  HIGHEST GUST SPEED    23   HIGHEST GUST DIRECTION    SE (150)
  AVERAGE WIND SPEED     5.5


SKY COVER
  POSSIBLE SUNSHINE  MM
  AVERAGE SKY COVER 0.9


WEATHER CONDITIONS
 THE FOLLOWING WEATHER WAS RECORDED YESTERDAY.
  LIGHT RAIN
  FOG


RELATIVE HUMIDITY (PERCENT)
 HIGHEST   100           900 PM
 LOWEST     76           100 PM
 AVERAGE    88

..........................................................


THE MARTINSBURG WV CLIMATE NORMALS FOR TODAY
                         NORMAL    RECORD    YEAR
 MAXIMUM TEMPERATURE (F)   72        96      1930
 MINIMUM TEMPERATURE (F)   49        30      1947


SUNRISE AND SUNSET
SEPTEMBER 27 2016.....SUNRISE   705 AM EDT   SUNSET   700 PM EDT
SEPTEMBER 28 2016.....SUNRISE   706 AM EDT   SUNSET   658 PM EDT


-  INDICATES NEGATIVE NUMBERS.
R  INDICATES RECORD WAS SET OR TIED.
MM INDICATES DATA IS MISSING.
T  INDICATES TRACE AMOUNT.




$$
