374
CDUS41 KLWX 220527
CLIMRB


CLIMATE REPORT
NATIONAL WEATHER SERVICE BALTIMORE MD/WASHINGTON DC
127 AM EDT FRI MAY 22 2015


...................................

...THE MARTINSBURG WV CLIMATE SUMMARY FOR MAY 21 2015...

CLIMATE NORMAL PERIOD 1981 TO 2010
CLIMATE RECORD PERIOD 1926 TO 2015


WEATHER ITEM   OBSERVED TIME   RECORD YEAR NORMAL DEPARTURE LAST
                VALUE   (LST)  VALUE       VALUE  FROM      YEAR
                                                  NORMAL
..................................................................
TEMPERATURE (F)
 YESTERDAY
  MAXIMUM         55    631 PM 100    1934  74    -19       74
  MINIMUM         52   1159 PM  35    2002  51      1       56
                                      1992
  AVERAGE         54                        62     -8       65

PRECIPITATION (IN)
  YESTERDAY        0.07          1.00 1943   0.13  -0.06      T
  MONTH TO DATE    1.95                      2.77  -0.82     4.67
  SINCE MAR 1      7.57                      9.63  -2.06    10.50
  SINCE JAN 1      9.86                     14.41  -4.55    14.25

DEGREE DAYS
 HEATING
  YESTERDAY       11                         4      7        0
  MONTH TO DATE   47                       135    -88       89
  SINCE MAR 1   1074                      1236   -162     1286
  SINCE JUL 1   4997                      5192   -195     5379

 COOLING
  YESTERDAY        0                         2     -2        0
  MONTH TO DATE   82                        26     56       38
  SINCE MAR 1     83                        35     48       45
  SINCE JAN 1     83                        35     48       45
..................................................................


WIND (MPH)
  HIGHEST WIND SPEED    17   HIGHEST WIND DIRECTION    NW (320)
  HIGHEST GUST SPEED    23   HIGHEST GUST DIRECTION    NW (300)
  AVERAGE WIND SPEED     3.5


SKY COVER
  POSSIBLE SUNSHINE  MM
  AVERAGE SKY COVER 0.9


WEATHER CONDITIONS
 THE FOLLOWING WEATHER WAS RECORDED YESTERDAY.
  LIGHT RAIN
  FOG
  HAZE


RELATIVE HUMIDITY (PERCENT)
 HIGHEST    89           600 AM
 LOWEST     71          1100 PM
 AVERAGE    80

..........................................................


THE MARTINSBURG WV CLIMATE NORMALS FOR TODAY
                         NORMAL    RECORD    YEAR
 MAXIMUM TEMPERATURE (F)   74        98      1934
 MINIMUM TEMPERATURE (F)   51        30      2002


SUNRISE AND SUNSET
MAY 22 2015...........SUNRISE   553 AM EDT   SUNSET   825 PM EDT
MAY 23 2015...........SUNRISE   552 AM EDT   SUNSET   826 PM EDT


-  INDICATES NEGATIVE NUMBERS.
R  INDICATES RECORD WAS SET OR TIED.
MM INDICATES DATA IS MISSING.
T  INDICATES TRACE AMOUNT.




$$
