000
CDUS41 KLWX 290537
CLIMRB


CLIMATE REPORT
NATIONAL WEATHER SERVICE BALTIMORE MD/WASHINGTON DC
1235 AM EST SAT NOV 29 2014


...................................

...THE MARTINSBURG WV CLIMATE SUMMARY FOR NOVEMBER 28 2014...

CLIMATE NORMAL PERIOD 1981 TO 2010
CLIMATE RECORD PERIOD 1926 TO 2014


WEATHER ITEM   OBSERVED TIME   RECORD YEAR NORMAL DEPARTURE LAST
                VALUE   (LST)  VALUE       VALUE  FROM      YEAR
                                                  NORMAL
..................................................................
TEMPERATURE (F)
 YESTERDAY
  MAXIMUM         38    242 PM  75    1998  49    -11       36
  MINIMUM         24    949 PM  12    1938  31     -7       25
  AVERAGE         31                        40     -9       31

PRECIPITATION (IN)
  YESTERDAY        T             2.70 1984   0.11  -0.11     0.00
  MONTH TO DATE    2.18                      2.90  -0.72     2.06
  SINCE SEP 1      7.91                      9.52  -1.61     8.78
  SINCE JAN 1     32.38                     35.76  -3.38    31.16

DEGREE DAYS
 HEATING
  YESTERDAY       34                        25      9       34
  MONTH TO DATE  628                       572     56      621
  SINCE SEP 1    913                      1011    -98     1014
  SINCE JUL 1    916                      1018   -102     1018

 COOLING
  YESTERDAY        0                         0      0        0
  MONTH TO DATE    0                         0      0        0
  SINCE SEP 1    130                       103     27      139
  SINCE JAN 1    958                       895     63     1057
..................................................................


WIND (MPH)
  HIGHEST WIND SPEED    23   HIGHEST WIND DIRECTION    NW (300)
  HIGHEST GUST SPEED    26   HIGHEST GUST DIRECTION    NW (310)
  AVERAGE WIND SPEED     8.1


SKY COVER
  POSSIBLE SUNSHINE  MM
  AVERAGE SKY COVER 0.4


WEATHER CONDITIONS
 THE FOLLOWING WEATHER WAS RECORDED YESTERDAY.
  LIGHT SNOW


RELATIVE HUMIDITY (PERCENT)
 HIGHEST    74          1000 PM
 LOWEST     35           300 PM
 AVERAGE    55

..........................................................


THE MARTINSBURG WV CLIMATE NORMALS FOR TODAY
                         NORMAL    RECORD    YEAR
 MAXIMUM TEMPERATURE (F)   48        76      1998
 MINIMUM TEMPERATURE (F)   30         6      1930


SUNRISE AND SUNSET
NOVEMBER 29 2014......SUNRISE   711 AM EST   SUNSET   449 PM EST
NOVEMBER 30 2014......SUNRISE   712 AM EST   SUNSET   449 PM EST


-  INDICATES NEGATIVE NUMBERS.
R  INDICATES RECORD WAS SET OR TIED.
MM INDICATES DATA IS MISSING.
T  INDICATES TRACE AMOUNT.




$$
