000
CDUS41 KLWX 220523
CLIMRB


CLIMATE REPORT
NATIONAL WEATHER SERVICE BALTIMORE MD/WASHINGTON DC
123 AM EDT THU JUN 22 2017


...................................

...THE MARTINSBURG WV CLIMATE SUMMARY FOR JUNE 21 2017...

CLIMATE NORMAL PERIOD 1981 TO 2010
CLIMATE RECORD PERIOD 1926 TO 2017


WEATHER ITEM   OBSERVED TIME   RECORD YEAR NORMAL DEPARTURE LAST
                VALUE   (LST)  VALUE       VALUE  FROM      YEAR
                                                  NORMAL
..................................................................
TEMPERATURE (F)
 YESTERDAY
  MAXIMUM         89    325 PM 102    1931  84      5       85
  MINIMUM         59    515 AM  45    1968  61     -2       66
  AVERAGE         74                        72      2       76

PRECIPITATION (IN)
  YESTERDAY        0.00          3.19 1972   0.12  -0.12     0.23
  MONTH TO DATE    0.30                      2.68  -2.38     2.08
  SINCE JUN 1      0.30                      2.68  -2.38     2.08
  SINCE JAN 1     17.52                     18.41  -0.89    13.67

DEGREE DAYS
 HEATING
  YESTERDAY        0                         0      0        0
  MONTH TO DATE   10                        22    -12        5
  SINCE JUN 1     10                        22    -12        5
  SINCE JUL 1   4136                      5247  -1111     4478

 COOLING
  YESTERDAY        9                         7      2       11
  MONTH TO DATE  155                       108     47      148
  SINCE JUN 1    155                       108     47      148
  SINCE JAN 1    262                       165     97      221
..................................................................


WIND (MPH)
  HIGHEST WIND SPEED    23   HIGHEST WIND DIRECTION     W (260)
  HIGHEST GUST SPEED    30   HIGHEST GUST DIRECTION     W (270)
  AVERAGE WIND SPEED     6.9


SKY COVER
  POSSIBLE SUNSHINE  MM
  AVERAGE SKY COVER 0.3


WEATHER CONDITIONS
 THE FOLLOWING WEATHER WAS RECORDED YESTERDAY.
  NO SIGNIFICANT WEATHER WAS OBSERVED.


RELATIVE HUMIDITY (PERCENT)
 HIGHEST    84           500 AM
 LOWEST     32           300 PM
 AVERAGE    58

..........................................................


THE MARTINSBURG WV CLIMATE NORMALS FOR TODAY
                         NORMAL    RECORD    YEAR
 MAXIMUM TEMPERATURE (F)   84       102      1933
 MINIMUM TEMPERATURE (F)   61        43      1963


SUNRISE AND SUNSET
JUNE 22 2017..........SUNRISE   545 AM EDT   SUNSET   842 PM EDT
JUNE 23 2017..........SUNRISE   546 AM EDT   SUNSET   843 PM EDT


-  INDICATES NEGATIVE NUMBERS.
R  INDICATES RECORD WAS SET OR TIED.
MM INDICATES DATA IS MISSING.
T  INDICATES TRACE AMOUNT.




$$
