000
CDUS41 KLWX 280525
CLIMRB


CLIMATE REPORT
NATIONAL WEATHER SERVICE BALTIMORE MD/WASHINGTON DC
125 AM EDT SUN AUG 28 2016


...................................

...THE MARTINSBURG WV CLIMATE SUMMARY FOR AUGUST 27 2016...

CLIMATE NORMAL PERIOD 1981 TO 2010
CLIMATE RECORD PERIOD 1926 TO 2016


WEATHER ITEM   OBSERVED TIME   RECORD YEAR NORMAL DEPARTURE LAST
                VALUE   (LST)  VALUE       VALUE  FROM      YEAR
                                                  NORMAL
..................................................................
TEMPERATURE (F)
 YESTERDAY
  MAXIMUM         89    418 PM  98    1948  83      6       78
  MINIMUM         65    547 AM  46    1942  60      5       54
  AVERAGE         77                        71      6       66

PRECIPITATION (IN)
  YESTERDAY        0.00          2.15 1936   0.09  -0.09     0.00
  MONTH TO DATE    2.19                      2.69  -0.50     1.36
  SINCE JUN 1      5.26                     10.12  -4.86     8.01
  SINCE JAN 1     16.85                     25.85  -9.00    18.95

DEGREE DAYS
 HEATING
  YESTERDAY        0                         0      0        0
  MONTH TO DATE    0                         0      0        0
  SINCE JUN 1      5                        25    -20       15
  SINCE JUL 1      0                         1     -1        0

 COOLING
  YESTERDAY       12                         7      5        1
  MONTH TO DATE  332                       223    109      221
  SINCE JUN 1    951                       709    242      786
  SINCE JAN 1   1024                       766    258      934
..................................................................


WIND (MPH)
  HIGHEST WIND SPEED    12   HIGHEST WIND DIRECTION    SE (150)
  HIGHEST GUST SPEED    18   HIGHEST GUST DIRECTION    SE (140)
  AVERAGE WIND SPEED     2.7


SKY COVER
  POSSIBLE SUNSHINE  MM
  AVERAGE SKY COVER 0.0


WEATHER CONDITIONS
 THE FOLLOWING WEATHER WAS RECORDED YESTERDAY.
  FOG


RELATIVE HUMIDITY (PERCENT)
 HIGHEST    93           400 AM
 LOWEST     44           300 PM
 AVERAGE    69

..........................................................


THE MARTINSBURG WV CLIMATE NORMALS FOR TODAY
                         NORMAL    RECORD    YEAR
 MAXIMUM TEMPERATURE (F)   83        99      1993
 MINIMUM TEMPERATURE (F)   60        45      1968


SUNRISE AND SUNSET
AUGUST 28 2016........SUNRISE   637 AM EDT   SUNSET   748 PM EDT
AUGUST 29 2016........SUNRISE   638 AM EDT   SUNSET   747 PM EDT


-  INDICATES NEGATIVE NUMBERS.
R  INDICATES RECORD WAS SET OR TIED.
MM INDICATES DATA IS MISSING.
T  INDICATES TRACE AMOUNT.




$$
