000
CDUS41 KLWX 290523
CLIMRB


CLIMATE REPORT
NATIONAL WEATHER SERVICE BALTIMORE MD/WASHINGTON DC
122 AM EDT TUE JUL 29 2014


...................................

...THE MARTINSBURG WV CLIMATE SUMMARY FOR JULY 28 2014...

CLIMATE NORMAL PERIOD 1981 TO 2010
CLIMATE RECORD PERIOD 1926 TO 2014


WEATHER ITEM   OBSERVED TIME   RECORD YEAR NORMAL DEPARTURE LAST
                VALUE   (LST)  VALUE       VALUE  FROM      YEAR
                                                  NORMAL
..................................................................
TEMPERATURE (F)
 YESTERDAY
  MAXIMUM         81   1214 PM 101    1952  85     -4       83
  MINIMUM         66   1159 PM  48    1962  64      2       63
  AVERAGE         74                        75     -1       73

PRECIPITATION (IN)
  YESTERDAY        0.00          2.90 1934   0.12  -0.12     0.39
  MONTH TO DATE    4.69                      3.30   1.39     3.14
  SINCE JUN 1      7.37                      7.06   0.31     7.14
  SINCE JAN 1     22.24                     22.79  -0.55    18.40

DEGREE DAYS
 HEATING
  YESTERDAY        0                         0      0        0
  MONTH TO DATE    0                         0      0        0
  SINCE JUN 1      2                        24    -22        2
  SINCE JUL 1      0                         0      0        0

 COOLING
  YESTERDAY        9                        10     -1        8
  MONTH TO DATE  295                       276     19      347
  SINCE JUN 1    531                       459     72      575
  SINCE JAN 1    612                       516     96      686
..................................................................


WIND (MPH)
  HIGHEST WIND SPEED    28   HIGHEST WIND DIRECTION     W (260)
  HIGHEST GUST SPEED    36   HIGHEST GUST DIRECTION     W (270)
  AVERAGE WIND SPEED    12.4


SKY COVER
  POSSIBLE SUNSHINE  MM
  AVERAGE SKY COVER 0.6


WEATHER CONDITIONS
 THE FOLLOWING WEATHER WAS RECORDED YESTERDAY.
  FOG
  FOG W/VISIBILITY <= 1/4 MILE


RELATIVE HUMIDITY (PERCENT)
 HIGHEST    90           100 AM
 LOWEST     42          1200 PM
 AVERAGE    66

..........................................................


THE MARTINSBURG WV CLIMATE NORMALS FOR TODAY
                         NORMAL    RECORD    YEAR
 MAXIMUM TEMPERATURE (F)   85       103      1941
 MINIMUM TEMPERATURE (F)   64        53      1989


SUNRISE AND SUNSET
JULY 29 2014..........SUNRISE   609 AM EDT   SUNSET   827 PM EDT
JULY 30 2014..........SUNRISE   610 AM EDT   SUNSET   826 PM EDT


-  INDICATES NEGATIVE NUMBERS.
R  INDICATES RECORD WAS SET OR TIED.
MM INDICATES DATA IS MISSING.
T  INDICATES TRACE AMOUNT.




$$
