000
CDUS44 KHUN 042246
CLIMSL


CLIMATE REPORT
NATIONAL WEATHER SERVICE HUNTSVILLE AL
446 PM CST WED MAR 4 2015


...................................

...THE MUSCLE SHOALS CLIMATE SUMMARY FOR MARCH 4 2015...
VALID TODAY AS OF 0400 PM LOCAL TIME.

CLIMATE NORMAL PERIOD 1981 TO 2010
CLIMATE RECORD PERIOD 1893 TO 2015


WEATHER ITEM   OBSERVED TIME   RECORD YEAR NORMAL DEPARTURE LAST
                VALUE   (LST)  VALUE       VALUE  FROM      YEAR
                                                  NORMAL
..................................................................
TEMPERATURE (F)
 TODAY
  MAXIMUM         74    157 PM  82    1976  61     13       41
                                      1910
  MINIMUM         51    359 PM  12    1943  39     12       24
  AVERAGE         63                        50     13       33

PRECIPITATION (IN)
  TODAY            0.22          1.57 1917   0.16   0.06     0.00
  MONTH TO DATE    0.89                      0.64   0.25     0.92
  SINCE MAR 1      0.89                      0.64   0.25     0.92
  SINCE JAN 1      8.17                      9.91  -1.74     6.61

SNOWFALL (IN)
  TODAY            0.0
  MONTH TO DATE    0.0
  SINCE MAR 1      0.0
  SINCE JUL 1      3.5
  SNOW DEPTH       0

DEGREE DAYS
 HEATING
  TODAY            2                        15    -13       32
  MONTH TO DATE   46                        63    -17       83
  SINCE MAR 1     46                        63    -17       83
  SINCE JUL 1   2817                      2598    219     2854

 COOLING
  TODAY            0                         0      0        0
  MONTH TO DATE    0                         0      0        0
  SINCE MAR 1      0                         0      0        0
  SINCE JAN 1      0                         1     -1        0
..................................................................


WIND (MPH)
  HIGHEST WIND SPEED    25   HIGHEST WIND DIRECTION    SW (220)
  HIGHEST GUST SPEED    32   HIGHEST GUST DIRECTION     S (200)
  AVERAGE WIND SPEED    14.6


SKY COVER
  POSSIBLE SUNSHINE  MM
  AVERAGE SKY COVER 1.0


WEATHER CONDITIONS
 THE FOLLOWING WEATHER WAS RECORDED TODAY.
  HEAVY RAIN
  RAIN
  LIGHT RAIN
  FOG


RELATIVE HUMIDITY (PERCENT)
 HIGHEST    87           800 AM
 LOWEST     68           200 PM
 AVERAGE    78

..........................................................


THE MUSCLE SHOALS CLIMATE NORMALS FOR TOMORROW
                         NORMAL    RECORD    YEAR
 MAXIMUM TEMPERATURE (F)   61        86      1908
 MINIMUM TEMPERATURE (F)   40        11      1960


SUNRISE AND SUNSET
MARCH  4 2015.........SUNRISE   616 AM CST   SUNSET   549 PM CST
MARCH  5 2015.........SUNRISE   615 AM CST   SUNSET   550 PM CST


-  INDICATES NEGATIVE NUMBERS.
R  INDICATES RECORD WAS SET OR TIED.
MM INDICATES DATA IS MISSING.
T  INDICATES TRACE AMOUNT.




$$
