000
CDUS44 KHUN 200703
CLIMSL


CLIMATE REPORT
NATIONAL WEATHER SERVICE HUNTSVILLE AL
202 AM CDT MON OCT 20 2014


...................................

...THE MUSCLE SHOALS CLIMATE SUMMARY FOR OCTOBER 19 2014...

CLIMATE NORMAL PERIOD 1981 TO 2010
CLIMATE RECORD PERIOD 1893 TO 2014


WEATHER ITEM   OBSERVED TIME   RECORD YEAR NORMAL DEPARTURE LAST
                VALUE   (LST)  VALUE       VALUE  FROM      YEAR
                                                  NORMAL
..................................................................
TEMPERATURE (F)
 YESTERDAY
  MAXIMUM         70    336 PM  89    2005  73     -3       68
                                      1908
  MINIMUM         45   1159 PM  28    1948  49     -4       42
  AVERAGE         58                        61     -3       55

PRECIPITATION (IN)
  YESTERDAY        0.00          3.05 2004   0.10  -0.10     0.00
  MONTH TO DATE    6.54                      2.00   4.54     1.38
  SINCE SEP 1      9.25                      5.72   3.53     3.84
  SINCE JAN 1     42.45                     41.43   1.02    46.73

SNOWFALL (IN)
  YESTERDAY        0.0
  MONTH TO DATE    0.0
  SINCE SEP 1      0.0
  SINCE JUL 1      0.0
  SNOW DEPTH       0

DEGREE DAYS
 HEATING
  YESTERDAY        7                         6      1       10
  MONTH TO DATE   40                        69    -29       29
  SINCE SEP 1     40                        84    -44       29
  SINCE JUL 1     40                        84    -44       29

 COOLING
  YESTERDAY        0                         1     -1        0
  MONTH TO DATE   84                        49     35       96
  SINCE SEP 1    391                       308     83      405
  SINCE JAN 1   1844                      1851     -7     1886
..................................................................


WIND (MPH)
  HIGHEST WIND SPEED    12   HIGHEST WIND DIRECTION     E (80)
  HIGHEST GUST SPEED    16   HIGHEST GUST DIRECTION     E (80)
  AVERAGE WIND SPEED     2.2


SKY COVER
  POSSIBLE SUNSHINE  MM
  AVERAGE SKY COVER 0.0


WEATHER CONDITIONS
 THE FOLLOWING WEATHER WAS RECORDED YESTERDAY.
  FOG


RELATIVE HUMIDITY (PERCENT)
 HIGHEST    89           800 PM
 LOWEST     39           300 PM
 AVERAGE    64

..........................................................


THE MUSCLE SHOALS CLIMATE NORMALS FOR TODAY
                         NORMAL    RECORD    YEAR
 MAXIMUM TEMPERATURE (F)   73        89      1911
                                             1908
 MINIMUM TEMPERATURE (F)   48        28      1917


SUNRISE AND SUNSET
OCTOBER 20 2014.......SUNRISE   700 AM CDT   SUNSET   610 PM CDT
OCTOBER 21 2014.......SUNRISE   701 AM CDT   SUNSET   608 PM CDT


-  INDICATES NEGATIVE NUMBERS.
R  INDICATES RECORD WAS SET OR TIED.
MM INDICATES DATA IS MISSING.
T  INDICATES TRACE AMOUNT.




$$
