000
CDUS44 KHUN 110702
CLIMSL


CLIMATE REPORT
NATIONAL WEATHER SERVICE HUNTSVILLE AL
201 AM CDT FRI JUL 11 2014


...................................

...THE MUSCLE SHOALS CLIMATE SUMMARY FOR JULY 10 2014...

CLIMATE NORMAL PERIOD 1981 TO 2010
CLIMATE RECORD PERIOD 1893 TO 2014


WEATHER ITEM   OBSERVED TIME   RECORD YEAR NORMAL DEPARTURE LAST
                VALUE   (LST)  VALUE       VALUE  FROM      YEAR
                                                  NORMAL
..................................................................
TEMPERATURE (F)
 YESTERDAY
  MAXIMUM         90    357 PM 105    1930  91     -1       93
  MINIMUM         69   1157 PM  56    1961  70     -1       73
  AVERAGE         80                        80      0       83

PRECIPITATION (IN)
  YESTERDAY        0.00          2.73 1938   0.15  -0.15     0.38
  MONTH TO DATE    2.60                      1.54   1.06     3.75
  SINCE JUN 1     10.07                      6.30   3.77     8.43
  SINCE JAN 1     26.86                     29.80  -2.94    33.34

SNOWFALL (IN)
  YESTERDAY        0.0
  MONTH TO DATE    0.0
  SINCE JUN 1      0.0
  SINCE JUL 1      0.0
  SNOW DEPTH       0

DEGREE DAYS
 HEATING
  YESTERDAY        0                         0      0        0
  MONTH TO DATE    0                         0      0        0
  SINCE JUN 1      0                         1     -1        0
  SINCE JUL 1      0                         0      0        0

 COOLING
  YESTERDAY       15                        15      0       18
  MONTH TO DATE  129                       150    -21      125
  SINCE JUN 1    530                       512     18      531
  SINCE JAN 1    787                       756     31      771
..................................................................


WIND (MPH)
  HIGHEST WIND SPEED     8   HIGHEST WIND DIRECTION     N (340)
  HIGHEST GUST SPEED    13   HIGHEST GUST DIRECTION    NW (330)
  AVERAGE WIND SPEED     2.4


SKY COVER
  POSSIBLE SUNSHINE  MM
  AVERAGE SKY COVER 0.3


WEATHER CONDITIONS
 THE FOLLOWING WEATHER WAS RECORDED YESTERDAY.
  FOG


RELATIVE HUMIDITY (PERCENT)
 HIGHEST    93           600 AM
 LOWEST     41           300 PM
 AVERAGE    67

..........................................................


THE MUSCLE SHOALS CLIMATE NORMALS FOR TODAY
                         NORMAL    RECORD    YEAR
 MAXIMUM TEMPERATURE (F)   91       102      1980
 MINIMUM TEMPERATURE (F)   70        55      1917


SUNRISE AND SUNSET
JULY 11 2014..........SUNRISE   546 AM CDT   SUNSET   806 PM CDT
JULY 12 2014..........SUNRISE   547 AM CDT   SUNSET   805 PM CDT


-  INDICATES NEGATIVE NUMBERS.
R  INDICATES RECORD WAS SET OR TIED.
MM INDICATES DATA IS MISSING.
T  INDICATES TRACE AMOUNT.




$$
