000
CDUS44 KHUN 200803
CLIMSL


CLIMATE REPORT
NATIONAL WEATHER SERVICE HUNTSVILLE AL
203 AM CST SAT JAN 20 2018


...................................

...THE MUSCLE SHOALS CLIMATE SUMMARY FOR JANUARY 19 2018...

CLIMATE NORMAL PERIOD 1981 TO 2010
CLIMATE RECORD PERIOD 1893 TO 2018


WEATHER ITEM   OBSERVED TIME   RECORD YEAR NORMAL DEPARTURE LAST
                VALUE   (LST)  VALUE       VALUE  FROM      YEAR
                                                  NORMAL
..................................................................
TEMPERATURE (F)
 YESTERDAY
  MAXIMUM         52    252 PM  76    1929  51      1       65
  MINIMUM         16    658 AM  -5    1940  31    -15       54
  AVERAGE         34                        41     -7       60

PRECIPITATION (IN)
  YESTERDAY        0.00          2.62 1922   0.14  -0.14     1.17
  MONTH TO DATE    0.93                      2.77  -1.84     2.82
  SINCE DEC 1      6.29                      8.45  -2.16     8.16
  SINCE JAN 1      0.93                      2.77  -1.84     2.82

SNOWFALL (IN)
  YESTERDAY        0.0
  MONTH TO DATE    0.6
  SINCE DEC 1      0.6
  SINCE JUL 1      0.6
  SNOW DEPTH       0

DEGREE DAYS
 HEATING
  YESTERDAY       31                        24      7        5
  MONTH TO DATE  615                       456    159      274
  SINCE DEC 1   1291                      1130    161      842
  SINCE JUL 1   1798                      1692    106     1170

 COOLING
  YESTERDAY        0                         0      0        0
  MONTH TO DATE    0                         0      0        4
  SINCE DEC 1      0                         1     -1        6
  SINCE JAN 1      0                         0      0        4
..................................................................


WIND (MPH)
  HIGHEST WIND SPEED     9   HIGHEST WIND DIRECTION     S (200)
  HIGHEST GUST SPEED    12   HIGHEST GUST DIRECTION    SW (210)
  AVERAGE WIND SPEED     3.6


SKY COVER
  POSSIBLE SUNSHINE  MM
  AVERAGE SKY COVER 0.4


WEATHER CONDITIONS
 THE FOLLOWING WEATHER WAS RECORDED YESTERDAY.
  NO SIGNIFICANT WEATHER WAS OBSERVED.


RELATIVE HUMIDITY (PERCENT)
 HIGHEST    88           700 AM
 LOWEST     26           100 PM
 AVERAGE    57

..........................................................


THE MUSCLE SHOALS CLIMATE NORMALS FOR TODAY
                         NORMAL    RECORD    YEAR
 MAXIMUM TEMPERATURE (F)   51        76      1935
 MINIMUM TEMPERATURE (F)   31        -8      1985


SUNRISE AND SUNSET
JANUARY 20 2018.......SUNRISE   656 AM CST   SUNSET   508 PM CST
JANUARY 21 2018.......SUNRISE   655 AM CST   SUNSET   509 PM CST


-  INDICATES NEGATIVE NUMBERS.
R  INDICATES RECORD WAS SET OR TIED.
MM INDICATES DATA IS MISSING.
T  INDICATES TRACE AMOUNT.




$$
