000
CDUS44 KHUN 200706
CLIMSL


CLIMATE REPORT
NATIONAL WEATHER SERVICE HUNTSVILLE AL
205 AM CDT SAT SEP 20 2014


...................................

...THE MUSCLE SHOALS CLIMATE SUMMARY FOR SEPTEMBER 19 2014...

CLIMATE NORMAL PERIOD 1981 TO 2010
CLIMATE RECORD PERIOD 1893 TO 2014


WEATHER ITEM   OBSERVED TIME   RECORD YEAR NORMAL DEPARTURE LAST
                VALUE   (LST)  VALUE       VALUE  FROM      YEAR
                                                  NORMAL
..................................................................
TEMPERATURE (F)
 YESTERDAY
  MAXIMUM         88    347 PM  99    1931  84      4       90
  MINIMUM         61    603 AM  38    1903  60      1       65
  AVERAGE         75                        72      3       78

PRECIPITATION (IN)
  YESTERDAY        0.00          2.20 1953   0.12  -0.12     0.00
  MONTH TO DATE    2.72                      2.32   0.40     0.60
  SINCE SEP 1      2.72                      2.32   0.40     0.60
  SINCE JAN 1     35.92                     38.03  -2.11    43.49

SNOWFALL (IN)
  YESTERDAY        0.0
  MONTH TO DATE    0.0
  SINCE SEP 1      0.0
  SINCE JUL 1      0.0
  SNOW DEPTH       0

DEGREE DAYS
 HEATING
  YESTERDAY        0                         1     -1        0
  MONTH TO DATE    0                         1     -1        0
  SINCE SEP 1      0                         1     -1        0
  SINCE JUL 1      0                         1     -1        0

 COOLING
  YESTERDAY       10                         8      2       13
  MONTH TO DATE  235                       197     38      240
  SINCE SEP 1    235                       197     38      240
  SINCE JAN 1   1688                      1740    -52     1721
..................................................................


WIND (MPH)
  HIGHEST WIND SPEED     7   HIGHEST WIND DIRECTION    SE (140)
  HIGHEST GUST SPEED     9   HIGHEST GUST DIRECTION    SE (140)
  AVERAGE WIND SPEED     1.4


SKY COVER
  POSSIBLE SUNSHINE  MM
  AVERAGE SKY COVER 0.2


WEATHER CONDITIONS
 THE FOLLOWING WEATHER WAS RECORDED YESTERDAY.
  FOG


RELATIVE HUMIDITY (PERCENT)
 HIGHEST    93           100 AM
 LOWEST     48          1200 PM
 AVERAGE    71

..........................................................


THE MUSCLE SHOALS CLIMATE NORMALS FOR TODAY
                         NORMAL    RECORD    YEAR
 MAXIMUM TEMPERATURE (F)   83       101      1925
 MINIMUM TEMPERATURE (F)   60        36      1893


SUNRISE AND SUNSET
SEPTEMBER 20 2014.....SUNRISE   637 AM CDT   SUNSET   650 PM CDT
SEPTEMBER 21 2014.....SUNRISE   638 AM CDT   SUNSET   649 PM CDT


-  INDICATES NEGATIVE NUMBERS.
R  INDICATES RECORD WAS SET OR TIED.
MM INDICATES DATA IS MISSING.
T  INDICATES TRACE AMOUNT.




$$
