000
CDUS44 KHUN 250721
CLIMSL


CLIMATE REPORT
NATIONAL WEATHER SERVICE HUNTSVILLE AL
220 AM CDT WED MAY 25 2016


...................................

...THE MUSCLE SHOALS CLIMATE SUMMARY FOR MAY 24 2016...

CLIMATE NORMAL PERIOD 1981 TO 2010
CLIMATE RECORD PERIOD 1893 TO 2016


WEATHER ITEM   OBSERVED TIME   RECORD YEAR NORMAL DEPARTURE LAST
                VALUE   (LST)  VALUE       VALUE  FROM      YEAR
                                                  NORMAL
..................................................................
TEMPERATURE (F)
 YESTERDAY
  MAXIMUM         88    327 PM  96    1996  83      5       85
  MINIMUM         57    400 AM  42    1931  61     -4       61
  AVERAGE         73                        72      1       73

PRECIPITATION (IN)
  YESTERDAY        0.00          1.43 1940   0.17  -0.17     0.39
  MONTH TO DATE    1.16                      3.96  -2.80     1.89
  SINCE MAR 1      9.35                     13.07  -3.72    13.49
  SINCE JAN 1     16.48                     22.34  -5.86    20.77

SNOWFALL (IN)
  YESTERDAY        0.0
  MONTH TO DATE    0.0
  SINCE MAR 1      0.0
  SINCE JUL 1      T
  SNOW DEPTH       0

DEGREE DAYS
 HEATING
  YESTERDAY        0                         0      0        0
  MONTH TO DATE   26                        29     -3       19
  SINCE MAR 1    359                       567   -208      462
  SINCE JUL 1   2360                      3102   -742     3233

 COOLING
  YESTERDAY        8                         7      1        8
  MONTH TO DATE   91                       122    -31      134
  SINCE MAR 1    175                       186    -11      190
  SINCE JAN 1    175                       187    -12      190
..................................................................


WIND (MPH)
  HIGHEST WIND SPEED    13   HIGHEST WIND DIRECTION    SW (230)
  HIGHEST GUST SPEED    17   HIGHEST GUST DIRECTION     S (190)
  AVERAGE WIND SPEED     3.7


SKY COVER
  POSSIBLE SUNSHINE  MM
  AVERAGE SKY COVER 0.1


WEATHER CONDITIONS
 THE FOLLOWING WEATHER WAS RECORDED YESTERDAY.
  FOG
  HAZE


RELATIVE HUMIDITY (PERCENT)
 HIGHEST    93           400 AM
 LOWEST     29           300 PM
 AVERAGE    61

..........................................................


THE MUSCLE SHOALS CLIMATE NORMALS FOR TODAY
                         NORMAL    RECORD    YEAR
 MAXIMUM TEMPERATURE (F)   83        97      1902
 MINIMUM TEMPERATURE (F)   61        45      1935


SUNRISE AND SUNSET
MAY 25 2016...........SUNRISE   541 AM CDT   SUNSET   754 PM CDT
MAY 26 2016...........SUNRISE   540 AM CDT   SUNSET   755 PM CDT


-  INDICATES NEGATIVE NUMBERS.
R  INDICATES RECORD WAS SET OR TIED.
MM INDICATES DATA IS MISSING.
T  INDICATES TRACE AMOUNT.




$$
