000
CDUS44 KHUN 240707
CLIMSL


CLIMATE REPORT
NATIONAL WEATHER SERVICE HUNTSVILLE AL
207 AM CDT SUN MAY 24 2015

...................................

...THE MUSCLE SHOALS CLIMATE SUMMARY FOR MAY 23 2015...

CLIMATE NORMAL PERIOD 1981 TO 2010
CLIMATE RECORD PERIOD 1893 TO 2015


WEATHER ITEM   OBSERVED TIME   RECORD YEAR NORMAL DEPARTURE LAST
                VALUE   (LST)  VALUE       VALUE  FROM      YEAR
                                                  NORMAL
..................................................................
TEMPERATURE (F)
 YESTERDAY
  MAXIMUM         84    355 PM  94    1925  83      1       88
  MINIMUM         51    312 AM  45    1931  61    -10       64
  AVERAGE         68                        72     -4       76

PRECIPITATION (IN)
  YESTERDAY        0.00          2.63 1900   0.16  -0.16     0.00
  MONTH TO DATE    1.50                      3.79  -2.29     1.76
  SINCE MAR 1     13.10                     12.90   0.20    10.98
  SINCE JAN 1     20.38                     22.17  -1.79    16.67

SNOWFALL (IN)
  YESTERDAY        0.0
  MONTH TO DATE    0.0
  SINCE MAR 1      0.7
  SINCE JUL 1      4.2
  SNOW DEPTH       0

DEGREE DAYS
 HEATING
  YESTERDAY        0                         0      0        0
  MONTH TO DATE   19                        29    -10       42
  SINCE MAR 1    462                       567   -105      624
  SINCE JUL 1   3233                      3102    131     3395

 COOLING
  YESTERDAY        3                         7     -4       11
  MONTH TO DATE  126                       115     11      120
  SINCE MAR 1    182                       179      3      165
  SINCE JAN 1    182                       180      2      165
..................................................................


WIND (MPH)
  HIGHEST WIND SPEED    14   HIGHEST WIND DIRECTION    SE (150)
  HIGHEST GUST SPEED    18   HIGHEST GUST DIRECTION    SE (140)
  AVERAGE WIND SPEED     4.8


SKY COVER
  POSSIBLE SUNSHINE  MM
  AVERAGE SKY COVER 0.0


WEATHER CONDITIONS
 THE FOLLOWING WEATHER WAS RECORDED YESTERDAY.
  NO SIGNIFICANT WEATHER WAS OBSERVED.


RELATIVE HUMIDITY (PERCENT)
 HIGHEST    89           100 AM
 LOWEST     37           100 PM
 AVERAGE    63

..........................................................


THE MUSCLE SHOALS CLIMATE NORMALS FOR TODAY
                         NORMAL    RECORD    YEAR
 MAXIMUM TEMPERATURE (F)   83        96      1996
 MINIMUM TEMPERATURE (F)   61        42      1931


SUNRISE AND SUNSET
MAY 24 2015...........SUNRISE   542 AM CDT   SUNSET   753 PM CDT
MAY 25 2015...........SUNRISE   541 AM CDT   SUNSET   754 PM CDT


-  INDICATES NEGATIVE NUMBERS.
R  INDICATES RECORD WAS SET OR TIED.
MM INDICATES DATA IS MISSING.
T  INDICATES TRACE AMOUNT.


$$
