000
CDUS43 KMKX 200652
CLIMSN


CLIMATE REPORT
NATIONAL WEATHER SERVICE IN MILWAUKEE
149 AM CDT FRI OCT 20 2017


...................................

...THE MADISON WI CLIMATE SUMMARY FOR OCTOBER 19 2017...

CLIMATE NORMAL PERIOD 1981 TO 2010
CLIMATE RECORD PERIOD 1871 TO 2017


WEATHER ITEM   OBSERVED TIME   RECORD YEAR NORMAL DEPARTURE LAST
                VALUE   (LST)  VALUE       VALUE  FROM      YEAR
                                                  NORMAL
..................................................................
TEMPERATURE (F)
 YESTERDAY
  MAXIMUM         68    303 PM  80    1953  58     10       68
  MINIMUM         42    627 AM  15    1972  38      4       45
  AVERAGE         55                        48      7       57

PRECIPITATION (IN)
  YESTERDAY        0.00          2.27 1937   0.07  -0.07     0.00
  MONTH TO DATE    2.77                      1.45   1.32     2.54
  SINCE SEP 1      3.32                      4.58  -1.26    11.00
  SINCE JAN 1     36.08                     29.40   6.68    39.24

SNOWFALL (IN)
  YESTERDAY        0.0           1.7  1992   0.0    0.0      0.0
  MONTH TO DATE    0.0                       0.2   -0.2      0.0
  SINCE SEP 1      0.0                       0.2   -0.2      0.0
  SINCE JUL 1      0.0                       0.2   -0.2      0.0
  SNOW DEPTH       0

DEGREE DAYS
 HEATING
  YESTERDAY       10                        17     -7        8
  MONTH TO DATE  124                       271   -147      144
  SINCE SEP 1    237                       442   -205      186
  SINCE JUL 1    262                       479   -217      193

 COOLING
  YESTERDAY        0                         0      0        0
  MONTH TO DATE    8                         0      8        9
  SINCE SEP 1    118                        51     67       85
  SINCE JAN 1    578                       564     14      780
..................................................................


WIND (MPH)
  HIGHEST WIND SPEED    10   HIGHEST WIND DIRECTION     S (170)
  HIGHEST GUST SPEED    13   HIGHEST GUST DIRECTION     S (160)
  AVERAGE WIND SPEED     3.8


SKY COVER
  POSSIBLE SUNSHINE  MM
  AVERAGE SKY COVER 0.5


WEATHER CONDITIONS
 THE FOLLOWING WEATHER WAS RECORDED YESTERDAY.
  NO SIGNIFICANT WEATHER WAS OBSERVED.


RELATIVE HUMIDITY (PERCENT)
 HIGHEST    86           300 AM
 LOWEST     26          1100 AM
 AVERAGE    56

..........................................................


THE MADISON WI CLIMATE NORMALS FOR TODAY
                         NORMAL    RECORD    YEAR
 MAXIMUM TEMPERATURE (F)   57        82      1953
 MINIMUM TEMPERATURE (F)   38        20      1952


SUNRISE AND SUNSET
OCTOBER 20 2017.......SUNRISE   717 AM CDT   SUNSET   606 PM CDT
OCTOBER 21 2017.......SUNRISE   719 AM CDT   SUNSET   605 PM CDT


-  INDICATES NEGATIVE NUMBERS.
R  INDICATES RECORD WAS SET OR TIED.
MM INDICATES DATA IS MISSING.
T  INDICATES TRACE AMOUNT.




$$
