000
CDUS45 KMSO 300739
CLIMSO


CLIMATE REPORT
NATIONAL WEATHER SERVICE MISSOULA, MT
138 AM MDT THU OCT 30 2014


...................................

...THE MISSOULA MT CLIMATE SUMMARY FOR OCTOBER 29 2014...

CLIMATE NORMAL PERIOD 1981 TO 2010
CLIMATE RECORD PERIOD 1893 TO 2014


WEATHER ITEM   OBSERVED TIME   RECORD YEAR NORMAL DEPARTURE LAST
                VALUE   (LST)  VALUE       VALUE  FROM      YEAR
                                                  NORMAL
..................................................................
TEMPERATURE (F)
 YESTERDAY
  MAXIMUM         50    437 PM  67    1907  51     -1       42
  MINIMUM         36   1039 PM  -4    1917  29      7       21
  AVERAGE         43                        40      3       32

PRECIPITATION (IN)
  YESTERDAY        T             0.28 1925   0.03  -0.03     0.00
  MONTH TO DATE    1.16                      0.82   0.34     0.04
  SINCE OCT 1      1.16                      0.82   0.34     0.04
  SINCE JAN 1     11.46                     12.02  -0.56     7.77

SNOWFALL (IN)
  YESTERDAY       MM
  MONTH TO DATE    T
  SINCE JAN 1     51.9
  SINCE JUL 1      T
  SNOW DEPTH       0

DEGREE DAYS
 HEATING
  YESTERDAY       22                        25     -3       33
  MONTH TO DATE  423                       566   -143      656
  SINCE SEP 1    614                       807   -193      849
  SINCE JUL 1    656                       891   -235      857

 COOLING
  YESTERDAY        0                         0      0        0
  MONTH TO DATE    0                         0      0        0
  SINCE SEP 1     12                        15     -3       87
  SINCE JAN 1    390                       332     58      579
..................................................................


WIND (MPH)
  HIGHEST WIND SPEED     9   HIGHEST WIND DIRECTION     W (290)
  HIGHEST GUST SPEED    11   HIGHEST GUST DIRECTION     N (340)
  AVERAGE WIND SPEED     2.3


SKY COVER
  POSSIBLE SUNSHINE  MM
  AVERAGE SKY COVER 0.8


WEATHER CONDITIONS
 THE FOLLOWING WEATHER WAS RECORDED YESTERDAY.
  LIGHT RAIN
  FOG
  FOG W/VISIBILITY <= 1/4 MILE


RELATIVE HUMIDITY (PERCENT)
 HIGHEST   100          1200 AM
 LOWEST     80           400 PM
 AVERAGE    90

..........................................................


THE MISSOULA MT CLIMATE NORMALS FOR TODAY
                         NORMAL    RECORD    YEAR
 MAXIMUM TEMPERATURE (F)   50        68      1937
 MINIMUM TEMPERATURE (F)   29         4      1991


SUNRISE AND SUNSET
OCTOBER 30 2014.......SUNRISE   816 AM MDT   SUNSET   623 PM MDT
OCTOBER 31 2014.......SUNRISE   817 AM MDT   SUNSET   622 PM MDT


-  INDICATES NEGATIVE NUMBERS.
R  INDICATES RECORD WAS SET OR TIED.
MM INDICATES DATA IS MISSING.
T  INDICATES TRACE AMOUNT.




$$
