000
CDUS45 KMSO 302231
CLIMSO


CLIMATE REPORT
NATIONAL WEATHER SERVICE MISSOULA, MT
430 PM MDT MON MAR 30 2015


...................................

...THE MISSOULA MT CLIMATE SUMMARY FOR MARCH 30 2015...
VALID TODAY AS OF 0400 PM LOCAL TIME.

CLIMATE NORMAL PERIOD 1981 TO 2010
CLIMATE RECORD PERIOD 1893 TO 2015


WEATHER ITEM   OBSERVED TIME   RECORD YEAR NORMAL DEPARTURE LAST
                VALUE   (LST)  VALUE       VALUE  FROM      YEAR
                                                  NORMAL
..................................................................
TEMPERATURE (F)
 TODAY
  MAXIMUM         68    259 PM  78    2004  54     14       49
  MINIMUM         32    648 AM   8    1936  31      1       32
  AVERAGE         50                        43      7       41

PRECIPITATION (IN)
  TODAY            0.00          0.54 1905   0.04  -0.04     0.01
  MONTH TO DATE    0.46                      0.96  -0.50     1.75
  SINCE OCT 1      7.98                      5.44   2.54     6.81
  SINCE JAN 1      2.67                      2.51   0.16     5.10

SNOWFALL (IN)
  TODAY            0.0
  MONTH TO DATE    T
  SINCE JAN 1     12.7
  SINCE JUL 1     33.3
  SNOW DEPTH       0

DEGREE DAYS
 HEATING
  TODAY           15                        22     -7       24
  MONTH TO DATE  701                       790    -89      844
  SINCE MAR 1    701                       790    -89      844
  SINCE JUL 1   5693                      6159   -466     6354

 COOLING
  TODAY            0                         0      0        0
  MONTH TO DATE    0                         0      0        0
  SINCE MAR 1      0                         0      0        0
  SINCE JAN 1      0                         0      0        0
..................................................................


WIND (MPH)
  HIGHEST WIND SPEED     7   HIGHEST WIND DIRECTION    NE (60)
  HIGHEST GUST SPEED     9   HIGHEST GUST DIRECTION    SE (150)
  AVERAGE WIND SPEED     1.3


SKY COVER
  POSSIBLE SUNSHINE  MM
  AVERAGE SKY COVER 0.2


WEATHER CONDITIONS
 THE FOLLOWING WEATHER WAS RECORDED TODAY.
  NO SIGNIFICANT WEATHER WAS OBSERVED.


RELATIVE HUMIDITY (PERCENT)
 HIGHEST    89           700 AM
 LOWEST     28           300 PM
 AVERAGE    59

..........................................................


THE MISSOULA MT CLIMATE NORMALS FOR TOMORROW
                         NORMAL    RECORD    YEAR
 MAXIMUM TEMPERATURE (F)   55        71      1900
 MINIMUM TEMPERATURE (F)   31         5      1936


SUNRISE AND SUNSET
MARCH 30 2015.........SUNRISE   720 AM MDT   SUNSET   803 PM MDT
MARCH 31 2015.........SUNRISE   718 AM MDT   SUNSET   804 PM MDT


-  INDICATES NEGATIVE NUMBERS.
R  INDICATES RECORD WAS SET OR TIED.
MM INDICATES DATA IS MISSING.
T  INDICATES TRACE AMOUNT.




$$
