295
CDUS45 KMSO 202340
CLIMSO


CLIMATE REPORT
NATIONAL WEATHER SERVICE MISSOULA, MT
440 PM MST SAT JAN 20 2018


...................................

...THE MISSOULA MT CLIMATE SUMMARY FOR JANUARY 20 2018...
VALID TODAY AS OF 0400 PM LOCAL TIME.

CLIMATE NORMAL PERIOD 1981 TO 2010
CLIMATE RECORD PERIOD 1893 TO 2018


WEATHER ITEM   OBSERVED TIME   RECORD YEAR NORMAL DEPARTURE LAST
                VALUE   (LST)  VALUE       VALUE  FROM      YEAR
                                                  NORMAL
..................................................................
TEMPERATURE (F)
 TODAY
  MAXIMUM         37    359 PM  48    1909  34      3       38
  MINIMUM         28    914 AM -22    1960  19      9       20
  AVERAGE         33                        26      7       29

PRECIPITATION (IN)
  TODAY            T             0.26 1894   0.02  -0.02      T
  MONTH TO DATE    0.56                      0.57  -0.01     0.83
  SINCE OCT 1      4.38                      3.50   0.88     5.49
  SINCE JAN 1      0.56                      0.57  -0.01     0.83

SNOWFALL (IN)
  TODAY            T
  MONTH TO DATE    3.3
  SINCE JAN 1      3.3
  SINCE JUL 1     30.6
  SNOW DEPTH       4

DEGREE DAYS
 HEATING
  TODAY           32                        39     -7       36
  MONTH TO DATE  748                       800    -52     1119
  SINCE DEC 1   2032                      2076    -44     2537
  SINCE JUL 1   3922                      3972    -50     4291

 COOLING
  TODAY            0                         0      0        0
  MONTH TO DATE    0                         0      0        0
  SINCE DEC 1      0                         0      0        0
  SINCE JAN 1      0                         0      0        0
..................................................................


WIND (MPH)
  HIGHEST WIND SPEED    14   HIGHEST WIND DIRECTION    SE (120)
  HIGHEST GUST SPEED    18   HIGHEST GUST DIRECTION    SE (120)
  AVERAGE WIND SPEED     4.8


SKY COVER
  POSSIBLE SUNSHINE  MM
  AVERAGE SKY COVER 1.0


WEATHER CONDITIONS
 THE FOLLOWING WEATHER WAS RECORDED TODAY.
  LIGHT SNOW


RELATIVE HUMIDITY (PERCENT)
 HIGHEST    85           900 AM
 LOWEST     59           400 PM
 AVERAGE    72

..........................................................


THE MISSOULA MT CLIMATE NORMALS FOR TOMORROW
                         NORMAL    RECORD    YEAR
 MAXIMUM TEMPERATURE (F)   34        55      1919
 MINIMUM TEMPERATURE (F)   19       -24      1937


SUNRISE AND SUNSET
JANUARY 20 2018.......SUNRISE   814 AM MST   SUNSET   522 PM MST
JANUARY 21 2018.......SUNRISE   813 AM MST   SUNSET   523 PM MST


-  INDICATES NEGATIVE NUMBERS.
R  INDICATES RECORD WAS SET OR TIED.
MM INDICATES DATA IS MISSING.
T  INDICATES TRACE AMOUNT.




$$
