000
CDUS45 KMSO 190738
CLIMSO


CLIMATE REPORT
NATIONAL WEATHER SERVICE MISSOULA, MT
1238 AM MST SUN NOV 19 2017


...................................

...THE MISSOULA MT CLIMATE SUMMARY FOR NOVEMBER 18 2017...

CLIMATE NORMAL PERIOD 1981 TO 2010
CLIMATE RECORD PERIOD 1893 TO 2017


WEATHER ITEM   OBSERVED TIME   RECORD YEAR NORMAL DEPARTURE LAST
                VALUE   (LST)  VALUE       VALUE  FROM      YEAR
                                                  NORMAL
..................................................................
TEMPERATURE (F)
 YESTERDAY
  MAXIMUM         45    303 PM  62    1895  40      5       36
  MINIMUM         25   1158 PM  -5    1903  24      1       19
  AVERAGE         35                        32      3       28

PRECIPITATION (IN)
  YESTERDAY        0.00          0.55 1996   0.03  -0.03     0.00
  MONTH TO DATE    0.97                      0.59   0.38     0.26
  SINCE OCT 1      1.56                      1.47   0.09     3.09
  SINCE JAN 1     12.98                     12.67   0.31    12.42

SNOWFALL (IN)
  YESTERDAY        0.0
  MONTH TO DATE    5.7
  SINCE JAN 1     44.3
  SINCE JUL 1      6.1
  SNOW DEPTH       0

DEGREE DAYS
 HEATING
  YESTERDAY       30                        33     -3       37
  MONTH TO DATE  577                       527     50      435
  SINCE SEP 1   1541                      1385    156     1284
  SINCE JUL 1   1542                      1469     73     1382

 COOLING
  YESTERDAY        0                         0      0        0
  MONTH TO DATE    0                         0      0        0
  SINCE SEP 1     34                        15     19        5
  SINCE JAN 1    509                       332    177      287
..................................................................


WIND (MPH)
  HIGHEST WIND SPEED    16   HIGHEST WIND DIRECTION     W (280)
  HIGHEST GUST SPEED    20   HIGHEST GUST DIRECTION    NW (320)
  AVERAGE WIND SPEED     4.8


SKY COVER
  POSSIBLE SUNSHINE  MM
  AVERAGE SKY COVER 0.5


WEATHER CONDITIONS
 THE FOLLOWING WEATHER WAS RECORDED YESTERDAY.
  NO SIGNIFICANT WEATHER WAS OBSERVED.


RELATIVE HUMIDITY (PERCENT)
 HIGHEST    81          1100 PM
 LOWEST     43           400 PM
 AVERAGE    62

..........................................................


THE MISSOULA MT CLIMATE NORMALS FOR TODAY
                         NORMAL    RECORD    YEAR
 MAXIMUM TEMPERATURE (F)   40        65      1897
 MINIMUM TEMPERATURE (F)   24        -4      1900


SUNRISE AND SUNSET
NOVEMBER 19 2017......SUNRISE   746 AM MST   SUNSET   458 PM MST
NOVEMBER 20 2017......SUNRISE   747 AM MST   SUNSET   457 PM MST


-  INDICATES NEGATIVE NUMBERS.
R  INDICATES RECORD WAS SET OR TIED.
MM INDICATES DATA IS MISSING.
T  INDICATES TRACE AMOUNT.




$$
