000
CDUS45 KMSO 230739
CLIMSO


CLIMATE REPORT
NATIONAL WEATHER SERVICE MISSOULA, MT
138 AM MDT WED APR 23 2014


...................................

...THE MISSOULA MT CLIMATE SUMMARY FOR APRIL 22 2014...

CLIMATE NORMAL PERIOD 1981 TO 2010
CLIMATE RECORD PERIOD 1893 TO 2014


WEATHER ITEM   OBSERVED TIME   RECORD YEAR NORMAL DEPARTURE LAST
                VALUE   (LST)  VALUE       VALUE  FROM      YEAR
                                                  NORMAL
..................................................................
TEMPERATURE (F)
 YESTERDAY
  MAXIMUM         59   1030 AM  83    1969  60     -1       42
  MINIMUM         39   1117 PM  15    2013  34      5       15
  AVERAGE         49                        47      2       29

PRECIPITATION (IN)
  YESTERDAY        0.08          0.70 1994   0.04   0.04     0.00
  MONTH TO DATE    0.35                      0.89  -0.54     0.58
  SINCE OCT 1      7.17                      6.37   0.80     7.43
  SINCE JAN 1      5.46                      3.44   2.02     2.64

SNOWFALL (IN)
  YESTERDAY        0.0
  MONTH TO DATE    T
  SINCE JAN 1     51.8
  SINCE JUL 1     65.7
  SNOW DEPTH       0

DEGREE DAYS
 HEATING
  YESTERDAY       16                        18     -2       36
  MONTH TO DATE  449                       445      4      514
  SINCE MAR 1   1317                      1259     58     1339
  SINCE JUL 1   6827                      6628    199     6330

 COOLING
  YESTERDAY        0                         0      0        0
  MONTH TO DATE    0                         0      0        0
  SINCE MAR 1      0                         0      0        0
  SINCE JAN 1      0                         0      0        0
..................................................................


WIND (MPH)
  HIGHEST WIND SPEED    23   HIGHEST WIND DIRECTION     W (290)
  HIGHEST GUST SPEED    28   HIGHEST GUST DIRECTION    NW (300)
  AVERAGE WIND SPEED     8.7


SKY COVER
  POSSIBLE SUNSHINE  MM
  AVERAGE SKY COVER 0.7


WEATHER CONDITIONS
 THE FOLLOWING WEATHER WAS RECORDED YESTERDAY.
  LIGHT RAIN
  FOG


RELATIVE HUMIDITY (PERCENT)
 HIGHEST    83           600 PM
 LOWEST     38          1000 AM
 AVERAGE    61

..........................................................


THE MISSOULA MT CLIMATE NORMALS FOR TODAY
                         NORMAL    RECORD    YEAR
 MAXIMUM TEMPERATURE (F)   60        85      2012
 MINIMUM TEMPERATURE (F)   34        20      2013


SUNRISE AND SUNSET
APRIL 23 2014.........SUNRISE   634 AM MDT   SUNSET   836 PM MDT
APRIL 24 2014.........SUNRISE   632 AM MDT   SUNSET   837 PM MDT


-  INDICATES NEGATIVE NUMBERS.
R  INDICATES RECORD WAS SET OR TIED.
MM INDICATES DATA IS MISSING.
T  INDICATES TRACE AMOUNT.




$$
