000
CDUS45 KMSO 290741
CLIMSO


CLIMATE REPORT
NATIONAL WEATHER SERVICE MISSOULA, MT
141 AM MDT FRI JUL 29 2016


...................................

...THE MISSOULA MT CLIMATE SUMMARY FOR JULY 28 2016...

CLIMATE NORMAL PERIOD 1981 TO 2010
CLIMATE RECORD PERIOD 1893 TO 2016


WEATHER ITEM   OBSERVED TIME   RECORD YEAR NORMAL DEPARTURE LAST
                VALUE   (LST)  VALUE       VALUE  FROM      YEAR
                                                  NORMAL
..................................................................
TEMPERATURE (F)
 YESTERDAY
  MAXIMUM         92    442 PM 101    1968  89      3       75
  MINIMUM         58    611 AM  37    1949  53      5       48
  AVERAGE         75                        70      5       62

PRECIPITATION (IN)
  YESTERDAY        0.00          0.68 1905   0.03  -0.03      T
  MONTH TO DATE    2.06                      0.90   1.16     1.52
  SINCE OCT 1     11.31                     11.68  -0.37    11.26
  SINCE JAN 1      7.92                      8.75  -0.83     5.95

SNOWFALL (IN)
  YESTERDAY        0.0
  MONTH TO DATE    0.0
  SINCE JAN 1     13.1
  SINCE JUL 1      0.0
  SNOW DEPTH       0

DEGREE DAYS
 HEATING
  YESTERDAY        0                         1     -1        3
  MONTH TO DATE   57                        39     18       21
  SINCE JUN 1    176                       199    -23       68
  SINCE JUL 1     57                        39     18       21

 COOLING
  YESTERDAY       10                         6      4        0
  MONTH TO DATE   92                       134    -42      130
  SINCE JUN 1    163                       171     -8      272
  SINCE JAN 1    163                       177    -14      272
..................................................................


WIND (MPH)
  HIGHEST WIND SPEED    15   HIGHEST WIND DIRECTION     N (360)
  HIGHEST GUST SPEED    19   HIGHEST GUST DIRECTION    NW (330)
  AVERAGE WIND SPEED     4.4


SKY COVER
  POSSIBLE SUNSHINE  MM
  AVERAGE SKY COVER 0.1


WEATHER CONDITIONS
 THE FOLLOWING WEATHER WAS RECORDED YESTERDAY.
  NO SIGNIFICANT WEATHER WAS OBSERVED.


RELATIVE HUMIDITY (PERCENT)
 HIGHEST    64           400 AM
 LOWEST     19           100 PM
 AVERAGE    42

..........................................................


THE MISSOULA MT CLIMATE NORMALS FOR TODAY
                         NORMAL    RECORD    YEAR
 MAXIMUM TEMPERATURE (F)   89       101      2007
 MINIMUM TEMPERATURE (F)   53        37      1894


SUNRISE AND SUNSET
JULY 29 2016..........SUNRISE   613 AM MDT   SUNSET   912 PM MDT
JULY 30 2016..........SUNRISE   614 AM MDT   SUNSET   910 PM MDT


-  INDICATES NEGATIVE NUMBERS.
R  INDICATES RECORD WAS SET OR TIED.
MM INDICATES DATA IS MISSING.
T  INDICATES TRACE AMOUNT.




$$
