223
CDUS45 KMSO 230843
CLIMSO


CLIMATE REPORT
NATIONAL WEATHER SERVICE MISSOULA, MT
142 AM MST THU FEB 23 2017


...................................

...THE MISSOULA MT CLIMATE SUMMARY FOR FEBRUARY 22 2017...

CLIMATE NORMAL PERIOD 1981 TO 2010
CLIMATE RECORD PERIOD 1893 TO 2017


WEATHER ITEM   OBSERVED TIME   RECORD YEAR NORMAL DEPARTURE LAST
                VALUE   (LST)  VALUE       VALUE  FROM      YEAR
                                                  NORMAL
..................................................................
TEMPERATURE (F)
 YESTERDAY
  MAXIMUM         39    155 PM  56    1995  41     -2       46
                                      1905
  MINIMUM         28   1149 PM -14    1910  22      6       28
  AVERAGE         34                        32      2       37

PRECIPITATION (IN)
  YESTERDAY        T             0.37 2012   0.02  -0.02     0.00
  MONTH TO DATE    2.16                      0.54   1.62     0.42
  SINCE OCT 1      7.80                      4.32   3.48     4.41
  SINCE JAN 1      3.14                      1.39   1.75     1.02

SNOWFALL (IN)
  YESTERDAY        T
  MONTH TO DATE    9.3
  SINCE JAN 1     23.1
  SINCE JUL 1     52.2
  SNOW DEPTH       2

DEGREE DAYS
 HEATING
  YESTERDAY       31                        33     -2       28
  MONTH TO DATE  805                       785     20      668
  SINCE DEC 1   3802                      3278    524     3142
  SINCE JUL 1   5556                      5174    382     4995

 COOLING
  YESTERDAY        0                         0      0        0
  MONTH TO DATE    0                         0      0        0
  SINCE DEC 1      0                         0      0        0
  SINCE JAN 1      0                         0      0        0
..................................................................


WIND (MPH)
  HIGHEST WIND SPEED    21   HIGHEST WIND DIRECTION     N (10)
  HIGHEST GUST SPEED    26   HIGHEST GUST DIRECTION     N (360)
  AVERAGE WIND SPEED     5.0


SKY COVER
  POSSIBLE SUNSHINE  MM
  AVERAGE SKY COVER 0.9


WEATHER CONDITIONS
 THE FOLLOWING WEATHER WAS RECORDED YESTERDAY.
  LIGHT RAIN
  LIGHT SNOW


RELATIVE HUMIDITY (PERCENT)
 HIGHEST   100           800 AM
 LOWEST     64           200 PM
 AVERAGE    82

..........................................................


THE MISSOULA MT CLIMATE NORMALS FOR TODAY
                         NORMAL    RECORD    YEAR
 MAXIMUM TEMPERATURE (F)   41        59      1981
 MINIMUM TEMPERATURE (F)   22        -9      1894


SUNRISE AND SUNSET
FEBRUARY 23 2017......SUNRISE   726 AM MST   SUNSET   614 PM MST
FEBRUARY 24 2017......SUNRISE   725 AM MST   SUNSET   615 PM MST


-  INDICATES NEGATIVE NUMBERS.
R  INDICATES RECORD WAS SET OR TIED.
MM INDICATES DATA IS MISSING.
T  INDICATES TRACE AMOUNT.




$$
