642
CDUS45 KMSO 090837
CLIMSO


CLIMATE REPORT
NATIONAL WEATHER SERVICE MISSOULA, MT
137 AM MST TUE FEB 9 2016


...................................

...THE MISSOULA MT CLIMATE SUMMARY FOR FEBRUARY 8 2016...

CLIMATE NORMAL PERIOD 1981 TO 2010
CLIMATE RECORD PERIOD 1893 TO 2016


WEATHER ITEM   OBSERVED TIME   RECORD YEAR NORMAL DEPARTURE LAST
                VALUE   (LST)  VALUE       VALUE  FROM      YEAR
                                                  NORMAL
..................................................................
TEMPERATURE (F)
 YESTERDAY
  MAXIMUM         44    408 PM  57    1898  37      7       53
  MINIMUM         26   1159 PM -25    1936  20      6       32
  AVERAGE         35                        28      7       43

PRECIPITATION (IN)
  YESTERDAY        0.00          0.28 1899   0.03  -0.03     0.16
  MONTH TO DATE    0.15                      0.20  -0.05     0.59
  SINCE OCT 1      4.14                      3.98   0.16     7.12
  SINCE JAN 1      0.75                      1.05  -0.30     1.81

SNOWFALL (IN)
  YESTERDAY        0.0
  MONTH TO DATE    4.6
  SINCE JAN 1     11.2
  SINCE JUL 1     28.3
  SNOW DEPTH       3

DEGREE DAYS
 HEATING
  YESTERDAY       30                        36     -6       22
  MONTH TO DATE  291                       295     -4      223
  SINCE DEC 1   2765                      2788    -23     2613
  SINCE JUL 1   4618                      4684    -66     4369

 COOLING
  YESTERDAY        0                         0      0        0
  MONTH TO DATE    0                         0      0        0
  SINCE DEC 1      0                         0      0        0
  SINCE JAN 1      0                         0      0        0
..................................................................


WIND (MPH)
  HIGHEST WIND SPEED     7   HIGHEST WIND DIRECTION     E (80)
  HIGHEST GUST SPEED     8   HIGHEST GUST DIRECTION     E (80)
  AVERAGE WIND SPEED     0.9


SKY COVER
  POSSIBLE SUNSHINE  MM
  AVERAGE SKY COVER 0.6


WEATHER CONDITIONS
 THE FOLLOWING WEATHER WAS RECORDED YESTERDAY.
  HAZE


RELATIVE HUMIDITY (PERCENT)
 HIGHEST    85           300 AM
 LOWEST     51           400 PM
 AVERAGE    68

..........................................................


THE MISSOULA MT CLIMATE NORMALS FOR TODAY
                         NORMAL    RECORD    YEAR
 MAXIMUM TEMPERATURE (F)   37        50      1951
 MINIMUM TEMPERATURE (F)   20       -25      1933


SUNRISE AND SUNSET
FEBRUARY  9 2016......SUNRISE   751 AM MST   SUNSET   551 PM MST
FEBRUARY 10 2016......SUNRISE   749 AM MST   SUNSET   553 PM MST


-  INDICATES NEGATIVE NUMBERS.
R  INDICATES RECORD WAS SET OR TIED.
MM INDICATES DATA IS MISSING.
T  INDICATES TRACE AMOUNT.




$$
