000
CDUS45 KMSO 222235
CLIMSO


CLIMATE REPORT
NATIONAL WEATHER SERVICE MISSOULA, MT
434 PM MDT MON SEP 22 2014


...................................

...THE MISSOULA MT CLIMATE SUMMARY FOR SEPTEMBER 22 2014...
VALID TODAY AS OF 0400 PM LOCAL TIME.

CLIMATE NORMAL PERIOD 1981 TO 2010
CLIMATE RECORD PERIOD 1893 TO 2014


WEATHER ITEM   OBSERVED TIME   RECORD YEAR NORMAL DEPARTURE LAST
                VALUE   (LST)  VALUE       VALUE  FROM      YEAR
                                                  NORMAL
..................................................................
TEMPERATURE (F)
 TODAY
  MAXIMUM         86    259 PM  91    1938  70     16       61
  MINIMUM         46    647 AM  25    1993  40      6       49
                                      1895
                                      1893
  AVERAGE         66                        55     11       55

PRECIPITATION (IN)
  TODAY            0.00          0.52 1898   0.04  -0.04     0.01
  MONTH TO DATE    0.07                      0.90  -0.83     0.35
  SINCE OCT 1     11.80                     13.86  -2.06    11.45
  SINCE JAN 1     10.09                     10.93  -0.84     6.66

SNOWFALL (IN)
  TODAY            0.0
  MONTH TO DATE    0.0
  SINCE JAN 1     51.9
  SINCE JUL 1      0.0
  SNOW DEPTH       0

DEGREE DAYS
 HEATING
  TODAY            0                        10    -10       10
  MONTH TO DATE  147                       146      1       56
  SINCE SEP 1    147                       146      1       56
  SINCE JUL 1    189                       230    -41       64

 COOLING
  TODAY            1                         0      1        0
  MONTH TO DATE    3                        13    -10       87
  SINCE SEP 1      3                        13    -10       87
  SINCE JAN 1    381                       330     51      579
..................................................................


WIND (MPH)
  HIGHEST WIND SPEED    10   HIGHEST WIND DIRECTION    SW (210)
  HIGHEST GUST SPEED    13   HIGHEST GUST DIRECTION    SW (220)
  AVERAGE WIND SPEED     1.4


SKY COVER
  POSSIBLE SUNSHINE  MM
  AVERAGE SKY COVER 0.0


WEATHER CONDITIONS
 THE FOLLOWING WEATHER WAS RECORDED TODAY.
  NO SIGNIFICANT WEATHER WAS OBSERVED.


RELATIVE HUMIDITY (PERCENT)
 HIGHEST    82           700 AM
 LOWEST     23           300 PM
 AVERAGE    53

..........................................................


THE MISSOULA MT CLIMATE NORMALS FOR TOMORROW
                         NORMAL    RECORD    YEAR
 MAXIMUM TEMPERATURE (F)   70        91      1938
 MINIMUM TEMPERATURE (F)   39        20      2000


SUNRISE AND SUNSET
SEPTEMBER 22 2014.....SUNRISE   723 AM MDT   SUNSET   734 PM MDT
SEPTEMBER 23 2014.....SUNRISE   725 AM MDT   SUNSET   732 PM MDT


-  INDICATES NEGATIVE NUMBERS.
R  INDICATES RECORD WAS SET OR TIED.
MM INDICATES DATA IS MISSING.
T  INDICATES TRACE AMOUNT.




$$
