000
CDUS45 KMSO 242230
CLIMSO


CLIMATE REPORT
NATIONAL WEATHER SERVICE MISSOULA, MT
430 PM MDT SUN SEP 24 2017


...................................

...THE MISSOULA MT CLIMATE SUMMARY FOR SEPTEMBER 24 2017...
VALID TODAY AS OF 0400 PM LOCAL TIME.

CLIMATE NORMAL PERIOD 1981 TO 2010
CLIMATE RECORD PERIOD 1893 TO 2017


WEATHER ITEM   OBSERVED TIME   RECORD YEAR NORMAL DEPARTURE LAST
                VALUE   (LST)  VALUE       VALUE  FROM      YEAR
                                                  NORMAL
..................................................................
TEMPERATURE (F)
 TODAY
  MAXIMUM         61    245 PM  92    2014  69     -8       64
  MINIMUM         32    224 AM  17    1926  39     -7       43
  AVERAGE         47                        54     -7       54

PRECIPITATION (IN)
  TODAY            0.00          1.18 1917   0.03  -0.03      T
  MONTH TO DATE    1.03                      0.97   0.06     1.13
  SINCE OCT 1     15.94                     13.93   2.01    12.72
  SINCE JAN 1     11.28                     11.00   0.28     9.33

SNOWFALL (IN)
  TODAY            0.0
  MONTH TO DATE    0.0
  SINCE JAN 1     38.2
  SINCE JUL 1      0.0
  SNOW DEPTH       0

DEGREE DAYS
 HEATING
  TODAY           18                        11      7       11
  MONTH TO DATE  204                       168     36      238
  SINCE SEP 1    204                       168     36      238
  SINCE JUL 1    205                       252    -47      336

 COOLING
  TODAY            0                         0      0        0
  MONTH TO DATE   34                        13     21        4
  SINCE SEP 1     34                        13     21        4
  SINCE JAN 1    509                       330    179      286
..................................................................


WIND (MPH)
  HIGHEST WIND SPEED    13   HIGHEST WIND DIRECTION    NW (320)
  HIGHEST GUST SPEED    16   HIGHEST GUST DIRECTION    NW (310)
  AVERAGE WIND SPEED     2.0


SKY COVER
  POSSIBLE SUNSHINE  MM
  AVERAGE SKY COVER 0.3


WEATHER CONDITIONS
 THE FOLLOWING WEATHER WAS RECORDED TODAY.
  NO SIGNIFICANT WEATHER WAS OBSERVED.


RELATIVE HUMIDITY (PERCENT)
 HIGHEST   100           500 AM
 LOWEST     39           300 PM
 AVERAGE    70

..........................................................


THE MISSOULA MT CLIMATE NORMALS FOR TOMORROW
                         NORMAL    RECORD    YEAR
 MAXIMUM TEMPERATURE (F)   69        88      2015
 MINIMUM TEMPERATURE (F)   39        15      1926


SUNRISE AND SUNSET
SEPTEMBER 24 2017.....SUNRISE   726 AM MDT   SUNSET   729 PM MDT
SEPTEMBER 25 2017.....SUNRISE   728 AM MDT   SUNSET   727 PM MDT


-  INDICATES NEGATIVE NUMBERS.
R  INDICATES RECORD WAS SET OR TIED.
MM INDICATES DATA IS MISSING.
T  INDICATES TRACE AMOUNT.




$$
