000
CDUS43 KMPX 230653
CLIMSP


CLIMATE REPORT
NATIONAL WEATHER SERVICE CHANHASSEN MN
1253 AM CST THU FEB 23 2017


...................................

...THE TWIN CITIES MN CLIMATE SUMMARY FOR FEBRUARY 22 2017...

CLIMATE NORMAL PERIOD 1981 TO 2010
CLIMATE RECORD PERIOD 1871 TO 2017


WEATHER ITEM   OBSERVED TIME   RECORD YEAR NORMAL DEPARTURE LAST
                VALUE   (LST)  VALUE       VALUE  FROM      YEAR
                                                  NORMAL
..................................................................
TEMPERATURE (F)
 YESTERDAY
  MAXIMUM         59R   418 PM  57    1930  31     28       35
  MINIMUM         37   1159 PM -22    1873  16     21       27
  AVERAGE         48                        23     25       31

PRECIPITATION (IN)
  YESTERDAY        0.00          1.13 1922   0.04  -0.04     0.00
  MONTH TO DATE    0.64                      0.55   0.09     1.02
  SINCE DEC 1      3.76                      2.61   1.15     3.65
  SINCE JAN 1      1.62                      1.45   0.17     1.33

SNOWFALL (IN)
  YESTERDAY        0.0           8.8  1913   0.3   -0.3      0.0
  MONTH TO DATE    0.3                       5.8   -5.5     11.7
  SINCE DEC 1     24.5                      29.9   -5.4     25.3
  SINCE JUL 1     26.8                      39.8  -13.0     30.4
  SNOW DEPTH       0

DEGREE DAYS
 HEATING
  YESTERDAY       17                        42    -25       34
  MONTH TO DATE  737                       996   -259      947
  SINCE DEC 1   3455                      3931   -476     3481
  SINCE JUL 1   4499                      5550  -1051     4656

 COOLING
  YESTERDAY        0                         0      0        0
  MONTH TO DATE    0                         0      0        0
  SINCE DEC 1      0                         0      0        0
  SINCE JAN 1      0                         0      0        0
..................................................................


WIND (MPH)
  HIGHEST WIND SPEED    22   HIGHEST WIND DIRECTION    NW (330)
  HIGHEST GUST SPEED    29   HIGHEST GUST DIRECTION    NW (330)
  AVERAGE WIND SPEED     6.8


SKY COVER
  POSSIBLE SUNSHINE  MM
  AVERAGE SKY COVER 0.7


WEATHER CONDITIONS
 THE FOLLOWING WEATHER WAS RECORDED YESTERDAY.
  FOG


RELATIVE HUMIDITY (PERCENT)
 HIGHEST    93           300 AM
 LOWEST     57           400 PM
 AVERAGE    75

..........................................................


THE TWIN CITIES MN CLIMATE NORMALS FOR TODAY
                         NORMAL    RECORD    YEAR
 MAXIMUM TEMPERATURE (F)   32        59      1958
 MINIMUM TEMPERATURE (F)   16       -25      1889


SUNRISE AND SUNSET
FEBRUARY 23 2017......SUNRISE   700 AM CST   SUNSET   553 PM CST
FEBRUARY 24 2017......SUNRISE   659 AM CST   SUNSET   554 PM CST


-  INDICATES NEGATIVE NUMBERS.
R  INDICATES RECORD WAS SET OR TIED.
MM INDICATES DATA IS MISSING.
T  INDICATES TRACE AMOUNT.




$$
