000
CDUS41 KBTV 220526
CLIMSS


CLIMATE REPORT
NATIONAL WEATHER SERVICE BURLINGTON VT
124 AM EDT SUN OCT 22 2017


...................................

...THE MASSENA NY CLIMATE SUMMARY FOR OCTOBER 21 2017...

CLIMATE NORMAL PERIOD 1981 TO 2010
CLIMATE RECORD PERIOD 1948 TO 2017


WEATHER ITEM   OBSERVED TIME   RECORD YEAR NORMAL DEPARTURE LAST
                VALUE   (LST)  VALUE       VALUE  FROM      YEAR
                                                  NORMAL
..................................................................
TEMPERATURE (F)
 YESTERDAY
  MAXIMUM         73    135 PM  77    1979  54     19       52
  MINIMUM         48    910 PM  20    1948  35     13       45
  AVERAGE         61                        44     17       49

PRECIPITATION (IN)
  YESTERDAY        0.00          1.98        0.10  -0.10     1.43
  MONTH TO DATE    2.74                      2.27   0.47     3.79
  SINCE SEP 1      3.53                      5.92  -2.39     5.17
  SINCE JAN 1     32.90                     28.46   4.44    26.28

DEGREE DAYS
 HEATING
  YESTERDAY        4                        21    -17       16
  MONTH TO DATE  187                       358   -171      230
  SINCE SEP 1    312                       583   -271      369
  SINCE JUL 1    364                       658   -294      380

 COOLING
  YESTERDAY        0                         0      0        0
  MONTH TO DATE    4                         0      4        0
  SINCE SEP 1     73                        25     48       47
  SINCE JAN 1    399                       361     38      527
..................................................................


WIND (MPH)
  HIGHEST WIND SPEED    14   HIGHEST WIND DIRECTION    SW (220)
  HIGHEST GUST SPEED    18   HIGHEST GUST DIRECTION    SW (220)
  AVERAGE WIND SPEED     7.6


SKY COVER
  AVERAGE SKY COVER 0.0


WEATHER CONDITIONS
 THE FOLLOWING WEATHER WAS RECORDED YESTERDAY.
  NO SIGNIFICANT WEATHER WAS OBSERVED.


RELATIVE HUMIDITY (PERCENT)
 HIGHEST    86           900 PM
 LOWEST     49           100 PM
 AVERAGE    68

..........................................................


THE MASSENA NY CLIMATE NORMALS FOR TODAY
                         NORMAL    RECORD    YEAR
 MAXIMUM TEMPERATURE (F)   54        82      1979
 MINIMUM TEMPERATURE (F)   34        19      1948


SUNRISE AND SUNSET
OCTOBER 22 2017.......SUNRISE   724 AM EDT   SUNSET   602 PM EDT
OCTOBER 23 2017.......SUNRISE   726 AM EDT   SUNSET   601 PM EDT


-  INDICATES NEGATIVE NUMBERS.
R  INDICATES RECORD WAS SET OR TIED.
MM INDICATES DATA IS MISSING.
T  INDICATES TRACE AMOUNT.




$$
