000
CDUS41 KBTV 230527
CLIMSS


CLIMATE REPORT
NATIONAL WEATHER SERVICE BURLINGTON VT
125 AM EDT TUE MAY 23 2017


...................................

...THE MASSENA NY CLIMATE SUMMARY FOR MAY 22 2017...

CLIMATE NORMAL PERIOD 1981 TO 2010
CLIMATE RECORD PERIOD 1948 TO 2017


WEATHER ITEM   OBSERVED TIME   RECORD YEAR NORMAL DEPARTURE LAST
                VALUE   (LST)  VALUE       VALUE  FROM      YEAR
                                                  NORMAL
..................................................................
TEMPERATURE (F)
 YESTERDAY
  MAXIMUM         63    640 PM  89    1977  69     -6       78
  MINIMUM         49   1159 PM  30    1967  46      3       46
  AVERAGE         56                        57     -1       62

PRECIPITATION (IN)
  YESTERDAY        0.15          0.94        0.11   0.04     0.00
  MONTH TO DATE    3.78                      2.15   1.63     0.79
  SINCE MAR 1      9.56                      7.06   2.50     4.68
  SINCE JAN 1     12.99                     11.01   1.98     9.34

DEGREE DAYS
 HEATING
  YESTERDAY        9                         9      0        3
  MONTH TO DATE  280                       254     26      284
  SINCE MAR 1   2051                      2049      2     2050
  SINCE JUL 1   6977                      8036  -1059     7096

 COOLING
  YESTERDAY        0                         1     -1        0
  MONTH TO DATE   14                         3     11        0
  SINCE MAR 1     16                         4     12        0
  SINCE JAN 1     16                         4     12        0
..................................................................


WIND (MPH)
  HIGHEST WIND SPEED    18   HIGHEST WIND DIRECTION    SW (230)
  HIGHEST GUST SPEED    25   HIGHEST GUST DIRECTION    SW (220)
  AVERAGE WIND SPEED     7.5


SKY COVER
  AVERAGE SKY COVER 0.9


WEATHER CONDITIONS
 THE FOLLOWING WEATHER WAS RECORDED YESTERDAY.
  LIGHT RAIN
  FOG


RELATIVE HUMIDITY (PERCENT)
 HIGHEST   100          1200 AM
 LOWEST     72           700 PM
 AVERAGE    86

..........................................................


THE MASSENA NY CLIMATE NORMALS FOR TODAY
                         NORMAL    RECORD    YEAR
 MAXIMUM TEMPERATURE (F)   69        94      1975
 MINIMUM TEMPERATURE (F)   46        27      2015
                                             1967


SUNRISE AND SUNSET
MAY 23 2017...........SUNRISE   522 AM EDT   SUNSET   831 PM EDT
MAY 24 2017...........SUNRISE   522 AM EDT   SUNSET   832 PM EDT


-  INDICATES NEGATIVE NUMBERS.
R  INDICATES RECORD WAS SET OR TIED.
MM INDICATES DATA IS MISSING.
T  INDICATES TRACE AMOUNT.




$$
