000
CDUS41 KBTV 260605
CLIMSS


CLIMATE REPORT
NATIONAL WEATHER SERVICE BURLINGTON VT
159 AM EDT SAT JUL 26 2014


...................................

...THE MASSENA NY CLIMATE SUMMARY FOR JULY 25 2014...

CLIMATE NORMAL PERIOD 1981 TO 2010
CLIMATE RECORD PERIOD 1948 TO 2014


WEATHER ITEM   OBSERVED TIME   RECORD YEAR NORMAL DEPARTURE LAST
                VALUE   (LST)  VALUE       VALUE  FROM      YEAR
                                                  NORMAL
..................................................................
TEMPERATURE (F)
 YESTERDAY
  MAXIMUM         76    308 PM  92    1989  80     -4       71
  MINIMUM         56    440 AM  43    1953  58     -2       44
  AVERAGE         66                        69     -3       58

PRECIPITATION (IN)
  YESTERDAY        0.00          2.04        0.12  -0.12     0.00
  MONTH TO DATE    3.71                      2.86   0.85     3.13
  SINCE JUN 1      8.64                      6.38   2.26    10.75
  SINCE JAN 1     18.57                     18.31   0.26    19.05

DEGREE DAYS
 HEATING
  YESTERDAY        0                         1     -1        7
  MONTH TO DATE    9                        25    -16       16
  SINCE JUN 1     47                       121    -74      132
  SINCE JUL 1      9                        25    -16       16

 COOLING
  YESTERDAY        1                         5     -4        0
  MONTH TO DATE   99                       122    -23      190
  SINCE JUN 1    183                       197    -14      267
  SINCE JAN 1    198                       211    -13      290
..................................................................


WIND (MPH)
  HIGHEST WIND SPEED    21   HIGHEST WIND DIRECTION    SW (220)
  HIGHEST GUST SPEED    27   HIGHEST GUST DIRECTION    SW (220)
  AVERAGE WIND SPEED    10.4


SKY COVER
  AVERAGE SKY COVER 0.1


WEATHER CONDITIONS
 THE FOLLOWING WEATHER WAS RECORDED YESTERDAY.
  NO SIGNIFICANT WEATHER WAS OBSERVED.


RELATIVE HUMIDITY (PERCENT)
 HIGHEST   100           400 AM
 LOWEST     46           300 PM
 AVERAGE    73

..........................................................


THE MASSENA NY CLIMATE NORMALS FOR TODAY
                         NORMAL    RECORD    YEAR
 MAXIMUM TEMPERATURE (F)   80        92      1989
 MINIMUM TEMPERATURE (F)   58        44      2013


SUNRISE AND SUNSET
JULY 26 2014..........SUNRISE   538 AM EDT   SUNSET   833 PM EDT
JULY 27 2014..........SUNRISE   539 AM EDT   SUNSET   832 PM EDT


-  INDICATES NEGATIVE NUMBERS.
R  INDICATES RECORD WAS SET OR TIED.
MM INDICATES DATA IS MISSING.
T  INDICATES TRACE AMOUNT.




$$
