000
CDUS41 KBTV 280527
CLIMSS


CLIMATE REPORT
NATIONAL WEATHER SERVICE BURLINGTON VT
125 AM EDT SUN AUG 28 2016


...................................

...THE MASSENA NY CLIMATE SUMMARY FOR AUGUST 27 2016...

CLIMATE NORMAL PERIOD 1981 TO 2010
CLIMATE RECORD PERIOD 1948 TO 2016


WEATHER ITEM   OBSERVED TIME   RECORD YEAR NORMAL DEPARTURE LAST
                VALUE   (LST)  VALUE       VALUE  FROM      YEAR
                                                  NORMAL
..................................................................
TEMPERATURE (F)
 YESTERDAY
  MAXIMUM         81    219 PM  93    1949  76      5       72
  MINIMUM         58    403 AM  38    1989  54      4       54
  AVERAGE         70                        65      5       63

PRECIPITATION (IN)
  YESTERDAY        0.00          0.90        0.11  -0.11     0.00
  MONTH TO DATE    2.31                      3.08  -0.77     3.24
  SINCE JUN 1      9.97                     10.17  -0.20    11.78
  SINCE JAN 1     19.31                     22.10  -2.79    17.77

DEGREE DAYS
 HEATING
  YESTERDAY        0                         3     -3        2
  MONTH TO DATE    2                        39    -37        9
  SINCE JUN 1     76                       158    -82      132
  SINCE JUL 1     11                        62    -51       31

 COOLING
  YESTERDAY        5                         2      3        0
  MONTH TO DATE  189                        92     97      118
  SINCE JUN 1    417                       312    105      321
  SINCE JAN 1    463                       326    137      366
..................................................................


WIND (MPH)
  HIGHEST WIND SPEED    14   HIGHEST WIND DIRECTION     E (70)
  HIGHEST GUST SPEED    17   HIGHEST GUST DIRECTION     E (80)
  AVERAGE WIND SPEED     4.5


SKY COVER
  AVERAGE SKY COVER 0.1


WEATHER CONDITIONS
 THE FOLLOWING WEATHER WAS RECORDED YESTERDAY.
  FOG


RELATIVE HUMIDITY (PERCENT)
 HIGHEST    97           200 AM
 LOWEST     45           200 PM
 AVERAGE    71

..........................................................


THE MASSENA NY CLIMATE NORMALS FOR TODAY
                         NORMAL    RECORD    YEAR
 MAXIMUM TEMPERATURE (F)   76        92      1953
 MINIMUM TEMPERATURE (F)   53        36      1957


SUNRISE AND SUNSET
AUGUST 28 2016........SUNRISE   617 AM EDT   SUNSET   743 PM EDT
AUGUST 29 2016........SUNRISE   618 AM EDT   SUNSET   741 PM EDT


-  INDICATES NEGATIVE NUMBERS.
R  INDICATES RECORD WAS SET OR TIED.
MM INDICATES DATA IS MISSING.
T  INDICATES TRACE AMOUNT.




$$
