000
CDUS41 KBTV 190543
CLIMSS


CLIMATE REPORT
NATIONAL WEATHER SERVICE BURLINGTON VT
1240 AM EST THU JAN 19 2017


...................................

...THE MASSENA NY CLIMATE SUMMARY FOR JANUARY 18 2017...

CLIMATE NORMAL PERIOD 1981 TO 2010
CLIMATE RECORD PERIOD 1948 TO 2017


WEATHER ITEM   OBSERVED TIME   RECORD YEAR NORMAL DEPARTURE LAST
                VALUE   (LST)  VALUE       VALUE  FROM      YEAR
                                                  NORMAL
..................................................................
TEMPERATURE (F)
 YESTERDAY
  MAXIMUM         34   1159 PM  61    1996  24     10       24
  MINIMUM         27    135 AM -36    1976   4     23        5
  AVERAGE         31                        14     17       15

PRECIPITATION (IN)
  YESTERDAY        0.06          1.22        0.07  -0.01     0.06
  MONTH TO DATE    1.43                      1.33   0.10     0.38
  SINCE DEC 1      3.76                      3.76   0.00     3.03
  SINCE JAN 1      1.43                      1.33   0.10     0.38

DEGREE DAYS
 HEATING
  YESTERDAY       34                        51    -17       50
  MONTH TO DATE  747                       905   -158      802
  SINCE DEC 1   1970                      2235   -265     1673
  SINCE JUL 1   3376                      4004   -628     3147

 COOLING
  YESTERDAY        0                         0      0        0
  MONTH TO DATE    0                         0      0        0
  SINCE DEC 1      0                         0      0        0
  SINCE JAN 1      0                         0      0        0
..................................................................


WIND (MPH)
  HIGHEST WIND SPEED    13   HIGHEST WIND DIRECTION    NE (50)
  HIGHEST GUST SPEED    15   HIGHEST GUST DIRECTION     W (260)
  AVERAGE WIND SPEED     6.9


SKY COVER
  AVERAGE SKY COVER 1.0


WEATHER CONDITIONS
 THE FOLLOWING WEATHER WAS RECORDED YESTERDAY.
  LT FREEZING RAIN
  LIGHT SNOW
  FOG


RELATIVE HUMIDITY (PERCENT)
 HIGHEST   100           100 AM
 LOWEST     92          1200 AM
 AVERAGE    96

..........................................................


THE MASSENA NY CLIMATE NORMALS FOR TODAY
                         NORMAL    RECORD    YEAR
 MAXIMUM TEMPERATURE (F)   24        66      1996
 MINIMUM TEMPERATURE (F)    4       -33      1976


SUNRISE AND SUNSET
JANUARY 19 2017.......SUNRISE   731 AM EST   SUNSET   450 PM EST
JANUARY 20 2017.......SUNRISE   730 AM EST   SUNSET   451 PM EST


-  INDICATES NEGATIVE NUMBERS.
R  INDICATES RECORD WAS SET OR TIED.
MM INDICATES DATA IS MISSING.
T  INDICATES TRACE AMOUNT.




$$
