000
CDUS41 KBTV 270606
CLIMSS


CLIMATE REPORT
NATIONAL WEATHER SERVICE BURLINGTON VT
100 AM EST MON FEB 27 2017


...................................

...THE MASSENA NY CLIMATE SUMMARY FOR FEBRUARY 26 2017...

CLIMATE NORMAL PERIOD 1981 TO 2010
CLIMATE RECORD PERIOD 1948 TO 2017


WEATHER ITEM   OBSERVED TIME   RECORD YEAR NORMAL DEPARTURE LAST
                VALUE   (LST)  VALUE       VALUE  FROM      YEAR
                                                  NORMAL
..................................................................
TEMPERATURE (F)
 YESTERDAY
  MAXIMUM         35    421 PM  55    2002  31      4       24
  MINIMUM         24    843 AM -24    2003  10     14        9
  AVERAGE         30                        21      9       17

PRECIPITATION (IN)
  YESTERDAY        T             1.14        0.07  -0.07      T
  MONTH TO DATE    1.86                      1.63   0.23     3.79
  SINCE DEC 1      5.76                      6.24  -0.48     6.97
  SINCE JAN 1      3.43                      3.81  -0.38     4.32

DEGREE DAYS
 HEATING
  YESTERDAY       35                        44     -9       48
  MONTH TO DATE 1018                      1237   -219     1173
  SINCE DEC 1   3461                      4131   -670     3458
  SINCE JUL 1   4867                      5900  -1033     4932

 COOLING
  YESTERDAY        0                         0      0        0
  MONTH TO DATE    0                         0      0        0
  SINCE DEC 1      0                         0      0        0
  SINCE JAN 1      0                         0      0        0
..................................................................


WIND (MPH)
  HIGHEST WIND SPEED    25   HIGHEST WIND DIRECTION     W (260)
  HIGHEST GUST SPEED    38   HIGHEST GUST DIRECTION    SW (240)
  AVERAGE WIND SPEED    16.0


SKY COVER
  AVERAGE SKY COVER 0.4


WEATHER CONDITIONS
 THE FOLLOWING WEATHER WAS RECORDED YESTERDAY.
  LIGHT SNOW
  FOG


RELATIVE HUMIDITY (PERCENT)
 HIGHEST    70          1200 AM
 LOWEST     38           400 PM
 AVERAGE    54

..........................................................


THE MASSENA NY CLIMATE NORMALS FOR TODAY
                         NORMAL    RECORD    YEAR
 MAXIMUM TEMPERATURE (F)   31        62      2000
 MINIMUM TEMPERATURE (F)   11       -19      2015


SUNRISE AND SUNSET
FEBRUARY 27 2017......SUNRISE   640 AM EST   SUNSET   544 PM EST
FEBRUARY 28 2017......SUNRISE   639 AM EST   SUNSET   546 PM EST


-  INDICATES NEGATIVE NUMBERS.
R  INDICATES RECORD WAS SET OR TIED.
MM INDICATES DATA IS MISSING.
T  INDICATES TRACE AMOUNT.




$$
