000
CDUS41 KBTV 210604
CLIMSS


CLIMATE REPORT
NATIONAL WEATHER SERVICE BURLINGTON VT
202 AM EDT MON APR 21 2014


...................................

...THE MASSENA NY CLIMATE SUMMARY FOR APRIL 20 2014...

CLIMATE NORMAL PERIOD 1981 TO 2010
CLIMATE RECORD PERIOD 1948 TO 2014


WEATHER ITEM   OBSERVED TIME   RECORD YEAR NORMAL DEPARTURE LAST
                VALUE   (LST)  VALUE       VALUE  FROM      YEAR
                                                  NORMAL
..................................................................
TEMPERATURE (F)
 YESTERDAY
  MAXIMUM         63    504 PM  82    1987  57      6       48
  MINIMUM         25    256 AM  20    1974  35    -10       30
  AVERAGE         44                        46     -2       39

PRECIPITATION (IN)
  YESTERDAY        0.00          0.76        0.09  -0.09     0.05
  MONTH TO DATE    2.43                      1.87   0.56     1.47
  SINCE MAR 1      3.34                      3.96  -0.62     1.94
  SINCE JAN 1      6.08                      7.91  -1.83     4.19

DEGREE DAYS
 HEATING
  YESTERDAY       21                        19      2       26
  MONTH TO DATE  514                       480     34      487
  SINCE MAR 1   1942                      1624    318     1569
  SINCE JUL 1   8111                      7611    500     7019

 COOLING
  YESTERDAY        0                         0      0        0
  MONTH TO DATE    0                         0      0        0
  SINCE MAR 1      0                         0      0        0
  SINCE JAN 1      0                         0      0        0
..................................................................


WIND (MPH)
  HIGHEST WIND SPEED    10   HIGHEST WIND DIRECTION    NE (40)
  HIGHEST GUST SPEED    15   HIGHEST GUST DIRECTION     S (180)
  AVERAGE WIND SPEED     2.6


SKY COVER
  AVERAGE SKY COVER 0.0


WEATHER CONDITIONS
 THE FOLLOWING WEATHER WAS RECORDED YESTERDAY.
  NO SIGNIFICANT WEATHER WAS OBSERVED.


RELATIVE HUMIDITY (PERCENT)
 HIGHEST    92           200 AM
 LOWEST     20           500 PM
 AVERAGE    56

..........................................................


THE MASSENA NY CLIMATE NORMALS FOR TODAY
                         NORMAL    RECORD    YEAR
 MAXIMUM TEMPERATURE (F)   57        84      1987
 MINIMUM TEMPERATURE (F)   35        21      1981


SUNRISE AND SUNSET
APRIL 21 2014.........SUNRISE   605 AM EDT   SUNSET   752 PM EDT
APRIL 22 2014.........SUNRISE   603 AM EDT   SUNSET   754 PM EDT


-  INDICATES NEGATIVE NUMBERS.
R  INDICATES RECORD WAS SET OR TIED.
MM INDICATES DATA IS MISSING.
T  INDICATES TRACE AMOUNT.




$$
