000
CDUS41 KBTV 240603
CLIMSS


CLIMATE REPORT
NATIONAL WEATHER SERVICE BURLINGTON VT
201 AM EDT SUN MAY 24 2015


...................................

...THE MASSENA NY CLIMATE SUMMARY FOR MAY 23 2015...

CLIMATE NORMAL PERIOD 1981 TO 2010
CLIMATE RECORD PERIOD 1948 TO 2015


WEATHER ITEM   OBSERVED TIME   RECORD YEAR NORMAL DEPARTURE LAST
                VALUE   (LST)  VALUE       VALUE  FROM      YEAR
                                                  NORMAL
..................................................................
TEMPERATURE (F)
 YESTERDAY
  MAXIMUM         60    509 PM  94    1975  69     -9       69
  MINIMUM         27R   436 AM  27    1967  46    -19       51
  AVERAGE         44                        57    -13       60

PRECIPITATION (IN)
  YESTERDAY        0.00          0.71        0.10  -0.10     0.04
  MONTH TO DATE    0.54                      2.25  -1.71     1.94
  SINCE MAR 1      3.56                      7.16  -3.60     7.02
  SINCE JAN 1      4.98                     11.11  -6.13     9.76

DEGREE DAYS
 HEATING
  YESTERDAY       21                         8     13        5
  MONTH TO DATE  159                       262   -103      221
  SINCE MAR 1   2094                      2057     37     2348
  SINCE JUL 1   8260                      8044    216     8517

 COOLING
  YESTERDAY        0                         1     -1        0
  MONTH TO DATE   20                         4     16       11
  SINCE MAR 1     20                         5     15       11
  SINCE JAN 1     20                         5     15       11
..................................................................


WIND (MPH)
  HIGHEST WIND SPEED    26   HIGHEST WIND DIRECTION    SW (220)
  HIGHEST GUST SPEED    36   HIGHEST GUST DIRECTION    SW (210)
  AVERAGE WIND SPEED    12.7


SKY COVER
  AVERAGE SKY COVER 0.1


WEATHER CONDITIONS
 THE FOLLOWING WEATHER WAS RECORDED YESTERDAY.
  NO SIGNIFICANT WEATHER WAS OBSERVED.


RELATIVE HUMIDITY (PERCENT)
 HIGHEST    85           500 AM
 LOWEST     28           600 PM
 AVERAGE    57

..........................................................


THE MASSENA NY CLIMATE NORMALS FOR TODAY
                         NORMAL    RECORD    YEAR
 MAXIMUM TEMPERATURE (F)   69        88      1966
 MINIMUM TEMPERATURE (F)   46        29      1956


SUNRISE AND SUNSET
MAY 24 2015...........SUNRISE   522 AM EDT   SUNSET   831 PM EDT
MAY 25 2015...........SUNRISE   521 AM EDT   SUNSET   832 PM EDT


-  INDICATES NEGATIVE NUMBERS.
R  INDICATES RECORD WAS SET OR TIED.
MM INDICATES DATA IS MISSING.
T  INDICATES TRACE AMOUNT.




$$
