000
CDUS41 KBTV 020525
CLIMSS


CLIMATE REPORT
NATIONAL WEATHER SERVICE BURLINGTON VT
1223 AM EST FRI DEC 2 2016


...................................

...THE MASSENA NY CLIMATE SUMMARY FOR DECEMBER 1 2016...

CLIMATE NORMAL PERIOD 1981 TO 2010
CLIMATE RECORD PERIOD 1948 TO 2016


WEATHER ITEM   OBSERVED TIME   RECORD YEAR NORMAL DEPARTURE LAST
                VALUE   (LST)  VALUE       VALUE  FROM      YEAR
                                                  NORMAL
..................................................................
TEMPERATURE (F)
 YESTERDAY
  MAXIMUM         50    433 AM  63    2010  37     13       37
                                      1998
  MINIMUM         40    735 PM  -4    1989  21     19       17
  AVERAGE         45                        29     16       27

PRECIPITATION (IN)
  YESTERDAY        0.36          1.04        0.09   0.27     0.07
  MONTH TO DATE    0.36                      0.09   0.27     0.07
  SINCE DEC 1      0.36                      0.09   0.27     0.07
  SINCE JAN 1     28.24                     32.62  -4.38    26.81

DEGREE DAYS
 HEATING
  YESTERDAY       20                        36    -16       38
  MONTH TO DATE   20                        36    -16       38
  SINCE DEC 1     20                        36    -16       38
  SINCE JUL 1   1426                      1805   -379     1512

 COOLING
  YESTERDAY        0                         0      0        0
  MONTH TO DATE    0                         0      0        0
  SINCE DEC 1      0                         0      0        0
  SINCE JAN 1    527                       363    164      453
..................................................................


WIND (MPH)
  HIGHEST WIND SPEED    28   HIGHEST WIND DIRECTION    SW (220)
  HIGHEST GUST SPEED    35   HIGHEST GUST DIRECTION    SW (220)
  AVERAGE WIND SPEED    14.5


SKY COVER
  AVERAGE SKY COVER 1.0


WEATHER CONDITIONS
 THE FOLLOWING WEATHER WAS RECORDED YESTERDAY.
  RAIN
  LIGHT RAIN
  FOG


RELATIVE HUMIDITY (PERCENT)
 HIGHEST    93          1200 AM
 LOWEST     60           200 PM
 AVERAGE    77

..........................................................


THE MASSENA NY CLIMATE NORMALS FOR TODAY
                         NORMAL    RECORD    YEAR
 MAXIMUM TEMPERATURE (F)   36        59      1970
 MINIMUM TEMPERATURE (F)   21        -9      1971


SUNRISE AND SUNSET
DECEMBER  2 2016......SUNRISE   719 AM EST   SUNSET   419 PM EST
DECEMBER  3 2016......SUNRISE   720 AM EST   SUNSET   419 PM EST


-  INDICATES NEGATIVE NUMBERS.
R  INDICATES RECORD WAS SET OR TIED.
MM INDICATES DATA IS MISSING.
T  INDICATES TRACE AMOUNT.




$$
