000
CDUS41 KBTV 200523
CLIMSS


CLIMATE REPORT
NATIONAL WEATHER SERVICE BURLINGTON VT
120 AM EDT SUN AUG 20 2017


...................................

...THE MASSENA NY CLIMATE SUMMARY FOR AUGUST 19 2017...

CLIMATE NORMAL PERIOD 1981 TO 2010
CLIMATE RECORD PERIOD 1948 TO 2017


WEATHER ITEM   OBSERVED TIME   RECORD YEAR NORMAL DEPARTURE LAST
                VALUE   (LST)  VALUE       VALUE  FROM      YEAR
                                                  NORMAL
..................................................................
TEMPERATURE (F)
 YESTERDAY
  MAXIMUM         79    105 PM  91    1971  78      1       85
  MINIMUM         65    940 PM  41    1977  55     10       54
  AVERAGE         72                        66      6       70

PRECIPITATION (IN)
  YESTERDAY        T             1.50        0.12  -0.12     0.00
  MONTH TO DATE    2.89                      2.24   0.65     1.63
  SINCE JUN 1     14.23                      9.33   4.90     9.29
  SINCE JAN 1     28.88                     21.26   7.62    18.63

DEGREE DAYS
 HEATING
  YESTERDAY        0                         2     -2        0
  MONTH TO DATE    4                        22    -18        0
  SINCE JUN 1    109                       141    -32       74
  SINCE JUL 1     15                        45    -30        9

 COOLING
  YESTERDAY        7                         3      4        5
  MONTH TO DATE   85                        71     14      140
  SINCE JUN 1    288                       291     -3      368
  SINCE JAN 1    304                       305     -1      414
..................................................................


WIND (MPH)
  HIGHEST WIND SPEED    23   HIGHEST WIND DIRECTION    SW (230)
  HIGHEST GUST SPEED    35   HIGHEST GUST DIRECTION     W (250)
  AVERAGE WIND SPEED     9.7


SKY COVER
  AVERAGE SKY COVER 0.8


WEATHER CONDITIONS
 THE FOLLOWING WEATHER WAS RECORDED YESTERDAY.
  LIGHT RAIN


RELATIVE HUMIDITY (PERCENT)
 HIGHEST    97           500 AM
 LOWEST     60           100 PM
 AVERAGE    79

..........................................................


THE MASSENA NY CLIMATE NORMALS FOR TODAY
                         NORMAL    RECORD    YEAR
 MAXIMUM TEMPERATURE (F)   77        91      1955
 MINIMUM TEMPERATURE (F)   55        41      1953


SUNRISE AND SUNSET
AUGUST 20 2017........SUNRISE   607 AM EDT   SUNSET   757 PM EDT
AUGUST 21 2017........SUNRISE   609 AM EDT   SUNSET   755 PM EDT


-  INDICATES NEGATIVE NUMBERS.
R  INDICATES RECORD WAS SET OR TIED.
MM INDICATES DATA IS MISSING.
T  INDICATES TRACE AMOUNT.




$$
