000
CDUS41 KBTV 270537
CLIMSS


CLIMATE REPORT
NATIONAL WEATHER SERVICE BURLINGTON VT
1235 AM EST THU NOV 27 2014


...................................

...THE MASSENA NY CLIMATE SUMMARY FOR NOVEMBER 26 2014...

CLIMATE NORMAL PERIOD 1981 TO 2010
CLIMATE RECORD PERIOD 1948 TO 2014


WEATHER ITEM   OBSERVED TIME   RECORD YEAR NORMAL DEPARTURE LAST
                VALUE   (LST)  VALUE       VALUE  FROM      YEAR
                                                  NORMAL
..................................................................
TEMPERATURE (F)
 YESTERDAY
  MAXIMUM         35    308 AM  61    1979  39     -4       37
  MINIMUM         30    654 PM  -6    1949  23      7       31
  AVERAGE         33                        31      2       34

PRECIPITATION (IN)
  YESTERDAY        0.00          1.34        0.09  -0.09     0.17
  MONTH TO DATE    1.44                      2.66  -1.22     1.91
  SINCE SEP 1      4.69                      9.62  -4.93    10.01
  SINCE JAN 1     30.15                     32.16  -2.01    33.13

DEGREE DAYS
 HEATING
  YESTERDAY       32                        34     -2       31
  MONTH TO DATE  724                       749    -25      772
  SINCE SEP 1   1353                      1555   -202     1497
  SINCE JUL 1   1413                      1630   -217     1553

 COOLING
  YESTERDAY        0                         0      0        0
  MONTH TO DATE    0                         0      0        0
  SINCE SEP 1     48                        27     21       31
  SINCE JAN 1    336                       363    -27      418
..................................................................


WIND (MPH)
  HIGHEST WIND SPEED    16   HIGHEST WIND DIRECTION    SW (240)
  HIGHEST GUST SPEED    22   HIGHEST GUST DIRECTION     W (250)
  AVERAGE WIND SPEED     6.4


SKY COVER
  AVERAGE SKY COVER 0.7


WEATHER CONDITIONS
 THE FOLLOWING WEATHER WAS RECORDED YESTERDAY.
  NO SIGNIFICANT WEATHER WAS OBSERVED.


RELATIVE HUMIDITY (PERCENT)
 HIGHEST    69           400 AM
 LOWEST     54          1200 PM
 AVERAGE    62

..........................................................


THE MASSENA NY CLIMATE NORMALS FOR TODAY
                         NORMAL    RECORD    YEAR
 MAXIMUM TEMPERATURE (F)   38        65      1990
 MINIMUM TEMPERATURE (F)   23        -8      1949


SUNRISE AND SUNSET
NOVEMBER 27 2014......SUNRISE   712 AM EST   SUNSET   421 PM EST
NOVEMBER 28 2014......SUNRISE   714 AM EST   SUNSET   421 PM EST


-  INDICATES NEGATIVE NUMBERS.
R  INDICATES RECORD WAS SET OR TIED.
MM INDICATES DATA IS MISSING.
T  INDICATES TRACE AMOUNT.




$$
