000
CDUS41 KBTV 300546
CLIMSS


CLIMATE REPORT
NATIONAL WEATHER SERVICE BURLINGTON VT
137 AM EDT THU JUL 30 2015


...................................

...THE MASSENA NY CLIMATE SUMMARY FOR JULY 29 2015...

CLIMATE NORMAL PERIOD 1981 TO 2010
CLIMATE RECORD PERIOD 1948 TO 2015


WEATHER ITEM   OBSERVED TIME   RECORD YEAR NORMAL DEPARTURE LAST
                VALUE   (LST)  VALUE       VALUE  FROM      YEAR
                                                  NORMAL
..................................................................
TEMPERATURE (F)
 YESTERDAY
  MAXIMUM         90    344 PM  95    1949  80     10       71
  MINIMUM         67   1159 PM  43    1987  58      9       51
  AVERAGE         79                        69     10       61

PRECIPITATION (IN)
  YESTERDAY        0.00          1.15        0.12  -0.12     0.00
  MONTH TO DATE    3.11                      3.34  -0.23     5.09
  SINCE JUN 1      8.23                      6.86   1.37    10.02
  SINCE JAN 1     14.22                     18.79  -4.57    19.95

DEGREE DAYS
 HEATING
  YESTERDAY        0                         1     -1        4
  MONTH TO DATE   22                        29     -7       17
  SINCE JUN 1    123                       125     -2       55
  SINCE JUL 1     22                        29     -7       17

 COOLING
  YESTERDAY       14                         5      9        0
  MONTH TO DATE  140                       142     -2      107
  SINCE JUN 1    187                       217    -30      191
  SINCE JAN 1    232                       231      1      206
..................................................................


WIND (MPH)
  HIGHEST WIND SPEED    16   HIGHEST WIND DIRECTION     W (250)
  HIGHEST GUST SPEED    20   HIGHEST GUST DIRECTION     W (260)
  AVERAGE WIND SPEED     6.7


SKY COVER
  AVERAGE SKY COVER 0.0


WEATHER CONDITIONS
 THE FOLLOWING WEATHER WAS RECORDED YESTERDAY.
  NO SIGNIFICANT WEATHER WAS OBSERVED.


RELATIVE HUMIDITY (PERCENT)
 HIGHEST    87          1100 PM
 LOWEST     44           400 PM
 AVERAGE    66

..........................................................


THE MASSENA NY CLIMATE NORMALS FOR TODAY
                         NORMAL    RECORD    YEAR
 MAXIMUM TEMPERATURE (F)   80        91      1990
 MINIMUM TEMPERATURE (F)   58        41      1952


SUNRISE AND SUNSET
JULY 30 2015..........SUNRISE   542 AM EDT   SUNSET   829 PM EDT
JULY 31 2015..........SUNRISE   543 AM EDT   SUNSET   827 PM EDT


-  INDICATES NEGATIVE NUMBERS.
R  INDICATES RECORD WAS SET OR TIED.
MM INDICATES DATA IS MISSING.
T  INDICATES TRACE AMOUNT.




$$
