000
CDUS41 KBTV 290535
CLIMSS


CLIMATE REPORT
NATIONAL WEATHER SERVICE BURLINGTON VT
1233 AM EST MON DEC 29 2014


...................................

...THE MASSENA NY CLIMATE SUMMARY FOR DECEMBER 28 2014...

CLIMATE NORMAL PERIOD 1981 TO 2010
CLIMATE RECORD PERIOD 1948 TO 2014


WEATHER ITEM   OBSERVED TIME   RECORD YEAR NORMAL DEPARTURE LAST
                VALUE   (LST)  VALUE       VALUE  FROM      YEAR
                                                  NORMAL
..................................................................
TEMPERATURE (F)
 YESTERDAY
  MAXIMUM         50    314 AM  62    2008  26     24       37
                                      1982
  MINIMUM         25    750 PM -24    1976   8     17       17
  AVERAGE         38                        17     21       27

PRECIPITATION (IN)
  YESTERDAY        0.04          0.91        0.07  -0.03      T
  MONTH TO DATE    0.97                      2.21  -1.24     1.62
  SINCE DEC 1      0.97                      2.21  -1.24     1.62
  SINCE JAN 1     31.13                     34.74  -3.61    35.50

DEGREE DAYS
 HEATING
  YESTERDAY       27                        48    -21       38
  MONTH TO DATE 1036                      1185   -149     1304
  SINCE DEC 1   1036                      1185   -149     1304
  SINCE JUL 1   2597                      2954   -357     3055

 COOLING
  YESTERDAY        0                         0      0        0
  MONTH TO DATE    0                         0      0        0
  SINCE DEC 1      0                         0      0        0
  SINCE JAN 1    336                       363    -27      418
..................................................................


WIND (MPH)
  HIGHEST WIND SPEED    26   HIGHEST WIND DIRECTION    SW (230)
  HIGHEST GUST SPEED    36   HIGHEST GUST DIRECTION    SW (220)
  AVERAGE WIND SPEED    11.6


SKY COVER
  AVERAGE SKY COVER 0.8


WEATHER CONDITIONS
 THE FOLLOWING WEATHER WAS RECORDED YESTERDAY.
  LIGHT RAIN


RELATIVE HUMIDITY (PERCENT)
 HIGHEST    89           500 AM
 LOWEST     54           600 PM
 AVERAGE    72

..........................................................


THE MASSENA NY CLIMATE NORMALS FOR TODAY
                         NORMAL    RECORD    YEAR
 MAXIMUM TEMPERATURE (F)   26        53      1984
 MINIMUM TEMPERATURE (F)    8       -27      1989


SUNRISE AND SUNSET
DECEMBER 29 2014......SUNRISE   737 AM EST   SUNSET   426 PM EST
DECEMBER 30 2014......SUNRISE   737 AM EST   SUNSET   427 PM EST


-  INDICATES NEGATIVE NUMBERS.
R  INDICATES RECORD WAS SET OR TIED.
MM INDICATES DATA IS MISSING.
T  INDICATES TRACE AMOUNT.




$$
