000
CDUS41 KBTV 040533
CLIMSS


CLIMATE REPORT
NATIONAL WEATHER SERVICE BURLINGTON VT
132 AM EDT SAT JUL 4 2015


...................................

...THE MASSENA NY CLIMATE SUMMARY FOR JULY 3 2015...

CLIMATE NORMAL PERIOD 1981 TO 2010
CLIMATE RECORD PERIOD 1948 TO 2015


WEATHER ITEM   OBSERVED TIME   RECORD YEAR NORMAL DEPARTURE LAST
                VALUE   (LST)  VALUE       VALUE  FROM      YEAR
                                                  NORMAL
..................................................................
TEMPERATURE (F)
 YESTERDAY
  MAXIMUM         76    456 PM  95    1949  80     -4       73
  MINIMUM         50    311 AM  41    1962  57     -7       60
  AVERAGE         63                        68     -5       67

PRECIPITATION (IN)
  YESTERDAY        0.00          1.60        0.12  -0.12     0.04
  MONTH TO DATE    0.39                      0.35   0.04     0.04
  SINCE JUN 1      5.51                      3.87   1.64     4.97
  SINCE JAN 1     11.50                     15.80  -4.30    14.90

DEGREE DAYS
 HEATING
  YESTERDAY        2                         1      1        0
  MONTH TO DATE    5                         3      2        0
  SINCE JUN 1    106                        99      7       38
  SINCE JUL 1      5                         3      2        0

 COOLING
  YESTERDAY        0                         4     -4        2
  MONTH TO DATE    1                        12    -11       28
  SINCE JUN 1     48                        87    -39      112
  SINCE JAN 1     93                       101     -8      127
..................................................................


WIND (MPH)
  HIGHEST WIND SPEED    13   HIGHEST WIND DIRECTION    SW (210)
  HIGHEST GUST SPEED    19   HIGHEST GUST DIRECTION     W (250)
  AVERAGE WIND SPEED     5.6


SKY COVER
  AVERAGE SKY COVER 0.1


WEATHER CONDITIONS
 THE FOLLOWING WEATHER WAS RECORDED YESTERDAY.
  NO SIGNIFICANT WEATHER WAS OBSERVED.


RELATIVE HUMIDITY (PERCENT)
 HIGHEST    89           100 AM
 LOWEST     33           100 PM
 AVERAGE    61

..........................................................


THE MASSENA NY CLIMATE NORMALS FOR TODAY
                         NORMAL    RECORD    YEAR
 MAXIMUM TEMPERATURE (F)   80        93      1949
 MINIMUM TEMPERATURE (F)   57        41      1982


SUNRISE AND SUNSET
JULY  4 2015..........SUNRISE   518 AM EDT   SUNSET   849 PM EDT
JULY  5 2015..........SUNRISE   519 AM EDT   SUNSET   848 PM EDT


-  INDICATES NEGATIVE NUMBERS.
R  INDICATES RECORD WAS SET OR TIED.
MM INDICATES DATA IS MISSING.
T  INDICATES TRACE AMOUNT.




$$
