000
CDUS42 KKEY 280550 CCA
CLIMTH

CLIMATE REPORT
NATIONAL WEATHER SERVICE KEY WEST, FL
149 AM EDT THU MAY 28 2015


...................................

...THE MARATHON CLIMATE SUMMARY FOR MAY 27 2015...

CLIMATE NORMAL PERIOD 1981 TO 2010


WEATHER ITEM   OBSERVED TIME   NORMAL DEPARTURE LAST
                VALUE   (LST)  VALUE  FROM      YEAR
                                      NORMAL
......................................................
TEMPERATURE (F)
 YESTERDAY
  MAXIMUM         89    203 PM  89      0       87
  MINIMUM         80    600 AM  78      2       79
  AVERAGE         85            83      2       83

PRECIPITATION (IN)
  YESTERDAY        0.00          0.12  -0.12     0.00
  MONTH TO DATE    0.51          2.79  -2.28     1.03
  SINCE MAR 1      4.72          7.56  -2.84     2.85
  SINCE JAN 1      6.95         11.38  -4.43     6.54

SNOWFALL (IN)
  YESTERDAY        0.0
  MONTH TO DATE    0.0
  SINCE MAR 1      0.0
  SINCE JUL 1      0.0
  SNOW DEPTH       0

DEGREE DAYS
 HEATING
  YESTERDAY        0             0      0        0
  MONTH TO DATE    0             0      0        0
  SINCE MAR 1      0             6     -6        0
  SINCE JUL 1     50            81    -31       35

 COOLING
  YESTERDAY       20            18      2       18
  MONTH TO DATE  471           431     40      448
  SINCE MAR 1   1395          1085    310     1201
  SINCE JAN 1   1782          1467    315     1707
......................................................


WIND (MPH)
  HIGHEST WIND SPEED    17   HIGHEST WIND DIRECTION     E (70)
  HIGHEST GUST SPEED    24   HIGHEST GUST DIRECTION     E (80)
  AVERAGE WIND SPEED    12.0


SKY COVER
  POSSIBLE SUNSHINE  MM
  AVERAGE SKY COVER 0.1


WEATHER CONDITIONS
 THE FOLLOWING WEATHER WAS RECORDED YESTERDAY.
  NO SIGNIFICANT WEATHER WAS OBSERVED.


RELATIVE HUMIDITY (PERCENT)
 HIGHEST    74
 LOWEST     56
 AVERAGE    65

..........................................................


THE MARATHON CLIMATE NORMALS FOR TODAY
                         NORMAL
 MAXIMUM TEMPERATURE (F)   89
 MINIMUM TEMPERATURE (F)   78


SUNRISE AND SUNSET
MAY 28 2015...........SUNRISE   636 AM EDT   SUNSET   807 PM EDT
MAY 29 2015...........SUNRISE   636 AM EDT   SUNSET   808 PM EDT


-  INDICATES NEGATIVE NUMBERS.
R  INDICATES RECORD WAS SET OR TIED.
MM INDICATES DATA IS MISSING.
T  INDICATES TRACE AMOUNT.




$$
