000
CDUS43 KILX 280635
CLIMTO


CLIMATE REPORT
NATIONAL WEATHER SERVICE LINCOLN IL
134 AM CDT SAT MAR 28 2015


...................................

...THE MATTOON IL AIRPORT CLIMATE SUMMARY FOR MARCH 27 2015...

CLIMATE NORMAL PERIOD 1981 TO 2010
CLIMATE RECORD PERIOD 9999 TO 9999


WEATHER ITEM   OBSERVED TIME   RECORD YEAR NORMAL DEPARTURE LAST
                VALUE   (LST)  VALUE       VALUE  FROM      YEAR
                                                  NORMAL
..................................................................
TEMPERATURE (F)
 YESTERDAY
  MAXIMUM         39    205 PM  MM      MM  57    -18       56
  MINIMUM         24   1159 PM  MM      MM  36    -12       35
  AVERAGE         32                        46    -14       46

PRECIPITATION (IN)
  YESTERDAY        T            MM      MM   0.11  -0.11     0.21
  MONTH TO DATE    2.48                      2.13   0.35     1.00
  SINCE MAR 1      2.48                      2.13   0.35     1.00
  SINCE JAN 1      3.83                      6.11  -2.28     2.93

DEGREE DAYS
 HEATING
  YESTERDAY       33                        19     14       19
  MONTH TO DATE  724                       628     96      807
  SINCE MAR 1    724                       628     96      807
  SINCE JUL 1   5417                      4832    585     5654

 COOLING
  YESTERDAY        0                         0      0        0
  MONTH TO DATE    0                         0      0        0
  SINCE MAR 1      0                         0      0        0
  SINCE JAN 1      0                         0      0        0
..................................................................


WIND (MPH)
  HIGHEST WIND SPEED    24   HIGHEST WIND DIRECTION    NW (330)
  HIGHEST GUST SPEED    29   HIGHEST GUST DIRECTION    NW (330)
  AVERAGE WIND SPEED    12.3


SKY COVER
  POSSIBLE SUNSHINE  MM
  AVERAGE SKY COVER 0.6


WEATHER CONDITIONS
 THE FOLLOWING WEATHER WAS RECORDED YESTERDAY.
  LIGHT SNOW
  FOG


RELATIVE HUMIDITY (PERCENT)
 HIGHEST    85           500 AM
 LOWEST     44           200 PM
 AVERAGE    65

..........................................................


THE MATTOON IL AIRPORT CLIMATE NORMALS FOR TODAY
                         NORMAL    RECORD    YEAR
 MAXIMUM TEMPERATURE (F)   57        MM        MM
 MINIMUM TEMPERATURE (F)   37        MM        MM


SUNRISE AND SUNSET
MARCH 28 2015.........SUNRISE   644 AM CDT   SUNSET   713 PM CDT
MARCH 29 2015.........SUNRISE   643 AM CDT   SUNSET   714 PM CDT


-  INDICATES NEGATIVE NUMBERS.
R  INDICATES RECORD WAS SET OR TIED.
MM INDICATES DATA IS MISSING.
T  INDICATES TRACE AMOUNT.




$$
