000
CDUS43 KILX 270628
CLIMTO


CLIMATE REPORT
NATIONAL WEATHER SERVICE LINCOLN IL
128 AM CDT WED AUG 27 2014


...................................

...THE MATTOON IL AIRPORT CLIMATE SUMMARY FOR AUGUST 26 2014...

CLIMATE NORMAL PERIOD 1981 TO 2010
CLIMATE RECORD PERIOD 9999 TO 9999


WEATHER ITEM   OBSERVED TIME   RECORD YEAR NORMAL DEPARTURE LAST
                VALUE   (LST)  VALUE       VALUE  FROM      YEAR
                                                  NORMAL
..................................................................
TEMPERATURE (F)
 YESTERDAY
  MAXIMUM         90    255 PM  MM      MM  84      6       89
  MINIMUM         67    541 AM  MM      MM  62      5       68
  AVERAGE         79                        73      6       79

PRECIPITATION (IN)
  YESTERDAY        0.18         MM      MM   0.11   0.07     0.00
  MONTH TO DATE    2.64                      2.55   0.09     0.34
  SINCE JUN 1     11.18                     11.04   0.14    15.57
  SINCE JAN 1     21.35                     25.39  -4.04    38.22

DEGREE DAYS
 HEATING
  YESTERDAY        0                         0      0        0
  MONTH TO DATE    1                         0      1        8
  SINCE JUN 1      8                        18    -10       21
  SINCE JUL 1      5                         1      4       10

 COOLING
  YESTERDAY       14                         8      6       14
  MONTH TO DATE  214                       242    -28      152
  SINCE JUN 1    642                       795   -153      613
  SINCE JAN 1    772                       883   -111      722
..................................................................


WIND (MPH)
  HIGHEST WIND SPEED    25   HIGHEST WIND DIRECTION     W (260)
  HIGHEST GUST SPEED    36   HIGHEST GUST DIRECTION     W (270)
  AVERAGE WIND SPEED     4.7


SKY COVER
  POSSIBLE SUNSHINE  MM
  AVERAGE SKY COVER 0.1


WEATHER CONDITIONS
 THE FOLLOWING WEATHER WAS RECORDED YESTERDAY.
  THUNDERSTORM
  HEAVY RAIN
  RAIN
  LIGHT RAIN
  FOG


RELATIVE HUMIDITY (PERCENT)
 HIGHEST    93           400 AM
 LOWEST     64           100 PM
 AVERAGE    79

..........................................................


THE MATTOON IL AIRPORT CLIMATE NORMALS FOR TODAY
                         NORMAL    RECORD    YEAR
 MAXIMUM TEMPERATURE (F)   84        MM        MM
 MINIMUM TEMPERATURE (F)   62        MM        MM


SUNRISE AND SUNSET
AUGUST 27 2014........SUNRISE   617 AM CDT   SUNSET   732 PM CDT
AUGUST 28 2014........SUNRISE   618 AM CDT   SUNSET   730 PM CDT


-  INDICATES NEGATIVE NUMBERS.
R  INDICATES RECORD WAS SET OR TIED.
MM INDICATES DATA IS MISSING.
T  INDICATES TRACE AMOUNT.




$$
