000
CDUS43 KILX 222229
CLIMTO


CLIMATE REPORT
NATIONAL WEATHER SERVICE LINCOLN IL
428 PM CST WED FEB 22 2017


...................................

...THE MATTOON IL AIRPORT CLIMATE SUMMARY FOR FEBRUARY 22 2017...
VALID TODAY AS OF 0400 PM LOCAL TIME.

CLIMATE NORMAL PERIOD 1981 TO 2010
CLIMATE RECORD PERIOD 9999 TO 9999


WEATHER ITEM   OBSERVED TIME   RECORD YEAR NORMAL DEPARTURE LAST
                VALUE   (LST)  VALUE       VALUE  FROM      YEAR
                                                  NORMAL
..................................................................
TEMPERATURE (F)
 TODAY
  MAXIMUM         69    357 PM  MM      MM  42     27       48
  MINIMUM         48    709 AM  MM      MM  26     22       29
  AVERAGE         59                        34     25       39

PRECIPITATION (IN)
  TODAY            0.00         MM      MM   0.06  -0.06     0.00
  MONTH TO DATE    0.04                      1.44  -1.40     0.28
  SINCE DEC 1      2.29                      6.42  -4.13     6.96
  SINCE JAN 1      1.76                      3.65  -1.89     0.68

DEGREE DAYS
 HEATING
  TODAY            6                        31    -25       26
  MONTH TO DATE  515                       752   -237      708
  SINCE DEC 1   2563                      2969   -406     2548
  SINCE JUL 1   3274                      4028   -754     3340

 COOLING
  TODAY            0                         0      0        0
  MONTH TO DATE    0                         0      0        0
  SINCE DEC 1      0                         0      0        0
  SINCE JAN 1      0                         0      0        0
..................................................................


WIND (MPH)
  HIGHEST WIND SPEED    17   HIGHEST WIND DIRECTION     S (190)
  HIGHEST GUST SPEED    23   HIGHEST GUST DIRECTION     S (180)
  AVERAGE WIND SPEED     8.2


SKY COVER
  POSSIBLE SUNSHINE  MM
  AVERAGE SKY COVER 0.7


WEATHER CONDITIONS
 THE FOLLOWING WEATHER WAS RECORDED TODAY.
  FOG
  FOG W/VISIBILITY <= 1/4 MILE
  HAZE


RELATIVE HUMIDITY (PERCENT)
 HIGHEST   100          1200 AM
 LOWEST     66           400 PM
 AVERAGE    83

..........................................................


THE MATTOON IL AIRPORT CLIMATE NORMALS FOR TOMORROW
                         NORMAL    RECORD    YEAR
 MAXIMUM TEMPERATURE (F)   43        MM        MM
 MINIMUM TEMPERATURE (F)   27        MM        MM


SUNRISE AND SUNSET
FEBRUARY 22 2017......SUNRISE   636 AM CST   SUNSET   538 PM CST
FEBRUARY 23 2017......SUNRISE   634 AM CST   SUNSET   539 PM CST


-  INDICATES NEGATIVE NUMBERS.
R  INDICATES RECORD WAS SET OR TIED.
MM INDICATES DATA IS MISSING.
T  INDICATES TRACE AMOUNT.




$$
