000
CDUS43 KILX 280648
CLIMTO


CLIMATE REPORT
NATIONAL WEATHER SERVICE LINCOLN IL
147 AM CDT THU JUL 28 2016


...................................

...THE MATTOON IL AIRPORT CLIMATE SUMMARY FOR JULY 27 2016...

CLIMATE NORMAL PERIOD 1981 TO 2010
CLIMATE RECORD PERIOD 9999 TO 9999


WEATHER ITEM   OBSERVED TIME   RECORD YEAR NORMAL DEPARTURE LAST
                VALUE   (LST)  VALUE       VALUE  FROM      YEAR
                                                  NORMAL
..................................................................
TEMPERATURE (F)
 YESTERDAY
  MAXIMUM         86    102 PM  MM      MM  86      0       89
  MINIMUM         67    115 AM  MM      MM  65      2       69
  AVERAGE         77                        75      2       79

PRECIPITATION (IN)
  YESTERDAY       MM            MM      MM   0.10  MM        0.00
  MONTH TO DATE    4.39                      3.83   0.56     3.00
  SINCE JUN 1      6.53                      8.07  -1.54    12.30
  SINCE JAN 1     18.27                     22.42  -4.15    22.85

DEGREE DAYS
 HEATING
  YESTERDAY        0                         0      0        0
  MONTH TO DATE    5                         0      5        0
  SINCE JUN 1      5                        17    -12        8
  SINCE JUL 1      5                         0      5        0

 COOLING
  YESTERDAY       12                        10      2       14
  MONTH TO DATE  294                       292      2      243
  SINCE JUN 1    607                       515     92      481
  SINCE JAN 1    682                       603     79      608
..................................................................


WIND (MPH)
  HIGHEST WIND SPEED     9   HIGHEST WIND DIRECTION    SE (120)
  HIGHEST GUST SPEED    12   HIGHEST GUST DIRECTION     E (110)
  AVERAGE WIND SPEED     2.3


SKY COVER
  POSSIBLE SUNSHINE  MM
  AVERAGE SKY COVER 0.2


WEATHER CONDITIONS
 THE FOLLOWING WEATHER WAS RECORDED YESTERDAY.
  NO SIGNIFICANT WEATHER WAS OBSERVED.


RELATIVE HUMIDITY (PERCENT)
 HIGHEST    90          1200 AM
 LOWEST     61           100 PM
 AVERAGE    76

..........................................................


THE MATTOON IL AIRPORT CLIMATE NORMALS FOR TODAY
                         NORMAL    RECORD    YEAR
 MAXIMUM TEMPERATURE (F)   86        MM        MM
 MINIMUM TEMPERATURE (F)   65        MM        MM


SUNRISE AND SUNSET
JULY 28 2016..........SUNRISE   550 AM CDT   SUNSET   809 PM CDT
JULY 29 2016..........SUNRISE   551 AM CDT   SUNSET   808 PM CDT


-  INDICATES NEGATIVE NUMBERS.
R  INDICATES RECORD WAS SET OR TIED.
MM INDICATES DATA IS MISSING.
T  INDICATES TRACE AMOUNT.




$$
