000
CDUS43 KILX 240635
CLIMTO


CLIMATE REPORT
NATIONAL WEATHER SERVICE LINCOLN IL
135 AM CDT TUE MAY 24 2016


...................................

...THE MATTOON IL AIRPORT CLIMATE SUMMARY FOR MAY 23 2016...

CLIMATE NORMAL PERIOD 1981 TO 2010
CLIMATE RECORD PERIOD 9999 TO 9999


WEATHER ITEM   OBSERVED TIME   RECORD YEAR NORMAL DEPARTURE LAST
                VALUE   (LST)  VALUE       VALUE  FROM      YEAR
                                                  NORMAL
..................................................................
TEMPERATURE (F)
 YESTERDAY
  MAXIMUM         79    253 PM  MM      MM  76      3       77
  MINIMUM         51    453 AM  MM      MM  55     -4       57
  AVERAGE         65                        65      0       67

PRECIPITATION (IN)
  YESTERDAY        0.00         MM      MM   0.13  -0.13     0.00
  MONTH TO DATE    1.57                      3.45  -1.88     1.35
  SINCE MAR 1     10.05                      9.45   0.60     7.66
  SINCE JAN 1     10.78                     13.43  -2.65     9.01

DEGREE DAYS
 HEATING
  YESTERDAY        0                         3     -3        0
  MONTH TO DATE  156                       111     45       80
  SINCE MAR 1   1012                      1169   -157     1200
  SINCE JUL 1   4534                      5373   -839     5893

 COOLING
  YESTERDAY        0                         3     -3        2
  MONTH TO DATE    8                        45    -37       80
  SINCE MAR 1     15                        59    -44       82
  SINCE JAN 1     15                        59    -44       82
..................................................................


WIND (MPH)
  HIGHEST WIND SPEED    15   HIGHEST WIND DIRECTION    SE (130)
  HIGHEST GUST SPEED    19   HIGHEST GUST DIRECTION    SE (130)
  AVERAGE WIND SPEED     6.1


SKY COVER
  POSSIBLE SUNSHINE  MM
  AVERAGE SKY COVER 0.0


WEATHER CONDITIONS
 THE FOLLOWING WEATHER WAS RECORDED YESTERDAY.
  NO SIGNIFICANT WEATHER WAS OBSERVED.


RELATIVE HUMIDITY (PERCENT)
 HIGHEST    83           500 AM
 LOWEST     30           300 PM
 AVERAGE    57

..........................................................


THE MATTOON IL AIRPORT CLIMATE NORMALS FOR TODAY
                         NORMAL    RECORD    YEAR
 MAXIMUM TEMPERATURE (F)   76        MM        MM
 MINIMUM TEMPERATURE (F)   55        MM        MM


SUNRISE AND SUNSET
MAY 24 2016...........SUNRISE   532 AM CDT   SUNSET   809 PM CDT
MAY 25 2016...........SUNRISE   531 AM CDT   SUNSET   809 PM CDT


-  INDICATES NEGATIVE NUMBERS.
R  INDICATES RECORD WAS SET OR TIED.
MM INDICATES DATA IS MISSING.
T  INDICATES TRACE AMOUNT.




$$
