000
CDUS43 KILX 030651
CLIMTO


CLIMATE REPORT
NATIONAL WEATHER SERVICE LINCOLN IL
1245 AM CST TUE MAR 3 2015


...................................

...THE MATTOON IL AIRPORT CLIMATE SUMMARY FOR MARCH 2 2015...

CLIMATE NORMAL PERIOD 1981 TO 2010
CLIMATE RECORD PERIOD 9999 TO 9999


WEATHER ITEM   OBSERVED TIME   RECORD YEAR NORMAL DEPARTURE LAST
                VALUE   (LST)  VALUE       VALUE  FROM      YEAR
                                                  NORMAL
..................................................................
TEMPERATURE (F)
 YESTERDAY
  MAXIMUM         31    226 PM  MM      MM  46    -15       23
  MINIMUM         11    642 AM  MM      MM  29    -18        6
  AVERAGE         21                        37    -16       15

PRECIPITATION (IN)
  YESTERDAY        0.00         MM      MM   0.05  -0.05     0.08
  MONTH TO DATE    0.00                      0.11  -0.11     0.08
  SINCE MAR 1      0.00                      0.11  -0.11     0.08
  SINCE JAN 1      1.35                      4.09  -2.74     2.01

DEGREE DAYS
 HEATING
  YESTERDAY       44                        28     16       50
  MONTH TO DATE   86                        56     30       82
  SINCE MAR 1     86                        56     30       82
  SINCE JUL 1   4779                      4260    519     4929

 COOLING
  YESTERDAY        0                         0      0        0
  MONTH TO DATE    0                         0      0        0
  SINCE MAR 1      0                         0      0        0
  SINCE JAN 1      0                         0      0        0
..................................................................


WIND (MPH)
  HIGHEST WIND SPEED    13   HIGHEST WIND DIRECTION    SE (140)
  HIGHEST GUST SPEED    17   HIGHEST GUST DIRECTION    SE (130)
  AVERAGE WIND SPEED     6.3


SKY COVER
  POSSIBLE SUNSHINE  MM
  AVERAGE SKY COVER 0.0


WEATHER CONDITIONS
 THE FOLLOWING WEATHER WAS RECORDED YESTERDAY.
  FOG
  HAZE


RELATIVE HUMIDITY (PERCENT)
 HIGHEST    88           700 AM
 LOWEST     63           100 PM
 AVERAGE    76

..........................................................


THE MATTOON IL AIRPORT CLIMATE NORMALS FOR TODAY
                         NORMAL    RECORD    YEAR
 MAXIMUM TEMPERATURE (F)   47        MM        MM
 MINIMUM TEMPERATURE (F)   29        MM        MM


SUNRISE AND SUNSET
MARCH  3 2015.........SUNRISE   623 AM CST   SUNSET   547 PM CST
MARCH  4 2015.........SUNRISE   622 AM CST   SUNSET   548 PM CST


-  INDICATES NEGATIVE NUMBERS.
R  INDICATES RECORD WAS SET OR TIED.
MM INDICATES DATA IS MISSING.
T  INDICATES TRACE AMOUNT.




$$
