000
CDUS43 KILX 250644
CLIMTO


CLIMATE REPORT
NATIONAL WEATHER SERVICE LINCOLN IL
143 AM CDT MON MAY 25 2015


...................................

...THE MATTOON IL AIRPORT CLIMATE SUMMARY FOR MAY 24 2015...

CLIMATE NORMAL PERIOD 1981 TO 2010
CLIMATE RECORD PERIOD 9999 TO 9999


WEATHER ITEM   OBSERVED TIME   RECORD YEAR NORMAL DEPARTURE LAST
                VALUE   (LST)  VALUE       VALUE  FROM      YEAR
                                                  NORMAL
..................................................................
TEMPERATURE (F)
 YESTERDAY
  MAXIMUM         83    258 PM  MM      MM  76      7       79
  MINIMUM         61    446 AM  MM      MM  55      6       51
  AVERAGE         72                        66      6       65

PRECIPITATION (IN)
  YESTERDAY        0.23         MM      MM   0.13   0.10     0.00
  MONTH TO DATE    1.58                      3.58  -2.00     2.72
  SINCE MAR 1      7.89                      9.58  -1.69     7.86
  SINCE JAN 1      9.24                     13.56  -4.32     9.79

DEGREE DAYS
 HEATING
  YESTERDAY        0                         3     -3        0
  MONTH TO DATE   80                       114    -34      135
  SINCE MAR 1   1200                      1172     28     1348
  SINCE JUL 1   5893                      5376    517     6195

 COOLING
  YESTERDAY        7                         3      4        0
  MONTH TO DATE   87                        48     39       61
  SINCE MAR 1     89                        62     27       65
  SINCE JAN 1     89                        62     27       65
..................................................................


WIND (MPH)
  HIGHEST WIND SPEED    23   HIGHEST WIND DIRECTION     S (160)
  HIGHEST GUST SPEED    32   HIGHEST GUST DIRECTION    SE (140)
  AVERAGE WIND SPEED    11.9


SKY COVER
  POSSIBLE SUNSHINE  MM
  AVERAGE SKY COVER 0.3


WEATHER CONDITIONS
 THE FOLLOWING WEATHER WAS RECORDED YESTERDAY.
  HEAVY RAIN
  LIGHT RAIN
  FOG
  HAZE


RELATIVE HUMIDITY (PERCENT)
 HIGHEST    67          1200 AM
 LOWEST     51           300 PM
 AVERAGE    59

..........................................................


THE MATTOON IL AIRPORT CLIMATE NORMALS FOR TODAY
                         NORMAL    RECORD    YEAR
 MAXIMUM TEMPERATURE (F)   76        MM        MM
 MINIMUM TEMPERATURE (F)   56        MM        MM


SUNRISE AND SUNSET
MAY 25 2015...........SUNRISE   532 AM CDT   SUNSET   809 PM CDT
MAY 26 2015...........SUNRISE   531 AM CDT   SUNSET   810 PM CDT


-  INDICATES NEGATIVE NUMBERS.
R  INDICATES RECORD WAS SET OR TIED.
MM INDICATES DATA IS MISSING.
T  INDICATES TRACE AMOUNT.




$$
