000
CDUS41 KBTV 290527
CLIMVL


CLIMATE REPORT
NATIONAL WEATHER SERVICE BURLINGTON VT
123 AM EDT SUN MAR 29 2015


...................................

...THE MORRISVILLE VT CLIMATE SUMMARY FOR MARCH 28 2015...

CLIMATE NORMAL PERIOD 1981 TO 2010
CLIMATE RECORD PERIOD 9999 TO 9999


WEATHER ITEM   OBSERVED TIME   NORMAL DEPARTURE LAST
                VALUE   (LST)  VALUE  FROM      YEAR
                                      NORMAL
......................................................
TEMPERATURE (F)
 YESTERDAY
  MAXIMUM         28    222 PM  44    -16       45
  MINIMUM         11   1159 PM  23    -12       30
  AVERAGE         20            33    -13       38

PRECIPITATION (IN)
  YESTERDAY        0.00          0.06  -0.06     0.47
  MONTH TO DATE    0.34          1.47  -1.13     1.90
  SINCE MAR 1      0.34          1.47  -1.13     1.90
  SINCE JAN 1      1.46          5.75  -4.29     6.50

DEGREE DAYS
 HEATING
  YESTERDAY       45            32     13       27
  MONTH TO DATE 1185          1034    151     1363
  SINCE MAR 1   1185          1034    151     1363
  SINCE JUL 1   6867          6994   -127     7417

 COOLING
  YESTERDAY        0             0      0        0
  MONTH TO DATE    0             0      0        0
  SINCE MAR 1      0             0      0        0
  SINCE JAN 1      0             0      0        0
......................................................


WIND (MPH)
  HIGHEST WIND SPEED    20   HIGHEST WIND DIRECTION    NW (330)
  HIGHEST GUST SPEED    27   HIGHEST GUST DIRECTION     N (340)
  AVERAGE WIND SPEED     8.5


SKY COVER
  AVERAGE SKY COVER 0.5


WEATHER CONDITIONS
 THE FOLLOWING WEATHER WAS RECORDED YESTERDAY.
  NO SIGNIFICANT WEATHER WAS OBSERVED.


RELATIVE HUMIDITY (PERCENT)
 HIGHEST    76          1100 PM
 LOWEST     41           700 PM
 AVERAGE    59

..........................................................


THE MORRISVILLE VT CLIMATE NORMALS FOR TODAY
                         NORMAL    RECORD    YEAR
 MAXIMUM TEMPERATURE (F)   45        68      1989
 MINIMUM TEMPERATURE (F)   23        10      2001


SUNRISE AND SUNSET
MARCH 29 2015.........SUNRISE   638 AM EDT   SUNSET   714 PM EDT
MARCH 30 2015.........SUNRISE   636 AM EDT   SUNSET   715 PM EDT


-  INDICATES NEGATIVE NUMBERS.
R  INDICATES RECORD WAS SET OR TIED.
MM INDICATES DATA IS MISSING.
T  INDICATES TRACE AMOUNT.




$$
