000
CDUS41 KBTV 220606
CLIMVL


CLIMATE REPORT
NATIONAL WEATHER SERVICE BURLINGTON VT
104 AM EST MON DEC 22 2014


...................................

...THE MORRISVILLE VT CLIMATE SUMMARY FOR DECEMBER 21 2014...

CLIMATE NORMAL PERIOD 1981 TO 2010
CLIMATE RECORD PERIOD 9999 TO 9999


WEATHER ITEM   OBSERVED TIME   NORMAL DEPARTURE LAST
                VALUE   (LST)  VALUE  FROM      YEAR
                                      NORMAL
......................................................
TEMPERATURE (F)
 YESTERDAY
  MAXIMUM         24   1159 PM  30     -6       35
  MINIMUM          3    321 AM  11     -8       29
  AVERAGE         14            21     -7       32

PRECIPITATION (IN)
  YESTERDAY        0.00          0.09  -0.09     0.46
  MONTH TO DATE    0.63          1.89  -1.26     1.62
  SINCE DEC 1      0.63          1.89  -1.26     1.62
  SINCE JAN 1     34.12         35.25  -1.13    40.39

DEGREE DAYS
 HEATING
  YESTERDAY       51            44      7       33
  MONTH TO DATE  758           851    -93      913
  SINCE DEC 1    758           851    -93      913
  SINCE JUL 1   2101          2679   -578     2696

 COOLING
  YESTERDAY        0             0      0        0
  MONTH TO DATE    0             0      0        0
  SINCE DEC 1      0             0      0        0
  SINCE JAN 1    249           265    -16      401
......................................................


WIND (MPH)
  HIGHEST WIND SPEED     5   HIGHEST WIND DIRECTION     S (190)
  HIGHEST GUST SPEED     5   HIGHEST GUST DIRECTION     S (190)
  AVERAGE WIND SPEED     0.0


SKY COVER
  AVERAGE SKY COVER 0.9


WEATHER CONDITIONS
 THE FOLLOWING WEATHER WAS RECORDED YESTERDAY.
  FOG


RELATIVE HUMIDITY (PERCENT)
 HIGHEST    92           800 AM
 LOWEST     74           300 PM
 AVERAGE    83

..........................................................


THE MORRISVILLE VT CLIMATE NORMALS FOR TODAY
                         NORMAL    RECORD    YEAR
 MAXIMUM TEMPERATURE (F)   30        MM        MM
 MINIMUM TEMPERATURE (F)   11        MM        MM


SUNRISE AND SUNSET
DECEMBER 22 2014......SUNRISE   724 AM EST   SUNSET   414 PM EST
DECEMBER 23 2014......SUNRISE   725 AM EST   SUNSET   414 PM EST


-  INDICATES NEGATIVE NUMBERS.
R  INDICATES RECORD WAS SET OR TIED.
MM INDICATES DATA IS MISSING.
T  INDICATES TRACE AMOUNT.




$$
