000
CDUS41 KBTV 170530
CLIMVL


CLIMATE REPORT
NATIONAL WEATHER SERVICE BURLINGTON VT
127 AM EDT THU APR 17 2014


...................................

...THE MORRISVILLE VT CLIMATE SUMMARY FOR APRIL 16 2014...

CLIMATE NORMAL PERIOD 1981 TO 2010
CLIMATE RECORD PERIOD 9999 TO 9999


WEATHER ITEM   OBSERVED TIME   NORMAL DEPARTURE LAST
                VALUE   (LST)  VALUE  FROM      YEAR
                                      NORMAL
......................................................
TEMPERATURE (F)
 YESTERDAY
  MAXIMUM         31    430 PM  54    -23       57
  MINIMUM         18   1159 PM  30    -12       42
  AVERAGE         25            42    -17       50

PRECIPITATION (IN)
  YESTERDAY        T             0.09  -0.09     0.22
  MONTH TO DATE    1.85          1.34   0.51     1.85
  SINCE MAR 1      4.52          3.01   1.51     3.62
  SINCE JAN 1      9.12          7.29   1.83     6.33

DEGREE DAYS
 HEATING
  YESTERDAY       40            23     17       15
  MONTH TO DATE  407           422    -15      437
  SINCE MAR 1   1859          1549    310     1475
  SINCE JUL 1   7913          7509    404     7007

 COOLING
  YESTERDAY        0             0      0        0
  MONTH TO DATE    0             0      0        0
  SINCE MAR 1      0             0      0        0
  SINCE JAN 1      0             0      0        0
......................................................


WIND (MPH)
  HIGHEST WIND SPEED    21   HIGHEST WIND DIRECTION    NW (310)
  HIGHEST GUST SPEED    30   HIGHEST GUST DIRECTION    NW (330)
  AVERAGE WIND SPEED     8.1


SKY COVER
  AVERAGE SKY COVER 0.6


WEATHER CONDITIONS
 THE FOLLOWING WEATHER WAS RECORDED YESTERDAY.
  LIGHT SNOW
  FOG


RELATIVE HUMIDITY (PERCENT)
 HIGHEST    81          1200 AM
 LOWEST     43           300 PM
 AVERAGE    62

..........................................................


THE MORRISVILLE VT CLIMATE NORMALS FOR TODAY
                         NORMAL    RECORD    YEAR
 MAXIMUM TEMPERATURE (F)   55        MM        MM
 MINIMUM TEMPERATURE (F)   31        MM        MM


SUNRISE AND SUNSET
APRIL 17 2014.........SUNRISE   603 AM EDT   SUNSET   738 PM EDT
APRIL 18 2014.........SUNRISE   601 AM EDT   SUNSET   739 PM EDT


-  INDICATES NEGATIVE NUMBERS.
R  INDICATES RECORD WAS SET OR TIED.
MM INDICATES DATA IS MISSING.
T  INDICATES TRACE AMOUNT.




$$
