000
CDUS41 KBTV 300523
CLIMVL


CLIMATE REPORT
NATIONAL WEATHER SERVICE BURLINGTON VT
121 AM EDT SUN APR 30 2017


...................................

...THE MORRISVILLE VT CLIMATE SUMMARY FOR APRIL 29 2017...

CLIMATE NORMAL PERIOD 1981 TO 2010
CLIMATE RECORD PERIOD 9999 TO 9999


WEATHER ITEM   OBSERVED TIME   NORMAL DEPARTURE LAST
                VALUE   (LST)  VALUE  FROM      YEAR
                                      NORMAL
......................................................
TEMPERATURE (F)
 YESTERDAY
  MAXIMUM         71    150 PM  61     10       58
  MINIMUM         37   1159 PM  35      2       20
  AVERAGE         54            48      6       39

PRECIPITATION (IN)
  YESTERDAY        T             0.08  -0.08     0.00
  MONTH TO DATE    3.72          2.32   1.40     1.69
  SINCE MAR 1      4.72          3.99   0.73     2.82
  SINCE JAN 1      7.79          8.27  -0.48     5.97

DEGREE DAYS
 HEATING
  YESTERDAY       11            17     -6       26
  MONTH TO DATE  553           676   -123      799
  SINCE MAR 1   1861          1803     58     1755
  SINCE JUL 1   7084          7763   -679     6328

 COOLING
  YESTERDAY        0             0      0        0
  MONTH TO DATE    0             0      0        0
  SINCE MAR 1      0             0      0        0
  SINCE JAN 1      0             0      0        0
......................................................


WIND (MPH)
  HIGHEST WIND SPEED    26   HIGHEST WIND DIRECTION     N (10)
  HIGHEST GUST SPEED    32   HIGHEST GUST DIRECTION     N (10)
  AVERAGE WIND SPEED     7.4


SKY COVER
  AVERAGE SKY COVER 0.6


WEATHER CONDITIONS
 THE FOLLOWING WEATHER WAS RECORDED YESTERDAY.
  NO SIGNIFICANT WEATHER WAS OBSERVED.


RELATIVE HUMIDITY (PERCENT)
 HIGHEST    80           500 AM
 LOWEST     36           700 PM
 AVERAGE    58

..........................................................


THE MORRISVILLE VT CLIMATE NORMALS FOR TODAY
                         NORMAL    RECORD    YEAR
 MAXIMUM TEMPERATURE (F)   62        82      2004
 MINIMUM TEMPERATURE (F)   36        25      2016
                                             2012


SUNRISE AND SUNSET
APRIL 30 2017.........SUNRISE   542 AM EDT   SUNSET   754 PM EDT
MAY  1 2017...........SUNRISE   541 AM EDT   SUNSET   755 PM EDT


-  INDICATES NEGATIVE NUMBERS.
R  INDICATES RECORD WAS SET OR TIED.
MM INDICATES DATA IS MISSING.
T  INDICATES TRACE AMOUNT.




$$
