000
CDUS41 KBTV 260538
CLIMVL


CLIMATE REPORT
NATIONAL WEATHER SERVICE BURLINGTON VT
136 AM EDT MON JUN 26 2017


...................................

...THE MORRISVILLE VT CLIMATE SUMMARY FOR JUNE 25 2017...

CLIMATE NORMAL PERIOD 1981 TO 2010
CLIMATE RECORD PERIOD 9999 TO 9999


WEATHER ITEM   OBSERVED TIME   NORMAL DEPARTURE LAST
                VALUE   (LST)  VALUE  FROM      YEAR
                                      NORMAL
......................................................
TEMPERATURE (F)
 YESTERDAY
  MAXIMUM         73   1145 AM  77     -4       84
  MINIMUM         50    421 AM  53     -3       44
  AVERAGE         62            65     -3       64

PRECIPITATION (IN)
  YESTERDAY        0.01          0.16  -0.15     0.00
  MONTH TO DATE    4.87          3.27   1.60     1.50
  SINCE JUN 1      4.87          3.27   1.60     1.50
  SINCE JAN 1     17.62         14.89   2.73     8.55

DEGREE DAYS
 HEATING
  YESTERDAY        3             2      1        1
  MONTH TO DATE  128           115     13      131
  SINCE JUN 1    128           115     13      131
  SINCE JUL 1   7661          8246   -585     6833

 COOLING
  YESTERDAY        0             2     -2        0
  MONTH TO DATE   44            35      9       15
  SINCE JUN 1     44            35      9       15
  SINCE JAN 1     53            43     10       44
......................................................


WIND (MPH)
  HIGHEST WIND SPEED    21   HIGHEST WIND DIRECTION     N (340)
  HIGHEST GUST SPEED    28   HIGHEST GUST DIRECTION     N (350)
  AVERAGE WIND SPEED     3.4


SKY COVER
  AVERAGE SKY COVER 0.4


WEATHER CONDITIONS
 THE FOLLOWING WEATHER WAS RECORDED YESTERDAY.
  THUNDERSTORM


RELATIVE HUMIDITY (PERCENT)
 HIGHEST   100           500 AM
 LOWEST     44          1100 AM
 AVERAGE    72

..........................................................


THE MORRISVILLE VT CLIMATE NORMALS FOR TODAY
                         NORMAL    RECORD    YEAR
 MAXIMUM TEMPERATURE (F)   77        93      2003
 MINIMUM TEMPERATURE (F)   54        46      2004


SUNRISE AND SUNSET
JUNE 26 2017..........SUNRISE   507 AM EDT   SUNSET   839 PM EDT
JUNE 27 2017..........SUNRISE   508 AM EDT   SUNSET   839 PM EDT


-  INDICATES NEGATIVE NUMBERS.
R  INDICATES RECORD WAS SET OR TIED.
MM INDICATES DATA IS MISSING.
T  INDICATES TRACE AMOUNT.




$$
