000
CDUS41 KBTV 210640
CLIMVL


CLIMATE REPORT
NATIONAL WEATHER SERVICE BURLINGTON VT
117 AM EST TUE FEB 21 2017


...................................

...THE MORRISVILLE VT CLIMATE SUMMARY FOR FEBRUARY 20 2017...

CLIMATE NORMAL PERIOD 1981 TO 2010
CLIMATE RECORD PERIOD 9999 TO 9999


WEATHER ITEM   OBSERVED TIME   NORMAL DEPARTURE LAST
                VALUE   (LST)  VALUE  FROM      YEAR
                                      NORMAL
......................................................
TEMPERATURE (F)
 YESTERDAY
  MAXIMUM         35   1212 AM  32      3       46
  MINIMUM         11   1159 PM   8      3       31
  AVERAGE         23            20      3       39

PRECIPITATION (IN)
  YESTERDAY        T             0.06  -0.06     0.05
  MONTH TO DATE    0.46          1.23  -0.77     1.08
  SINCE DEC 1      5.60          6.41  -0.81     3.71
  SINCE JAN 1      2.39          3.77  -1.38     1.77

DEGREE DAYS
 HEATING
  YESTERDAY       42            45     -3       26
  MONTH TO DATE  889           949    -60      696
  SINCE DEC 1   3401          3783   -382     2886
  SINCE JUL 1   4992          5611   -619     4301

 COOLING
  YESTERDAY        0             0      0        0
  MONTH TO DATE    0             0      0        0
  SINCE DEC 1      0             0      0        0
  SINCE JAN 1      0             0      0        0
......................................................


WIND (MPH)
  HIGHEST WIND SPEED    17   HIGHEST WIND DIRECTION     N (340)
  HIGHEST GUST SPEED    22   HIGHEST GUST DIRECTION     N (10)
  AVERAGE WIND SPEED     7.0


SKY COVER
  AVERAGE SKY COVER 0.5


WEATHER CONDITIONS
 THE FOLLOWING WEATHER WAS RECORDED YESTERDAY.
  LIGHT SNOW


RELATIVE HUMIDITY (PERCENT)
 HIGHEST    88          1100 PM
 LOWEST     43           200 PM
 AVERAGE    66

..........................................................


THE MORRISVILLE VT CLIMATE NORMALS FOR TODAY
                         NORMAL    RECORD    YEAR
 MAXIMUM TEMPERATURE (F)   32        56      1997
 MINIMUM TEMPERATURE (F)    8       -19      2015


SUNRISE AND SUNSET
FEBRUARY 21 2017......SUNRISE   641 AM EST   SUNSET   528 PM EST
FEBRUARY 22 2017......SUNRISE   639 AM EST   SUNSET   529 PM EST


-  INDICATES NEGATIVE NUMBERS.
R  INDICATES RECORD WAS SET OR TIED.
MM INDICATES DATA IS MISSING.
T  INDICATES TRACE AMOUNT.




$$
