000
CDUS41 KBTV 180532
CLIMVL


CLIMATE REPORT
NATIONAL WEATHER SERVICE BURLINGTON VT
1230 AM EST MON DEC 18 2017


...................................

...THE MORRISVILLE VT CLIMATE SUMMARY FOR DECEMBER 17 2017...

CLIMATE NORMAL PERIOD 1981 TO 2010
CLIMATE RECORD PERIOD 9999 TO 9999


WEATHER ITEM   OBSERVED TIME   NORMAL DEPARTURE LAST
                VALUE   (LST)  VALUE  FROM      YEAR
                                      NORMAL
......................................................
TEMPERATURE (F)
 YESTERDAY
  MAXIMUM         11    306 PM  31    -20       24
  MINIMUM        -14    745 AM  13    -27       -5
  AVERAGE         -1            22    -23       10

PRECIPITATION (IN)
  YESTERDAY        T             0.07  -0.07     0.23
  MONTH TO DATE    0.40          1.56  -1.16     1.58
  SINCE DEC 1      0.40          1.56  -1.16     1.58
  SINCE JAN 1     35.63         34.92   0.71    20.01

DEGREE DAYS
 HEATING
  YESTERDAY       66            43     23       55
  MONTH TO DATE  736           676     60      702
  SINCE DEC 1    736           676     60      702
  SINCE JUL 1   2377          2504   -127     2293

 COOLING
  YESTERDAY        0             0      0        0
  MONTH TO DATE    0             0      0        0
  SINCE DEC 1      0             0      0        0
  SINCE JAN 1    192           265    -73      322
......................................................


WIND (MPH)
  HIGHEST WIND SPEED    12   HIGHEST WIND DIRECTION     N (10)
  HIGHEST GUST SPEED    13   HIGHEST GUST DIRECTION    NE (30)
  AVERAGE WIND SPEED     2.3


SKY COVER
  AVERAGE SKY COVER 0.1


WEATHER CONDITIONS
 THE FOLLOWING WEATHER WAS RECORDED YESTERDAY.
  LIGHT SNOW
  FOG


RELATIVE HUMIDITY (PERCENT)
 HIGHEST   100           100 AM
 LOWEST     66          1200 PM
 AVERAGE    83

..........................................................


THE MORRISVILLE VT CLIMATE NORMALS FOR TODAY
                         NORMAL    RECORD    YEAR
 MAXIMUM TEMPERATURE (F)   31        47      1996
 MINIMUM TEMPERATURE (F)   13       -13      1988


SUNRISE AND SUNSET
DECEMBER 18 2017......SUNRISE   722 AM EST   SUNSET   412 PM EST
DECEMBER 19 2017......SUNRISE   723 AM EST   SUNSET   413 PM EST


-  INDICATES NEGATIVE NUMBERS.
R  INDICATES RECORD WAS SET OR TIED.
MM INDICATES DATA IS MISSING.
T  INDICATES TRACE AMOUNT.




$$
