442
CDUS41 KBTV 270545
CLIMVL


CLIMATE REPORT
NATIONAL WEATHER SERVICE BURLINGTON VT
135 AM EDT FRI MAY 27 2016


...................................

...THE MORRISVILLE VT CLIMATE SUMMARY FOR MAY 26 2016...

CLIMATE NORMAL PERIOD 1981 TO 2010
CLIMATE RECORD PERIOD 9999 TO 9999


WEATHER ITEM   OBSERVED TIME   NORMAL DEPARTURE LAST
                VALUE   (LST)  VALUE  FROM      YEAR
                                      NORMAL
......................................................
TEMPERATURE (F)
 YESTERDAY
  MAXIMUM         80    435 PM  70     10       87
  MINIMUM         47    444 AM  44      3       62
  AVERAGE         64            57      7       75

PRECIPITATION (IN)
  YESTERDAY        0.00          0.12  -0.12      T
  MONTH TO DATE    0.84          2.61  -1.77     1.49
  SINCE MAR 1      3.66          6.68  -3.02     2.99
  SINCE JAN 1      6.81         10.96  -4.15     4.11

DEGREE DAYS
 HEATING
  YESTERDAY        1             9     -8        0
  MONTH TO DATE  352           313     39      172
  SINCE MAR 1   2129          2133     -4     2188
  SINCE JUL 1   6702          8093  -1391     7870

 COOLING
  YESTERDAY        0             0      0       10
  MONTH TO DATE    0             0      0       28
  SINCE MAR 1      0             1     -1       28
  SINCE JAN 1      0             1     -1       28
......................................................


WIND (MPH)
  HIGHEST WIND SPEED     9   HIGHEST WIND DIRECTION    NE (30)
  HIGHEST GUST SPEED    11   HIGHEST GUST DIRECTION     S (160)
  AVERAGE WIND SPEED     1.6


SKY COVER
  AVERAGE SKY COVER 0.2


WEATHER CONDITIONS
 THE FOLLOWING WEATHER WAS RECORDED YESTERDAY.
  FOG
  FOG W/VISIBILITY <= 1/4 MILE


RELATIVE HUMIDITY (PERCENT)
 HIGHEST    93           300 AM
 LOWEST     30           300 PM
 AVERAGE    62

..........................................................


THE MORRISVILLE VT CLIMATE NORMALS FOR TODAY
                         NORMAL    RECORD    YEAR
 MAXIMUM TEMPERATURE (F)   70        89      2015
 MINIMUM TEMPERATURE (F)   44        29      1997


SUNRISE AND SUNSET
MAY 27 2016...........SUNRISE   512 AM EDT   SUNSET   824 PM EDT
MAY 28 2016...........SUNRISE   511 AM EDT   SUNSET   825 PM EDT


-  INDICATES NEGATIVE NUMBERS.
R  INDICATES RECORD WAS SET OR TIED.
MM INDICATES DATA IS MISSING.
T  INDICATES TRACE AMOUNT.




$$
